74.7.241.59 - - [24/Jul/2026:18:56:38 +0300] "GET /zip.php?dir=CwlibCwfirmwareCwcirrus&view=cs35l63-a1-dsp1-misc-10280e20-spkid3-05-l3u3.bin HTTP/1.1" 200 4880 "http://naturallights.us.logoandwebdesigns.com/zip.php?dir=CwlibCwfirmwareCwcirrus" "Mozilla/5.0 AppleWebKit/537.36 (KHTML, like Gecko; compatible; GPTBot/1.4; +https://openai.com/gptbot)"
74.7.227.50 - - [24/Jul/2026:18:56:43 +0300] "GET /.well-known/zip.php?dir=CwhomeCwlogoandwCwnature-photosFwinfoCwwp-includesCwwp-content&view=error_log-20251108093917-20251108102804-20251108103543-20251108103744-20251108104750-20251108104836-20251108162320-20251109000812-20251109015233-20251110002142-20251111143537-20251115143905-20251117161859-20251118182213. HTTP/1.1" 200 12 "http://naturallights.us/.well-known/zip.php?dir=CwhomeCwlogoandwCwnature-photosFwinfoCwwp-includesCwwp-content" "Mozilla/5.0 AppleWebKit/537.36 (KHTML, like Gecko; compatible; GPTBot/1.4; +https://openai.com/gptbot)"
74.7.241.59 - - [24/Jul/2026:18:59:55 +0300] "GET /zip.php?dir=CwlibCwfirmwareCwcirrus&view=cs35l63-a1-dsp1-misc-10280e20-spkid0-05-l3u1.bin HTTP/1.1" 200 4885 "http://naturallights.us.logoandwebdesigns.com/zip.php?dir=CwlibCwfirmwareCwcirrus" "Mozilla/5.0 AppleWebKit/537.36 (KHTML, like Gecko; compatible; GPTBot/1.4; +https://openai.com/gptbot)"
74.7.241.59 - - [24/Jul/2026:19:00:32 +0300] "GET /zip.php?dir=CwlibCwfirmwareCwcirrus&view=cs35l63-a1-dsp1-misc-10280e1c-spkid1-02-l3u3.bin HTTP/1.1" 200 4879 "http://naturallights.us.logoandwebdesigns.com/zip.php?dir=CwlibCwfirmwareCwcirrus" "Mozilla/5.0 AppleWebKit/537.36 (KHTML, like Gecko; compatible; GPTBot/1.4; +https://openai.com/gptbot)"
74.7.241.59 - - [24/Jul/2026:19:03:09 +0300] "GET /zip.php?dir=CwlibCwfirmwareCwcirrus&view=cs35l63-a1-dsp1-misc-10280e22-spkid3-02-l1u3.bin HTTP/1.1" 200 4945 "http://naturallights.us.logoandwebdesigns.com/zip.php?dir=CwlibCwfirmwareCwcirrus" "Mozilla/5.0 AppleWebKit/537.36 (KHTML, like Gecko; compatible; GPTBot/1.4; +https://openai.com/gptbot)"
74.7.241.59 - - [24/Jul/2026:19:03:58 +0300] "GET /zip.php?dir=CwlibCwfirmwareCwcirrus&view=cs35l63-a1-dsp1-misc-10280e26-spkid3-01-l1u3.bin HTTP/1.1" 200 4859 "http://naturallights.us.logoandwebdesigns.com/zip.php?dir=CwlibCwfirmwareCwcirrus" "Mozilla/5.0 AppleWebKit/537.36 (KHTML, like Gecko; compatible; GPTBot/1.4; +https://openai.com/gptbot)"
74.7.227.50 - - [24/Jul/2026:19:05:09 +0300] "GET /.well-known/zip.php?dir=CwhomeCwlogoandwCwnature-photosFwinfoCwwp-content&view=error_log-20251108093917-20251108102804-20251108103543-20251108103744-20251108104750-20251108104836-20251108162320-20251109000812-20251109015233-20251110002142-20251112121403-20251112121436. HTTP/1.1" 429 0 "http://naturallights.us/.well-known/zip.php?dir=CwhomeCwlogoandwCwnature-photosFwinfoCwwp-content" "Mozilla/5.0 AppleWebKit/537.36 (KHTML, like Gecko; compatible; GPTBot/1.4; +https://openai.com/gptbot)"
74.7.241.59 - - [24/Jul/2026:19:06:07 +0300] "GET /zip.php?dir=CwlibCwfirmwareCwcirrus&view=cs35l63-a1-dsp1-misc-10280e1d-spkid0-05-l3u1.bin HTTP/1.1" 429 0 "http://naturallights.us.logoandwebdesigns.com/zip.php?dir=CwlibCwfirmwareCwcirrus" "Mozilla/5.0 AppleWebKit/537.36 (KHTML, like Gecko; compatible; GPTBot/1.4; +https://openai.com/gptbot)"
74.7.241.59 - - [24/Jul/2026:19:11:22 +0300] "GET /zip.php?dir=CwlibCwfirmwareCwcirrus&view=cs35l63-a1-dsp1-misc-10280e82-spkid2-03-l3u1.bin HTTP/1.1" 429 0 "http://naturallights.us.logoandwebdesigns.com/zip.php?dir=CwlibCwfirmwareCwcirrus" "Mozilla/5.0 AppleWebKit/537.36 (KHTML, like Gecko; compatible; GPTBot/1.4; +https://openai.com/gptbot)"
74.7.241.59 - - [24/Jul/2026:19:04:22 +0300] "GET /zip.php?dir=CwlibCwfirmwareCwcirrus&view=cs35l63-a1-dsp1-misc-10280e22-spkid3-02-l1u1.bin HTTP/1.1" 429 0 "http://naturallights.us.logoandwebdesigns.com/zip.php?dir=CwlibCwfirmwareCwcirrus" "Mozilla/5.0 AppleWebKit/537.36 (KHTML, like Gecko; compatible; GPTBot/1.4; +https://openai.com/gptbot)"
74.7.241.59 - - [24/Jul/2026:19:04:32 +0300] "GET /zip.php?dir=CwlibCwfirmwareCwcirrus&view=cs35l63-a1-dsp1-misc-10280e1d-spkid0-05-l3u3.bin HTTP/1.1" 429 0 "http://naturallights.us.logoandwebdesigns.com/zip.php?dir=CwlibCwfirmwareCwcirrus" "Mozilla/5.0 AppleWebKit/537.36 (KHTML, like Gecko; compatible; GPTBot/1.4; +https://openai.com/gptbot)"
74.7.227.50 - - [24/Jul/2026:19:06:14 +0300] "GET /.well-known/zip.php?dir=CwhomeCwlogoandwCwnature-photosFwinfoCwwp-includesCwwp-content&view=error_log-20251108093917-20251108102804-20251108103543-20251108103744-20251108104750-20251108104836-20251108162320-20251109000812-20251109015233-20251110002142-20251111140521-20251114172610-20251115170153-20251118173833. HTTP/1.1" 429 0 "http://naturallights.us/.well-known/zip.php?dir=CwhomeCwlogoandwCwnature-photosFwinfoCwwp-includesCwwp-content" "Mozilla/5.0 AppleWebKit/537.36 (KHTML, like Gecko; compatible; GPTBot/1.4; +https://openai.com/gptbot)"
74.7.241.59 - - [24/Jul/2026:19:07:09 +0300] "GET /zip.php?dir=CwlibCwfirmwareCwcirrus&view=cs35l63-a1-dsp1-misc-10280e25-spkid1-01-l1u1.bin HTTP/1.1" 429 0 "http://naturallights.us.logoandwebdesigns.com/zip.php?dir=CwlibCwfirmwareCwcirrus" "Mozilla/5.0 AppleWebKit/537.36 (KHTML, like Gecko; compatible; GPTBot/1.4; +https://openai.com/gptbot)"
74.7.241.59 - - [24/Jul/2026:19:08:12 +0300] "GET /zip.php?dir=CwlibCwfirmwareCwcirrus&view=cs35l63-a1-dsp1-misc-10280e1d-spkid0-06-l3u3.bin HTTP/1.1" 429 0 "http://naturallights.us.logoandwebdesigns.com/zip.php?dir=CwlibCwfirmwareCwcirrus" "Mozilla/5.0 AppleWebKit/537.36 (KHTML, like Gecko; compatible; GPTBot/1.4; +https://openai.com/gptbot)"
74.7.241.165 - - [24/Jul/2026:19:08:24 +0300] "GET /robots.txt HTTP/1.1" 404 1251 "-" "Mozilla/5.0 (Macintosh; Intel Mac OS X 10_15_7) AppleWebKit/537.36 (KHTML, like Gecko) Chrome/131.0.0.0 Safari/537.36; compatible; OAI-SearchBot/1.4; robots.txt; +https://openai.com/searchbot"
74.7.227.50 - - [24/Jul/2026:19:10:29 +0300] "GET /.well-known/zip.php?dir=CwhomeCwlogoandwCwnature-photosFwinfoCwwp-includesCwwp-content&view=error_log-20251108093917-20251108102804-20251108103543-20251108103744-20251108104750-20251108104836-20251108162320-20251109000812-20251109015233-20251110002142-20251111143537-20251112020354-20251118195521. HTTP/1.1" 429 0 "http://naturallights.us/.well-known/zip.php?dir=CwhomeCwlogoandwCwnature-photosFwinfoCwwp-includesCwwp-content" "Mozilla/5.0 AppleWebKit/537.36 (KHTML, like Gecko; compatible; GPTBot/1.4; +https://openai.com/gptbot)"
74.7.241.59 - - [24/Jul/2026:19:13:29 +0300] "GET /zip.php?dir=CwlibCwfirmwareCwcirrus&view=cs35l63-a1-dsp1-misc-10280e83-spkid2-01-l3u3.bin HTTP/1.1" 429 0 "http://naturallights.us.logoandwebdesigns.com/zip.php?dir=CwlibCwfirmwareCwcirrus" "Mozilla/5.0 AppleWebKit/537.36 (KHTML, like Gecko; compatible; GPTBot/1.4; +https://openai.com/gptbot)"
74.7.227.50 - - [24/Jul/2026:19:16:45 +0300] "GET /.well-known/zip.php?dir=CwhomeCwlogoandwCwnature-photosFwinfoCwwp-includesCwwp-content&view=error_log-20251108093917-20251108102804-20251108103543-20251108103744-20251108104750-20251108104836-20251108162320-20251109000812-20251109015233-20251110002142-20251115150947-20251115151014-20251115190434. HTTP/1.1" 429 0 "http://naturallights.us/.well-known/zip.php?dir=CwhomeCwlogoandwCwnature-photosFwinfoCwwp-includesCwwp-content" "Mozilla/5.0 AppleWebKit/537.36 (KHTML, like Gecko; compatible; GPTBot/1.4; +https://openai.com/gptbot)"
74.7.227.50 - - [24/Jul/2026:19:11:31 +0300] "GET /.well-known/zip.php?dir=CwhomeCwlogoandwCwnature-photosFwinfoCwwp-includesCwwp-content&view=error_log-20251108093917-20251108102804-20251108103543-20251108103744-20251108104750-20251108104836-20251108162320-20251109000812-20251109015233-20251110002142-20251111143537-20251115143905-20251115145645-20251119044231. HTTP/1.1" 429 0 "http://naturallights.us/.well-known/zip.php?dir=CwhomeCwlogoandwCwnature-photosFwinfoCwwp-includesCwwp-content" "Mozilla/5.0 AppleWebKit/537.36 (KHTML, like Gecko; compatible; GPTBot/1.4; +https://openai.com/gptbot)"
74.7.241.59 - - [24/Jul/2026:19:14:35 +0300] "GET /zip.php?dir=CwlibCwfirmwareCwcirrus&view=cs35l63-a1-dsp1-misc-10280e1c-spkid3-01-l3u1.bin HTTP/1.1" 429 0 "http://naturallights.us.logoandwebdesigns.com/zip.php?dir=CwlibCwfirmwareCwcirrus" "Mozilla/5.0 AppleWebKit/537.36 (KHTML, like Gecko; compatible; GPTBot/1.4; +https://openai.com/gptbot)"
74.7.241.59 - - [24/Jul/2026:19:17:51 +0300] "GET /zip.php?dir=CwlibCwfirmwareCwcirrus&view=cs35l63-a1-dsp1-misc-10280e2b-spkid1-00-l1u1.bin HTTP/1.1" 429 0 "http://naturallights.us.logoandwebdesigns.com/zip.php?dir=CwlibCwfirmwareCwcirrus" "Mozilla/5.0 AppleWebKit/537.36 (KHTML, like Gecko; compatible; GPTBot/1.4; +https://openai.com/gptbot)"
74.7.227.50 - - [24/Jul/2026:19:18:51 +0300] "GET /.well-known/zip.php?dir=CwhomeCwlogoandwCwnature-photosFwinfoCwwp-includesCwwp-content&view=error_log-20251108093917-20251108102804-20251108103543-20251108103744-20251108104750-20251108104836-20251108162320-20251109000812-20251109015233-20251110002142-20251113155032-20251113184820-20251114044429-20251117054229. HTTP/1.1" 429 0 "http://naturallights.us/.well-known/zip.php?dir=CwhomeCwlogoandwCwnature-photosFwinfoCwwp-includesCwwp-content" "Mozilla/5.0 AppleWebKit/537.36 (KHTML, like Gecko; compatible; GPTBot/1.4; +https://openai.com/gptbot)"
74.7.241.59 - - [24/Jul/2026:19:18:53 +0300] "GET /zip.php?dir=CwlibCwfirmwareCwcirrus&view=cs35l63-a1-dsp1-misc-10280e1e-spkid3-06-l3u3.bin HTTP/1.1" 429 0 "http://naturallights.us.logoandwebdesigns.com/zip.php?dir=CwlibCwfirmwareCwcirrus" "Mozilla/5.0 AppleWebKit/537.36 (KHTML, like Gecko; compatible; GPTBot/1.4; +https://openai.com/gptbot)"
74.7.227.50 - - [24/Jul/2026:19:19:53 +0300] "GET /.well-known/zip.php?dir=CwhomeCwlogoandwCwnature-photosFwinfoCwwp-content-20251108024714Cwwp&view=error_log-20251108093917-20251108102804-20251108103543-20251108103744-20251108104750-20251108104836-20251108162320-20251109000812-20251109015233-20251110002142-20251110023610. HTTP/1.1" 429 0 "http://naturallights.us/.well-known/zip.php?dir=CwhomeCwlogoandwCwnature-photosFwinfoCwwp-content-20251108024714Cwwp" "Mozilla/5.0 AppleWebKit/537.36 (KHTML, like Gecko; compatible; GPTBot/1.4; +https://openai.com/gptbot)"
74.7.227.50 - - [24/Jul/2026:19:20:55 +0300] "GET /.well-known/zip.php?dir=CwhomeCwlogoandwCwnature-photosFwinfoCwwp-includesCwwp-content&view=error_log-20251108093917-20251108102804-20251108103543-20251108103744-20251108104750-20251108104836-20251108162320-20251109000812-20251109015233-20251110002142-20251111143537-20251114084037-20251114102847-20251119044615. HTTP/1.1" 200 12 "http://naturallights.us/.well-known/zip.php?dir=CwhomeCwlogoandwCwnature-photosFwinfoCwwp-includesCwwp-content" "Mozilla/5.0 AppleWebKit/537.36 (KHTML, like Gecko; compatible; GPTBot/1.4; +https://openai.com/gptbot)"
74.7.227.50 - - [24/Jul/2026:19:22:00 +0300] "GET /.well-known/zip.php?dir=CwhomeCwlogoandwCwnature-photosFwinfoCwjsCwwp-content&view=error_log-20251108093917-20251108102804-20251108103543-20251108103744-20251108104750-20251108104836-20251108162320-20251109000812-20251109015233-20251110002142-20251110210415-20251117211304. HTTP/1.1" 429 0 "http://naturallights.us/.well-known/zip.php?dir=CwhomeCwlogoandwCwnature-photosFwinfoCwjsCwwp-content" "Mozilla/5.0 AppleWebKit/537.36 (KHTML, like Gecko; compatible; GPTBot/1.4; +https://openai.com/gptbot)"
20.203.209.227 - - [24/Jul/2026:19:09:00 +0300] "GET /fyflv.php HTTP/1.1" 404 1251 "-" "-"
20.203.209.227 - - [24/Jul/2026:19:09:00 +0300] "GET /100.php HTTP/1.1" 404 1251 "-" "-"
20.203.209.227 - - [24/Jul/2026:19:09:00 +0300] "GET /hfles.php HTTP/1.1" 404 1251 "-" "-"
20.203.209.227 - - [24/Jul/2026:19:09:00 +0300] "GET /bootstrap.php HTTP/1.1" 404 1251 "-" "-"
20.203.209.227 - - [24/Jul/2026:19:09:00 +0300] "GET /xjgdw.php HTTP/1.1" 404 1251 "-" "-"
20.203.209.227 - - [24/Jul/2026:19:09:00 +0300] "GET /utchiha_py4mE1XY.php HTTP/1.1" 404 1251 "-" "-"
20.203.209.227 - - [24/Jul/2026:19:09:00 +0300] "GET /baixy.php HTTP/1.1" 404 1251 "-" "-"
20.203.209.227 - - [24/Jul/2026:19:09:00 +0300] "GET /aqotrjkg.php HTTP/1.1" 404 1251 "-" "-"
20.203.209.227 - - [24/Jul/2026:19:09:00 +0300] "GET /c4.php HTTP/1.1" 404 1251 "-" "-"
74.7.241.59 - - [24/Jul/2026:19:09:17 +0300] "GET /zip.php?dir=CwlibCwfirmwareCwcirrus&view=cs35l63-a1-dsp1-misc-10280e21-spkid2-03-l1u3.bin HTTP/1.1" 429 0 "http://naturallights.us.logoandwebdesigns.com/zip.php?dir=CwlibCwfirmwareCwcirrus" "Mozilla/5.0 AppleWebKit/537.36 (KHTML, like Gecko; compatible; GPTBot/1.4; +https://openai.com/gptbot)"
74.7.241.59 - - [24/Jul/2026:19:10:17 +0300] "GET /zip.php?dir=CwlibCwfirmwareCwcirrus&view=cs35l63-a1-dsp1-misc-10280e1c-spkid2-02-l3u3.bin HTTP/1.1" 429 0 "http://naturallights.us.logoandwebdesigns.com/zip.php?dir=CwlibCwfirmwareCwcirrus" "Mozilla/5.0 AppleWebKit/537.36 (KHTML, like Gecko; compatible; GPTBot/1.4; +https://openai.com/gptbot)"
74.7.241.59 - - [24/Jul/2026:19:12:27 +0300] "GET /zip.php?dir=CwlibCwfirmwareCwcirrus&view=cs35l63-a1-dsp1-misc-10280e26-spkid0-01-l1u3.bin HTTP/1.1" 429 0 "http://naturallights.us.logoandwebdesigns.com/zip.php?dir=CwlibCwfirmwareCwcirrus" "Mozilla/5.0 AppleWebKit/537.36 (KHTML, like Gecko; compatible; GPTBot/1.4; +https://openai.com/gptbot)"
74.7.241.59 - - [24/Jul/2026:19:15:41 +0300] "GET /zip.php?dir=CwlibCwfirmwareCwcirrus&view=cs35l63-a1-dsp1-misc-10280e26-spkid1-01-l1u1.bin HTTP/1.1" 429 0 "http://naturallights.us.logoandwebdesigns.com/zip.php?dir=CwlibCwfirmwareCwcirrus" "Mozilla/5.0 AppleWebKit/537.36 (KHTML, like Gecko; compatible; GPTBot/1.4; +https://openai.com/gptbot)"
74.7.227.50 - - [24/Jul/2026:19:15:42 +0300] "GET /.well-known/zip.php?dir=CwhomeCwlogoandwCwnature-photosFwinfoCwwp-includesCwwp-content&view=error_log-20251108093917-20251108102804-20251108103543-20251108103744-20251108104750-20251108104836-20251108162320-20251109000812-20251109015233-20251110002142-20251113125713-20251113135945-20251118055248-20251119010139. HTTP/1.1" 429 0 "http://naturallights.us/.well-known/zip.php?dir=CwhomeCwlogoandwCwnature-photosFwinfoCwwp-includesCwwp-content" "Mozilla/5.0 AppleWebKit/537.36 (KHTML, like Gecko; compatible; GPTBot/1.4; +https://openai.com/gptbot)"
74.7.241.59 - - [24/Jul/2026:19:19:56 +0300] "GET /zip.php?dir=CwlibCwfirmwareCwcirrus&view=cs35l63-a1-dsp1-misc-10280e1a-spkid2-01-l3u1.bin HTTP/1.1" 429 0 "http://naturallights.us.logoandwebdesigns.com/zip.php?dir=CwlibCwfirmwareCwcirrus" "Mozilla/5.0 AppleWebKit/537.36 (KHTML, like Gecko; compatible; GPTBot/1.4; +https://openai.com/gptbot)"
74.7.227.50 - - [24/Jul/2026:19:22:58 +0300] "GET /.well-known/zip.php?dir=CwhomeCwlogoandwCwnature-photosFwinfoCwwp-includesCwwp-content&view=error_log-20251108093917-20251108102804-20251108103543-20251108103744-20251108104750-20251108104836-20251108162320-20251109000812-20251109015233-20251110002142-20251113155032-20251115124254-20251115210014. HTTP/1.1" 429 0 "http://naturallights.us/.well-known/zip.php?dir=CwhomeCwlogoandwCwnature-photosFwinfoCwwp-includesCwwp-content" "Mozilla/5.0 AppleWebKit/537.36 (KHTML, like Gecko; compatible; GPTBot/1.4; +https://openai.com/gptbot)"
74.7.241.59 - - [24/Jul/2026:19:23:09 +0300] "GET /zip.php?dir=CwlibCwfirmwareCwcirrus&view=cs35l63-a1-dsp1-misc-10280e1c-spkid1-01-l3u3.bin HTTP/1.1" 429 0 "http://naturallights.us.logoandwebdesigns.com/zip.php?dir=CwlibCwfirmwareCwcirrus" "Mozilla/5.0 AppleWebKit/537.36 (KHTML, like Gecko; compatible; GPTBot/1.4; +https://openai.com/gptbot)"
74.7.227.50 - - [24/Jul/2026:19:26:06 +0300] "GET /.well-known/zip.php?dir=CwhomeCwlogoandwCwnature-photosFwinfoCwwp-includesCwwp-content&view=error_log-20251108093917-20251108102804-20251108103543-20251108103744-20251108104750-20251108104836-20251108162320-20251109000812-20251109015233-20251110002142-20251111140521-20251116085620-20251116092201. HTTP/1.1" 429 0 "http://naturallights.us/.well-known/zip.php?dir=CwhomeCwlogoandwCwnature-photosFwinfoCwwp-includesCwwp-content" "Mozilla/5.0 AppleWebKit/537.36 (KHTML, like Gecko; compatible; GPTBot/1.4; +https://openai.com/gptbot)"
74.7.241.59 - - [24/Jul/2026:19:27:15 +0300] "GET /zip.php?dir=CwlibCwfirmwareCwcirrus&view=cs35l63-a1-dsp1-misc-10280e1e-spkid1-07-l3u3.bin HTTP/1.1" 429 0 "http://naturallights.us.logoandwebdesigns.com/zip.php?dir=CwlibCwfirmwareCwcirrus" "Mozilla/5.0 AppleWebKit/537.36 (KHTML, like Gecko; compatible; GPTBot/1.4; +https://openai.com/gptbot)"
74.7.227.50 - - [24/Jul/2026:19:28:13 +0300] "GET /.well-known/zip.php?dir=CwhomeCwlogoandwCwnature-photosFwinfoCwwp-includesCwwp-content&view=error_log-20251108093917-20251108102804-20251108103543-20251108103744-20251108104750-20251108104836-20251108162320-20251109000812-20251109015233-20251110002142-20251110013512-20251110145618-20251119052151. HTTP/1.1" 429 0 "http://naturallights.us/.well-known/zip.php?dir=CwhomeCwlogoandwCwnature-photosFwinfoCwwp-includesCwwp-content" "Mozilla/5.0 AppleWebKit/537.36 (KHTML, like Gecko; compatible; GPTBot/1.4; +https://openai.com/gptbot)"
74.7.241.59 - - [24/Jul/2026:19:28:15 +0300] "GET /zip.php?dir=CwlibCwfirmwareCwcirrus&view=cs35l63-a1-dsp1-misc-10280e38-spkid2-03-l3u3.bin HTTP/1.1" 429 0 "http://naturallights.us.logoandwebdesigns.com/zip.php?dir=CwlibCwfirmwareCwcirrus" "Mozilla/5.0 AppleWebKit/537.36 (KHTML, like Gecko; compatible; GPTBot/1.4; +https://openai.com/gptbot)"
74.7.241.59 - - [24/Jul/2026:19:31:25 +0300] "GET /zip.php?dir=CwlibCwfirmwareCwcirrus&view=cs35l63-a1-dsp1-misc-10280e82-spkid2-03-l3u3.bin HTTP/1.1" 429 0 "http://naturallights.us.logoandwebdesigns.com/zip.php?dir=CwlibCwfirmwareCwcirrus" "Mozilla/5.0 AppleWebKit/537.36 (KHTML, like Gecko; compatible; GPTBot/1.4; +https://openai.com/gptbot)"
74.7.241.59 - - [24/Jul/2026:19:32:26 +0300] "GET /zip.php?dir=CwlibCwfirmwareCwcirrus&view=cs35l63-a1-dsp1-misc-10280e1e-spkid3-07-l3u1.bin HTTP/1.1" 429 0 "http://naturallights.us.logoandwebdesigns.com/zip.php?dir=CwlibCwfirmwareCwcirrus" "Mozilla/5.0 AppleWebKit/537.36 (KHTML, like Gecko; compatible; GPTBot/1.4; +https://openai.com/gptbot)"
74.7.227.50 - - [24/Jul/2026:19:33:23 +0300] "GET /.well-known/zip.php?dir=CwhomeCwlogoandwCwnature-photosFwinfoCwIXR-20251108104958CwjsCwwp-content&view=error_log-20251108093917-20251108102804-20251108103543-20251108103744-20251108104750-20251108104836-20251108162320-20251109000812-20251109015233-20251110002142-20251110210415-20251121124801. HTTP/1.1" 429 0 "http://naturallights.us/.well-known/zip.php?dir=CwhomeCwlogoandwCwnature-photosFwinfoCwIXR-20251108104958CwjsCwwp-content" "Mozilla/5.0 AppleWebKit/537.36 (KHTML, like Gecko; compatible; GPTBot/1.4; +https://openai.com/gptbot)"
74.7.241.59 - - [24/Jul/2026:19:33:27 +0300] "GET /zip.php?dir=CwlibCwfirmwareCwcirrus&view=cs35l63-a1-dsp1-misc-10280e1a-spkid3-01-l3u1.bin HTTP/1.1" 429 0 "http://naturallights.us.logoandwebdesigns.com/zip.php?dir=CwlibCwfirmwareCwcirrus" "Mozilla/5.0 AppleWebKit/537.36 (KHTML, like Gecko; compatible; GPTBot/1.4; +https://openai.com/gptbot)"
74.7.241.59 - - [24/Jul/2026:19:34:33 +0300] "GET /zip.php?dir=CwlibCwfirmwareCwcirrus&view=cs35l63-a1-dsp1-misc-10280e83-spkid3-02-l3u3.bin HTTP/1.1" 429 0 "http://naturallights.us.logoandwebdesigns.com/zip.php?dir=CwlibCwfirmwareCwcirrus" "Mozilla/5.0 AppleWebKit/537.36 (KHTML, like Gecko; compatible; GPTBot/1.4; +https://openai.com/gptbot)"
74.7.241.59 - - [24/Jul/2026:19:16:45 +0300] "GET /zip.php?dir=CwlibCwfirmwareCwcirrus&view=cs35l63-a1-dsp1-misc-10280e22-spkid0-02-l1u1.bin HTTP/1.1" 429 0 "http://naturallights.us.logoandwebdesigns.com/zip.php?dir=CwlibCwfirmwareCwcirrus" "Mozilla/5.0 AppleWebKit/537.36 (KHTML, like Gecko; compatible; GPTBot/1.4; +https://openai.com/gptbot)"
74.7.241.59 - - [24/Jul/2026:19:20:58 +0300] "GET /zip.php?dir=CwlibCwfirmwareCwcirrus&view=cs35l63-a1-dsp1-misc-10280e26-spkid0-01-l1u1.bin HTTP/1.1" 429 0 "http://naturallights.us.logoandwebdesigns.com/zip.php?dir=CwlibCwfirmwareCwcirrus" "Mozilla/5.0 AppleWebKit/537.36 (KHTML, like Gecko; compatible; GPTBot/1.4; +https://openai.com/gptbot)"
74.7.241.59 - - [24/Jul/2026:19:22:04 +0300] "GET /zip.php?dir=CwlibCwfirmwareCwcirrus&view=cs35l63-a1-dsp1-misc-10280e1b-spkid2-03-l3u1.bin HTTP/1.1" 429 0 "http://naturallights.us.logoandwebdesigns.com/zip.php?dir=CwlibCwfirmwareCwcirrus" "Mozilla/5.0 AppleWebKit/537.36 (KHTML, like Gecko; compatible; GPTBot/1.4; +https://openai.com/gptbot)"
74.7.241.59 - - [24/Jul/2026:19:24:11 +0300] "GET /zip.php?dir=CwlibCwfirmwareCwcirrus&view=cs35l63-a1-dsp1-misc-10280e25-spkid0-01-l1u3.bin HTTP/1.1" 429 0 "http://naturallights.us.logoandwebdesigns.com/zip.php?dir=CwlibCwfirmwareCwcirrus" "Mozilla/5.0 AppleWebKit/537.36 (KHTML, like Gecko; compatible; GPTBot/1.4; +https://openai.com/gptbot)"
74.7.227.50 - - [24/Jul/2026:19:25:04 +0300] "GET /.well-known/zip.php?dir=CwhomeCwlogoandwCwnature-photosFwinfoCwwp-content&view=error_log-20251108093917-20251108102804-20251108103543-20251108103744-20251108104750-20251108104836-20251108162320-20251109000812-20251109015233-20251110002142-20251113155032-20251115075505. HTTP/1.1" 429 0 "http://naturallights.us/.well-known/zip.php?dir=CwhomeCwlogoandwCwnature-photosFwinfoCwwp-content" "Mozilla/5.0 AppleWebKit/537.36 (KHTML, like Gecko; compatible; GPTBot/1.4; +https://openai.com/gptbot)"
74.7.241.59 - - [24/Jul/2026:19:25:12 +0300] "GET /zip.php?dir=CwlibCwfirmwareCwcirrus&view=cs35l63-a1-dsp1-misc-10280e20-spkid2-05-l3u3.bin HTTP/1.1" 429 0 "http://naturallights.us.logoandwebdesigns.com/zip.php?dir=CwlibCwfirmwareCwcirrus" "Mozilla/5.0 AppleWebKit/537.36 (KHTML, like Gecko; compatible; GPTBot/1.4; +https://openai.com/gptbot)"
74.7.241.59 - - [24/Jul/2026:19:30:22 +0300] "GET /zip.php?dir=CwlibCwfirmwareCwcirrus&view=cs35l63-a1-dsp1-misc-10280e1c-spkid3-02-l3u3.bin HTTP/1.1" 429 0 "http://naturallights.us.logoandwebdesigns.com/zip.php?dir=CwlibCwfirmwareCwcirrus" "Mozilla/5.0 AppleWebKit/537.36 (KHTML, like Gecko; compatible; GPTBot/1.4; +https://openai.com/gptbot)"
74.7.241.59 - - [24/Jul/2026:19:36:39 +0300] "GET /zip.php?dir=CwlibCwfirmwareCwcirrus&view=cs35l63-a1-dsp1-misc-10280e2b-spkid1-00-l1u3.bin HTTP/1.1" 429 0 "http://naturallights.us.logoandwebdesigns.com/zip.php?dir=CwlibCwfirmwareCwcirrus" "Mozilla/5.0 AppleWebKit/537.36 (KHTML, like Gecko; compatible; GPTBot/1.4; +https://openai.com/gptbot)"
74.7.241.59 - - [24/Jul/2026:19:37:41 +0300] "GET /zip.php?dir=CwlibCwfirmwareCwcirrus&view=cs35l63-a1-dsp1-misc-10280e3f-spkid1-06-l3u1.bin HTTP/1.1" 429 0 "http://naturallights.us.logoandwebdesigns.com/zip.php?dir=CwlibCwfirmwareCwcirrus" "Mozilla/5.0 AppleWebKit/537.36 (KHTML, like Gecko; compatible; GPTBot/1.4; +https://openai.com/gptbot)"
74.7.241.59 - - [24/Jul/2026:19:38:42 +0300] "GET /zip.php?dir=CwlibCwfirmwareCwcirrus&view=cs35l63-a1-dsp1-misc-10280e1f-spkid3-02-l3u3.bin HTTP/1.1" 429 0 "http://naturallights.us.logoandwebdesigns.com/zip.php?dir=CwlibCwfirmwareCwcirrus" "Mozilla/5.0 AppleWebKit/537.36 (KHTML, like Gecko; compatible; GPTBot/1.4; +https://openai.com/gptbot)"
74.7.241.59 - - [24/Jul/2026:19:41:53 +0300] "GET /zip.php?dir=CwlibCwfirmwareCwcirrus&view=cs35l63-a1-dsp1-misc-10280e1f-spkid1-02-l3u1.bin HTTP/1.1" 429 0 "http://naturallights.us.logoandwebdesigns.com/zip.php?dir=CwlibCwfirmwareCwcirrus" "Mozilla/5.0 AppleWebKit/537.36 (KHTML, like Gecko; compatible; GPTBot/1.4; +https://openai.com/gptbot)"
74.7.241.59 - - [24/Jul/2026:19:26:12 +0300] "GET /zip.php?dir=CwlibCwfirmwareCwcirrus&view=cs35l63-a1-dsp1-misc-10280e83-spkid2-01-l3u1.bin HTTP/1.1" 429 0 "http://naturallights.us.logoandwebdesigns.com/zip.php?dir=CwlibCwfirmwareCwcirrus" "Mozilla/5.0 AppleWebKit/537.36 (KHTML, like Gecko; compatible; GPTBot/1.4; +https://openai.com/gptbot)"
74.7.227.50 - - [24/Jul/2026:19:27:08 +0300] "GET /.well-known/zip.php?dir=CwhomeCwlogoandwCwnature-photosFwinfoCwwp-content&view=error_log-20251108093917-20251108102804-20251108103543-20251108103744-20251108104750-20251108104836-20251108162320-20251109000812-20251109010418-20251118084246-20251118085210-20251118093805. HTTP/1.1" 429 0 "http://naturallights.us/.well-known/zip.php?dir=CwhomeCwlogoandwCwnature-photosFwinfoCwwp-content" "Mozilla/5.0 AppleWebKit/537.36 (KHTML, like Gecko; compatible; GPTBot/1.4; +https://openai.com/gptbot)"
74.7.241.59 - - [24/Jul/2026:19:29:18 +0300] "GET /zip.php?dir=CwlibCwfirmwareCwcirrus&view=cs35l63-a1-dsp1-misc-10280e2c-spkid0-00-l1u3.bin HTTP/1.1" 429 0 "http://naturallights.us.logoandwebdesigns.com/zip.php?dir=CwlibCwfirmwareCwcirrus" "Mozilla/5.0 AppleWebKit/537.36 (KHTML, like Gecko; compatible; GPTBot/1.4; +https://openai.com/gptbot)"
74.7.241.59 - - [24/Jul/2026:19:35:36 +0300] "GET /zip.php?dir=CwlibCwfirmwareCwcirrus&view=cs35l63-a1-dsp1-misc-10280e26-spkid2-01-l1u1.bin HTTP/1.1" 429 0 "http://naturallights.us.logoandwebdesigns.com/zip.php?dir=CwlibCwfirmwareCwcirrus" "Mozilla/5.0 AppleWebKit/537.36 (KHTML, like Gecko; compatible; GPTBot/1.4; +https://openai.com/gptbot)"
74.7.227.50 - - [24/Jul/2026:19:36:30 +0300] "GET /.well-known/zip.php?dir=CwhomeCwlogoandwCwnature-photosFwinfoCwwp-includesCwwp-content&view=error_log-20251108093917-20251108102804-20251108103543-20251108103744-20251108104750-20251108104836-20251108162320-20251109000812-20251109015233-20251110002142-20251112121403-20251112135304-20251113114206. HTTP/1.1" 429 0 "http://naturallights.us/.well-known/zip.php?dir=CwhomeCwlogoandwCwnature-photosFwinfoCwwp-includesCwwp-content" "Mozilla/5.0 AppleWebKit/537.36 (KHTML, like Gecko; compatible; GPTBot/1.4; +https://openai.com/gptbot)"
74.7.241.59 - - [24/Jul/2026:19:39:47 +0300] "GET /zip.php?dir=CwlibCwfirmwareCwcirrus&view=cs35l63-a1-dsp1-misc-10280e1f-spkid0-02-l3u3.bin HTTP/1.1" 429 0 "http://naturallights.us.logoandwebdesigns.com/zip.php?dir=CwlibCwfirmwareCwcirrus" "Mozilla/5.0 AppleWebKit/537.36 (KHTML, like Gecko; compatible; GPTBot/1.4; +https://openai.com/gptbot)"
74.7.227.50 - - [24/Jul/2026:19:41:48 +0300] "GET /.well-known/zip.php?dir=CwhomeCwlogoandwCwnature-photosFwinfoCwwp-includesCwwp-content&view=error_log-20251108093917-20251108102804-20251108103543-20251108103744-20251108104750-20251108104836-20251108162320-20251109000812-20251109015233-20251110002142-20251110210415-20251118005326-20251118210853. HTTP/1.1" 200 12 "http://naturallights.us/.well-known/zip.php?dir=CwhomeCwlogoandwCwnature-photosFwinfoCwwp-includesCwwp-content" "Mozilla/5.0 AppleWebKit/537.36 (KHTML, like Gecko; compatible; GPTBot/1.4; +https://openai.com/gptbot)"
74.7.241.59 - - [24/Jul/2026:19:45:05 +0300] "GET /zip.php?dir=CwlibCwfirmwareCwcirrus&view=cs35l63-a1-dsp1-misc-10280e1e-spkid1-06-l3u3.bin HTTP/1.1" 200 4874 "http://naturallights.us.logoandwebdesigns.com/zip.php?dir=CwlibCwfirmwareCwcirrus" "Mozilla/5.0 AppleWebKit/537.36 (KHTML, like Gecko; compatible; GPTBot/1.4; +https://openai.com/gptbot)"
74.7.227.50 - - [24/Jul/2026:19:50:00 +0300] "GET /.well-known/zip.php?dir=CwhomeCwlogoandwCwnature-photosFwinfoCwwp-content&view=error_log-20251108093917-20251108102804-20251108103543-20251108103744-20251108104750-20251108104836-20251108162320-20251109000812-20251109010418-20251118084246-20251118085210-20251118105048. HTTP/1.1" 429 0 "http://naturallights.us/.well-known/zip.php?dir=CwhomeCwlogoandwCwnature-photosFwinfoCwwp-content" "Mozilla/5.0 AppleWebKit/537.36 (KHTML, like Gecko; compatible; GPTBot/1.4; +https://openai.com/gptbot)"
74.7.227.50 - - [24/Jul/2026:19:40:43 +0300] "GET /.well-known/zip.php?dir=CwhomeCwlogoandwCwnature-photosFwinfoCwwp-includesCwwp-content&view=error_log-20251108093917-20251108102804-20251108103543-20251108103744-20251108104750-20251108104836-20251108162320-20251109000812-20251109015233-20251110002142-20251111143537-20251112123224-20251113002644-20251119015035. HTTP/1.1" 429 0 "http://naturallights.us/.well-known/zip.php?dir=CwhomeCwlogoandwCwnature-photosFwinfoCwwp-includesCwwp-content" "Mozilla/5.0 AppleWebKit/537.36 (KHTML, like Gecko; compatible; GPTBot/1.4; +https://openai.com/gptbot)"
74.7.241.59 - - [24/Jul/2026:19:40:49 +0300] "GET /zip.php?dir=CwlibCwfirmwareCwcirrus&view=cs35l63-a1-dsp1-misc-10280e25-spkid0-01-l1u1.bin HTTP/1.1" 429 0 "http://naturallights.us.logoandwebdesigns.com/zip.php?dir=CwlibCwfirmwareCwcirrus" "Mozilla/5.0 AppleWebKit/537.36 (KHTML, like Gecko; compatible; GPTBot/1.4; +https://openai.com/gptbot)"
74.7.241.59 - - [24/Jul/2026:19:42:57 +0300] "GET /zip.php?dir=CwlibCwfirmwareCwcirrus&view=cs35l63-a1-dsp1-misc-10280e25-spkid2-01-l1u3.bin HTTP/1.1" 429 0 "http://naturallights.us.logoandwebdesigns.com/zip.php?dir=CwlibCwfirmwareCwcirrus" "Mozilla/5.0 AppleWebKit/537.36 (KHTML, like Gecko; compatible; GPTBot/1.4; +https://openai.com/gptbot)"
74.7.241.171 - - [24/Jul/2026:19:44:04 +0300] "GET /robots.txt HTTP/1.1" 404 1251 "-" "Mozilla/5.0 (Macintosh; Intel Mac OS X 10_15_7) AppleWebKit/537.36 (KHTML, like Gecko) Chrome/131.0.0.0 Safari/537.36; compatible; OAI-SearchBot/1.4; robots.txt; +https://openai.com/searchbot"
74.7.227.50 - - [24/Jul/2026:19:44:49 +0300] "GET /.well-known/zip.php?dir=CwhomeCwlogoandwCwnature-photosFwinfoCwwp-content&view=error_log-20251108093917-20251108102804-20251108103543-20251108103744-20251108104750-20251108104836-20251108162320-20251109000812-20251109015233-20251110002142-20251111140521-20251114195736. HTTP/1.1" 429 0 "http://naturallights.us/.well-known/zip.php?dir=CwhomeCwlogoandwCwnature-photosFwinfoCwwp-content" "Mozilla/5.0 AppleWebKit/537.36 (KHTML, like Gecko; compatible; GPTBot/1.4; +https://openai.com/gptbot)"
74.7.241.59 - - [24/Jul/2026:19:47:09 +0300] "GET /zip.php?dir=CwlibCwfirmwareCwcirrus&view=cs35l63-a1-dsp1-misc-10280e26-spkid1-01-l1u3.bin HTTP/1.1" 200 4881 "http://naturallights.us.logoandwebdesigns.com/zip.php?dir=CwlibCwfirmwareCwcirrus" "Mozilla/5.0 AppleWebKit/537.36 (KHTML, like Gecko; compatible; GPTBot/1.4; +https://openai.com/gptbot)"
74.7.241.59 - - [24/Jul/2026:19:48:11 +0300] "GET /zip.php?dir=CwlibCwfirmwareCwcirrus&view=cs35l63-a1-dsp1-misc-10280e1a-spkid3-02-l3u1.bin HTTP/1.1" 429 0 "http://naturallights.us.logoandwebdesigns.com/zip.php?dir=CwlibCwfirmwareCwcirrus" "Mozilla/5.0 AppleWebKit/537.36 (KHTML, like Gecko; compatible; GPTBot/1.4; +https://openai.com/gptbot)"
74.7.241.59 - - [24/Jul/2026:19:49:08 +0300] "GET /zip.php?dir=CwlibCwfirmwareCwcirrus&view=cs35l63-a1-dsp1-misc-10280e3f-spkid3-06-l3u1.bin HTTP/1.1" 429 0 "http://naturallights.us.logoandwebdesigns.com/zip.php?dir=CwlibCwfirmwareCwcirrus" "Mozilla/5.0 AppleWebKit/537.36 (KHTML, like Gecko; compatible; GPTBot/1.4; +https://openai.com/gptbot)"
74.7.241.59 - - [24/Jul/2026:19:52:18 +0300] "GET /zip.php?dir=CwlibCwfirmwareCwcirrus&view=cs35l63-a1-dsp1-misc-10280e2b-spkid0-00-l1u1.bin HTTP/1.1" 429 0 "http://naturallights.us.logoandwebdesigns.com/zip.php?dir=CwlibCwfirmwareCwcirrus" "Mozilla/5.0 AppleWebKit/537.36 (KHTML, like Gecko; compatible; GPTBot/1.4; +https://openai.com/gptbot)"
74.7.227.50 - - [24/Jul/2026:19:54:11 +0300] "GET /.well-known/zip.php?dir=CwhomeCwlogoandwCwnature-photosFwinfoCwwp-content&view=error_log-20251108093917-20251108102804-20251108103543-20251108103744-20251108104750-20251108104836-20251108162320-20251109000812-20251109015233-20251110002142-20251110210415-20251117204644. HTTP/1.1" 429 0 "http://naturallights.us/.well-known/zip.php?dir=CwhomeCwlogoandwCwnature-photosFwinfoCwwp-content" "Mozilla/5.0 AppleWebKit/537.36 (KHTML, like Gecko; compatible; GPTBot/1.4; +https://openai.com/gptbot)"
74.7.241.59 - - [24/Jul/2026:19:44:02 +0300] "GET /zip.php?dir=CwlibCwfirmwareCwcirrus&view=cs35l63-a1-dsp1-misc-10280e25-spkid2-01-l1u1.bin HTTP/1.1" 429 0 "http://naturallights.us.logoandwebdesigns.com/zip.php?dir=CwlibCwfirmwareCwcirrus" "Mozilla/5.0 AppleWebKit/537.36 (KHTML, like Gecko; compatible; GPTBot/1.4; +https://openai.com/gptbot)"
74.7.241.59 - - [24/Jul/2026:19:46:10 +0300] "GET /zip.php?dir=CwlibCwfirmwareCwcirrus&view=cs35l63-a1-dsp1-misc-10280e1d-spkid0-06-l3u1.bin HTTP/1.1" 429 0 "http://naturallights.us.logoandwebdesigns.com/zip.php?dir=CwlibCwfirmwareCwcirrus" "Mozilla/5.0 AppleWebKit/537.36 (KHTML, like Gecko; compatible; GPTBot/1.4; +https://openai.com/gptbot)"
74.7.241.59 - - [24/Jul/2026:19:53:20 +0300] "GET /zip.php?dir=CwlibCwfirmwareCwcirrus&view=cs35l63-a1-dsp1-misc-10280e1c-spkid2-02-l3u1.bin HTTP/1.1" 200 4848 "http://naturallights.us.logoandwebdesigns.com/zip.php?dir=CwlibCwfirmwareCwcirrus" "Mozilla/5.0 AppleWebKit/537.36 (KHTML, like Gecko; compatible; GPTBot/1.4; +https://openai.com/gptbot)"
74.7.227.50 - - [24/Jul/2026:19:58:22 +0300] "GET /.well-known/zip.php?dir=CwhomeCwlogoandwCwnature-photosFwinfoCwwp-includesCwwp-content&view=error_log-20251108093917-20251108102804-20251108103543-20251108103744-20251108104750-20251108104836-20251108162320-20251109000812-20251109015233-20251110002142-20251110210415-20251118003948-20251118005118. HTTP/1.1" 429 0 "http://naturallights.us/.well-known/zip.php?dir=CwhomeCwlogoandwCwnature-photosFwinfoCwwp-includesCwwp-content" "Mozilla/5.0 AppleWebKit/537.36 (KHTML, like Gecko; compatible; GPTBot/1.4; +https://openai.com/gptbot)"
74.7.241.59 - - [24/Jul/2026:19:59:34 +0300] "GET /zip.php?dir=CwlibCwfirmwareCwcirrus&view=cs35l63-a1-dsp1-misc-10280e3e-spkid1-01-l3u1.bin HTTP/1.1" 429 0 "http://naturallights.us.logoandwebdesigns.com/zip.php?dir=CwlibCwfirmwareCwcirrus" "Mozilla/5.0 AppleWebKit/537.36 (KHTML, like Gecko; compatible; GPTBot/1.4; +https://openai.com/gptbot)"
74.7.227.50 - - [24/Jul/2026:20:01:29 +0300] "GET /.well-known/zip.php?dir=CwhomeCwlogoandwCwnature-photosFwinfoCwwp-content&view=error_log-20251108093917-20251108102804-20251108103543-20251108103744-20251108104750-20251108104836-20251108162320-20251109000812-20251109015233-20251110002142-20251110013512-20251110211737. HTTP/1.1" 429 0 "http://naturallights.us/.well-known/zip.php?dir=CwhomeCwlogoandwCwnature-photosFwinfoCwwp-content" "Mozilla/5.0 AppleWebKit/537.36 (KHTML, like Gecko; compatible; GPTBot/1.4; +https://openai.com/gptbot)"
74.7.227.50 - - [24/Jul/2026:20:02:30 +0300] "GET /.well-known/zip.php?dir=CwhomeCwlogoandwCwnature-photosFwinfoCwjsCwwp-content&view=error_log-20251108093917-20251108102804-20251108103543-20251108103744-20251108104750-20251108104836-20251108162320-20251109000812-20251109015233-20251110002142-20251111140521-20251115173033. HTTP/1.1" 200 12 "http://naturallights.us/.well-known/zip.php?dir=CwhomeCwlogoandwCwnature-photosFwinfoCwjsCwwp-content" "Mozilla/5.0 AppleWebKit/537.36 (KHTML, like Gecko; compatible; GPTBot/1.4; +https://openai.com/gptbot)"
74.7.227.50 - - [24/Jul/2026:20:03:33 +0300] "GET /.well-known/zip.php?dir=CwhomeCwlogoandwCwnature-photosFwinfoCwwp-includesCwwp-content&view=error_log-20251108093917-20251108102804-20251108103543-20251108103744-20251108104750-20251108104836-20251108162320-20251109000812-20251109015233-20251110002142-20251111143537-20251115120801-20251115214640-20251117173140. HTTP/1.1" 429 0 "http://naturallights.us/.well-known/zip.php?dir=CwhomeCwlogoandwCwnature-photosFwinfoCwwp-includesCwwp-content" "Mozilla/5.0 AppleWebKit/537.36 (KHTML, like Gecko; compatible; GPTBot/1.4; +https://openai.com/gptbot)"
74.7.241.59 - - [24/Jul/2026:20:03:41 +0300] "GET /zip.php?dir=CwlibCwfirmwareCwcirrus&view=cs35l63-a1-dsp1-misc-10280e1e-spkid1-06-l3u1.bin HTTP/1.1" 429 0 "http://naturallights.us.logoandwebdesigns.com/zip.php?dir=CwlibCwfirmwareCwcirrus" "Mozilla/5.0 AppleWebKit/537.36 (KHTML, like Gecko; compatible; GPTBot/1.4; +https://openai.com/gptbot)"
74.7.241.59 - - [24/Jul/2026:19:50:10 +0300] "GET /zip.php?dir=CwlibCwfirmwareCwcirrus&view=cs35l63-a1-dsp1-misc-10280e1a-spkid3-02-l3u3.bin HTTP/1.1" 429 0 "http://naturallights.us.logoandwebdesigns.com/zip.php?dir=CwlibCwfirmwareCwcirrus" "Mozilla/5.0 AppleWebKit/537.36 (KHTML, like Gecko; compatible; GPTBot/1.4; +https://openai.com/gptbot)"
74.7.241.59 - - [24/Jul/2026:19:51:14 +0300] "GET /zip.php?dir=CwlibCwfirmwareCwcirrus&view=cs35l63-a1-dsp1-misc-10280e1c-spkid0-01-l3u3.bin HTTP/1.1" 429 0 "http://naturallights.us.logoandwebdesigns.com/zip.php?dir=CwlibCwfirmwareCwcirrus" "Mozilla/5.0 AppleWebKit/537.36 (KHTML, like Gecko; compatible; GPTBot/1.4; +https://openai.com/gptbot)"
74.7.241.59 - - [24/Jul/2026:19:54:22 +0300] "GET /zip.php?dir=CwlibCwfirmwareCwcirrus&view=cs35l63-a1-dsp1-misc-10280e28-spkid1-05-l1u1.bin HTTP/1.1" 429 0 "http://naturallights.us.logoandwebdesigns.com/zip.php?dir=CwlibCwfirmwareCwcirrus" "Mozilla/5.0 AppleWebKit/537.36 (KHTML, like Gecko; compatible; GPTBot/1.4; +https://openai.com/gptbot)"
74.7.241.59 - - [24/Jul/2026:19:56:21 +0300] "GET /zip.php?dir=CwlibCwfirmwareCwcirrus&view=cs35l63-a1-dsp1-misc-10280e85-spkid0-03-l3u3.bin HTTP/1.1" 429 0 "http://naturallights.us.logoandwebdesigns.com/zip.php?dir=CwlibCwfirmwareCwcirrus" "Mozilla/5.0 AppleWebKit/537.36 (KHTML, like Gecko; compatible; GPTBot/1.4; +https://openai.com/gptbot)"
74.7.241.59 - - [24/Jul/2026:19:57:25 +0300] "GET /zip.php?dir=CwlibCwfirmwareCwcirrus&view=cs35l63-a1-dsp1-misc-10280e2c-spkid1-00-l1u3.bin HTTP/1.1" 429 0 "http://naturallights.us.logoandwebdesigns.com/zip.php?dir=CwlibCwfirmwareCwcirrus" "Mozilla/5.0 AppleWebKit/537.36 (KHTML, like Gecko; compatible; GPTBot/1.4; +https://openai.com/gptbot)"
74.7.227.50 - - [24/Jul/2026:20:00:28 +0300] "GET /.well-known/zip.php?dir=CwhomeCwlogoandwCwnature-photosFwinfoCwwp-includesCwwp-content&view=error_log-20251108093917-20251108102804-20251108103543-20251108103744-20251108104750-20251108104836-20251108162320-20251109000812-20251109015233-20251110002142-20251110013512-20251115154608-20251115190721. HTTP/1.1" 429 0 "http://naturallights.us/.well-known/zip.php?dir=CwhomeCwlogoandwCwnature-photosFwinfoCwwp-includesCwwp-content" "Mozilla/5.0 AppleWebKit/537.36 (KHTML, like Gecko; compatible; GPTBot/1.4; +https://openai.com/gptbot)"
74.7.241.59 - - [24/Jul/2026:20:02:36 +0300] "GET /zip.php?dir=CwlibCwfirmwareCwcirrus&view=cs35l63-a1-dsp1-misc-10280e26-spkid2-01-l1u3.bin HTTP/1.1" 429 0 "http://naturallights.us.logoandwebdesigns.com/zip.php?dir=CwlibCwfirmwareCwcirrus" "Mozilla/5.0 AppleWebKit/537.36 (KHTML, like Gecko; compatible; GPTBot/1.4; +https://openai.com/gptbot)"
74.7.241.59 - - [24/Jul/2026:20:04:46 +0300] "GET /zip.php?dir=CwlibCwfirmwareCwcirrus&view=cs35l63-a1-dsp1-misc-10280e1e-spkid0-07-l3u1.bin HTTP/1.1" 429 0 "http://naturallights.us.logoandwebdesigns.com/zip.php?dir=CwlibCwfirmwareCwcirrus" "Mozilla/5.0 AppleWebKit/537.36 (KHTML, like Gecko; compatible; GPTBot/1.4; +https://openai.com/gptbot)"
74.7.227.50 - - [24/Jul/2026:20:06:33 +0300] "GET /.well-known/zip.php?dir=CwhomeCwlogoandwCwnature-photosFwinfoCwwp-content&view=error_log-20251108093917-20251108102804-20251108103543-20251108103744-20251108104750-20251108104836-20251108162320-20251109000812-20251109015233-20251110002142-20251113144152-20251113144308. HTTP/1.1" 429 0 "http://naturallights.us/.well-known/zip.php?dir=CwhomeCwlogoandwCwnature-photosFwinfoCwwp-content" "Mozilla/5.0 AppleWebKit/537.36 (KHTML, like Gecko; compatible; GPTBot/1.4; +https://openai.com/gptbot)"
74.7.241.59 - - [24/Jul/2026:20:07:56 +0300] "GET /zip.php?dir=CwlibCwfirmwareCwcirrus&view=cs35l63-a1-dsp1-misc-10280e1e-spkid1-07-l3u1.bin HTTP/1.1" 429 0 "http://naturallights.us.logoandwebdesigns.com/zip.php?dir=CwlibCwfirmwareCwcirrus" "Mozilla/5.0 AppleWebKit/537.36 (KHTML, like Gecko; compatible; GPTBot/1.4; +https://openai.com/gptbot)"
74.7.227.50 - - [24/Jul/2026:20:05:29 +0300] "GET /.well-known/zip.php?dir=CwhomeCwlogoandwCwnature-photosFwinfoCwwp-content&view=error_log-20251108093917-20251108102804-20251108103543-20251108103744-20251108104750-20251108104836-20251108162320-20251109000812-20251109015233-20251110002142-20251113155032-20251114191639. HTTP/1.1" 200 12 "http://naturallights.us/.well-known/zip.php?dir=CwhomeCwlogoandwCwnature-photosFwinfoCwwp-content" "Mozilla/5.0 AppleWebKit/537.36 (KHTML, like Gecko; compatible; GPTBot/1.4; +https://openai.com/gptbot)"
74.7.241.59 - - [24/Jul/2026:20:05:48 +0300] "GET /zip.php?dir=CwlibCwfirmwareCwcirrus&view=cs35l63-a1-dsp1-misc-10280e23-spkid2-03-l1u1.bin HTTP/1.1" 429 0 "http://naturallights.us.logoandwebdesigns.com/zip.php?dir=CwlibCwfirmwareCwcirrus" "Mozilla/5.0 AppleWebKit/537.36 (KHTML, like Gecko; compatible; GPTBot/1.4; +https://openai.com/gptbot)"
74.7.241.59 - - [24/Jul/2026:20:10:02 +0300] "GET /zip.php?dir=CwlibCwfirmwareCwcirrus&view=cs35l63-a1-dsp1-misc-10280e3f-spkid1-06-l3u3.bin HTTP/1.1" 429 0 "http://naturallights.us.logoandwebdesigns.com/zip.php?dir=CwlibCwfirmwareCwcirrus" "Mozilla/5.0 AppleWebKit/537.36 (KHTML, like Gecko; compatible; GPTBot/1.4; +https://openai.com/gptbot)"
74.7.227.50 - - [24/Jul/2026:20:10:30 +0300] "GET /.well-known/zip.php?dir=CwhomeCwlogoandwCwnature-photosFwinfoCwwp-includesCwwp-content&view=error_log-20251108093917-20251108102804-20251108103543-20251108103744-20251108104750-20251108104836-20251108162320-20251109000812-20251109015233-20251110002142-20251111140521-20251114172610-20251115204758. HTTP/1.1" 429 0 "http://naturallights.us/.well-known/zip.php?dir=CwhomeCwlogoandwCwnature-photosFwinfoCwwp-includesCwwp-content" "Mozilla/5.0 AppleWebKit/537.36 (KHTML, like Gecko; compatible; GPTBot/1.4; +https://openai.com/gptbot)"
20.48.234.177 - - [24/Jul/2026:20:12:36 +0300] "GET /wp-content/plugins/hellopress/wp_filemanager.php HTTP/1.1" 404 1251 "-" "-"
20.48.234.177 - - [24/Jul/2026:20:12:36 +0300] "GET /this_is_a_new_hello_world.php HTTP/1.1" 404 1251 "-" "-"
20.48.234.177 - - [24/Jul/2026:20:12:36 +0300] "GET /wicked.php HTTP/1.1" 404 1251 "-" "-"
20.48.234.177 - - [24/Jul/2026:20:12:36 +0300] "GET /fpwch.php HTTP/1.1" 404 1251 "-" "-"
20.48.234.177 - - [24/Jul/2026:20:12:36 +0300] "GET /black.php HTTP/1.1" 404 1251 "-" "-"
20.48.234.177 - - [24/Jul/2026:20:12:37 +0300] "GET /loader.php HTTP/1.1" 404 1251 "-" "-"
20.48.234.177 - - [24/Jul/2026:20:12:37 +0300] "GET /file61.php HTTP/1.1" 404 1251 "-" "-"
20.48.234.177 - - [24/Jul/2026:20:12:37 +0300] "GET /wp-css.php HTTP/1.1" 404 1251 "-" "-"
20.48.234.177 - - [24/Jul/2026:20:12:37 +0300] "GET /wp-blink.php HTTP/1.1" 404 1251 "-" "-"
20.48.234.177 - - [24/Jul/2026:20:12:37 +0300] "GET /txets.php HTTP/1.1" 404 1251 "-" "-"
20.48.234.177 - - [24/Jul/2026:20:12:37 +0300] "GET /pucci.php HTTP/1.1" 404 1251 "-" "-"
20.48.234.177 - - [24/Jul/2026:20:12:37 +0300] "GET /xwpg.php HTTP/1.1" 404 1251 "-" "-"
20.48.234.177 - - [24/Jul/2026:20:12:38 +0300] "GET /ops.php HTTP/1.1" 404 1251 "-" "-"
20.48.234.177 - - [24/Jul/2026:20:12:38 +0300] "GET /dex.php HTTP/1.1" 404 1251 "-" "-"
20.48.234.177 - - [24/Jul/2026:20:12:38 +0300] "GET /mac.php HTTP/1.1" 404 1251 "-" "-"
20.48.234.177 - - [24/Jul/2026:20:12:38 +0300] "GET /aa.php HTTP/1.1" 404 1251 "-" "-"
20.48.234.177 - - [24/Jul/2026:20:12:38 +0300] "GET /xyn.php HTTP/1.1" 404 1251 "-" "-"
20.48.234.177 - - [24/Jul/2026:20:12:38 +0300] "GET /1.php HTTP/1.1" 404 1251 "-" "-"
20.48.234.177 - - [24/Jul/2026:20:12:38 +0300] "GET /sx.php HTTP/1.1" 404 1251 "-" "-"
20.48.234.177 - - [24/Jul/2026:20:12:38 +0300] "GET /classwithtostring.php HTTP/1.1" 404 1251 "-" "-"
20.48.234.177 - - [24/Jul/2026:20:12:38 +0300] "GET /yawa.php HTTP/1.1" 404 1251 "-" "-"
20.48.234.177 - - [24/Jul/2026:20:12:39 +0300] "GET /sym403.php HTTP/1.1" 404 1251 "-" "-"
20.48.234.177 - - [24/Jul/2026:20:12:39 +0300] "GET /aa2.php HTTP/1.1" 404 1251 "-" "-"
20.48.234.177 - - [24/Jul/2026:20:12:39 +0300] "GET /k.php HTTP/1.1" 404 1251 "-" "-"
20.48.234.177 - - [24/Jul/2026:20:12:39 +0300] "GET //f6.php HTTP/1.1" 404 1251 "-" "-"
20.48.234.177 - - [24/Jul/2026:20:12:39 +0300] "GET //wp-includes/block-bindings/ HTTP/1.1" 404 1251 "-" "-"
20.48.234.177 - - [24/Jul/2026:20:12:39 +0300] "GET /ms-edit.php HTTP/1.1" 404 1251 "-" "-"
20.48.234.177 - - [24/Jul/2026:20:12:39 +0300] "GET /zz.php?p= HTTP/1.1" 404 1251 "-" "-"
20.48.234.177 - - [24/Jul/2026:20:12:40 +0300] "GET /xxx.php HTTP/1.1" 404 1251 "-" "-"
20.48.234.177 - - [24/Jul/2026:20:12:40 +0300] "GET //2.php HTTP/1.1" 404 1251 "-" "-"
20.48.234.177 - - [24/Jul/2026:20:12:40 +0300] "GET /memberfuns.php HTTP/1.1" 404 1251 "-" "-"
20.48.234.177 - - [24/Jul/2026:20:12:40 +0300] "GET /wp-includes/blocks/audio/ HTTP/1.1" 404 1251 "-" "-"
20.48.234.177 - - [24/Jul/2026:20:12:40 +0300] "GET //wp-includes/css/dist/ HTTP/1.1" 404 1251 "-" "-"
20.48.234.177 - - [24/Jul/2026:20:12:40 +0300] "GET /insc.php HTTP/1.1" 404 1251 "-" "-"
20.48.234.177 - - [24/Jul/2026:20:12:40 +0300] "GET /wp-content/uploads/ HTTP/1.1" 404 1251 "-" "-"
20.48.234.177 - - [24/Jul/2026:20:12:40 +0300] "GET /2P.update.php HTTP/1.1" 404 1251 "-" "-"
20.48.234.177 - - [24/Jul/2026:20:12:41 +0300] "GET /wefile.php HTTP/1.1" 404 1251 "-" "-"
20.48.234.177 - - [24/Jul/2026:20:12:41 +0300] "GET /dr.php HTTP/1.1" 404 1251 "-" "-"
20.48.234.177 - - [24/Jul/2026:20:12:41 +0300] "GET /f35.php HTTP/1.1" 404 1251 "-" "-"
20.48.234.177 - - [24/Jul/2026:20:12:41 +0300] "GET /xmrl.php HTTP/1.1" 404 1251 "-" "-"
20.48.234.177 - - [24/Jul/2026:20:12:41 +0300] "GET /wp-temp.php HTTP/1.1" 404 1251 "-" "-"
20.48.234.177 - - [24/Jul/2026:20:12:41 +0300] "GET //aa.php HTTP/1.1" 404 1251 "-" "-"
20.48.234.177 - - [24/Jul/2026:20:12:41 +0300] "GET /82.php HTTP/1.1" 404 1251 "-" "-"
20.48.234.177 - - [24/Jul/2026:20:12:41 +0300] "GET /222.php HTTP/1.1" 404 1251 "-" "-"
20.48.234.177 - - [24/Jul/2026:20:12:42 +0300] "GET //wp-content/BypassBest.php HTTP/1.1" 404 1251 "-" "-"
20.48.234.177 - - [24/Jul/2026:20:12:42 +0300] "GET /f900.php HTTP/1.1" 404 1251 "-" "-"
20.48.234.177 - - [24/Jul/2026:20:12:42 +0300] "GET /wp-admin/css/colors/sunrise/ HTTP/1.1" 404 1251 "-" "-"
20.48.234.177 - - [24/Jul/2026:20:12:42 +0300] "GET /adminner.php HTTP/1.1" 404 1251 "-" "-"
20.48.234.177 - - [24/Jul/2026:20:12:42 +0300] "GET /simple.php HTTP/1.1" 404 1251 "-" "-"
20.48.234.177 - - [24/Jul/2026:20:12:42 +0300] "GET /w.php HTTP/1.1" 404 1251 "-" "-"
20.48.234.177 - - [24/Jul/2026:20:12:42 +0300] "GET /ms.php HTTP/1.1" 404 1251 "-" "-"
20.48.234.177 - - [24/Jul/2026:20:12:42 +0300] "GET /wp-admin/css/colors/blue/ HTTP/1.1" 404 1251 "-" "-"
20.48.234.177 - - [24/Jul/2026:20:12:43 +0300] "GET /8.php HTTP/1.1" 404 1251 "-" "-"
20.48.234.177 - - [24/Jul/2026:20:12:43 +0300] "GET /wp-admin/css/ HTTP/1.1" 404 1251 "-" "-"
20.48.234.177 - - [24/Jul/2026:20:12:43 +0300] "GET /wp-includes/Text/Diff/Engine/about.php HTTP/1.1" 404 1251 "-" "-"
20.48.234.177 - - [24/Jul/2026:20:12:43 +0300] "GET //cgi-bin/admin.php HTTP/1.1" 404 1251 "-" "-"
20.48.234.177 - - [24/Jul/2026:20:12:43 +0300] "GET /sss.php?p= HTTP/1.1" 404 1251 "-" "-"
20.48.234.177 - - [24/Jul/2026:20:12:43 +0300] "GET /.well-known/about.php HTTP/1.1" 404 1251 "-" "-"
20.48.234.177 - - [24/Jul/2026:20:12:43 +0300] "GET /file.php? HTTP/1.1" 200 79320 "-" "-"
20.48.234.177 - - [24/Jul/2026:20:12:44 +0300] "GET /coffexium.php HTTP/1.1" 404 1251 "-" "-"
20.48.234.177 - - [24/Jul/2026:20:12:44 +0300] "GET /k2.php HTTP/1.1" 404 1251 "-" "-"
20.48.234.177 - - [24/Jul/2026:20:12:44 +0300] "GET /BDKR28.php HTTP/1.1" 404 1251 "-" "-"
20.48.234.177 - - [24/Jul/2026:20:12:44 +0300] "GET //cgi-bin/index.php HTTP/1.1" 500 86 "-" "-"
20.48.234.177 - - [24/Jul/2026:20:12:44 +0300] "GET /raw.php HTTP/1.1" 404 1251 "-" "-"
20.48.234.177 - - [24/Jul/2026:20:12:45 +0300] "GET /wp-links.php HTTP/1.1" 404 1251 "-" "-"
20.48.234.177 - - [24/Jul/2026:20:12:45 +0300] "GET /gecko.php HTTP/1.1" 404 1251 "-" "-"
20.48.234.177 - - [24/Jul/2026:20:12:45 +0300] "GET /for.php HTTP/1.1" 404 1251 "-" "-"
74.7.241.59 - - [24/Jul/2026:19:55:17 +0300] "GET /zip.php?dir=CwlibCwfirmwareCwcirrus&view=cs35l63-a1-dsp1-misc-10280e1e-spkid0-06-l3u1.bin HTTP/1.1" 429 0 "http://naturallights.us.logoandwebdesigns.com/zip.php?dir=CwlibCwfirmwareCwcirrus" "Mozilla/5.0 AppleWebKit/537.36 (KHTML, like Gecko; compatible; GPTBot/1.4; +https://openai.com/gptbot)"
74.7.241.59 - - [24/Jul/2026:19:58:28 +0300] "GET /zip.php?dir=CwlibCwfirmwareCwcirrus&view=cs35l63-a1-dsp1-misc-10280e1e-spkid2-06-l3u1.bin HTTP/1.1" 429 0 "http://naturallights.us.logoandwebdesigns.com/zip.php?dir=CwlibCwfirmwareCwcirrus" "Mozilla/5.0 AppleWebKit/537.36 (KHTML, like Gecko; compatible; GPTBot/1.4; +https://openai.com/gptbot)"
74.7.241.59 - - [24/Jul/2026:20:00:34 +0300] "GET /zip.php?dir=CwlibCwfirmwareCwcirrus&view=cs35l63-a1-dsp1-misc-10280e38-spkid0-03-l3u3.bin HTTP/1.1" 429 0 "http://naturallights.us.logoandwebdesigns.com/zip.php?dir=CwlibCwfirmwareCwcirrus" "Mozilla/5.0 AppleWebKit/537.36 (KHTML, like Gecko; compatible; GPTBot/1.4; +https://openai.com/gptbot)"
74.7.241.59 - - [24/Jul/2026:20:01:36 +0300] "GET /zip.php?dir=CwlibCwfirmwareCwcirrus&view=cs35l63-a1-dsp1-misc-10280e25-spkid3-01-l1u1.bin HTTP/1.1" 429 0 "http://naturallights.us.logoandwebdesigns.com/zip.php?dir=CwlibCwfirmwareCwcirrus" "Mozilla/5.0 AppleWebKit/537.36 (KHTML, like Gecko; compatible; GPTBot/1.4; +https://openai.com/gptbot)"
74.7.227.50 - - [24/Jul/2026:20:04:28 +0300] "GET /.well-known/zip.php?dir=CwhomeCwlogoandwCwnature-photosFwinfoCwwp-contentCwwp-content&view=error_log-20251108093917-20251108102804-20251108103543-20251108103744-20251108104750-20251108104836-20251108162320-20251109000812-20251109015233-20251110002142-20251111143537-20251115120801-20251115214640. HTTP/1.1" 429 0 "http://naturallights.us/.well-known/zip.php?dir=CwhomeCwlogoandwCwnature-photosFwinfoCwwp-contentCwwp-content" "Mozilla/5.0 AppleWebKit/537.36 (KHTML, like Gecko; compatible; GPTBot/1.4; +https://openai.com/gptbot)"
74.7.241.59 - - [24/Jul/2026:20:06:52 +0300] "GET /zip.php?dir=CwlibCwfirmwareCwcirrus&view=cs35l63-a1-dsp1-misc-10280e1d-spkid3-06-l3u3.bin HTTP/1.1" 429 0 "http://naturallights.us.logoandwebdesigns.com/zip.php?dir=CwlibCwfirmwareCwcirrus" "Mozilla/5.0 AppleWebKit/537.36 (KHTML, like Gecko; compatible; GPTBot/1.4; +https://openai.com/gptbot)"
74.7.241.165 - - [24/Jul/2026:20:08:30 +0300] "GET /robots.txt HTTP/1.1" 404 1251 "-" "Mozilla/5.0 (Macintosh; Intel Mac OS X 10_15_7) AppleWebKit/537.36 (KHTML, like Gecko) Chrome/131.0.0.0 Safari/537.36; compatible; OAI-SearchBot/1.4; robots.txt; +https://openai.com/searchbot"
