74.7.241.59 - - [24/Jul/2026:16:10:26 +0300] "GET /zip.php?dir=CwhomeCwlogoandwCwnature-photosFwinfoCwwp-contentCwincludesCwwp-contentCwcssCwwp-contentCwwp-contentCwwp-contentCwwp-contentCwwp-contentCwwp-content&view=error_log-20251108093917-20251108102804-20251108103543-20251108103744-20251108104750-20251108104836-20251108162320-20251117083333-20251118031427-20251123014736-20251123035849-20251123035909-20251123052447-20251123053850. HTTP/1.1" 429 0 "http://naturallights.us.logoandwebdesigns.com/zip.php?dir=CwhomeCwlogoandwCwnature-photosFwinfoCwwp-contentCwincludesCwwp-contentCwcssCwwp-contentCwwp-contentCwwp-contentCwwp-contentCwwp-contentCwwp-content" "Mozilla/5.0 AppleWebKit/537.36 (KHTML, like Gecko; compatible; GPTBot/1.4; +https://openai.com/gptbot)"
74.7.241.59 - - [24/Jul/2026:16:12:32 +0300] "GET /zip.php?dir=CwhomeCwlogoandwCwnature-photosFwinfoCwwp-includesCwSimplePieCwwp-contentCwIXRCwwp-contentCwwp-contentCwwp-contentCwwp-contentCwwp-contentCwwp-content&view=error_log-20251108093917-20251108102804-20251108103543-20251108103744-20251108104750-20251108104836-20251108162320-20251109000812-20251109015233-20251110002142-20251113155032-20251114141151-20251114141543-20251114141609. HTTP/1.1" 429 0 "http://naturallights.us.logoandwebdesigns.com/zip.php?dir=CwhomeCwlogoandwCwnature-photosFwinfoCwwp-includesCwSimplePieCwwp-contentCwIXRCwwp-contentCwwp-contentCwwp-contentCwwp-contentCwwp-contentCwwp-content" "Mozilla/5.0 AppleWebKit/537.36 (KHTML, like Gecko; compatible; GPTBot/1.4; +https://openai.com/gptbot)"
74.7.227.50 - - [24/Jul/2026:16:12:55 +0300] "GET /file.php?dir=XPAusrXPAlibXPAfirmwareXPAqcomXPAsc8280xp HTTP/1.1" 429 0 "http://naturallights.us/file.php?dir=XPAusrXPAlibXPAfirmwareXPAqcom" "Mozilla/5.0 AppleWebKit/537.36 (KHTML, like Gecko; compatible; GPTBot/1.4; +https://openai.com/gptbot)"
74.7.227.50 - - [24/Jul/2026:16:14:56 +0300] "GET /zip.php?dir=CwusrCwshareCwmanCwman8&view=sg_seek.8.gz HTTP/1.1" 429 0 "http://naturallights.us/zip.php?dir=CwusrCwshareCwmanCwman8" "Mozilla/5.0 AppleWebKit/537.36 (KHTML, like Gecko; compatible; GPTBot/1.4; +https://openai.com/gptbot)"
74.7.227.50 - - [24/Jul/2026:16:15:56 +0300] "GET /zip.php?dir=CwusrCwshareCwmanCwman8&view=pam_lve.8.gz HTTP/1.1" 200 1138 "http://naturallights.us/zip.php?dir=CwusrCwshareCwmanCwman8" "Mozilla/5.0 AppleWebKit/537.36 (KHTML, like Gecko; compatible; GPTBot/1.4; +https://openai.com/gptbot)"
74.7.241.59 - - [24/Jul/2026:16:18:48 +0300] "GET /zip.php?dir=CwhomeCwlogoandwCwnature-photosFwinfoCwwp-includesCwSimplePieCwwp-contentCwIXRCwwp-contentCwwp-contentCwwp-contentCwwp-contentCwwp-contentCwwp-content&view=error_log-20251108093917-20251108102804-20251108103543-20251108103744-20251108104750-20251108104836-20251108162320-20251109000812-20251109015233-20251110002142-20251116184409-20251116192109-20251116192523-20251118091516. HTTP/1.1" 429 0 "http://naturallights.us.logoandwebdesigns.com/zip.php?dir=CwhomeCwlogoandwCwnature-photosFwinfoCwwp-includesCwSimplePieCwwp-contentCwIXRCwwp-contentCwwp-contentCwwp-contentCwwp-contentCwwp-contentCwwp-content" "Mozilla/5.0 AppleWebKit/537.36 (KHTML, like Gecko; compatible; GPTBot/1.4; +https://openai.com/gptbot)"
74.7.241.59 - - [24/Jul/2026:16:19:42 +0300] "GET /zip.php?dir=CwhomeCwlogoandwCwnature-photosFwinfoCwwp-includesCwSimplePieCwwp-contentCwIXRCwwp-contentCwwp-contentCwwp-contentCwwp-contentCwwp-contentCwwp-contentCwwp-content&view=error_log-20251108093917-20251108102804-20251108103543-20251108103744-20251108104750-20251108104836-20251108162320-20251109000812-20251109015233-20251110002142-20251111140521-20251112153824-20251118230523. HTTP/1.1" 429 0 "http://naturallights.us.logoandwebdesigns.com/zip.php?dir=CwhomeCwlogoandwCwnature-photosFwinfoCwwp-includesCwSimplePieCwwp-contentCwIXRCwwp-contentCwwp-contentCwwp-contentCwwp-contentCwwp-contentCwwp-contentCwwp-content" "Mozilla/5.0 AppleWebKit/537.36 (KHTML, like Gecko; compatible; GPTBot/1.4; +https://openai.com/gptbot)"
74.7.241.59 - - [24/Jul/2026:16:21:45 +0300] "GET /zip.php?dir=CwhomeCwlogoandwCwnature-photosFwinfoCwwp-includesCwSimplePieCwwp-contentCwIXRCwwp-contentCwwp-contentCwwp-contentCwwp-contentCwwp-contentCwwp-contentCwwp-content&view=error_log-20251108093917-20251108102804-20251108103543-20251108103744-20251108104750-20251108104836-20251108162320-20251109000812-20251109015233-20251110002142-20251111143537-20251114065126-20251114084300-20251119033129. HTTP/1.1" 429 0 "http://naturallights.us.logoandwebdesigns.com/zip.php?dir=CwhomeCwlogoandwCwnature-photosFwinfoCwwp-includesCwSimplePieCwwp-contentCwIXRCwwp-contentCwwp-contentCwwp-contentCwwp-contentCwwp-contentCwwp-contentCwwp-content" "Mozilla/5.0 AppleWebKit/537.36 (KHTML, like Gecko; compatible; GPTBot/1.4; +https://openai.com/gptbot)"
74.7.241.59 - - [24/Jul/2026:16:23:53 +0300] "GET /zip.php?dir=CwhomeCwlogoandwCwnature-photosFwinfoCwwp-includesCwSimplePieCwwp-contentCwIXRCwwp-contentCwwp-contentCwwp-contentCwwp-contentCwwp-contentCwwp-contentCwwp-content&view=error_log-20251108093917-20251108102804-20251108103543-20251108103744-20251108104750-20251108104836-20251108162320-20251109000812-20251109015233-20251110002142-20251111143537-20251112123224-20251113002644-20251117141804. HTTP/1.1" 429 0 "http://naturallights.us.logoandwebdesigns.com/zip.php?dir=CwhomeCwlogoandwCwnature-photosFwinfoCwwp-includesCwSimplePieCwwp-contentCwIXRCwwp-contentCwwp-contentCwwp-contentCwwp-contentCwwp-contentCwwp-contentCwwp-content" "Mozilla/5.0 AppleWebKit/537.36 (KHTML, like Gecko; compatible; GPTBot/1.4; +https://openai.com/gptbot)"
74.7.241.59 - - [24/Jul/2026:16:24:56 +0300] "GET /zip.php?dir=CwhomeCwlogoandwCwnature-photosFwinfoCwwp-includesCwSimplePieCwwp-contentCwIXRCwwp-contentCwwp-contentCwwp-contentCwwp-contentCwwp-contentCwwp-contentCwwp-content&view=error_log-20251108093917-20251108102804-20251108103543-20251108103744-20251108104750-20251108104836-20251108162320-20251109000812-20251109015233-20251110002142-20251110210415-20251118003440-20251119035736-20251119041553. HTTP/1.1" 429 0 "http://naturallights.us.logoandwebdesigns.com/zip.php?dir=CwhomeCwlogoandwCwnature-photosFwinfoCwwp-includesCwSimplePieCwwp-contentCwIXRCwwp-contentCwwp-contentCwwp-contentCwwp-contentCwwp-contentCwwp-contentCwwp-content" "Mozilla/5.0 AppleWebKit/537.36 (KHTML, like Gecko; compatible; GPTBot/1.4; +https://openai.com/gptbot)"
74.7.241.59 - - [24/Jul/2026:16:25:56 +0300] "GET /zip.php?dir=CwhomeCwlogoandwCwnature-photosFwinfoCwwp-includesCwSimplePieCwwp-contentCwIXRCwwp-contentCwwp-contentCwwp-contentCwwp-contentCwwp-contentCwwp-contentCwwp-content&view=error_log-20251108093917-20251108102804-20251108103543-20251108103744-20251108104750-20251108104836-20251108162320-20251109000812-20251109015233-20251110002142-20251116184409-20251116215659-20251118060020-20251119055818. HTTP/1.1" 429 0 "http://naturallights.us.logoandwebdesigns.com/zip.php?dir=CwhomeCwlogoandwCwnature-photosFwinfoCwwp-includesCwSimplePieCwwp-contentCwIXRCwwp-contentCwwp-contentCwwp-contentCwwp-contentCwwp-contentCwwp-contentCwwp-content" "Mozilla/5.0 AppleWebKit/537.36 (KHTML, like Gecko; compatible; GPTBot/1.4; +https://openai.com/gptbot)"
74.7.241.59 - - [24/Jul/2026:16:27:00 +0300] "GET /zip.php?dir=CwhomeCwlogoandwCwnature-photosFwinfoCwwp-contentCwwp-contentCwIXRCwwp-contentCwIXRCwwp-contentCwIXRCwwp-contentCwIXRCwwp-content&view=error_log-20251108093917-20251108102804-20251108103543-20251108103744-20251108104750-20251108104836-20251108162320-20251109000812-20251109015233-20251110002142-20251110013512-20251113061727. HTTP/1.1" 429 0 "http://naturallights.us.logoandwebdesigns.com/zip.php?dir=CwhomeCwlogoandwCwnature-photosFwinfoCwwp-contentCwwp-contentCwIXRCwwp-contentCwIXRCwwp-contentCwIXRCwwp-contentCwIXRCwwp-content" "Mozilla/5.0 AppleWebKit/537.36 (KHTML, like Gecko; compatible; GPTBot/1.4; +https://openai.com/gptbot)"
74.7.241.59 - - [24/Jul/2026:16:17:46 +0300] "GET /zip.php?dir=CwhomeCwlogoandwCwnature-photosFwinfoCwwp-includesCwSimplePieCwwp-contentCwwp-contentCwwp-contentCwwp-contentCwwp-contentCwwp-contentCwwp-content&view=error_log-20251108093917-20251108102804-20251108103543-20251108103744-20251108104750-20251108104836-20251108162320-20251109000812-20251109015233-20251110002142-20251116184409-20251116193743-20251116224012. HTTP/1.1" 200 12 "http://naturallights.us.logoandwebdesigns.com/zip.php?dir=CwhomeCwlogoandwCwnature-photosFwinfoCwwp-includesCwSimplePieCwwp-contentCwwp-contentCwwp-contentCwwp-contentCwwp-contentCwwp-contentCwwp-content" "Mozilla/5.0 AppleWebKit/537.36 (KHTML, like Gecko; compatible; GPTBot/1.4; +https://openai.com/gptbot)"
74.7.227.50 - - [24/Jul/2026:16:19:00 +0300] "GET /zip.php?dir=CwusrCwshareCwmanCwman3&view=is_pad.3x.gz HTTP/1.1" 429 0 "http://naturallights.us/zip.php?dir=CwusrCwshareCwmanCwman3" "Mozilla/5.0 AppleWebKit/537.36 (KHTML, like Gecko; compatible; GPTBot/1.4; +https://openai.com/gptbot)"
74.7.241.59 - - [24/Jul/2026:16:20:44 +0300] "GET /zip.php?dir=CwhomeCwlogoandwCwnature-photosFwinfoCwwp-includesCwSimplePieCwwp-contentCwIXRCwwp-contentCwwp-contentCwwp-contentCwwp-contentCwwp-contentCwwp-contentCwwp-content&view=error_log-20251108093917-20251108102804-20251108103543-20251108103744-20251108104750-20251108104836-20251108162320-20251109000812-20251109015233-20251110002142-20251113125713-20251113142448-20251113165510-20251117172922. HTTP/1.1" 429 0 "http://naturallights.us.logoandwebdesigns.com/zip.php?dir=CwhomeCwlogoandwCwnature-photosFwinfoCwwp-includesCwSimplePieCwwp-contentCwIXRCwwp-contentCwwp-contentCwwp-contentCwwp-contentCwwp-contentCwwp-contentCwwp-content" "Mozilla/5.0 AppleWebKit/537.36 (KHTML, like Gecko; compatible; GPTBot/1.4; +https://openai.com/gptbot)"
74.7.227.50 - - [24/Jul/2026:16:22:07 +0300] "GET /zip.php?dir=CwusrCwshareCwmanCwman3&view=raw_sp.3x.gz HTTP/1.1" 429 0 "http://naturallights.us/zip.php?dir=CwusrCwshareCwmanCwman3" "Mozilla/5.0 AppleWebKit/537.36 (KHTML, like Gecko; compatible; GPTBot/1.4; +https://openai.com/gptbot)"
74.7.241.59 - - [24/Jul/2026:16:22:51 +0300] "GET /zip.php?dir=CwhomeCwlogoandwCwnature-photosFwinfoCwwp-includesCwSimplePieCwwp-contentCwwp-contentCwwp-contentCwwp-contentCwwp-contentCwwp-contentCwwp-content&view=error_log-20251108093917-20251108102804-20251108103543-20251108103744-20251108104750-20251108104836-20251108162320-20251109000812-20251109015233-20251110002142-20251114140613-20251114140651. HTTP/1.1" 429 0 "http://naturallights.us.logoandwebdesigns.com/zip.php?dir=CwhomeCwlogoandwCwnature-photosFwinfoCwwp-includesCwSimplePieCwwp-contentCwwp-contentCwwp-contentCwwp-contentCwwp-contentCwwp-contentCwwp-content" "Mozilla/5.0 AppleWebKit/537.36 (KHTML, like Gecko; compatible; GPTBot/1.4; +https://openai.com/gptbot)"
74.7.241.59 - - [24/Jul/2026:16:28:04 +0300] "GET /zip.php?dir=CwhomeCwlogoandwCwnature-photosFwinfoCwwp-includesCwincludesCwwp-contentCwincludesCwwp-contentCwcssCwwp-contentCwwp-contentCwwp-contentCwwp-contentCwwp-contentCwwp-contentCwwp-content&view=error_log-20251108093917-20251108102804-20251108103543-20251108103744-20251108104750-20251108104836-20251108162320-20251109000812-20251109015233-20251110002142-20251113125713-20251113140955-20251113152802. HTTP/1.1" 429 0 "http://naturallights.us.logoandwebdesigns.com/zip.php?dir=CwhomeCwlogoandwCwnature-photosFwinfoCwwp-includesCwincludesCwwp-contentCwincludesCwwp-contentCwcssCwwp-contentCwwp-contentCwwp-contentCwwp-contentCwwp-contentCwwp-contentCwwp-content" "Mozilla/5.0 AppleWebKit/537.36 (KHTML, like Gecko; compatible; GPTBot/1.4; +https://openai.com/gptbot)"
74.7.241.59 - - [24/Jul/2026:16:32:12 +0300] "GET /zip.php?dir=CwhomeCwlogoandwCwnature-photosFwinfoCwwp-includesCwSimplePieCwwp-contentCwIXRCwwp-contentCwwp-contentCwwp-contentCwwp-contentCwwp-contentCwwp-contentCwwp-content&view=error_log-20251108093917-20251108102804-20251108103543-20251108103744-20251108104750-20251108104836-20251108162320-20251109000812-20251109015233-20251110002142-20251111140521-20251114211921-20251114213034. HTTP/1.1" 429 0 "http://naturallights.us.logoandwebdesigns.com/zip.php?dir=CwhomeCwlogoandwCwnature-photosFwinfoCwwp-includesCwSimplePieCwwp-contentCwIXRCwwp-contentCwwp-contentCwwp-contentCwwp-contentCwwp-contentCwwp-contentCwwp-content" "Mozilla/5.0 AppleWebKit/537.36 (KHTML, like Gecko; compatible; GPTBot/1.4; +https://openai.com/gptbot)"
74.7.241.59 - - [24/Jul/2026:16:33:13 +0300] "GET /zip.php?dir=CwhomeCwlogoandwCwnature-photosFwinfoCwwp-contentCwincludesCwwp-contentCwcssCwwp-contentCwwp-contentCwwp-contentCwwp-contentCwwp-contentCwwp-content&view=error_log-20251108093917-20251108102804-20251108103543-20251108103744-20251108104750-20251108104836-20251108162320-20251109000812-20251109033422-20251109044426-20251109044453-20251109170656-20251110001755-20251119064534. HTTP/1.1" 429 0 "http://naturallights.us.logoandwebdesigns.com/zip.php?dir=CwhomeCwlogoandwCwnature-photosFwinfoCwwp-contentCwincludesCwwp-contentCwcssCwwp-contentCwwp-contentCwwp-contentCwwp-contentCwwp-contentCwwp-content" "Mozilla/5.0 AppleWebKit/537.36 (KHTML, like Gecko; compatible; GPTBot/1.4; +https://openai.com/gptbot)"
74.7.227.50 - - [24/Jul/2026:16:33:23 +0300] "GET /zip.php?dir=CwusrCwshareCwmanCwman8&view=ip-ioam.8.gz HTTP/1.1" 429 0 "http://naturallights.us/zip.php?dir=CwusrCwshareCwmanCwman8" "Mozilla/5.0 AppleWebKit/537.36 (KHTML, like Gecko; compatible; GPTBot/1.4; +https://openai.com/gptbot)"
74.7.241.59 - - [24/Jul/2026:16:35:22 +0300] "GET /zip.php?dir=CwhomeCwlogoandwCwnature-photosFwinfoCwwp-includesCwSimplePieCwwp-contentCwwp-contentCwwp-contentCwwp-contentCwwp-contentCwwp-contentCwwp-content&view=error_log-20251108093917-20251108102804-20251108103543-20251108103744-20251108104750-20251108104836-20251108162320-20251109000812-20251109015233-20251110002142-20251113125713-20251113142448-20251113165510-20251119085336. HTTP/1.1" 429 0 "http://naturallights.us.logoandwebdesigns.com/zip.php?dir=CwhomeCwlogoandwCwnature-photosFwinfoCwwp-includesCwSimplePieCwwp-contentCwwp-contentCwwp-contentCwwp-contentCwwp-contentCwwp-contentCwwp-content" "Mozilla/5.0 AppleWebKit/537.36 (KHTML, like Gecko; compatible; GPTBot/1.4; +https://openai.com/gptbot)"
74.7.241.59 - - [24/Jul/2026:16:36:18 +0300] "GET /zip.php?dir=CwhomeCwlogoandwCwnature-photosFwinfoCwwp-includesCwSimplePieCwwp-contentCwIXRCwwp-contentCwwp-contentCwwp-contentCwwp-contentCwwp-contentCwwp-contentCwwp-content&view=error_log-20251108093917-20251108102804-20251108103543-20251108103744-20251108104750-20251108104836-20251108162320-20251109000812-20251109015233-20251110002142-20251110013512-20251110145618-20251119052151. HTTP/1.1" 200 12 "http://naturallights.us.logoandwebdesigns.com/zip.php?dir=CwhomeCwlogoandwCwnature-photosFwinfoCwwp-includesCwSimplePieCwwp-contentCwIXRCwwp-contentCwwp-contentCwwp-contentCwwp-contentCwwp-contentCwwp-contentCwwp-content" "Mozilla/5.0 AppleWebKit/537.36 (KHTML, like Gecko; compatible; GPTBot/1.4; +https://openai.com/gptbot)"
74.7.241.59 - - [24/Jul/2026:16:29:04 +0300] "GET /zip.php?dir=CwhomeCwlogoandwCwnature-photosFwinfoCwwp-includesCwSimplePieCwwp-contentCwIXRCwwp-contentCwwp-contentCwwp-contentCwwp-contentCwwp-contentCwwp-content&view=error_log-20251108093917-20251108102804-20251108103543-20251108103744-20251108104750-20251108104836-20251108162320-20251109000812-20251109015233-20251110002142-20251110204737-20251110204811-20251111122403-20251112201445. HTTP/1.1" 429 0 "http://naturallights.us.logoandwebdesigns.com/zip.php?dir=CwhomeCwlogoandwCwnature-photosFwinfoCwwp-includesCwSimplePieCwwp-contentCwIXRCwwp-contentCwwp-contentCwwp-contentCwwp-contentCwwp-contentCwwp-content" "Mozilla/5.0 AppleWebKit/537.36 (KHTML, like Gecko; compatible; GPTBot/1.4; +https://openai.com/gptbot)"
74.7.227.50 - - [24/Jul/2026:16:29:25 +0300] "GET /zip.php?dir=CwusrCwshareCwmanCwman8&view=sg_stpg.8.gz HTTP/1.1" 429 0 "http://naturallights.us/zip.php?dir=CwusrCwshareCwmanCwman8" "Mozilla/5.0 AppleWebKit/537.36 (KHTML, like Gecko; compatible; GPTBot/1.4; +https://openai.com/gptbot)"
74.7.241.59 - - [24/Jul/2026:16:30:08 +0300] "GET /zip.php?dir=CwhomeCwlogoandwCwnature-photosFwinfoCwwp-contentCwwp-contentCwIXRCwwp-contentCwIXRCwwp-contentCwIXRCwwp-contentCwIXRCwwp-content&view=error_log-20251108093917-20251108102804-20251108103543-20251108103744-20251108104750-20251108104836-20251108162320-20251109000812-20251109015233-20251110002142-20251111143537-20251111162411. HTTP/1.1" 429 0 "http://naturallights.us.logoandwebdesigns.com/zip.php?dir=CwhomeCwlogoandwCwnature-photosFwinfoCwwp-contentCwwp-contentCwIXRCwwp-contentCwIXRCwwp-contentCwIXRCwwp-contentCwIXRCwwp-content" "Mozilla/5.0 AppleWebKit/537.36 (KHTML, like Gecko; compatible; GPTBot/1.4; +https://openai.com/gptbot)"
74.7.227.50 - - [24/Jul/2026:16:31:27 +0300] "GET /zip.php?dir=CwusrCwshareCwmanCwman8&view=sg_read.8.gz HTTP/1.1" 200 3401 "http://naturallights.us/zip.php?dir=CwusrCwshareCwmanCwman8" "Mozilla/5.0 AppleWebKit/537.36 (KHTML, like Gecko; compatible; GPTBot/1.4; +https://openai.com/gptbot)"
74.7.227.50 - - [24/Jul/2026:16:32:28 +0300] "GET /zip.php?dir=CwusrCwshareCwmanCwman8&view=ip-rule.8.gz HTTP/1.1" 429 0 "http://naturallights.us/zip.php?dir=CwusrCwshareCwmanCwman8" "Mozilla/5.0 AppleWebKit/537.36 (KHTML, like Gecko; compatible; GPTBot/1.4; +https://openai.com/gptbot)"
74.7.241.171 - - [24/Jul/2026:16:36:19 +0300] "GET /robots.txt HTTP/1.1" 404 1251 "-" "Mozilla/5.0 (Macintosh; Intel Mac OS X 10_15_7) AppleWebKit/537.36 (KHTML, like Gecko) Chrome/131.0.0.0 Safari/537.36; compatible; OAI-SearchBot/1.4; robots.txt; +https://openai.com/searchbot"
74.7.241.59 - - [24/Jul/2026:16:37:21 +0300] "GET /zip.php?dir=CwhomeCwlogoandwCwnature-photosFwinfoCwwp-includesCwSimplePieCwwp-contentCwIXRCwwp-contentCwwp-contentCwwp-contentCwwp-contentCwwp-contentCwwp-contentCwwp-content&view=error_log-20251108093917-20251108102804-20251108103543-20251108103744-20251108104750-20251108104836-20251108162320-20251109000812-20251109015233-20251110002142-20251112121403-20251112121436-20251113003115-20251115055544. HTTP/1.1" 429 0 "http://naturallights.us.logoandwebdesigns.com/zip.php?dir=CwhomeCwlogoandwCwnature-photosFwinfoCwwp-includesCwSimplePieCwwp-contentCwIXRCwwp-contentCwwp-contentCwwp-contentCwwp-contentCwwp-contentCwwp-contentCwwp-content" "Mozilla/5.0 AppleWebKit/537.36 (KHTML, like Gecko; compatible; GPTBot/1.4; +https://openai.com/gptbot)"
74.7.227.50 - - [24/Jul/2026:16:37:33 +0300] "GET /zip.php?dir=CwusrCwshareCwmanCwman8&view=sg_scan.8.gz HTTP/1.1" 429 0 "http://naturallights.us/zip.php?dir=CwusrCwshareCwmanCwman8" "Mozilla/5.0 AppleWebKit/537.36 (KHTML, like Gecko; compatible; GPTBot/1.4; +https://openai.com/gptbot)"
74.7.241.59 - - [24/Jul/2026:16:38:17 +0300] "GET /zip.php?dir=CwhomeCwlogoandwCwnature-photosFwinfoCwwp-contentCwincludesCwwp-contentCwcssCwwp-contentCwwp-contentCwwp-contentCwwp-contentCwwp-contentCwwp-content&view=error_log-20251108093917-20251108102804-20251108103543-20251108103744-20251108104750-20251108104836-20251108162320-20251117083333-20251118031427-20251123014736-20251123035849-20251123035909-20251123052447-20251123052549. HTTP/1.1" 429 0 "http://naturallights.us.logoandwebdesigns.com/zip.php?dir=CwhomeCwlogoandwCwnature-photosFwinfoCwwp-contentCwincludesCwwp-contentCwcssCwwp-contentCwwp-contentCwwp-contentCwwp-contentCwwp-contentCwwp-content" "Mozilla/5.0 AppleWebKit/537.36 (KHTML, like Gecko; compatible; GPTBot/1.4; +https://openai.com/gptbot)"
74.7.227.50 - - [24/Jul/2026:16:38:37 +0300] "GET /zip.php?dir=CwusrCwshareCwmanCwman5&view=at.deny.5.gz HTTP/1.1" 429 0 "http://naturallights.us/zip.php?dir=CwusrCwshareCwmanCwman5" "Mozilla/5.0 AppleWebKit/537.36 (KHTML, like Gecko; compatible; GPTBot/1.4; +https://openai.com/gptbot)"
74.7.241.59 - - [24/Jul/2026:16:39:18 +0300] "GET /zip.php?dir=CwhomeCwlogoandwCwnature-photosFwinfoCwwp-includesCwincludesCwwp-contentCwincludesCwwp-contentCwcssCwwp-contentCwwp-contentCwwp-contentCwwp-contentCwwp-contentCwwp-content&view=error_log-20251108093917-20251108102804-20251108103543-20251108103744-20251108104750-20251108104836-20251108162320-20251109000812-20251109015233-20251110002142-20251116184409-20251116204514-20251116225356. HTTP/1.1" 429 0 "http://naturallights.us.logoandwebdesigns.com/zip.php?dir=CwhomeCwlogoandwCwnature-photosFwinfoCwwp-includesCwincludesCwwp-contentCwincludesCwwp-contentCwcssCwwp-contentCwwp-contentCwwp-contentCwwp-contentCwwp-contentCwwp-content" "Mozilla/5.0 AppleWebKit/537.36 (KHTML, like Gecko; compatible; GPTBot/1.4; +https://openai.com/gptbot)"
74.7.227.50 - - [24/Jul/2026:16:39:41 +0300] "GET /zip.php?dir=CwusrCwlib64&view=libnssutil3.so HTTP/1.1" 429 0 "http://naturallights.us/zip.php?dir=CwusrCwlib64" "Mozilla/5.0 AppleWebKit/537.36 (KHTML, like Gecko; compatible; GPTBot/1.4; +https://openai.com/gptbot)"
74.7.241.59 - - [24/Jul/2026:16:41:26 +0300] "GET /zip.php?dir=CwhomeCwlogoandwCwnature-photosFwinfoCwwp-includesCwSimplePieCwwp-contentCwwp-contentCwwp-contentCwwp-contentCwwp-contentCwwp-contentCwwp-content&view=error_log-20251108093917-20251108102804-20251108103543-20251108103744-20251108104750-20251108104836-20251108162320-20251109000812-20251109015233-20251110002142-20251116161835-20251116163735-20251117153321-20251119113638. HTTP/1.1" 429 0 "http://naturallights.us.logoandwebdesigns.com/zip.php?dir=CwhomeCwlogoandwCwnature-photosFwinfoCwwp-includesCwSimplePieCwwp-contentCwwp-contentCwwp-contentCwwp-contentCwwp-contentCwwp-contentCwwp-content" "Mozilla/5.0 AppleWebKit/537.36 (KHTML, like Gecko; compatible; GPTBot/1.4; +https://openai.com/gptbot)"
74.7.241.59 - - [24/Jul/2026:16:44:35 +0300] "GET /zip.php?dir=CwhomeCwlogoandwCwnature-photosFwinfoCwwp-includesCwSimplePieCwwp-contentCwIXRCwwp-contentCwwp-contentCwwp-contentCwwp-contentCwwp-contentCwwp-contentCwwp-content&view=error_log-20251108093917-20251108102804-20251108103543-20251108103744-20251108104750-20251108104836-20251108162320-20251109000812-20251109015233-20251110002142-20251111143537-20251115061042-20251115074604-20251117140603. HTTP/1.1" 429 0 "http://naturallights.us.logoandwebdesigns.com/zip.php?dir=CwhomeCwlogoandwCwnature-photosFwinfoCwwp-includesCwSimplePieCwwp-contentCwIXRCwwp-contentCwwp-contentCwwp-contentCwwp-contentCwwp-contentCwwp-contentCwwp-content" "Mozilla/5.0 AppleWebKit/537.36 (KHTML, like Gecko; compatible; GPTBot/1.4; +https://openai.com/gptbot)"
74.7.227.50 - - [24/Jul/2026:16:28:24 +0300] "GET /zip.php?dir=CwusrCwshareCwmanCwman3&view=cap_dup.3.gz HTTP/1.1" 429 0 "http://naturallights.us/zip.php?dir=CwusrCwshareCwmanCwman3" "Mozilla/5.0 AppleWebKit/537.36 (KHTML, like Gecko; compatible; GPTBot/1.4; +https://openai.com/gptbot)"
74.7.241.59 - - [24/Jul/2026:16:31:08 +0300] "GET /zip.php?dir=CwhomeCwlogoandwCwnature-photosFwinfoCwwp-includesCwSimplePieCwwp-contentCwIXRCwwp-contentCwwp-contentCwwp-contentCwwp-contentCwwp-contentCwwp-content&view=error_log-20251108093917-20251108102804-20251108103543-20251108103744-20251108104750-20251108104836-20251108162320-20251109000812-20251109015233-20251110002142-20251116184409-20251116191711-20251116202212-20251119022923. HTTP/1.1" 429 0 "http://naturallights.us.logoandwebdesigns.com/zip.php?dir=CwhomeCwlogoandwCwnature-photosFwinfoCwwp-includesCwSimplePieCwwp-contentCwIXRCwwp-contentCwwp-contentCwwp-contentCwwp-contentCwwp-contentCwwp-content" "Mozilla/5.0 AppleWebKit/537.36 (KHTML, like Gecko; compatible; GPTBot/1.4; +https://openai.com/gptbot)"
74.7.241.59 - - [24/Jul/2026:16:34:16 +0300] "GET /zip.php?dir=CwhomeCwlogoandwCwnature-photosFwinfoCwwp-includesCwSimplePieCwwp-contentCwwp-contentCwwp-contentCwwp-contentCwwp-contentCwwp-contentCwwp-content&view=error_log-20251108093917-20251108102804-20251108103543-20251108103744-20251108104750-20251108104836-20251108162320-20251109000812-20251109015233-20251110002142-20251116184409-20251116193743-20251116224012-20251119030259. HTTP/1.1" 200 12 "http://naturallights.us.logoandwebdesigns.com/zip.php?dir=CwhomeCwlogoandwCwnature-photosFwinfoCwwp-includesCwSimplePieCwwp-contentCwwp-contentCwwp-contentCwwp-contentCwwp-contentCwwp-contentCwwp-content" "Mozilla/5.0 AppleWebKit/537.36 (KHTML, like Gecko; compatible; GPTBot/1.4; +https://openai.com/gptbot)"
74.7.241.59 - - [24/Jul/2026:16:40:23 +0300] "GET /zip.php?dir=CwhomeCwlogoandwCwnature-photosFwinfoCwwp-contentCwincludesCwwp-contentCwcssCwwp-contentCwwp-contentCwwp-contentCwwp-contentCwwp-contentCwwp-content&view=error_log-20251108093917-20251108102804-20251108103543-20251108103744-20251108104750-20251108104836-20251108162320-20251109000812-20251109015233-20251110002142-20251111140521. HTTP/1.1" 429 0 "http://naturallights.us.logoandwebdesigns.com/zip.php?dir=CwhomeCwlogoandwCwnature-photosFwinfoCwwp-contentCwincludesCwwp-contentCwcssCwwp-contentCwwp-contentCwwp-contentCwwp-contentCwwp-contentCwwp-content" "Mozilla/5.0 AppleWebKit/537.36 (KHTML, like Gecko; compatible; GPTBot/1.4; +https://openai.com/gptbot)"
74.7.227.50 - - [24/Jul/2026:16:43:50 +0300] "GET /zip.php?dir=CwusrCwlibCwfirmwareCwamdgpu&view=gc_12_0_1_rlc_kicker.bin HTTP/1.1" 429 0 "http://naturallights.us/zip.php?dir=CwusrCwlibCwfirmwareCwamdgpu" "Mozilla/5.0 AppleWebKit/537.36 (KHTML, like Gecko; compatible; GPTBot/1.4; +https://openai.com/gptbot)"
74.7.227.50 - - [24/Jul/2026:16:45:55 +0300] "GET /zip.php?dir=CwlibCwmodulesCw4Fw18Fw0-513Fw5Fw1Fwel8_9Fwx86_64CwkernelCwcrypto&view=seed.ko.xz HTTP/1.1" 429 0 "http://naturallights.us/zip.php?dir=CwlibCwmodulesCw4Fw18Fw0-513Fw5Fw1Fwel8_9Fwx86_64CwkernelCwcrypto" "Mozilla/5.0 AppleWebKit/537.36 (KHTML, like Gecko; compatible; GPTBot/1.4; +https://openai.com/gptbot)"
74.7.241.59 - - [24/Jul/2026:16:48:48 +0300] "GET /zip.php?dir=CwhomeCwlogoandwCwnature-photosFwinfoCwwp-contentCwwp-contentCwcssCwwp-contentCwcssCwwp-contentCwcssCwwp-contentCwcssCwwp-content&view=error_log-20251108093917-20251108102804-20251108103543-20251108103744-20251108104750-20251108104836-20251108162320-20251109000812-20251109015233-20251110002142-20251111143537. HTTP/1.1" 429 0 "http://naturallights.us.logoandwebdesigns.com/zip.php?dir=CwhomeCwlogoandwCwnature-photosFwinfoCwwp-contentCwwp-contentCwcssCwwp-contentCwcssCwwp-contentCwcssCwwp-contentCwcssCwwp-content" "Mozilla/5.0 AppleWebKit/537.36 (KHTML, like Gecko; compatible; GPTBot/1.4; +https://openai.com/gptbot)"
74.7.241.59 - - [24/Jul/2026:16:42:26 +0300] "GET /zip.php?dir=CwhomeCwlogoandwCwnature-photosFwinfoCwwp-includesCwSimplePieCwwp-contentCwIXRCwwp-contentCwwp-contentCwwp-contentCwwp-contentCwwp-contentCwwp-contentCwwp-content&view=error_log-20251108093917-20251108102804-20251108103543-20251108103744-20251108104750-20251108104836-20251108162320-20251109000812-20251109015233-20251110002142-20251111143537-20251111210544-20251118062300-20251118063043. HTTP/1.1" 429 0 "http://naturallights.us.logoandwebdesigns.com/zip.php?dir=CwhomeCwlogoandwCwnature-photosFwinfoCwwp-includesCwSimplePieCwwp-contentCwIXRCwwp-contentCwwp-contentCwwp-contentCwwp-contentCwwp-contentCwwp-contentCwwp-content" "Mozilla/5.0 AppleWebKit/537.36 (KHTML, like Gecko; compatible; GPTBot/1.4; +https://openai.com/gptbot)"
74.7.227.50 - - [24/Jul/2026:16:42:44 +0300] "GET /zip.php?dir=Cwlib64Cwpkgconfig&view=bzip2.pc HTTP/1.1" 429 0 "http://naturallights.us/zip.php?dir=Cwlib64Cwpkgconfig" "Mozilla/5.0 AppleWebKit/537.36 (KHTML, like Gecko; compatible; GPTBot/1.4; +https://openai.com/gptbot)"
74.7.241.59 - - [24/Jul/2026:16:43:30 +0300] "GET /zip.php?dir=CwhomeCwlogoandwCwnature-photosFwinfoCwwp-contentCwwp-contentCwIXRCwwp-contentCwIXRCwwp-contentCwIXRCwwp-contentCwIXRCwwp-content&view=error_log-20251108093917-20251108102804-20251108103543-20251108103744-20251108104750-20251108104836-20251108162320-20251109000812-20251109015233-20251110002142-20251113155032-20251113184820. HTTP/1.1" 429 0 "http://naturallights.us.logoandwebdesigns.com/zip.php?dir=CwhomeCwlogoandwCwnature-photosFwinfoCwwp-contentCwwp-contentCwIXRCwwp-contentCwIXRCwwp-contentCwIXRCwwp-contentCwIXRCwwp-content" "Mozilla/5.0 AppleWebKit/537.36 (KHTML, like Gecko; compatible; GPTBot/1.4; +https://openai.com/gptbot)"
74.7.241.59 - - [24/Jul/2026:16:45:39 +0300] "GET /zip.php?dir=CwhomeCwlogoandwCwnature-photosFwinfoCwwp-includesCwSimplePieCwwp-contentCwIXRCwwp-contentCwwp-contentCwwp-contentCwwp-contentCwwp-contentCwwp-contentCwwp-content&view=error_log-20251108093917-20251108102804-20251108103543-20251108103744-20251108104750-20251108104836-20251108162320-20251109000812-20251109015233-20251110002142-20251111140521-20251114211921-20251114214150. HTTP/1.1" 429 0 "http://naturallights.us.logoandwebdesigns.com/zip.php?dir=CwhomeCwlogoandwCwnature-photosFwinfoCwwp-includesCwSimplePieCwwp-contentCwIXRCwwp-contentCwwp-contentCwwp-contentCwwp-contentCwwp-contentCwwp-contentCwwp-content" "Mozilla/5.0 AppleWebKit/537.36 (KHTML, like Gecko; compatible; GPTBot/1.4; +https://openai.com/gptbot)"
74.7.241.59 - - [24/Jul/2026:16:47:45 +0300] "GET /zip.php?dir=CwhomeCwlogoandwCwnature-photosFwinfoCwwp-contentCwwp-contentCwIXRCwwp-contentCwIXRCwwp-contentCwIXRCwwp-contentCwIXRCwwp-content&view=error_log-20251108093917-20251108102804-20251108103543-20251108103744-20251108104750-20251108104836-20251108162320-20251109000812-20251109015233-20251110002142-20251111140521-20251116085620. HTTP/1.1" 429 0 "http://naturallights.us.logoandwebdesigns.com/zip.php?dir=CwhomeCwlogoandwCwnature-photosFwinfoCwwp-contentCwwp-contentCwIXRCwwp-contentCwIXRCwwp-contentCwIXRCwwp-contentCwIXRCwwp-content" "Mozilla/5.0 AppleWebKit/537.36 (KHTML, like Gecko; compatible; GPTBot/1.4; +https://openai.com/gptbot)"
74.7.227.50 - - [24/Jul/2026:16:49:55 +0300] "GET /zip.php?dir=CwlibCwmodulesCw4Fw18Fw0-513Fw5Fw1Fwel8_9Fwx86_64CwkernelCwcrypto&view=xcbc.ko.xz HTTP/1.1" 429 0 "http://naturallights.us/zip.php?dir=CwlibCwmodulesCw4Fw18Fw0-513Fw5Fw1Fwel8_9Fwx86_64CwkernelCwcrypto" "Mozilla/5.0 AppleWebKit/537.36 (KHTML, like Gecko; compatible; GPTBot/1.4; +https://openai.com/gptbot)"
74.7.241.59 - - [24/Jul/2026:16:49:49 +0300] "GET /zip.php?dir=CwhomeCwlogoandwCwnature-photosFwinfoCwwp-includesCwSimplePieCwwp-contentCwwp-contentCwwp-contentCwwp-contentCwwp-contentCwwp-contentCwwp-content&view=error_log-20251108093917-20251108102804-20251108103543-20251108103744-20251108104750-20251108104836-20251108162320-20251109000812-20251109015233-20251110002142-20251111143537-20251114074053-20251119113628-20251119121704. HTTP/1.1" 429 0 "http://naturallights.us.logoandwebdesigns.com/zip.php?dir=CwhomeCwlogoandwCwnature-photosFwinfoCwwp-includesCwSimplePieCwwp-contentCwwp-contentCwwp-contentCwwp-contentCwwp-contentCwwp-contentCwwp-content" "Mozilla/5.0 AppleWebKit/537.36 (KHTML, like Gecko; compatible; GPTBot/1.4; +https://openai.com/gptbot)"
74.7.241.59 - - [24/Jul/2026:16:51:56 +0300] "GET /zip.php?dir=CwhomeCwlogoandwCwnature-photosFwinfoCwwp-contentCwwp-contentCwIXRCwwp-contentCwIXRCwwp-contentCwIXRCwwp-contentCwIXRCwwp-content&view=error_log-20251108093917-20251108102804-20251108103543-20251108103744-20251108104750-20251108104836-20251108162320-20251109000812-20251109015233-20251110002142-20251111140521-20251114194201. HTTP/1.1" 429 0 "http://naturallights.us.logoandwebdesigns.com/zip.php?dir=CwhomeCwlogoandwCwnature-photosFwinfoCwwp-contentCwwp-contentCwIXRCwwp-contentCwIXRCwwp-contentCwIXRCwwp-contentCwIXRCwwp-content" "Mozilla/5.0 AppleWebKit/537.36 (KHTML, like Gecko; compatible; GPTBot/1.4; +https://openai.com/gptbot)"
74.7.241.59 - - [24/Jul/2026:16:52:58 +0300] "GET /zip.php?dir=CwhomeCwlogoandwCwnature-photosFwinfoCwwp-contentCwwp-contentCwIXRCwwp-contentCwIXRCwwp-contentCwIXRCwwp-contentCwIXRCwwp-content&view=error_log-20251108093917-20251108102804-20251108103543-20251108103744-20251108104750-20251108104836-20251108162320-20251109000812-20251109015233-20251110002142-20251112121403-20251112123937. HTTP/1.1" 429 0 "http://naturallights.us.logoandwebdesigns.com/zip.php?dir=CwhomeCwlogoandwCwnature-photosFwinfoCwwp-contentCwwp-contentCwIXRCwwp-contentCwIXRCwwp-contentCwIXRCwwp-contentCwIXRCwwp-content" "Mozilla/5.0 AppleWebKit/537.36 (KHTML, like Gecko; compatible; GPTBot/1.4; +https://openai.com/gptbot)"
74.7.241.59 - - [24/Jul/2026:16:59:13 +0300] "GET /zip.php?dir=CwhomeCwlogoandwCwnature-photosFwinfoCwwp-includesCwSimplePieCwwp-contentCwIXRCwwp-contentCwwp-contentCwwp-contentCwwp-contentCwwp-contentCwwp-contentCwwp-content&view=error_log-20251108093917-20251108102804-20251108103543-20251108103744-20251108104750-20251108104836-20251108162320-20251109000812-20251109015233-20251110002142-20251116184409-20251116191943-20251118045532-20251119064522. HTTP/1.1" 429 0 "http://naturallights.us.logoandwebdesigns.com/zip.php?dir=CwhomeCwlogoandwCwnature-photosFwinfoCwwp-includesCwSimplePieCwwp-contentCwIXRCwwp-contentCwwp-contentCwwp-contentCwwp-contentCwwp-contentCwwp-contentCwwp-content" "Mozilla/5.0 AppleWebKit/537.36 (KHTML, like Gecko; compatible; GPTBot/1.4; +https://openai.com/gptbot)"
74.7.227.50 - - [24/Jul/2026:16:59:28 +0300] "GET /zip.php?dir=CwlibCwmodulesCw4Fw18Fw0-513Fw5Fw1Fwel8_9Fwx86_64CwkernelCwcrypto&view=pcbc.ko.xz HTTP/1.1" 429 0 "http://naturallights.us/zip.php?dir=CwlibCwmodulesCw4Fw18Fw0-513Fw5Fw1Fwel8_9Fwx86_64CwkernelCwcrypto" "Mozilla/5.0 AppleWebKit/537.36 (KHTML, like Gecko; compatible; GPTBot/1.4; +https://openai.com/gptbot)"
74.7.227.50 - - [24/Jul/2026:17:00:31 +0300] "GET /zip.php?dir=CwlibCwmodulesCw4Fw18Fw0-513Fw5Fw1Fwel8_9Fwx86_64CwkernelCwfsCwdlm&view=dlm.ko.xz HTTP/1.1" 429 0 "http://naturallights.us/zip.php?dir=CwlibCwmodulesCw4Fw18Fw0-513Fw5Fw1Fwel8_9Fwx86_64CwkernelCwfsCwdlm" "Mozilla/5.0 AppleWebKit/537.36 (KHTML, like Gecko; compatible; GPTBot/1.4; +https://openai.com/gptbot)"
74.7.241.59 - - [24/Jul/2026:16:46:42 +0300] "GET /zip.php?dir=CwhomeCwlogoandwCwnature-photosFwinfoCwwp-contentCwincludesCwwp-contentCwcssCwwp-contentCwwp-contentCwwp-contentCwwp-contentCwwp-contentCwwp-content&view=error_log-20251108093917-20251108102804-20251108103543-20251108103744-20251108104750-20251108104836-20251108162320-20251109000812-20251109015233-20251110002142-20251110013512. HTTP/1.1" 429 0 "http://naturallights.us.logoandwebdesigns.com/zip.php?dir=CwhomeCwlogoandwCwnature-photosFwinfoCwwp-contentCwincludesCwwp-contentCwcssCwwp-contentCwwp-contentCwwp-contentCwwp-contentCwwp-contentCwwp-content" "Mozilla/5.0 AppleWebKit/537.36 (KHTML, like Gecko; compatible; GPTBot/1.4; +https://openai.com/gptbot)"
74.7.227.50 - - [24/Jul/2026:16:46:57 +0300] "GET /zip.php?dir=CwlibCwmodulesCw4Fw18Fw0-513Fw5Fw1Fwel8_9Fwx86_64CwkernelCwfsCwfat&view=fat.ko.xz HTTP/1.1" 429 0 "http://naturallights.us/zip.php?dir=CwlibCwmodulesCw4Fw18Fw0-513Fw5Fw1Fwel8_9Fwx86_64CwkernelCwfsCwfat" "Mozilla/5.0 AppleWebKit/537.36 (KHTML, like Gecko; compatible; GPTBot/1.4; +https://openai.com/gptbot)"
74.7.227.50 - - [24/Jul/2026:16:48:59 +0300] "GET /zip.php?dir=CwlibCwmodulesCw4Fw18Fw0-513Fw5Fw1Fwel8_9Fwx86_64CwkernelCwfsCwnfs&view=nfs.ko.xz HTTP/1.1" 429 0 "http://naturallights.us/zip.php?dir=CwlibCwmodulesCw4Fw18Fw0-513Fw5Fw1Fwel8_9Fwx86_64CwkernelCwfsCwnfs" "Mozilla/5.0 AppleWebKit/537.36 (KHTML, like Gecko; compatible; GPTBot/1.4; +https://openai.com/gptbot)"
74.7.241.59 - - [24/Jul/2026:16:54:00 +0300] "GET /zip.php?dir=CwhomeCwlogoandwCwnature-photosFwinfoCwwp-contentCwwp-contentCwIXRCwwp-contentCwIXRCwwp-contentCwIXRCwwp-contentCwIXRCwwp-content&view=error_log-20251108093917-20251108102804-20251108103543-20251108103744-20251108104750-20251108104836-20251108162320-20251109000812-20251109015233-20251110002142-20251110013512-20251110211737. HTTP/1.1" 429 0 "http://naturallights.us.logoandwebdesigns.com/zip.php?dir=CwhomeCwlogoandwCwnature-photosFwinfoCwwp-contentCwwp-contentCwIXRCwwp-contentCwIXRCwwp-contentCwIXRCwwp-contentCwIXRCwwp-content" "Mozilla/5.0 AppleWebKit/537.36 (KHTML, like Gecko; compatible; GPTBot/1.4; +https://openai.com/gptbot)"
74.7.227.50 - - [24/Jul/2026:16:54:10 +0300] "GET /zip.php?dir=CwusrCwlibCwfirmwareCw4Fw18Fw0-513Fw5Fw1Fwel8_9Fwx86_64&view=readme-intel HTTP/1.1" 429 0 "http://naturallights.us/zip.php?dir=CwusrCwlibCwfirmwareCw4Fw18Fw0-513Fw5Fw1Fwel8_9Fwx86_64" "Mozilla/5.0 AppleWebKit/537.36 (KHTML, like Gecko; compatible; GPTBot/1.4; +https://openai.com/gptbot)"
74.7.241.59 - - [24/Jul/2026:16:57:07 +0300] "GET /zip.php?dir=CwhomeCwlogoandwCwnature-photosFwinfoCwwp-includesCwSimplePieCwwp-contentCwwp-contentCwwp-contentCwwp-contentCwwp-contentCwwp-contentCwwp-content&view=error_log-20251108093917-20251108102804-20251108103543-20251108103744-20251108104750-20251108104836-20251108162320-20251109000812-20251109015233-20251110002142-20251116184409-20251116193743-20251116193843. HTTP/1.1" 429 0 "http://naturallights.us.logoandwebdesigns.com/zip.php?dir=CwhomeCwlogoandwCwnature-photosFwinfoCwwp-includesCwSimplePieCwwp-contentCwwp-contentCwwp-contentCwwp-contentCwwp-contentCwwp-contentCwwp-content" "Mozilla/5.0 AppleWebKit/537.36 (KHTML, like Gecko; compatible; GPTBot/1.4; +https://openai.com/gptbot)"
74.7.241.59 - - [24/Jul/2026:17:00:16 +0300] "GET /zip.php?dir=CwhomeCwlogoandwCwnature-photosFwinfoCwwp-contentCwwp-contentCwIXRCwwp-contentCwIXRCwwp-contentCwIXRCwwp-contentCwIXRCwwp-content&view=error_log-20251108093917-20251108102804-20251108103543-20251108103744-20251108104750-20251108104836-20251108162320-20251109000812-20251109015233-20251110002142-20251113155032-20251114184928. HTTP/1.1" 429 0 "http://naturallights.us.logoandwebdesigns.com/zip.php?dir=CwhomeCwlogoandwCwnature-photosFwinfoCwwp-contentCwwp-contentCwIXRCwwp-contentCwIXRCwwp-contentCwIXRCwwp-contentCwIXRCwwp-content" "Mozilla/5.0 AppleWebKit/537.36 (KHTML, like Gecko; compatible; GPTBot/1.4; +https://openai.com/gptbot)"
74.7.241.59 - - [24/Jul/2026:16:50:50 +0300] "GET /zip.php?dir=CwhomeCwlogoandwCwnature-photosFwinfoCwwp-contentCwincludesCwwp-contentCwcssCwwp-contentCwwp-contentCwwp-contentCwwp-contentCwwp-contentCwwp-content&view=error_log-20251108093917-20251108102804-20251108103543-20251108103744-20251108104750-20251108104836-20251108162320-20251109000812-20251109010418-20251118084246-20251118085210-20251118094906. HTTP/1.1" 429 0 "http://naturallights.us.logoandwebdesigns.com/zip.php?dir=CwhomeCwlogoandwCwnature-photosFwinfoCwwp-contentCwincludesCwwp-contentCwcssCwwp-contentCwwp-contentCwwp-contentCwwp-contentCwwp-contentCwwp-content" "Mozilla/5.0 AppleWebKit/537.36 (KHTML, like Gecko; compatible; GPTBot/1.4; +https://openai.com/gptbot)"
74.7.227.50 - - [24/Jul/2026:16:53:07 +0300] "GET /zip.php?dir=CwlibCwmodulesCw4Fw18Fw0-513Fw5Fw1Fwel8_9Fwx86_64CwkernelCwfsCwudf&view=udf.ko.xz HTTP/1.1" 429 0 "http://naturallights.us/zip.php?dir=CwlibCwmodulesCw4Fw18Fw0-513Fw5Fw1Fwel8_9Fwx86_64CwkernelCwfsCwudf" "Mozilla/5.0 AppleWebKit/537.36 (KHTML, like Gecko; compatible; GPTBot/1.4; +https://openai.com/gptbot)"
74.7.241.59 - - [24/Jul/2026:16:55:05 +0300] "GET /zip.php?dir=CwhomeCwlogoandwCwnature-photosFwinfoCwwp-contentCwwp-contentCwIXRCwwp-contentCwIXRCwwp-contentCwIXRCwwp-contentCwIXRCwwp-content&view=error_log-20251108093917-20251108102804-20251108103543-20251108103744-20251108104750-20251108104836-20251108162320-20251109000812-20251109015233-20251110002142-20251110210415-20251117181319. HTTP/1.1" 429 0 "http://naturallights.us.logoandwebdesigns.com/zip.php?dir=CwhomeCwlogoandwCwnature-photosFwinfoCwwp-contentCwwp-contentCwIXRCwwp-contentCwIXRCwwp-contentCwIXRCwwp-contentCwIXRCwwp-content" "Mozilla/5.0 AppleWebKit/537.36 (KHTML, like Gecko; compatible; GPTBot/1.4; +https://openai.com/gptbot)"
74.7.227.50 - - [24/Jul/2026:16:55:14 +0300] "GET /zip.php?dir=CwlibCwmodulesCw4Fw18Fw0-513Fw5Fw1Fwel8_9Fwx86_64CwkernelCwfsCwxfs&view=xfs.ko.xz HTTP/1.1" 429 0 "http://naturallights.us/zip.php?dir=CwlibCwmodulesCw4Fw18Fw0-513Fw5Fw1Fwel8_9Fwx86_64CwkernelCwfsCwxfs" "Mozilla/5.0 AppleWebKit/537.36 (KHTML, like Gecko; compatible; GPTBot/1.4; +https://openai.com/gptbot)"
74.7.241.59 - - [24/Jul/2026:16:56:07 +0300] "GET /zip.php?dir=CwhomeCwlogoandwCwnature-photosFwinfoCwwp-includesCwSimplePieCwwp-contentCwIXRCwwp-contentCwwp-contentCwwp-contentCwwp-contentCwwp-contentCwwp-contentCwwp-content&view=error_log-20251108093917-20251108102804-20251108103543-20251108103744-20251108104750-20251108104836-20251108162320-20251109000812-20251109015233-20251110002142-20251111140521-20251115173033-20251115195232. HTTP/1.1" 429 0 "http://naturallights.us.logoandwebdesigns.com/zip.php?dir=CwhomeCwlogoandwCwnature-photosFwinfoCwwp-includesCwSimplePieCwwp-contentCwIXRCwwp-contentCwwp-contentCwwp-contentCwwp-contentCwwp-contentCwwp-contentCwwp-content" "Mozilla/5.0 AppleWebKit/537.36 (KHTML, like Gecko; compatible; GPTBot/1.4; +https://openai.com/gptbot)"
74.7.241.59 - - [24/Jul/2026:16:58:09 +0300] "GET /zip.php?dir=CwhomeCwlogoandwCwnature-photosFwinfoCwlanguagesCwwp-contentCwwp-contentCwwp-contentCwwp-contentCwwp-contentCwwp-contentCwwp-content&view=error_log-20251108093917-20251108102804-20251108103543-20251108103744-20251108104750-20251108104836-20251108162320-20251109000812-20251109010418-20251117192548-20251118071201. HTTP/1.1" 429 0 "http://naturallights.us.logoandwebdesigns.com/zip.php?dir=CwhomeCwlogoandwCwnature-photosFwinfoCwlanguagesCwwp-contentCwwp-contentCwwp-contentCwwp-contentCwwp-contentCwwp-contentCwwp-content" "Mozilla/5.0 AppleWebKit/537.36 (KHTML, like Gecko; compatible; GPTBot/1.4; +https://openai.com/gptbot)"
74.7.241.59 - - [24/Jul/2026:17:02:21 +0300] "GET /zip.php?dir=CwhomeCwlogoandwCwnature-photosFwinfoCwwp-contentCwincludesCwwp-contentCwcssCwwp-contentCwwp-contentCwwp-contentCwwp-contentCwwp-contentCwwp-content&view=error_log-20251108093917-20251108102804-20251108103543-20251108103744-20251108104750-20251108104836-20251108162320-20251109000812-20251109010418-20251118084246-20251118085210. HTTP/1.1" 429 0 "http://naturallights.us.logoandwebdesigns.com/zip.php?dir=CwhomeCwlogoandwCwnature-photosFwinfoCwwp-contentCwincludesCwwp-contentCwcssCwwp-contentCwwp-contentCwwp-contentCwwp-contentCwwp-contentCwwp-content" "Mozilla/5.0 AppleWebKit/537.36 (KHTML, like Gecko; compatible; GPTBot/1.4; +https://openai.com/gptbot)"
74.7.227.50 - - [24/Jul/2026:17:07:49 +0300] "GET /.well-known/zip.php?dir=CwhomeCwlogoandwCwnature-photosFwinfoCwwp-includesCwwp-contentCwwp-contentCwwp-content&view=error_log-20251108093917-20251108102804-20251108103543-20251108103744-20251108104750-20251108104836-20251108162320-20251109000812-20251109015233-20251110002142-20251116120508-20251116121524-20251116140443-20251116142101. HTTP/1.1" 429 0 "http://naturallights.us/.well-known/zip.php?dir=CwhomeCwlogoandwCwnature-photosFwinfoCwwp-includesCwwp-contentCwwp-contentCwwp-content" "Mozilla/5.0 AppleWebKit/537.36 (KHTML, like Gecko; compatible; GPTBot/1.4; +https://openai.com/gptbot)"
74.7.241.59 - - [24/Jul/2026:17:09:34 +0300] "GET /zip.php?dir=CwhomeCwlogoandwCwnature-photosFwinfoCwwp-contentCwwp-contentCwcssCwwp-contentCwcssCwwp-contentCwcssCwwp-contentCwcssCwwp-content&view=error_log-20251108093917-20251108102804-20251108103543-20251108103744-20251108104750-20251108104836-20251108162320-20251117083333-20251118031427-20251123014736-20251123035849-20251123035909. HTTP/1.1" 429 0 "http://naturallights.us.logoandwebdesigns.com/zip.php?dir=CwhomeCwlogoandwCwnature-photosFwinfoCwwp-contentCwwp-contentCwcssCwwp-contentCwcssCwwp-contentCwcssCwwp-contentCwcssCwwp-content" "Mozilla/5.0 AppleWebKit/537.36 (KHTML, like Gecko; compatible; GPTBot/1.4; +https://openai.com/gptbot)"
74.7.227.50 - - [24/Jul/2026:17:09:52 +0300] "GET /.well-known/zip.php?dir=CwhomeCwlogoandwCwnature-photosFwinfoCwwp-includesCwwp-contentCwwp-contentCwwp-content&view=error_log-20251108093917-20251108102804-20251108103543-20251108103744-20251108104750-20251108104836-20251108162320-20251109000812-20251109015233-20251110002142-20251113024405-20251113052744-20251119002107-20251119005425. HTTP/1.1" 429 0 "http://naturallights.us/.well-known/zip.php?dir=CwhomeCwlogoandwCwnature-photosFwinfoCwwp-includesCwwp-contentCwwp-contentCwwp-content" "Mozilla/5.0 AppleWebKit/537.36 (KHTML, like Gecko; compatible; GPTBot/1.4; +https://openai.com/gptbot)"
74.7.241.59 - - [24/Jul/2026:17:10:34 +0300] "GET /zip.php?dir=CwhomeCwlogoandwCwnature-photosFwinfoCwwp-includesCwSimplePieCwwp-contentCwIXRCwwp-contentCwwp-contentCwwp-contentCwwp-contentCwwp-contentCwwp-contentCwwp-content&view=error_log-20251108093917-20251108102804-20251108103543-20251108103744-20251108104750-20251108104836-20251108162320-20251109000812-20251109015233-20251110002142-20251111143537-20251112020354-20251113011518-20251114090133. HTTP/1.1" 429 0 "http://naturallights.us.logoandwebdesigns.com/zip.php?dir=CwhomeCwlogoandwCwnature-photosFwinfoCwwp-includesCwSimplePieCwwp-contentCwIXRCwwp-contentCwwp-contentCwwp-contentCwwp-contentCwwp-contentCwwp-contentCwwp-content" "Mozilla/5.0 AppleWebKit/537.36 (KHTML, like Gecko; compatible; GPTBot/1.4; +https://openai.com/gptbot)"
74.7.241.59 - - [24/Jul/2026:17:01:18 +0300] "GET /zip.php?dir=CwhomeCwlogoandwCwnature-photosFwinfoCwwp-contentCwincludesCwwp-contentCwcssCwwp-contentCwwp-contentCwwp-contentCwwp-contentCwwp-contentCwwp-content&view=error_log-20251108093917-20251108102804-20251108103543-20251108103744-20251108104750-20251108104836-20251108162320-20251109000812-20251109015233-20251110002142-20251111143537-20251115120747. HTTP/1.1" 429 0 "http://naturallights.us.logoandwebdesigns.com/zip.php?dir=CwhomeCwlogoandwCwnature-photosFwinfoCwwp-contentCwincludesCwwp-contentCwcssCwwp-contentCwwp-contentCwwp-contentCwwp-contentCwwp-contentCwwp-content" "Mozilla/5.0 AppleWebKit/537.36 (KHTML, like Gecko; compatible; GPTBot/1.4; +https://openai.com/gptbot)"
74.7.241.59 - - [24/Jul/2026:17:04:25 +0300] "GET /zip.php?dir=CwhomeCwlogoandwCwnature-photosFwinfoCwwp-contentCwincludesCwwp-contentCwcssCwwp-contentCwwp-contentCwwp-contentCwwp-contentCwwp-contentCwwp-content&view=error_log-20251108093917-20251108102804-20251108103543-20251108103744-20251108104750-20251108104836-20251108162320-20251109000812-20251109015233-20251110002142-20251113155032. HTTP/1.1" 429 0 "http://naturallights.us.logoandwebdesigns.com/zip.php?dir=CwhomeCwlogoandwCwnature-photosFwinfoCwwp-contentCwincludesCwwp-contentCwcssCwwp-contentCwwp-contentCwwp-contentCwwp-contentCwwp-contentCwwp-content" "Mozilla/5.0 AppleWebKit/537.36 (KHTML, like Gecko; compatible; GPTBot/1.4; +https://openai.com/gptbot)"
74.7.241.59 - - [24/Jul/2026:17:06:32 +0300] "GET /zip.php?dir=CwhomeCwlogoandwCwnature-photosFwinfoCwwp-contentCwwp-contentCwIXRCwwp-contentCwIXRCwwp-contentCwIXRCwwp-contentCwIXRCwwp-content&view=error_log-20251108093917-20251108102804-20251108103543-20251108103744-20251108104750-20251108104836-20251108162320-20251109000812-20251109015233-20251110002142-20251110210415-20251117204644. HTTP/1.1" 429 0 "http://naturallights.us.logoandwebdesigns.com/zip.php?dir=CwhomeCwlogoandwCwnature-photosFwinfoCwwp-contentCwwp-contentCwIXRCwwp-contentCwIXRCwwp-contentCwIXRCwwp-contentCwIXRCwwp-content" "Mozilla/5.0 AppleWebKit/537.36 (KHTML, like Gecko; compatible; GPTBot/1.4; +https://openai.com/gptbot)"
74.7.241.59 - - [24/Jul/2026:17:07:29 +0300] "GET /zip.php?dir=CwhomeCwlogoandwCwnature-photosFwinfoCwwp-contentCwincludesCwwp-contentCwcssCwwp-contentCwwp-contentCwwp-contentCwwp-contentCwwp-contentCwwp-content&view=error_log-20251108093917-20251108102804-20251108103543-20251108103744-20251108104750-20251108104836-20251108162320-20251109000812-20251109010418-20251118084246-20251118085210-20251118104955. HTTP/1.1" 429 0 "http://naturallights.us.logoandwebdesigns.com/zip.php?dir=CwhomeCwlogoandwCwnature-photosFwinfoCwwp-contentCwincludesCwwp-contentCwcssCwwp-contentCwwp-contentCwwp-contentCwwp-contentCwwp-contentCwwp-content" "Mozilla/5.0 AppleWebKit/537.36 (KHTML, like Gecko; compatible; GPTBot/1.4; +https://openai.com/gptbot)"
74.7.241.59 - - [24/Jul/2026:17:08:32 +0300] "GET /zip.php?dir=CwhomeCwlogoandwCwnature-photosFwinfoCwwp-includesCwSimplePieCwwp-contentCwIXRCwwp-contentCwwp-contentCwwp-contentCwwp-contentCwwp-contentCwwp-contentCwwp-content&view=error_log-20251108093917-20251108102804-20251108103543-20251108103744-20251108104750-20251108104836-20251108162320-20251109000812-20251109015233-20251110002142-20251111143537-20251112020354-20251112064719-20251119112139. HTTP/1.1" 429 0 "http://naturallights.us.logoandwebdesigns.com/zip.php?dir=CwhomeCwlogoandwCwnature-photosFwinfoCwwp-includesCwSimplePieCwwp-contentCwIXRCwwp-contentCwwp-contentCwwp-contentCwwp-contentCwwp-contentCwwp-contentCwwp-content" "Mozilla/5.0 AppleWebKit/537.36 (KHTML, like Gecko; compatible; GPTBot/1.4; +https://openai.com/gptbot)"
74.7.241.165 - - [24/Jul/2026:17:01:35 +0300] "GET /robots.txt HTTP/1.1" 404 1251 "-" "Mozilla/5.0 (Macintosh; Intel Mac OS X 10_15_7) AppleWebKit/537.36 (KHTML, like Gecko) Chrome/131.0.0.0 Safari/537.36; compatible; OAI-SearchBot/1.4; robots.txt; +https://openai.com/searchbot"
74.7.241.59 - - [24/Jul/2026:17:03:25 +0300] "GET /zip.php?dir=CwhomeCwlogoandwCwnature-photosFwinfoCwwp-includesCwSimplePieCwwp-contentCwIXRCwwp-contentCwwp-contentCwwp-contentCwwp-contentCwwp-contentCwwp-contentCwwp-content&view=error_log-20251108093917-20251108102804-20251108103543-20251108103744-20251108104750-20251108104836-20251108162320-20251109000812-20251109015233-20251110002142-20251110210415-20251117181319-20251118055832-20251118055931. HTTP/1.1" 429 0 "http://naturallights.us.logoandwebdesigns.com/zip.php?dir=CwhomeCwlogoandwCwnature-photosFwinfoCwwp-includesCwSimplePieCwwp-contentCwIXRCwwp-contentCwwp-contentCwwp-contentCwwp-contentCwwp-contentCwwp-contentCwwp-content" "Mozilla/5.0 AppleWebKit/537.36 (KHTML, like Gecko; compatible; GPTBot/1.4; +https://openai.com/gptbot)"
