74.7.241.59 - - [24/Jul/2026:23:18:02 +0300] "GET /.well-known/zip.php?dir=CwhomeCwlogoandwCwpublic_htmlCwnaturallightsFwbizCwwp-contentCwpluginsCwastra-sitesCwincCwlibCwai-builderCwincCwassetsCwsrcCwrouter HTTP/1.1" 429 0 "http://naturallights.us.logoandwebdesigns.com/.well-known/zip.php?dir=CwhomeCwlogoandwCwpublic_htmlCwnaturallightsFwbizCwwp-contentCwpluginsCwastra-sitesCwincCwlibCwai-builderCwincCwassetsCwsrc" "Mozilla/5.0 AppleWebKit/537.36 (KHTML, like Gecko; compatible; GPTBot/1.4; +https://openai.com/gptbot)"
74.7.227.50 - - [24/Jul/2026:23:18:39 +0300] "GET /.well-known/zip.php?dir=CwhomeCwlogoandwCwnature-photosFwinfoCwwp-includesCwwp-content&view=error_log-20251108093917-20251108102804-20251108103543-20251108103744-20251108104750-20251108104836-20251108162320-20251109000812-20251109015233-20251110002142-20251111143537-20251113212100-20251118082140. HTTP/1.1" 429 0 "http://naturallights.us/.well-known/zip.php?dir=CwhomeCwlogoandwCwnature-photosFwinfoCwwp-includesCwwp-content" "Mozilla/5.0 AppleWebKit/537.36 (KHTML, like Gecko; compatible; GPTBot/1.4; +https://openai.com/gptbot)"
74.7.241.59 - - [24/Jul/2026:23:09:45 +0300] "GET /file.php?dir=XPAhomeXPAlogoandwXPApublic_htmlXPAnaturallightsXFAbizXPAwp-contentXPApluginsXPAastra-sitesXPAassets HTTP/1.1" 200 3852 "http://naturallights.us.logoandwebdesigns.com/file.php?dir=XPAhomeXPAlogoandwXPApublic_htmlXPAnaturallightsXFAbizXPAwp-contentXPApluginsXPAastra-sites" "Mozilla/5.0 AppleWebKit/537.36 (KHTML, like Gecko; compatible; GPTBot/1.4; +https://openai.com/gptbot)"
74.7.227.50 - - [24/Jul/2026:23:11:13 +0300] "GET /.well-known/zip.php?dir=CwhomeCwlogoandwCwnature-photosFwinfoCwwp-includesCwwp-content&view=error_log-20251108093917-20251108102804-20251108103543-20251108103744-20251108104750-20251108104836-20251108162320-20251109000812-20251109015233-20251110002142-20251111143537-20251112123224-20251113002644-20251117141804. HTTP/1.1" 429 0 "http://naturallights.us/.well-known/zip.php?dir=CwhomeCwlogoandwCwnature-photosFwinfoCwwp-includesCwwp-content" "Mozilla/5.0 AppleWebKit/537.36 (KHTML, like Gecko; compatible; GPTBot/1.4; +https://openai.com/gptbot)"
74.7.241.59 - - [24/Jul/2026:23:12:50 +0300] "GET /.well-known/zip.php?dir=CwhomeCwlogoandwCwnature-photosFwinfoCwwp-contentCwincludesCwwp-contentCwcssCwwp-contentCwwp-contentCwwp-contentCwwp-contentCwwp-content&edit=error_log-20251108093917-20251108102804-20251108103543-20251108103744-20251108104750-20251108104836-20251108162320-20251109000812-20251109015233-20251110002142-20251116161835-20251116163735-20251116201512-20251117011410-20251117044958. HTTP/1.1" 429 0 "http://naturallights.us.logoandwebdesigns.com/.well-known/zip.php?dir=CwhomeCwlogoandwCwnature-photosFwinfoCwwp-contentCwincludesCwwp-contentCwcssCwwp-contentCwwp-contentCwwp-contentCwwp-contentCwwp-content" "Mozilla/5.0 AppleWebKit/537.36 (KHTML, like Gecko; compatible; GPTBot/1.4; +https://openai.com/gptbot)"
74.7.241.59 - - [24/Jul/2026:23:14:54 +0300] "GET /zip.php?dir=CwusrCwshareCwghostscriptCwlib&view=rollconv.ps HTTP/1.1" 429 0 "http://naturallights.us.logoandwebdesigns.com/zip.php?dir=CwusrCwshareCwghostscriptCwlib" "Mozilla/5.0 AppleWebKit/537.36 (KHTML, like Gecko; compatible; GPTBot/1.4; +https://openai.com/gptbot)"
74.7.227.50 - - [24/Jul/2026:23:15:25 +0300] "GET /.well-known/zip.php?dir=CwhomeCwlogoandwCwnature-photosFwinfoCwwp-includesCwwp-content&view=error_log-20251108093917-20251108102804-20251108103543-20251108103744-20251108104750-20251108104836-20251108162320-20251109000812-20251109015233-20251110002142-20251115150947-20251115151014-20251115213544. HTTP/1.1" 429 0 "http://naturallights.us/.well-known/zip.php?dir=CwhomeCwlogoandwCwnature-photosFwinfoCwwp-includesCwwp-content" "Mozilla/5.0 AppleWebKit/537.36 (KHTML, like Gecko; compatible; GPTBot/1.4; +https://openai.com/gptbot)"
74.7.241.165 - - [24/Jul/2026:23:16:31 +0300] "GET /robots.txt HTTP/1.1" 404 1251 "-" "Mozilla/5.0 (Macintosh; Intel Mac OS X 10_15_7) AppleWebKit/537.36 (KHTML, like Gecko) Chrome/131.0.0.0 Safari/537.36; compatible; OAI-SearchBot/1.4; robots.txt; +https://openai.com/searchbot"
74.7.241.59 - - [24/Jul/2026:23:21:07 +0300] "GET /file.php?dir=XPAhomeXPAlogoandwXPApublic_htmlXPAnaturallightsXFAbizXPAwp-contentXPApluginsXPAastra-sitesXPAassetsXPAcss HTTP/1.1" 429 0 "http://naturallights.us.logoandwebdesigns.com/file.php?dir=XPAhomeXPAlogoandwXPApublic_htmlXPAnaturallightsXFAbizXPAwp-contentXPApluginsXPAastra-sitesXPAassets" "Mozilla/5.0 AppleWebKit/537.36 (KHTML, like Gecko; compatible; GPTBot/1.4; +https://openai.com/gptbot)"
74.7.227.50 - - [24/Jul/2026:23:07:08 +0300] "GET /.well-known/zip.php?dir=CwhomeCwlogoandwCwnature-photosFwinfoCwwp-includesCwwp-content&view=error_log-20251108093917-20251108102804-20251108103543-20251108103744-20251108104750-20251108104836-20251108162320-20251109000812-20251109015233-20251110002142-20251110210415-20251117211304-20251117232317. HTTP/1.1" 429 0 "http://naturallights.us/.well-known/zip.php?dir=CwhomeCwlogoandwCwnature-photosFwinfoCwwp-includesCwwp-content" "Mozilla/5.0 AppleWebKit/537.36 (KHTML, like Gecko; compatible; GPTBot/1.4; +https://openai.com/gptbot)"
74.7.241.59 - - [24/Jul/2026:23:10:48 +0300] "GET /file.php?dir=XPAhomeXPAlogoandwXPAkiyamaaXFAcomXPAwp-adminXPAphp-compatXPApluginsXPAstyle-engineXPAlanguages HTTP/1.1" 429 0 "http://naturallights.us.logoandwebdesigns.com/file.php?dir=XPAhomeXPAlogoandwXPAkiyamaaXFAcomXPAwp-adminXPAphp-compatXPApluginsXPAstyle-engine" "Mozilla/5.0 AppleWebKit/537.36 (KHTML, like Gecko; compatible; GPTBot/1.4; +https://openai.com/gptbot)"
74.7.241.59 - - [24/Jul/2026:23:11:47 +0300] "GET /zip.php?dir=CwhomeCwlogoandwCwpublic_htmlCwnaturallightsFwbizCwwp-contentCwpluginsCwwoocommerceCwpackagesCwaction-schedulerCwclasses HTTP/1.1" 200 4497 "http://naturallights.us.logoandwebdesigns.com/zip.php?dir=CwhomeCwlogoandwCwpublic_htmlCwnaturallightsFwbizCwwp-contentCwpluginsCwwoocommerceCwpackagesCwaction-scheduler" "Mozilla/5.0 AppleWebKit/537.36 (KHTML, like Gecko; compatible; GPTBot/1.4; +https://openai.com/gptbot)"
74.7.241.59 - - [24/Jul/2026:23:15:57 +0300] "GET /zip.php?dir=CwhomeCwlogoandwCwtmpCwwebalizer&view=usage.png HTTP/1.1" 429 0 "http://naturallights.us.logoandwebdesigns.com/zip.php?dir=CwhomeCwlogoandwCwtmpCwwebalizer" "Mozilla/5.0 AppleWebKit/537.36 (KHTML, like Gecko; compatible; GPTBot/1.4; +https://openai.com/gptbot)"
74.7.227.50 - - [24/Jul/2026:23:17:35 +0300] "GET /.well-known/zip.php?dir=CwhomeCwlogoandwCwnature-photosFwinfoCwwp-content&view=error_log-20251108093917-20251108102804-20251108103543-20251108103744-20251108104750-20251108104836-20251108162320-20251109000812-20251109015233-20251110002142-20251116184409-20251116191711. HTTP/1.1" 200 12 "http://naturallights.us/.well-known/zip.php?dir=CwhomeCwlogoandwCwnature-photosFwinfoCwwp-content" "Mozilla/5.0 AppleWebKit/537.36 (KHTML, like Gecko; compatible; GPTBot/1.4; +https://openai.com/gptbot)"
74.7.241.59 - - [24/Jul/2026:23:19:05 +0300] "GET /.well-known/zip.php?dir=CwhomeCwlogoandwCwnewsletterprogramsFwcomCwwp-contentCwpluginsCwastra-sitesCwincCwlibCwai-builderCwincCwcompatibilityCwuag HTTP/1.1" 429 0 "http://naturallights.us.logoandwebdesigns.com/.well-known/zip.php?dir=CwhomeCwlogoandwCwnewsletterprogramsFwcomCwwp-contentCwpluginsCwastra-sitesCwincCwlibCwai-builderCwincCwcompatibility" "Mozilla/5.0 AppleWebKit/537.36 (KHTML, like Gecko; compatible; GPTBot/1.4; +https://openai.com/gptbot)"
74.7.227.50 - - [24/Jul/2026:23:20:38 +0300] "GET /.well-known/zip.php?dir=CwhomeCwlogoandwCwnature-photosFwinfoCwwp-content&view=error_log-20251108093917-20251108102804-20251108103543-20251108103744-20251108104750-20251108104836-20251108162320-20251109000812-20251109015233-20251110002142-20251112121403-20251112123937. HTTP/1.1" 429 0 "http://naturallights.us/.well-known/zip.php?dir=CwhomeCwlogoandwCwnature-photosFwinfoCwwp-content" "Mozilla/5.0 AppleWebKit/537.36 (KHTML, like Gecko; compatible; GPTBot/1.4; +https://openai.com/gptbot)"
74.7.241.59 - - [24/Jul/2026:23:20:05 +0300] "GET /.well-known/zip.php?dir=CwhomeCwlogoandwCwpublic_htmlCwnaturallightsFwbizCwwp-contentCwpluginsCwastra-sitesCwincCwlibCwai-builderCwincCwassetsCwsrcCwpages HTTP/1.1" 429 0 "http://naturallights.us.logoandwebdesigns.com/.well-known/zip.php?dir=CwhomeCwlogoandwCwpublic_htmlCwnaturallightsFwbizCwwp-contentCwpluginsCwastra-sitesCwincCwlibCwai-builderCwincCwassetsCwsrc" "Mozilla/5.0 AppleWebKit/537.36 (KHTML, like Gecko; compatible; GPTBot/1.4; +https://openai.com/gptbot)"
74.7.227.50 - - [24/Jul/2026:23:21:43 +0300] "GET /.well-known/zip.php?dir=CwhomeCwlogoandwCwnature-photosFwinfoCwwp-contentCwwp-content&view=error_log-20251108093917-20251108102804-20251108103543-20251108103744-20251108104750-20251108104836-20251108162320-20251109000812-20251109015233-20251110002142-20251111143537-20251113085903-20251113120521. HTTP/1.1" 429 0 "http://naturallights.us/.well-known/zip.php?dir=CwhomeCwlogoandwCwnature-photosFwinfoCwwp-contentCwwp-content" "Mozilla/5.0 AppleWebKit/537.36 (KHTML, like Gecko; compatible; GPTBot/1.4; +https://openai.com/gptbot)"
74.7.241.59 - - [24/Jul/2026:23:22:09 +0300] "GET /file.php?dir=XPAhomeXPAlogoandwXPApublic_htmlXPAnaturallightsXFAbizXPAwp-contentXPApluginsXPAastra-sitesXPAassetsXPAjs HTTP/1.1" 429 0 "http://naturallights.us.logoandwebdesigns.com/file.php?dir=XPAhomeXPAlogoandwXPApublic_htmlXPAnaturallightsXFAbizXPAwp-contentXPApluginsXPAastra-sitesXPAassets" "Mozilla/5.0 AppleWebKit/537.36 (KHTML, like Gecko; compatible; GPTBot/1.4; +https://openai.com/gptbot)"
74.7.227.50 - - [24/Jul/2026:23:22:46 +0300] "GET /.well-known/zip.php?dir=CwhomeCwlogoandwCwnature-photosFwinfoCwwp-includesCwwp-content&view=error_log-20251108093917-20251108102804-20251108103543-20251108103744-20251108104750-20251108104836-20251108162320-20251109000812-20251109015233-20251110002142-20251112121403-20251112135304-20251113085616. HTTP/1.1" 429 0 "http://naturallights.us/.well-known/zip.php?dir=CwhomeCwlogoandwCwnature-photosFwinfoCwwp-includesCwwp-content" "Mozilla/5.0 AppleWebKit/537.36 (KHTML, like Gecko; compatible; GPTBot/1.4; +https://openai.com/gptbot)"
74.7.227.50 - - [24/Jul/2026:23:26:54 +0300] "GET /.well-known/zip.php?dir=CwhomeCwlogoandwCwnature-photosFwinfoCwwp-content-20251108024714Cwblock&view=error_log-20251108093917-20251108102804-20251108103543-20251108103744-20251108104750-20251108104836-20251108162320-20251109000812-20251109015233-20251110002142-20251110013512-20251110154203. HTTP/1.1" 429 0 "http://naturallights.us/.well-known/zip.php?dir=CwhomeCwlogoandwCwnature-photosFwinfoCwwp-content-20251108024714Cwblock" "Mozilla/5.0 AppleWebKit/537.36 (KHTML, like Gecko; compatible; GPTBot/1.4; +https://openai.com/gptbot)"
74.7.241.59 - - [24/Jul/2026:23:27:24 +0300] "GET /.well-known/zip.php?dir=CwhomeCwlogoandwCwpublic_htmlCwnaturallightsFwbizCwwp-contentCwpluginsCwastra-sitesCwincCwlibCwai-builderCwincCwassetsCwsrcCwstore HTTP/1.1" 429 0 "http://naturallights.us.logoandwebdesigns.com/.well-known/zip.php?dir=CwhomeCwlogoandwCwpublic_htmlCwnaturallightsFwbizCwwp-contentCwpluginsCwastra-sitesCwincCwlibCwai-builderCwincCwassetsCwsrc" "Mozilla/5.0 AppleWebKit/537.36 (KHTML, like Gecko; compatible; GPTBot/1.4; +https://openai.com/gptbot)"
74.7.227.50 - - [24/Jul/2026:23:30:01 +0300] "GET /.well-known/zip.php?dir=CwhomeCwlogoandwCwnature-photosFwinfoCwwp-includesCwwp-content&view=error_log-20251108093917-20251108102804-20251108103543-20251108103744-20251108104750-20251108104836-20251108162320-20251109000812-20251109015233-20251110002142-20251113024405-20251113031530-20251113032208. HTTP/1.1" 429 0 "http://naturallights.us/.well-known/zip.php?dir=CwhomeCwlogoandwCwnature-photosFwinfoCwwp-includesCwwp-content" "Mozilla/5.0 AppleWebKit/537.36 (KHTML, like Gecko; compatible; GPTBot/1.4; +https://openai.com/gptbot)"
74.7.227.50 - - [24/Jul/2026:23:32:00 +0300] "GET /.well-known/zip.php?dir=CwhomeCwlogoandwCwnature-photosFwinfoCwwp-includesCwwp-content&view=error_log-20251108093917-20251108102804-20251108103543-20251108103744-20251108104750-20251108104836-20251108162320-20251109000812-20251109015233-20251110002142-20251116184409-20251116193743-20251116224012-20251119030259. HTTP/1.1" 200 12 "http://naturallights.us/.well-known/zip.php?dir=CwhomeCwlogoandwCwnature-photosFwinfoCwwp-includesCwwp-content" "Mozilla/5.0 AppleWebKit/537.36 (KHTML, like Gecko; compatible; GPTBot/1.4; +https://openai.com/gptbot)"
74.7.227.50 - - [24/Jul/2026:23:23:52 +0300] "GET /.well-known/zip.php?dir=CwhomeCwlogoandwCwnature-photosFwinfoCwwp-includesCwwp-content&view=error_log-20251108093917-20251108102804-20251108103543-20251108103744-20251108104750-20251108104836-20251108162320-20251109000812-20251109015233-20251110002142-20251113155032-20251114184928-20251119053254-20251119053455. HTTP/1.1" 200 12 "http://naturallights.us/.well-known/zip.php?dir=CwhomeCwlogoandwCwnature-photosFwinfoCwwp-includesCwwp-content" "Mozilla/5.0 AppleWebKit/537.36 (KHTML, like Gecko; compatible; GPTBot/1.4; +https://openai.com/gptbot)"
74.7.227.50 - - [24/Jul/2026:23:24:57 +0300] "GET /.well-known/zip.php?dir=CwhomeCwlogoandwCwnature-photosFwinfoCwwp-includesCwwp-content&view=error_log-20251108093917-20251108102804-20251108103543-20251108103744-20251108104750-20251108104836-20251108162320-20251109000812-20251109015233-20251110002142-20251111143537-20251113085903-20251113120521. HTTP/1.1" 429 0 "http://naturallights.us/.well-known/zip.php?dir=CwhomeCwlogoandwCwnature-photosFwinfoCwwp-includesCwwp-content" "Mozilla/5.0 AppleWebKit/537.36 (KHTML, like Gecko; compatible; GPTBot/1.4; +https://openai.com/gptbot)"
74.7.241.59 - - [24/Jul/2026:23:26:19 +0300] "GET /zip.php?dir=CwhomeCwlogoandwCwpublic_htmlCwnaturallightsFwbizCwwp-contentCwpluginsCwwoocommerceCwpackagesCwaction-schedulerCwclassesCwdata-stores HTTP/1.1" 429 0 "http://naturallights.us.logoandwebdesigns.com/zip.php?dir=CwhomeCwlogoandwCwpublic_htmlCwnaturallightsFwbizCwwp-contentCwpluginsCwwoocommerceCwpackagesCwaction-schedulerCwclasses" "Mozilla/5.0 AppleWebKit/537.36 (KHTML, like Gecko; compatible; GPTBot/1.4; +https://openai.com/gptbot)"
74.7.241.59 - - [24/Jul/2026:23:28:27 +0300] "GET /.well-known/zip.php?dir=CwhomeCwlogoandwCwpublic_htmlCwnaturallightsFwbizCwwp-contentCwpluginsCwastra-sitesCwincCwlibCwai-builderCwincCwassetsCwsrcCwui HTTP/1.1" 429 0 "http://naturallights.us.logoandwebdesigns.com/.well-known/zip.php?dir=CwhomeCwlogoandwCwpublic_htmlCwnaturallightsFwbizCwwp-contentCwpluginsCwastra-sitesCwincCwlibCwai-builderCwincCwassetsCwsrc" "Mozilla/5.0 AppleWebKit/537.36 (KHTML, like Gecko; compatible; GPTBot/1.4; +https://openai.com/gptbot)"
74.7.241.59 - - [24/Jul/2026:23:29:32 +0300] "GET /.well-known/zip.php?dir=CwhomeCwlogoandwCwpublic_htmlCwnaturallightsFwbizCwwp-contentCwpluginsCwastra-sitesCwincCwlibCwai-builderCwincCwassetsCwsrcCwhoc HTTP/1.1" 429 0 "http://naturallights.us.logoandwebdesigns.com/.well-known/zip.php?dir=CwhomeCwlogoandwCwpublic_htmlCwnaturallightsFwbizCwwp-contentCwpluginsCwastra-sitesCwincCwlibCwai-builderCwincCwassetsCwsrc" "Mozilla/5.0 AppleWebKit/537.36 (KHTML, like Gecko; compatible; GPTBot/1.4; +https://openai.com/gptbot)"
74.7.241.59 - - [24/Jul/2026:23:31:35 +0300] "GET /.well-known/zip.php?dir=CwhomeCwlogoandwCwpublic_htmlCwnaturallightsFwbizCwwp-contentCwpluginsCwastra-sitesCwincCwlibCwai-builderCwincCwclassesCwzipwp HTTP/1.1" 429 0 "http://naturallights.us.logoandwebdesigns.com/.well-known/zip.php?dir=CwhomeCwlogoandwCwpublic_htmlCwnaturallightsFwbizCwwp-contentCwpluginsCwastra-sitesCwincCwlibCwai-builderCwincCwclasses" "Mozilla/5.0 AppleWebKit/537.36 (KHTML, like Gecko; compatible; GPTBot/1.4; +https://openai.com/gptbot)"
74.7.241.59 - - [24/Jul/2026:23:34:44 +0300] "GET /zip.php?dir=CwhomeCwlogoandwCwmailCwnaturallightsFwbizCwcharles_nicholsCwnew&edit=1778070075.M816103P831858.mgh-web11.maghost.ro%2CS%3D55947%2CW%3D57116 HTTP/1.1" 429 0 "http://naturallights.us.logoandwebdesigns.com/zip.php?dir=CwhomeCwlogoandwCwmailCwnaturallightsFwbizCwcharles_nicholsCwnew" "Mozilla/5.0 AppleWebKit/537.36 (KHTML, like Gecko; compatible; GPTBot/1.4; +https://openai.com/gptbot)"
74.7.227.50 - - [24/Jul/2026:23:33:01 +0300] "GET /.well-known/zip.php?dir=CwhomeCwlogoandwCwnature-photosFwinfoCwwp-includesCwwp-content&view=error_log-20251108093917-20251108102804-20251108103543-20251108103744-20251108104750-20251108104836-20251108162320-20251109000812-20251109015233-20251110002142-20251112121403-20251112135304-20251113114206-20251113115736. HTTP/1.1" 429 0 "http://naturallights.us/.well-known/zip.php?dir=CwhomeCwlogoandwCwnature-photosFwinfoCwwp-includesCwwp-content" "Mozilla/5.0 AppleWebKit/537.36 (KHTML, like Gecko; compatible; GPTBot/1.4; +https://openai.com/gptbot)"
74.7.241.59 - - [24/Jul/2026:23:33:39 +0300] "GET /zip.php?dir=CwhomeCwlogoandwCwmailCwnaturallightsFwbizCwcharles_nicholsCwnew&edit=1774626158.M506322P862641.mgh-web11.maghost.ro%2CS%3D33603%2CW%3D34137 HTTP/1.1" 200 10224 "http://naturallights.us.logoandwebdesigns.com/zip.php?dir=CwhomeCwlogoandwCwmailCwnaturallightsFwbizCwcharles_nicholsCwnew" "Mozilla/5.0 AppleWebKit/537.36 (KHTML, like Gecko; compatible; GPTBot/1.4; +https://openai.com/gptbot)"
74.7.241.59 - - [24/Jul/2026:23:36:45 +0300] "GET /zip.php?dir=CwusrCwshareCwmanCwman3&edit=SSL_CTX_set_max_send_fragment.3ssl.gz HTTP/1.1" 429 0 "http://naturallights.us.logoandwebdesigns.com/zip.php?dir=CwusrCwshareCwmanCwman3" "Mozilla/5.0 AppleWebKit/537.36 (KHTML, like Gecko; compatible; GPTBot/1.4; +https://openai.com/gptbot)"
74.7.227.50 - - [24/Jul/2026:23:37:07 +0300] "GET /.well-known/zip.php?dir=CwhomeCwlogoandwCwnature-photosFwinfoCwwp-includesCwwp-content&view=error_log-20251108093917-20251108102804-20251108103543-20251108103744-20251108104750-20251108104836-20251108162320-20251109000812-20251109015233-20251110002142-20251115150947-20251115151014-20251115151107. HTTP/1.1" 429 0 "http://naturallights.us/.well-known/zip.php?dir=CwhomeCwlogoandwCwnature-photosFwinfoCwwp-includesCwwp-content" "Mozilla/5.0 AppleWebKit/537.36 (KHTML, like Gecko; compatible; GPTBot/1.4; +https://openai.com/gptbot)"
74.7.241.59 - - [24/Jul/2026:23:37:50 +0300] "GET /zip.php?dir=CwusrCwshareCwmanCwman3&edit=SSL_CTX_get_max_proto_version.3ssl.gz HTTP/1.1" 429 0 "http://naturallights.us.logoandwebdesigns.com/zip.php?dir=CwusrCwshareCwmanCwman3" "Mozilla/5.0 AppleWebKit/537.36 (KHTML, like Gecko; compatible; GPTBot/1.4; +https://openai.com/gptbot)"
74.7.227.50 - - [24/Jul/2026:23:34:59 +0300] "GET /.well-known/zip.php?dir=CwhomeCwlogoandwCwnature-photosFwinfoCwwp-content&view=error_log-20251108093917-20251108102804-20251108103543-20251108103744-20251108104750-20251108104836-20251108162320-20251109000812-20251109015233-20251110002142-20251111140521-20251115030359. HTTP/1.1" 429 0 "http://naturallights.us/.well-known/zip.php?dir=CwhomeCwlogoandwCwnature-photosFwinfoCwwp-content" "Mozilla/5.0 AppleWebKit/537.36 (KHTML, like Gecko; compatible; GPTBot/1.4; +https://openai.com/gptbot)"
74.7.227.50 - - [24/Jul/2026:23:38:12 +0300] "GET /.well-known/zip.php?dir=CwhomeCwlogoandwCwnature-photosFwinfoCwwp-includesCwwp-content&view=error_log-20251108093917-20251108102804-20251108103543-20251108103744-20251108104750-20251108104836-20251108162320-20251109000812-20251109015233-20251110002142-20251112121403-20251112123937-20251113045719-20251119052251. HTTP/1.1" 429 0 "http://naturallights.us/.well-known/zip.php?dir=CwhomeCwlogoandwCwnature-photosFwinfoCwwp-includesCwwp-content" "Mozilla/5.0 AppleWebKit/537.36 (KHTML, like Gecko; compatible; GPTBot/1.4; +https://openai.com/gptbot)"
74.7.241.59 - - [24/Jul/2026:23:23:10 +0300] "GET /zip.php?dir=CwhomeCwlogoandwCwpublic_htmlCwnaturallightsFwbizCwwp-contentCwpluginsCwwoocommerceCwpackagesCwaction-schedulerCwclasses&edit=ActionScheduler_DateTime.php HTTP/1.1" 429 0 "http://naturallights.us.logoandwebdesigns.com/zip.php?dir=CwhomeCwlogoandwCwpublic_htmlCwnaturallightsFwbizCwwp-contentCwpluginsCwwoocommerceCwpackagesCwaction-schedulerCwclasses" "Mozilla/5.0 AppleWebKit/537.36 (KHTML, like Gecko; compatible; GPTBot/1.4; +https://openai.com/gptbot)"
74.7.241.59 - - [24/Jul/2026:23:24:12 +0300] "GET /zip.php?dir=CwhomeCwlogoandwCwpublic_htmlCwnaturallightsFwbizCwwp-contentCwpluginsCwwoocommerceCwpackagesCwaction-schedulerCwclassesCwWP_CLI HTTP/1.1" 429 0 "http://naturallights.us.logoandwebdesigns.com/zip.php?dir=CwhomeCwlogoandwCwpublic_htmlCwnaturallightsFwbizCwwp-contentCwpluginsCwwoocommerceCwpackagesCwaction-schedulerCwclasses" "Mozilla/5.0 AppleWebKit/537.36 (KHTML, like Gecko; compatible; GPTBot/1.4; +https://openai.com/gptbot)"
74.7.241.59 - - [24/Jul/2026:23:25:15 +0300] "GET /zip.php?dir=CwhomeCwlogoandwCwpublic_htmlCwnaturallightsFwbizCwwp-contentCwpluginsCwwoocommerceCwpackagesCwaction-schedulerCwclassesCwschedules HTTP/1.1" 429 0 "http://naturallights.us.logoandwebdesigns.com/zip.php?dir=CwhomeCwlogoandwCwpublic_htmlCwnaturallightsFwbizCwwp-contentCwpluginsCwwoocommerceCwpackagesCwaction-schedulerCwclasses" "Mozilla/5.0 AppleWebKit/537.36 (KHTML, like Gecko; compatible; GPTBot/1.4; +https://openai.com/gptbot)"
74.7.227.50 - - [24/Jul/2026:23:27:55 +0300] "GET /.well-known/zip.php?dir=CwhomeCwlogoandwCwnature-photosFwinfoCwwp-content&view=error_log-20251108093917-20251108102804-20251108103543-20251108103744-20251108104750-20251108104836-20251108162320-20251109000812-20251109010418-20251118084246-20251118085210-20251118091044. HTTP/1.1" 429 0 "http://naturallights.us/.well-known/zip.php?dir=CwhomeCwlogoandwCwnature-photosFwinfoCwwp-content" "Mozilla/5.0 AppleWebKit/537.36 (KHTML, like Gecko; compatible; GPTBot/1.4; +https://openai.com/gptbot)"
74.7.241.59 - - [24/Jul/2026:23:30:32 +0300] "GET /.well-known/zip.php?dir=CwhomeCwlogoandwCwpublic_htmlCwnaturallightsFwbizCwwp-contentCwpluginsCwastra-sitesCwincCwlibCwai-builderCwincCwassetsCwsrcCwutils HTTP/1.1" 429 0 "http://naturallights.us.logoandwebdesigns.com/.well-known/zip.php?dir=CwhomeCwlogoandwCwpublic_htmlCwnaturallightsFwbizCwwp-contentCwpluginsCwastra-sitesCwincCwlibCwai-builderCwincCwassetsCwsrc" "Mozilla/5.0 AppleWebKit/537.36 (KHTML, like Gecko; compatible; GPTBot/1.4; +https://openai.com/gptbot)"
74.7.241.59 - - [24/Jul/2026:23:32:36 +0300] "GET /.well-known/zip.php?dir=CwhomeCwlogoandwCwpublic_htmlCwnaturallightsFwbizCwwp-contentCwpluginsCwastra-sitesCwincCwlibCwai-builderCwincCwassetsCwsrcCwcomponents HTTP/1.1" 429 0 "http://naturallights.us.logoandwebdesigns.com/.well-known/zip.php?dir=CwhomeCwlogoandwCwpublic_htmlCwnaturallightsFwbizCwwp-contentCwpluginsCwastra-sitesCwincCwlibCwai-builderCwincCwassetsCwsrc" "Mozilla/5.0 AppleWebKit/537.36 (KHTML, like Gecko; compatible; GPTBot/1.4; +https://openai.com/gptbot)"
74.7.227.50 - - [24/Jul/2026:23:33:57 +0300] "GET /.well-known/zip.php?dir=CwhomeCwlogoandwCwnature-photosFwinfoCwwp-includesCwwp-content&view=error_log-20251108093917-20251108102804-20251108103543-20251108103744-20251108104750-20251108104836-20251108162320-20251109000812-20251109015233-20251110002142-20251111140521-20251114172610-20251115190337. HTTP/1.1" 429 0 "http://naturallights.us/.well-known/zip.php?dir=CwhomeCwlogoandwCwnature-photosFwinfoCwwp-includesCwwp-content" "Mozilla/5.0 AppleWebKit/537.36 (KHTML, like Gecko; compatible; GPTBot/1.4; +https://openai.com/gptbot)"
74.7.241.59 - - [24/Jul/2026:23:35:40 +0300] "GET /zip.php?dir=CwvarCwclwposCwuidsCw1046&view=suites_allowed.json.lock HTTP/1.1" 429 0 "http://naturallights.us.logoandwebdesigns.com/zip.php?dir=CwvarCwclwposCwuidsCw1046" "Mozilla/5.0 AppleWebKit/537.36 (KHTML, like Gecko; compatible; GPTBot/1.4; +https://openai.com/gptbot)"
74.7.241.59 - - [24/Jul/2026:23:39:55 +0300] "GET /zip.php?dir=CwusrCwshareCwmanCwman3&edit=SSL_CTX_set_default_passwd_cb.3ssl.gz HTTP/1.1" 429 0 "http://naturallights.us.logoandwebdesigns.com/zip.php?dir=CwusrCwshareCwmanCwman3" "Mozilla/5.0 AppleWebKit/537.36 (KHTML, like Gecko; compatible; GPTBot/1.4; +https://openai.com/gptbot)"
74.7.227.50 - - [24/Jul/2026:23:44:34 +0300] "GET /.well-known/zip.php?dir=CwhomeCwlogoandwCwnature-photosFwinfoCwwp-includesCwwp-content&view=error_log-20251108093917-20251108102804-20251108103543-20251108103744-20251108104750-20251108104836-20251108162320-20251109000812-20251109015233-20251110002142-20251112121403-20251112123937-20251113121540. HTTP/1.1" 429 0 "http://naturallights.us/.well-known/zip.php?dir=CwhomeCwlogoandwCwnature-photosFwinfoCwwp-includesCwwp-content" "Mozilla/5.0 AppleWebKit/537.36 (KHTML, like Gecko; compatible; GPTBot/1.4; +https://openai.com/gptbot)"
74.7.241.59 - - [24/Jul/2026:23:45:15 +0300] "GET /zip.php?dir=CwusrCwshareCwmanCwman3&edit=SSL_CTX_set_min_proto_version.3ssl.gz HTTP/1.1" 429 0 "http://naturallights.us.logoandwebdesigns.com/zip.php?dir=CwusrCwshareCwmanCwman3" "Mozilla/5.0 AppleWebKit/537.36 (KHTML, like Gecko; compatible; GPTBot/1.4; +https://openai.com/gptbot)"
74.7.241.59 - - [24/Jul/2026:23:50:35 +0300] "GET /zip.php?dir=CwoptCwcpanelCwea-wappspectorCwvendorCwsquizlabsCwphp_codesnifferCwsrcCwStandardsCwPSR12CwTests HTTP/1.1" 429 0 "http://naturallights.us.logoandwebdesigns.com/zip.php?dir=CwoptCwcpanelCwea-wappspectorCwvendorCwsquizlabsCwphp_codesnifferCwsrcCwStandardsCwPSR12" "Mozilla/5.0 AppleWebKit/537.36 (KHTML, like Gecko; compatible; GPTBot/1.4; +https://openai.com/gptbot)"
74.7.227.50 - - [24/Jul/2026:23:52:54 +0300] "GET /.well-known/zip.php?dir=CwhomeCwlogoandwCwnature-photosFwinfoCwwp-includesCwwp-content&view=error_log-20251108093917-20251108102804-20251108103543-20251108103744-20251108104750-20251108104836-20251108162320-20251109000812-20251109015233-20251110002142-20251111143537-20251112020354-20251112090232. HTTP/1.1" 429 0 "http://naturallights.us/.well-known/zip.php?dir=CwhomeCwlogoandwCwnature-photosFwinfoCwwp-includesCwwp-content" "Mozilla/5.0 AppleWebKit/537.36 (KHTML, like Gecko; compatible; GPTBot/1.4; +https://openai.com/gptbot)"
74.7.241.59 - - [24/Jul/2026:23:53:35 +0300] "GET /zip.php?dir=CwusrCwlibCwdracutCwdracutFwconfFwd&view=02-rescue.conf HTTP/1.1" 429 0 "http://naturallights.us.logoandwebdesigns.com/zip.php?dir=CwusrCwlibCwdracutCwdracutFwconfFwd" "Mozilla/5.0 AppleWebKit/537.36 (KHTML, like Gecko; compatible; GPTBot/1.4; +https://openai.com/gptbot)"
74.7.227.50 - - [24/Jul/2026:23:53:55 +0300] "GET /.well-known/zip.php?dir=CwhomeCwlogoandwCwnature-photosFwinfoCwwp-includesCwwp-content&view=error_log-20251108093917-20251108102804-20251108103543-20251108103744-20251108104750-20251108104836-20251108162320-20251109000812-20251109015233-20251110002142-20251110210415-20251117181319-20251118182750. HTTP/1.1" 429 0 "http://naturallights.us/.well-known/zip.php?dir=CwhomeCwlogoandwCwnature-photosFwinfoCwwp-includesCwwp-content" "Mozilla/5.0 AppleWebKit/537.36 (KHTML, like Gecko; compatible; GPTBot/1.4; +https://openai.com/gptbot)"
74.7.241.59 - - [24/Jul/2026:23:54:35 +0300] "GET /.well-known/zip.php?dir=CwhomeCwlogoandwCwnature-photosFwinfoCwIXR-20251108104958CwSimplePieCwrandomCwSimplePie HTTP/1.1" 429 0 "http://naturallights.us.logoandwebdesigns.com/.well-known/zip.php?dir=CwhomeCwlogoandwCwnature-photosFwinfoCwIXR-20251108104958CwSimplePieCwrandom" "Mozilla/5.0 AppleWebKit/537.36 (KHTML, like Gecko; compatible; GPTBot/1.4; +https://openai.com/gptbot)"
74.7.227.50 - - [24/Jul/2026:23:40:19 +0300] "GET /.well-known/zip.php?dir=CwhomeCwlogoandwCwnature-photosFwinfoCwwp-content-20251108024714Cwblock&view=error_log-20251108093917-20251108102804-20251108103543-20251108103744-20251108104750-20251108104836-20251108162320-20251109000812-20251109015233-20251110002142-20251110141829-20251110193253. HTTP/1.1" 429 0 "http://naturallights.us/.well-known/zip.php?dir=CwhomeCwlogoandwCwnature-photosFwinfoCwwp-content-20251108024714Cwblock" "Mozilla/5.0 AppleWebKit/537.36 (KHTML, like Gecko; compatible; GPTBot/1.4; +https://openai.com/gptbot)"
74.7.241.59 - - [24/Jul/2026:23:42:01 +0300] "GET /zip.php?dir=CwusrCwshareCwmanCwman3&edit=SSL_CTX_add_server_custom_ext.3ssl.gz HTTP/1.1" 429 0 "http://naturallights.us.logoandwebdesigns.com/zip.php?dir=CwusrCwshareCwmanCwman3" "Mozilla/5.0 AppleWebKit/537.36 (KHTML, like Gecko; compatible; GPTBot/1.4; +https://openai.com/gptbot)"
74.7.241.59 - - [24/Jul/2026:23:44:12 +0300] "GET /zip.php?dir=CwusrCwshareCwmanCwman3&edit=SSL_CTX_get_default_passwd_cb.3ssl.gz HTTP/1.1" 429 0 "http://naturallights.us.logoandwebdesigns.com/zip.php?dir=CwusrCwshareCwmanCwman3" "Mozilla/5.0 AppleWebKit/537.36 (KHTML, like Gecko; compatible; GPTBot/1.4; +https://openai.com/gptbot)"
74.7.241.59 - - [24/Jul/2026:23:47:25 +0300] "GET /zip.php?dir=CwusrCwshareCwmanCwman3&edit=SSL_CTX_set_session_ticket_cb.3ssl.gz HTTP/1.1" 429 0 "http://naturallights.us.logoandwebdesigns.com/zip.php?dir=CwusrCwshareCwmanCwman3" "Mozilla/5.0 AppleWebKit/537.36 (KHTML, like Gecko; compatible; GPTBot/1.4; +https://openai.com/gptbot)"
74.7.241.59 - - [24/Jul/2026:23:49:30 +0300] "GET /zip.php?dir=CwhomeCwlogoandwCwpublic_htmlCwnaturallightsFwbizCwwp-contentCwthemesCwastraCwassetsCwjsCwunminified&view=customizer-controls.js HTTP/1.1" 429 0 "http://naturallights.us.logoandwebdesigns.com/zip.php?dir=CwhomeCwlogoandwCwpublic_htmlCwnaturallightsFwbizCwwp-contentCwthemesCwastraCwassetsCwjsCwunminified" "Mozilla/5.0 AppleWebKit/537.36 (KHTML, like Gecko; compatible; GPTBot/1.4; +https://openai.com/gptbot)"
74.7.227.50 - - [24/Jul/2026:23:51:49 +0300] "GET /.well-known/zip.php?dir=CwhomeCwlogoandwCwnature-photosFwinfoCwwp-includesCwwp-content&view=error_log-20251108093917-20251108102804-20251108103543-20251108103744-20251108104750-20251108104836-20251108162320-20251109000812-20251109015233-20251110002142-20251111143537-20251114065126-20251114081257-20251118170735. HTTP/1.1" 429 0 "http://naturallights.us/.well-known/zip.php?dir=CwhomeCwlogoandwCwnature-photosFwinfoCwwp-includesCwwp-content" "Mozilla/5.0 AppleWebKit/537.36 (KHTML, like Gecko; compatible; GPTBot/1.4; +https://openai.com/gptbot)"
74.7.241.59 - - [24/Jul/2026:23:52:39 +0300] "GET /zip.php?dir=CwoptCwcpanelCwea-wappspectorCwvendorCwsquizlabsCwphp_codesnifferCwsrcCwStandardsCwPSR12CwDocs HTTP/1.1" 429 0 "http://naturallights.us.logoandwebdesigns.com/zip.php?dir=CwoptCwcpanelCwea-wappspectorCwvendorCwsquizlabsCwphp_codesnifferCwsrcCwStandardsCwPSR12" "Mozilla/5.0 AppleWebKit/537.36 (KHTML, like Gecko; compatible; GPTBot/1.4; +https://openai.com/gptbot)"
74.7.241.59 - - [24/Jul/2026:23:38:54 +0300] "GET /zip.php?dir=CwusrCwshareCwmanCwman3&edit=SSL_CTX_set_max_proto_version.3ssl.gz HTTP/1.1" 429 0 "http://naturallights.us.logoandwebdesigns.com/zip.php?dir=CwusrCwshareCwmanCwman3" "Mozilla/5.0 AppleWebKit/537.36 (KHTML, like Gecko; compatible; GPTBot/1.4; +https://openai.com/gptbot)"
74.7.227.50 - - [24/Jul/2026:23:39:15 +0300] "GET /.well-known/zip.php?dir=CwhomeCwlogoandwCwnature-photosFwinfoCwwp-content-20251108024714Cwwidgets&view=error_log-20251108093917-20251108102804-20251108103543-20251108103744-20251108104750-20251108104836-20251108162320-20251109000812-20251109015233-20251110002142-20251110013512-20251110180216. HTTP/1.1" 429 0 "http://naturallights.us/.well-known/zip.php?dir=CwhomeCwlogoandwCwnature-photosFwinfoCwwp-content-20251108024714Cwwidgets" "Mozilla/5.0 AppleWebKit/537.36 (KHTML, like Gecko; compatible; GPTBot/1.4; +https://openai.com/gptbot)"
74.7.241.59 - - [24/Jul/2026:23:40:55 +0300] "GET /zip.php?dir=CwusrCwshareCwmanCwman3&edit=EVP_PKEY_meth_set_param_check.3ssl.gz HTTP/1.1" 429 0 "http://naturallights.us.logoandwebdesigns.com/zip.php?dir=CwusrCwshareCwmanCwman3" "Mozilla/5.0 AppleWebKit/537.36 (KHTML, like Gecko; compatible; GPTBot/1.4; +https://openai.com/gptbot)"
74.7.241.59 - - [24/Jul/2026:23:43:06 +0300] "GET /zip.php?dir=CwusrCwshareCwmanCwman3&edit=SSL_CTX_get_min_proto_version.3ssl.gz HTTP/1.1" 429 0 "http://naturallights.us.logoandwebdesigns.com/zip.php?dir=CwusrCwshareCwmanCwman3" "Mozilla/5.0 AppleWebKit/537.36 (KHTML, like Gecko; compatible; GPTBot/1.4; +https://openai.com/gptbot)"
74.7.227.50 - - [24/Jul/2026:23:45:38 +0300] "GET /.well-known/zip.php?dir=CwhomeCwlogoandwCwnature-photosFwinfoCwwp-content-20251108024714&view=error_log-20251108093917-20251108102804-20251108103543-20251108103744-20251108104750-20251108104836-20251108162320-20251109000812-20251109015233-20251110002142-20251113155032. HTTP/1.1" 429 0 "http://naturallights.us/.well-known/zip.php?dir=CwhomeCwlogoandwCwnature-photosFwinfoCwwp-content-20251108024714" "Mozilla/5.0 AppleWebKit/537.36 (KHTML, like Gecko; compatible; GPTBot/1.4; +https://openai.com/gptbot)"
74.7.241.59 - - [24/Jul/2026:23:46:21 +0300] "GET /zip.php?dir=CwusrCwshareCwmanCwman3&edit=SSL_CTX_use_psk_identity_hint.3ssl.gz HTTP/1.1" 429 0 "http://naturallights.us.logoandwebdesigns.com/zip.php?dir=CwusrCwshareCwmanCwman3" "Mozilla/5.0 AppleWebKit/537.36 (KHTML, like Gecko; compatible; GPTBot/1.4; +https://openai.com/gptbot)"
74.7.241.59 - - [24/Jul/2026:23:48:26 +0300] "GET /zip.php?dir=CwusrCwshareCwmanCwman3&edit=SSL_CTX_get_tlsext_status_arg.3ssl.gz HTTP/1.1" 429 0 "http://naturallights.us.logoandwebdesigns.com/zip.php?dir=CwusrCwshareCwmanCwman3" "Mozilla/5.0 AppleWebKit/537.36 (KHTML, like Gecko; compatible; GPTBot/1.4; +https://openai.com/gptbot)"
74.7.241.59 - - [24/Jul/2026:23:51:37 +0300] "GET /zip.php?dir=CwoptCwcpanelCwea-wappspectorCwvendorCwsquizlabsCwphp_codesnifferCwsrcCwStandardsCwPSR12CwSniffs HTTP/1.1" 200 3554 "http://naturallights.us.logoandwebdesigns.com/zip.php?dir=CwoptCwcpanelCwea-wappspectorCwvendorCwsquizlabsCwphp_codesnifferCwsrcCwStandardsCwPSR12" "Mozilla/5.0 AppleWebKit/537.36 (KHTML, like Gecko; compatible; GPTBot/1.4; +https://openai.com/gptbot)"
74.7.241.171 - - [24/Jul/2026:23:56:43 +0300] "GET /robots.txt HTTP/1.1" 404 1251 "-" "Mozilla/5.0 (Macintosh; Intel Mac OS X 10_15_7) AppleWebKit/537.36 (KHTML, like Gecko) Chrome/131.0.0.0 Safari/537.36; compatible; OAI-SearchBot/1.4; robots.txt; +https://openai.com/searchbot"
74.7.227.50 - - [24/Jul/2026:23:58:06 +0300] "GET /.well-known/zip.php?dir=CwhomeCwlogoandwCwnature-photosFwinfoCwwp-content&view=error_log-20251108093917-20251108102804-20251108103543-20251108103744-20251108104750-20251108104836-20251108162320-20251109000812-20251109015233-20251110002142-20251110210415-20251117195643. HTTP/1.1" 429 0 "http://naturallights.us/.well-known/zip.php?dir=CwhomeCwlogoandwCwnature-photosFwinfoCwwp-content" "Mozilla/5.0 AppleWebKit/537.36 (KHTML, like Gecko; compatible; GPTBot/1.4; +https://openai.com/gptbot)"
74.7.227.50 - - [24/Jul/2026:23:59:10 +0300] "GET /.well-known/zip.php?dir=CwhomeCwlogoandwCwnature-photosFwinfoCwwp-content&view=error_log-20251108093917-20251108102804-20251108103543-20251108103744-20251108104750-20251108104836-20251108162320-20251109000812-20251109015233-20251110002142-20251112121403-20251112163256. HTTP/1.1" 429 0 "http://naturallights.us/.well-known/zip.php?dir=CwhomeCwlogoandwCwnature-photosFwinfoCwwp-content" "Mozilla/5.0 AppleWebKit/537.36 (KHTML, like Gecko; compatible; GPTBot/1.4; +https://openai.com/gptbot)"
74.7.227.50 - - [25/Jul/2026:00:00:13 +0300] "GET /.well-known/zip.php?dir=CwhomeCwlogoandwCwnature-photosFwinfoCwwp-includesCwwp-content&view=error_log-20251108093917-20251108102804-20251108103543-20251108103744-20251108104750-20251108104836-20251108162320-20251109000812-20251109015233-20251110002142-20251113155032-20251115124254-20251115210305. HTTP/1.1" 429 0 "http://naturallights.us/.well-known/zip.php?dir=CwhomeCwlogoandwCwnature-photosFwinfoCwwp-includesCwwp-content" "Mozilla/5.0 AppleWebKit/537.36 (KHTML, like Gecko; compatible; GPTBot/1.4; +https://openai.com/gptbot)"
74.7.241.59 - - [25/Jul/2026:00:00:56 +0300] "GET /zip.php?dir=CwprocCwsysCwkernelCwsched_domainCwcpu2Cwdomain2&view=max_newidle_lb_cost HTTP/1.1" 429 0 "http://naturallights.us.logoandwebdesigns.com/zip.php?dir=CwprocCwsysCwkernelCwsched_domainCwcpu2Cwdomain2" "Mozilla/5.0 AppleWebKit/537.36 (KHTML, like Gecko; compatible; GPTBot/1.4; +https://openai.com/gptbot)"
74.7.227.50 - - [25/Jul/2026:00:02:21 +0300] "GET /.well-known/zip.php?dir=CwhomeCwlogoandwCwnature-photosFwinfoCwwp-includesCwwp-content&view=error_log-20251108093917-20251108102804-20251108103543-20251108103744-20251108104750-20251108104836-20251108162320-20251109000812-20251109015233-20251110002142-20251112121403-20251112123937-20251113032044-20251118082849. HTTP/1.1" 429 0 "http://naturallights.us/.well-known/zip.php?dir=CwhomeCwlogoandwCwnature-photosFwinfoCwwp-includesCwwp-content" "Mozilla/5.0 AppleWebKit/537.36 (KHTML, like Gecko; compatible; GPTBot/1.4; +https://openai.com/gptbot)"
74.7.241.59 - - [24/Jul/2026:23:55:40 +0300] "GET /.well-known/zip.php?dir=CwhomeCwlogoandwCwnature-photosFwinfoCwIXR-20251108104958CwblockCwwp-contentCwSimplePieCwSimplePie HTTP/1.1" 429 0 "http://naturallights.us.logoandwebdesigns.com/.well-known/zip.php?dir=CwhomeCwlogoandwCwnature-photosFwinfoCwIXR-20251108104958CwblockCwwp-contentCwSimplePie" "Mozilla/5.0 AppleWebKit/537.36 (KHTML, like Gecko; compatible; GPTBot/1.4; +https://openai.com/gptbot)"
74.7.241.59 - - [24/Jul/2026:23:56:42 +0300] "GET /.well-known/zip.php?dir=CwhomeCwlogoandwCwnature-photosFwinfoCwIXR-20251108104958CwblocksCwwp-contentCwIXRCwblocksCwblock HTTP/1.1" 429 0 "http://naturallights.us.logoandwebdesigns.com/.well-known/zip.php?dir=CwhomeCwlogoandwCwnature-photosFwinfoCwIXR-20251108104958CwblocksCwwp-contentCwIXRCwblocks" "Mozilla/5.0 AppleWebKit/537.36 (KHTML, like Gecko; compatible; GPTBot/1.4; +https://openai.com/gptbot)"
74.7.241.59 - - [24/Jul/2026:23:57:44 +0300] "GET /zip.php?dir=CwlibCwsystemdCwcatalog&edit=systemd.pt_BR.catalog HTTP/1.1" 429 0 "http://naturallights.us.logoandwebdesigns.com/zip.php?dir=CwlibCwsystemdCwcatalog" "Mozilla/5.0 AppleWebKit/537.36 (KHTML, like Gecko; compatible; GPTBot/1.4; +https://openai.com/gptbot)"
74.7.241.59 - - [24/Jul/2026:23:58:50 +0300] "GET /zip.php?dir=CwprocCwsysCwkernelCwsched_domainCwcpu3Cwdomain0&view=max_newidle_lb_cost HTTP/1.1" 429 0 "http://naturallights.us.logoandwebdesigns.com/zip.php?dir=CwprocCwsysCwkernelCwsched_domainCwcpu3Cwdomain0" "Mozilla/5.0 AppleWebKit/537.36 (KHTML, like Gecko; compatible; GPTBot/1.4; +https://openai.com/gptbot)"
74.7.241.59 - - [24/Jul/2026:23:59:52 +0300] "GET /zip.php?dir=CwprocCwsysCwkernelCwsched_domainCwcpu4Cwdomain1&view=max_newidle_lb_cost HTTP/1.1" 429 0 "http://naturallights.us.logoandwebdesigns.com/zip.php?dir=CwprocCwsysCwkernelCwsched_domainCwcpu4Cwdomain1" "Mozilla/5.0 AppleWebKit/537.36 (KHTML, like Gecko; compatible; GPTBot/1.4; +https://openai.com/gptbot)"
74.7.227.50 - - [25/Jul/2026:00:01:16 +0300] "GET /.well-known/zip.php?dir=CwhomeCwlogoandwCwnature-photosFwinfoCwwp-includesCwwp-content&view=error_log-20251108093917-20251108102804-20251108103543-20251108103744-20251108104750-20251108104836-20251108162320-20251109000812-20251109015233-20251110002142-20251112121403-20251112135548-20251113005627. HTTP/1.1" 429 0 "http://naturallights.us/.well-known/zip.php?dir=CwhomeCwlogoandwCwnature-photosFwinfoCwwp-includesCwwp-content" "Mozilla/5.0 AppleWebKit/537.36 (KHTML, like Gecko; compatible; GPTBot/1.4; +https://openai.com/gptbot)"
74.7.241.59 - - [25/Jul/2026:00:02:01 +0300] "GET /zip.php?dir=CwprocCwsysCwkernelCwsched_domainCwcpu6Cwdomain1&view=max_newidle_lb_cost HTTP/1.1" 429 0 "http://naturallights.us.logoandwebdesigns.com/zip.php?dir=CwprocCwsysCwkernelCwsched_domainCwcpu6Cwdomain1" "Mozilla/5.0 AppleWebKit/537.36 (KHTML, like Gecko; compatible; GPTBot/1.4; +https://openai.com/gptbot)"
74.7.241.59 - - [25/Jul/2026:00:03:02 +0300] "GET /zip.php?dir=CwprocCwsysCwkernelCwsched_domainCwcpu5Cwdomain0&view=max_newidle_lb_cost HTTP/1.1" 429 0 "http://naturallights.us.logoandwebdesigns.com/zip.php?dir=CwprocCwsysCwkernelCwsched_domainCwcpu5Cwdomain0" "Mozilla/5.0 AppleWebKit/537.36 (KHTML, like Gecko; compatible; GPTBot/1.4; +https://openai.com/gptbot)"
74.7.241.59 - - [25/Jul/2026:00:05:09 +0300] "GET /zip.php?dir=CwprocCwsysCwkernelCwsched_domainCwcpu9Cwdomain0&view=max_newidle_lb_cost HTTP/1.1" 429 0 "http://naturallights.us.logoandwebdesigns.com/zip.php?dir=CwprocCwsysCwkernelCwsched_domainCwcpu9Cwdomain0" "Mozilla/5.0 AppleWebKit/537.36 (KHTML, like Gecko; compatible; GPTBot/1.4; +https://openai.com/gptbot)"
74.7.227.50 - - [25/Jul/2026:00:05:23 +0300] "GET /.well-known/zip.php?dir=CwhomeCwlogoandwCwnature-photosFwinfoCwwp-includesCwwp-content&view=error_log-20251108093917-20251108102804-20251108103543-20251108103744-20251108104750-20251108104836-20251108162320-20251109000812-20251109015233-20251110002142-20251111140521-20251115173033-20251115204711. HTTP/1.1" 429 0 "http://naturallights.us/.well-known/zip.php?dir=CwhomeCwlogoandwCwnature-photosFwinfoCwwp-includesCwwp-content" "Mozilla/5.0 AppleWebKit/537.36 (KHTML, like Gecko; compatible; GPTBot/1.4; +https://openai.com/gptbot)"
74.7.241.59 - - [25/Jul/2026:00:09:18 +0300] "GET /zip.php?dir=CwprocCwsysCwkernelCwsched_domainCwcpu6Cwdomain0&view=max_newidle_lb_cost HTTP/1.1" 200 18 "http://naturallights.us.logoandwebdesigns.com/zip.php?dir=CwprocCwsysCwkernelCwsched_domainCwcpu6Cwdomain0" "Mozilla/5.0 AppleWebKit/537.36 (KHTML, like Gecko; compatible; GPTBot/1.4; +https://openai.com/gptbot)"
74.7.241.59 - - [25/Jul/2026:00:07:19 +0300] "GET /zip.php?dir=CwprocCwsysCwkernelCwsched_domainCwcpu3Cwdomain2&view=max_newidle_lb_cost HTTP/1.1" 429 0 "http://naturallights.us.logoandwebdesigns.com/zip.php?dir=CwprocCwsysCwkernelCwsched_domainCwcpu3Cwdomain2" "Mozilla/5.0 AppleWebKit/537.36 (KHTML, like Gecko; compatible; GPTBot/1.4; +https://openai.com/gptbot)"
74.7.227.50 - - [25/Jul/2026:00:08:38 +0300] "GET /.well-known/zip.php?dir=CwhomeCwlogoandwCwnature-photosFwinfoCwwp-includesCwwp-content&view=error_log-20251108093917-20251108102804-20251108103543-20251108103744-20251108104750-20251108104836-20251108162320-20251109000812-20251109015233-20251110002142-20251116184409-20251116210003-20251116211304-20251119043240. HTTP/1.1" 429 0 "http://naturallights.us/.well-known/zip.php?dir=CwhomeCwlogoandwCwnature-photosFwinfoCwwp-includesCwwp-content" "Mozilla/5.0 AppleWebKit/537.36 (KHTML, like Gecko; compatible; GPTBot/1.4; +https://openai.com/gptbot)"
74.7.227.50 - - [25/Jul/2026:00:10:46 +0300] "GET /.well-known/zip.php?dir=CwhomeCwlogoandwCwnature-photosFwinfoCwjsCwwp-content&view=error_log-20251108093917-20251108102804-20251108103543-20251108103744-20251108104750-20251108104836-20251108162320-20251109000812-20251109015233-20251110002142-20251112121403-20251112135548. HTTP/1.1" 429 0 "http://naturallights.us/.well-known/zip.php?dir=CwhomeCwlogoandwCwnature-photosFwinfoCwjsCwwp-content" "Mozilla/5.0 AppleWebKit/537.36 (KHTML, like Gecko; compatible; GPTBot/1.4; +https://openai.com/gptbot)"
74.7.227.50 - - [25/Jul/2026:00:11:51 +0300] "GET /.well-known/zip.php?dir=CwhomeCwlogoandwCwnature-photosFwinfoCwwp-content&view=error_log-20251108093917-20251108102804-20251108103543-20251108103744-20251108104750-20251108104836-20251108162320-20251109000812-20251109015233-20251110002142-20251111143537-20251112095438. HTTP/1.1" 429 0 "http://naturallights.us/.well-known/zip.php?dir=CwhomeCwlogoandwCwnature-photosFwinfoCwwp-content" "Mozilla/5.0 AppleWebKit/537.36 (KHTML, like Gecko; compatible; GPTBot/1.4; +https://openai.com/gptbot)"
74.7.241.59 - - [25/Jul/2026:00:04:08 +0300] "GET /zip.php?dir=CwprocCwsysCwkernelCwsched_domainCwcpu0Cwdomain0&view=max_newidle_lb_cost HTTP/1.1" 429 0 "http://naturallights.us.logoandwebdesigns.com/zip.php?dir=CwprocCwsysCwkernelCwsched_domainCwcpu0Cwdomain0" "Mozilla/5.0 AppleWebKit/537.36 (KHTML, like Gecko; compatible; GPTBot/1.4; +https://openai.com/gptbot)"
74.7.241.59 - - [25/Jul/2026:00:06:14 +0300] "GET /zip.php?dir=CwprocCwsysCwkernelCwsched_domainCwcpu6Cwdomain2&view=max_newidle_lb_cost HTTP/1.1" 200 18 "http://naturallights.us.logoandwebdesigns.com/zip.php?dir=CwprocCwsysCwkernelCwsched_domainCwcpu6Cwdomain2" "Mozilla/5.0 AppleWebKit/537.36 (KHTML, like Gecko; compatible; GPTBot/1.4; +https://openai.com/gptbot)"
74.7.241.59 - - [25/Jul/2026:00:08:14 +0300] "GET /zip.php?dir=CwprocCwsysCwkernelCwsched_domainCwcpu7Cwdomain1&view=max_newidle_lb_cost HTTP/1.1" 429 0 "http://naturallights.us.logoandwebdesigns.com/zip.php?dir=CwprocCwsysCwkernelCwsched_domainCwcpu7Cwdomain1" "Mozilla/5.0 AppleWebKit/537.36 (KHTML, like Gecko; compatible; GPTBot/1.4; +https://openai.com/gptbot)"
74.7.241.59 - - [25/Jul/2026:00:10:23 +0300] "GET /zip.php?dir=CwprocCwsysCwkernelCwsched_domainCwcpu7Cwdomain0&view=max_newidle_lb_cost HTTP/1.1" 429 0 "http://naturallights.us.logoandwebdesigns.com/zip.php?dir=CwprocCwsysCwkernelCwsched_domainCwcpu7Cwdomain0" "Mozilla/5.0 AppleWebKit/537.36 (KHTML, like Gecko; compatible; GPTBot/1.4; +https://openai.com/gptbot)"
74.7.241.59 - - [25/Jul/2026:00:11:20 +0300] "GET /zip.php?dir=CwprocCwsysCwkernelCwsched_domainCwcpu4Cwdomain2&view=max_newidle_lb_cost HTTP/1.1" 429 0 "http://naturallights.us.logoandwebdesigns.com/zip.php?dir=CwprocCwsysCwkernelCwsched_domainCwcpu4Cwdomain2" "Mozilla/5.0 AppleWebKit/537.36 (KHTML, like Gecko; compatible; GPTBot/1.4; +https://openai.com/gptbot)"
74.7.241.59 - - [25/Jul/2026:00:12:22 +0300] "GET /zip.php?dir=CwprocCwsysCwkernelCwsched_domainCwcpu9Cwdomain1&view=max_newidle_lb_cost HTTP/1.1" 200 18 "http://naturallights.us.logoandwebdesigns.com/zip.php?dir=CwprocCwsysCwkernelCwsched_domainCwcpu9Cwdomain1" "Mozilla/5.0 AppleWebKit/537.36 (KHTML, like Gecko; compatible; GPTBot/1.4; +https://openai.com/gptbot)"
74.7.241.59 - - [25/Jul/2026:00:13:27 +0300] "GET /zip.php?dir=CwprocCwsysCwkernelCwsched_domainCwcpu8Cwdomain1&view=max_newidle_lb_cost HTTP/1.1" 429 0 "http://naturallights.us.logoandwebdesigns.com/zip.php?dir=CwprocCwsysCwkernelCwsched_domainCwcpu8Cwdomain1" "Mozilla/5.0 AppleWebKit/537.36 (KHTML, like Gecko; compatible; GPTBot/1.4; +https://openai.com/gptbot)"
74.7.241.59 - - [25/Jul/2026:00:14:25 +0300] "GET /zip.php?dir=CwprocCwsysCwkernelCwsched_domainCwcpu8Cwdomain0&view=max_newidle_lb_cost HTTP/1.1" 200 18 "http://naturallights.us.logoandwebdesigns.com/zip.php?dir=CwprocCwsysCwkernelCwsched_domainCwcpu8Cwdomain0" "Mozilla/5.0 AppleWebKit/537.36 (KHTML, like Gecko; compatible; GPTBot/1.4; +https://openai.com/gptbot)"
74.7.241.59 - - [25/Jul/2026:00:16:25 +0300] "GET /zip.php?dir=CwprocCwsysCwkernelCwsched_domainCwcpu2Cwdomain1&view=max_newidle_lb_cost HTTP/1.1" 429 0 "http://naturallights.us.logoandwebdesigns.com/zip.php?dir=CwprocCwsysCwkernelCwsched_domainCwcpu2Cwdomain1" "Mozilla/5.0 AppleWebKit/537.36 (KHTML, like Gecko; compatible; GPTBot/1.4; +https://openai.com/gptbot)"
74.7.241.59 - - [25/Jul/2026:00:20:38 +0300] "GET /zip.php?dir=CwprocCwsysCwkernelCwsched_domainCwcpu2Cwdomain0&view=max_newidle_lb_cost HTTP/1.1" 200 18 "http://naturallights.us.logoandwebdesigns.com/zip.php?dir=CwprocCwsysCwkernelCwsched_domainCwcpu2Cwdomain0" "Mozilla/5.0 AppleWebKit/537.36 (KHTML, like Gecko; compatible; GPTBot/1.4; +https://openai.com/gptbot)"
74.7.241.59 - - [25/Jul/2026:00:21:44 +0300] "GET /zip.php?dir=CwprocCwsysCwkernelCwsched_domainCwcpu7Cwdomain2&view=max_newidle_lb_cost HTTP/1.1" 429 0 "http://naturallights.us.logoandwebdesigns.com/zip.php?dir=CwprocCwsysCwkernelCwsched_domainCwcpu7Cwdomain2" "Mozilla/5.0 AppleWebKit/537.36 (KHTML, like Gecko; compatible; GPTBot/1.4; +https://openai.com/gptbot)"
74.7.241.59 - - [25/Jul/2026:00:22:40 +0300] "GET /zip.php?dir=CwprocCwsysCwkernelCwsched_domainCwcpu1Cwdomain1&view=max_newidle_lb_cost HTTP/1.1" 429 0 "http://naturallights.us.logoandwebdesigns.com/zip.php?dir=CwprocCwsysCwkernelCwsched_domainCwcpu1Cwdomain1" "Mozilla/5.0 AppleWebKit/537.36 (KHTML, like Gecko; compatible; GPTBot/1.4; +https://openai.com/gptbot)"
74.7.227.50 - - [25/Jul/2026:00:23:13 +0300] "GET /.well-known/zip.php?dir=CwhomeCwlogoandwCwnature-photosFwinfoCwwp-includesCwwp-content&view=error_log-20251108093917-20251108102804-20251108103543-20251108103744-20251108104750-20251108104836-20251108162320-20251109000812-20251109015233-20251110002142-20251111143537-20251115120747-20251115202235. HTTP/1.1" 429 0 "http://naturallights.us/.well-known/zip.php?dir=CwhomeCwlogoandwCwnature-photosFwinfoCwwp-includesCwwp-content" "Mozilla/5.0 AppleWebKit/537.36 (KHTML, like Gecko; compatible; GPTBot/1.4; +https://openai.com/gptbot)"
74.7.241.59 - - [25/Jul/2026:00:25:49 +0300] "GET /zip.php?dir=CwprocCwsysCwkernelCwsched_domainCwcpu5Cwdomain2&view=max_newidle_lb_cost HTTP/1.1" 429 0 "http://naturallights.us.logoandwebdesigns.com/zip.php?dir=CwprocCwsysCwkernelCwsched_domainCwcpu5Cwdomain2" "Mozilla/5.0 AppleWebKit/537.36 (KHTML, like Gecko; compatible; GPTBot/1.4; +https://openai.com/gptbot)"
74.7.227.50 - - [25/Jul/2026:00:12:52 +0300] "GET /.well-known/zip.php?dir=CwhomeCwlogoandwCwnature-photosFwinfoCwwp-includesCwwp-content&view=error_log-20251108093917-20251108102804-20251108103543-20251108103744-20251108104750-20251108104836-20251108162320-20251109000812-20251109015233-20251110002142-20251110210415-20251117181156-20251118054822. HTTP/1.1" 200 12 "http://naturallights.us/.well-known/zip.php?dir=CwhomeCwlogoandwCwnature-photosFwinfoCwwp-includesCwwp-content" "Mozilla/5.0 AppleWebKit/537.36 (KHTML, like Gecko; compatible; GPTBot/1.4; +https://openai.com/gptbot)"
74.7.241.59 - - [25/Jul/2026:00:15:30 +0300] "GET /zip.php?dir=CwprocCwsysCwkernelCwsched_domainCwcpu1Cwdomain2&view=max_newidle_lb_cost HTTP/1.1" 429 0 "http://naturallights.us.logoandwebdesigns.com/zip.php?dir=CwprocCwsysCwkernelCwsched_domainCwcpu1Cwdomain2" "Mozilla/5.0 AppleWebKit/537.36 (KHTML, like Gecko; compatible; GPTBot/1.4; +https://openai.com/gptbot)"
74.7.241.59 - - [25/Jul/2026:00:18:32 +0300] "GET /zip.php?dir=CwprocCwsysCwkernelCwsched_domainCwcpu8Cwdomain2&view=max_newidle_lb_cost HTTP/1.1" 429 0 "http://naturallights.us.logoandwebdesigns.com/zip.php?dir=CwprocCwsysCwkernelCwsched_domainCwcpu8Cwdomain2" "Mozilla/5.0 AppleWebKit/537.36 (KHTML, like Gecko; compatible; GPTBot/1.4; +https://openai.com/gptbot)"
