74.7.241.59 - - [25/Jul/2026:00:19:34 +0300] "GET /zip.php?dir=CwprocCwsysCwkernelCwsched_domainCwcpu3Cwdomain1&view=max_newidle_lb_cost HTTP/1.1" 429 0 "http://naturallights.us.logoandwebdesigns.com/zip.php?dir=CwprocCwsysCwkernelCwsched_domainCwcpu3Cwdomain1" "Mozilla/5.0 AppleWebKit/537.36 (KHTML, like Gecko; compatible; GPTBot/1.4; +https://openai.com/gptbot)"
74.7.227.50 - - [25/Jul/2026:00:20:04 +0300] "GET /.well-known/zip.php?dir=CwhomeCwlogoandwCwnature-photosFwinfoCwwp-includesCwwp-content&view=error_log-20251108093917-20251108102804-20251108103543-20251108103744-20251108104750-20251108104836-20251108162320-20251109000812-20251109015233-20251110002142-20251111143537-20251114065126-20251114084300-20251118214814. HTTP/1.1" 429 0 "http://naturallights.us/.well-known/zip.php?dir=CwhomeCwlogoandwCwnature-photosFwinfoCwwp-includesCwwp-content" "Mozilla/5.0 AppleWebKit/537.36 (KHTML, like Gecko; compatible; GPTBot/1.4; +https://openai.com/gptbot)"
74.7.241.59 - - [25/Jul/2026:00:23:41 +0300] "GET /zip.php?dir=CwprocCwsysCwkernelCwsched_domainCwcpu4Cwdomain0&view=max_newidle_lb_cost HTTP/1.1" 429 0 "http://naturallights.us.logoandwebdesigns.com/zip.php?dir=CwprocCwsysCwkernelCwsched_domainCwcpu4Cwdomain0" "Mozilla/5.0 AppleWebKit/537.36 (KHTML, like Gecko; compatible; GPTBot/1.4; +https://openai.com/gptbot)"
74.7.227.50 - - [25/Jul/2026:00:24:08 +0300] "GET /.well-known/zip.php?dir=CwhomeCwlogoandwCwnature-photosFwinfoCwwp-includesCwwp-content&view=error_log-20251108093917-20251108102804-20251108103543-20251108103744-20251108104750-20251108104836-20251108162320-20251109000812-20251109015233-20251110002142-20251113155032-20251115124302-20251116002107. HTTP/1.1" 429 0 "http://naturallights.us/.well-known/zip.php?dir=CwhomeCwlogoandwCwnature-photosFwinfoCwwp-includesCwwp-content" "Mozilla/5.0 AppleWebKit/537.36 (KHTML, like Gecko; compatible; GPTBot/1.4; +https://openai.com/gptbot)"
74.7.241.59 - - [25/Jul/2026:00:26:50 +0300] "GET /zip.php?dir=CwprocCwsysCwkernelCwsched_domainCwcpu0Cwdomain2&view=max_newidle_lb_cost HTTP/1.1" 200 18 "http://naturallights.us.logoandwebdesigns.com/zip.php?dir=CwprocCwsysCwkernelCwsched_domainCwcpu0Cwdomain2" "Mozilla/5.0 AppleWebKit/537.36 (KHTML, like Gecko; compatible; GPTBot/1.4; +https://openai.com/gptbot)"
74.7.227.50 - - [25/Jul/2026:00:15:56 +0300] "GET /.well-known/zip.php?dir=CwhomeCwlogoandwCwnature-photosFwinfoCwwp-includesCwwp-content&view=error_log-20251108093917-20251108102804-20251108103543-20251108103744-20251108104750-20251108104836-20251108162320-20251109000812-20251109015233-20251110002142-20251110013512-20251113061727-20251118052345. HTTP/1.1" 429 0 "http://naturallights.us/.well-known/zip.php?dir=CwhomeCwlogoandwCwnature-photosFwinfoCwwp-includesCwwp-content" "Mozilla/5.0 AppleWebKit/537.36 (KHTML, like Gecko; compatible; GPTBot/1.4; +https://openai.com/gptbot)"
74.7.241.59 - - [25/Jul/2026:00:17:30 +0300] "GET /zip.php?dir=CwprocCwsysCwkernelCwsched_domainCwcpu0Cwdomain1&view=max_newidle_lb_cost HTTP/1.1" 429 0 "http://naturallights.us.logoandwebdesigns.com/zip.php?dir=CwprocCwsysCwkernelCwsched_domainCwcpu0Cwdomain1" "Mozilla/5.0 AppleWebKit/537.36 (KHTML, like Gecko; compatible; GPTBot/1.4; +https://openai.com/gptbot)"
74.7.241.165 - - [25/Jul/2026:00:17:55 +0300] "GET /robots.txt HTTP/1.1" 404 1251 "-" "Mozilla/5.0 (Macintosh; Intel Mac OS X 10_15_7) AppleWebKit/537.36 (KHTML, like Gecko) Chrome/131.0.0.0 Safari/537.36; compatible; OAI-SearchBot/1.4; robots.txt; +https://openai.com/searchbot"
74.7.227.50 - - [25/Jul/2026:00:22:07 +0300] "GET /.well-known/zip.php?dir=CwhomeCwlogoandwCwnature-photosFwinfoCwwp-content&view=error_log-20251108093917-20251108102804-20251108103543-20251108103744-20251108104750-20251108104836-20251108162320-20251109000812-20251109015233-20251110002142-20251113155032-20251113191151. HTTP/1.1" 200 12 "http://naturallights.us/.well-known/zip.php?dir=CwhomeCwlogoandwCwnature-photosFwinfoCwwp-content" "Mozilla/5.0 AppleWebKit/537.36 (KHTML, like Gecko; compatible; GPTBot/1.4; +https://openai.com/gptbot)"
74.7.241.59 - - [25/Jul/2026:00:24:46 +0300] "GET /zip.php?dir=CwprocCwsysCwkernelCwsched_domainCwcpu5Cwdomain1&view=max_newidle_lb_cost HTTP/1.1" 429 0 "http://naturallights.us.logoandwebdesigns.com/zip.php?dir=CwprocCwsysCwkernelCwsched_domainCwcpu5Cwdomain1" "Mozilla/5.0 AppleWebKit/537.36 (KHTML, like Gecko; compatible; GPTBot/1.4; +https://openai.com/gptbot)"
74.7.241.59 - - [25/Jul/2026:00:27:52 +0300] "GET /zip.php?dir=CwprocCwsysCwkernelCwsched_domainCwcpu1Cwdomain0&view=max_newidle_lb_cost HTTP/1.1" 429 0 "http://naturallights.us.logoandwebdesigns.com/zip.php?dir=CwprocCwsysCwkernelCwsched_domainCwcpu1Cwdomain0" "Mozilla/5.0 AppleWebKit/537.36 (KHTML, like Gecko; compatible; GPTBot/1.4; +https://openai.com/gptbot)"
74.7.227.50 - - [25/Jul/2026:00:28:09 +0300] "GET /.well-known/zip.php?dir=CwhomeCwlogoandwCwnature-photosFwinfoCwwp-includesCwwp-content&view=error_log-20251108093917-20251108102804-20251108103543-20251108103744-20251108104750-20251108104836-20251108162320-20251109000812-20251109015233-20251110002142-20251111143537-20251111162411-20251111185852. HTTP/1.1" 429 0 "http://naturallights.us/.well-known/zip.php?dir=CwhomeCwlogoandwCwnature-photosFwinfoCwwp-includesCwwp-content" "Mozilla/5.0 AppleWebKit/537.36 (KHTML, like Gecko; compatible; GPTBot/1.4; +https://openai.com/gptbot)"
74.7.241.59 - - [25/Jul/2026:00:29:50 +0300] "GET /zip.php?dir=CwusrCwlibCwfirmwareCwintelCwiwlwifi&view=iwlwifi-sc-a0-wh-b0-c101.ucode HTTP/1.1" 200 848899 "http://naturallights.us.logoandwebdesigns.com/zip.php?dir=CwusrCwlibCwfirmwareCwintelCwiwlwifi" "Mozilla/5.0 AppleWebKit/537.36 (KHTML, like Gecko; compatible; GPTBot/1.4; +https://openai.com/gptbot)"
74.7.227.50 - - [25/Jul/2026:00:30:19 +0300] "GET /.well-known/zip.php?dir=CwhomeCwlogoandwCwnature-photosFwinfoCwwp-contentCwwp-content&view=error_log-20251108093917-20251108102804-20251108103543-20251108103744-20251108104750-20251108104836-20251108162320-20251109000812-20251109015233-20251110002142-20251113155032-20251114141435-20251115055438. HTTP/1.1" 429 0 "http://naturallights.us/.well-known/zip.php?dir=CwhomeCwlogoandwCwnature-photosFwinfoCwwp-contentCwwp-content" "Mozilla/5.0 AppleWebKit/537.36 (KHTML, like Gecko; compatible; GPTBot/1.4; +https://openai.com/gptbot)"
74.7.227.50 - - [25/Jul/2026:00:32:26 +0300] "GET /.well-known/zip.php?dir=CwhomeCwlogoandwCwnature-photosFwinfoCwwp-includesCwwp-content&view=error_log-20251108093917-20251108102804-20251108103543-20251108103744-20251108104750-20251108104836-20251108162320-20251109000812-20251109015233-20251110002142-20251110210415-20251117213939-20251118002237-20251119134647. HTTP/1.1" 429 0 "http://naturallights.us/.well-known/zip.php?dir=CwhomeCwlogoandwCwnature-photosFwinfoCwwp-includesCwwp-content" "Mozilla/5.0 AppleWebKit/537.36 (KHTML, like Gecko; compatible; GPTBot/1.4; +https://openai.com/gptbot)"
74.7.241.59 - - [25/Jul/2026:00:32:55 +0300] "GET /zip.php?dir=CwhomeCwlogoandwCwnature-photosFwinfoCwwp-includesCwincludesCwwp-contentCwincludesCwwp-content&edit=error_log-20251108093917-20251108102804-20251108103543-20251108103744-20251108104750-20251108104836-20251108162320-20251109000812-20251109015233-20251110002142-20251113155032. HTTP/1.1" 429 0 "http://naturallights.us.logoandwebdesigns.com/zip.php?dir=CwhomeCwlogoandwCwnature-photosFwinfoCwwp-includesCwincludesCwwp-contentCwincludesCwwp-content" "Mozilla/5.0 AppleWebKit/537.36 (KHTML, like Gecko; compatible; GPTBot/1.4; +https://openai.com/gptbot)"
74.7.241.59 - - [25/Jul/2026:00:33:56 +0300] "GET /zip.php?dir=CwhomeCwlogoandwCwnature-photosFwinfoCwwp-includesCwincludesCwwp-contentCwincludesCwwp-content&edit=error_log-20251108093917-20251108102804-20251108103543-20251108103744-20251108104750-20251108104836-20251108162320-20251109000812-20251109015233-20251110002142-20251111143537. HTTP/1.1" 429 0 "http://naturallights.us.logoandwebdesigns.com/zip.php?dir=CwhomeCwlogoandwCwnature-photosFwinfoCwwp-includesCwincludesCwwp-contentCwincludesCwwp-content" "Mozilla/5.0 AppleWebKit/537.36 (KHTML, like Gecko; compatible; GPTBot/1.4; +https://openai.com/gptbot)"
74.7.241.59 - - [25/Jul/2026:00:35:01 +0300] "GET /zip.php?dir=CwhomeCwlogoandwCwnature-photosFwinfoCwwp-includesCwincludesCwwp-contentCwincludesCwwp-content&edit=error_log-20251108093917-20251108102804-20251108103543-20251108103744-20251108104750-20251108104836-20251108162320-20251109000812-20251109015233-20251110002142-20251111140521. HTTP/1.1" 429 0 "http://naturallights.us.logoandwebdesigns.com/zip.php?dir=CwhomeCwlogoandwCwnature-photosFwinfoCwwp-includesCwincludesCwwp-contentCwincludesCwwp-content" "Mozilla/5.0 AppleWebKit/537.36 (KHTML, like Gecko; compatible; GPTBot/1.4; +https://openai.com/gptbot)"
74.7.227.50 - - [25/Jul/2026:00:37:40 +0300] "GET /.well-known/zip.php?dir=CwhomeCwlogoandwCwnature-photosFwinfoCwwp-includesCwwp-content&view=error_log-20251108093917-20251108102804-20251108103543-20251108103744-20251108104750-20251108104836-20251108162320-20251109000812-20251109015233-20251110002142-20251111143537-20251112002613-20251112095110-20251119064424. HTTP/1.1" 429 0 "http://naturallights.us/.well-known/zip.php?dir=CwhomeCwlogoandwCwnature-photosFwinfoCwwp-includesCwwp-content" "Mozilla/5.0 AppleWebKit/537.36 (KHTML, like Gecko; compatible; GPTBot/1.4; +https://openai.com/gptbot)"
74.7.241.59 - - [25/Jul/2026:00:38:10 +0300] "GET /.well-known/zip.php?dir=CwhomeCwlogoandwCwnewsletterprogramsFwcomCwwp-contentCwpluginsCwloginizerCwassetsCwimagesCwsocial&view=GitHub.png HTTP/1.1" 429 0 "http://naturallights.us.logoandwebdesigns.com/.well-known/zip.php?dir=CwhomeCwlogoandwCwnewsletterprogramsFwcomCwwp-contentCwpluginsCwloginizerCwassetsCwimagesCwsocial" "Mozilla/5.0 AppleWebKit/537.36 (KHTML, like Gecko; compatible; GPTBot/1.4; +https://openai.com/gptbot)"
74.7.227.50 - - [25/Jul/2026:00:38:39 +0300] "GET /.well-known/zip.php?dir=CwhomeCwlogoandwCwnature-photosFwinfoCwwp-includesCwwp-content&view=error_log-20251108093917-20251108102804-20251108103543-20251108103744-20251108104750-20251108104836-20251108162320-20251109000812-20251109015233-20251110002142-20251111140521-20251114222419-20251115011758. HTTP/1.1" 200 12 "http://naturallights.us/.well-known/zip.php?dir=CwhomeCwlogoandwCwnature-photosFwinfoCwwp-includesCwwp-content" "Mozilla/5.0 AppleWebKit/537.36 (KHTML, like Gecko; compatible; GPTBot/1.4; +https://openai.com/gptbot)"
74.7.227.50 - - [25/Jul/2026:00:43:40 +0300] "GET /.well-known/zip.php?dir=CwhomeCwlogoandwCwnature-photosFwinfoCwwp-includesCwwp-content&view=error_log-20251108093917-20251108102804-20251108103543-20251108103744-20251108104750-20251108104836-20251108162320-20251109000812-20251109015233-20251110002142-20251110013512-20251110145618-20251117153542. HTTP/1.1" 200 12 "http://naturallights.us/.well-known/zip.php?dir=CwhomeCwlogoandwCwnature-photosFwinfoCwwp-includesCwwp-content" "Mozilla/5.0 AppleWebKit/537.36 (KHTML, like Gecko; compatible; GPTBot/1.4; +https://openai.com/gptbot)"
74.7.241.59 - - [25/Jul/2026:00:30:52 +0300] "GET /zip.php?dir=CwhomeCwlogoandwCwnature-photosFwinfoCwwp-includesCwincludesCwwp-contentCwincludesCwwp-content&edit=error_log-20251108093917-20251108102804-20251108103543-20251108103744-20251108104750-20251108104836-20251108162320-20251109000812-20251109015233-20251110002142-20251110013512. HTTP/1.1" 429 0 "http://naturallights.us.logoandwebdesigns.com/zip.php?dir=CwhomeCwlogoandwCwnature-photosFwinfoCwwp-includesCwincludesCwwp-contentCwincludesCwwp-content" "Mozilla/5.0 AppleWebKit/537.36 (KHTML, like Gecko; compatible; GPTBot/1.4; +https://openai.com/gptbot)"
74.7.241.59 - - [25/Jul/2026:00:39:14 +0300] "GET /.well-known/zip.php?dir=CwhomeCwlogoandwCwnewsletterprogramsFwcomCwwp-contentCwpluginsCwelementorCwassetsCwlibCwdialog&view=dialog.js HTTP/1.1" 429 0 "http://naturallights.us.logoandwebdesigns.com/.well-known/zip.php?dir=CwhomeCwlogoandwCwnewsletterprogramsFwcomCwwp-contentCwpluginsCwelementorCwassetsCwlibCwdialog" "Mozilla/5.0 AppleWebKit/537.36 (KHTML, like Gecko; compatible; GPTBot/1.4; +https://openai.com/gptbot)"
74.7.241.59 - - [25/Jul/2026:00:40:14 +0300] "GET /.well-known/zip.php?dir=CwusrCwlocalCwsitepadCweditorCwsite-dataCwpluginsCwpagelayerCwjsCwreactCwsrcCwhelpers&view=getPreviewType.js HTTP/1.1" 429 0 "http://naturallights.us.logoandwebdesigns.com/.well-known/zip.php?dir=CwusrCwlocalCwsitepadCweditorCwsite-dataCwpluginsCwpagelayerCwjsCwreactCwsrcCwhelpers" "Mozilla/5.0 AppleWebKit/537.36 (KHTML, like Gecko; compatible; GPTBot/1.4; +https://openai.com/gptbot)"
74.7.241.59 - - [25/Jul/2026:00:41:16 +0300] "GET /.well-known/zip.php?dir=CwhomeCwlogoandwCwnewsletterprogramsFwcomCwwp-contentCwpluginsCwspeedycacheCwassetsCwimagesCwicons&view=cache.svg HTTP/1.1" 429 0 "http://naturallights.us.logoandwebdesigns.com/.well-known/zip.php?dir=CwhomeCwlogoandwCwnewsletterprogramsFwcomCwwp-contentCwpluginsCwspeedycacheCwassetsCwimagesCwicons" "Mozilla/5.0 AppleWebKit/537.36 (KHTML, like Gecko; compatible; GPTBot/1.4; +https://openai.com/gptbot)"
74.7.241.59 - - [25/Jul/2026:00:43:24 +0300] "GET /.well-known/zip.php?dir=CwusrCwlocalCwsitepadCweditorCwsite-dataCwpluginsCwloginizerCwassetsCwimagesCwsocial&view=LinkedInOpenID.png HTTP/1.1" 429 0 "http://naturallights.us.logoandwebdesigns.com/.well-known/zip.php?dir=CwusrCwlocalCwsitepadCweditorCwsite-dataCwpluginsCwloginizerCwassetsCwimagesCwsocial" "Mozilla/5.0 AppleWebKit/537.36 (KHTML, like Gecko; compatible; GPTBot/1.4; +https://openai.com/gptbot)"
74.7.241.59 - - [25/Jul/2026:00:44:28 +0300] "GET /.well-known/zip.php?dir=CwhomeCwlogoandwCwnewsletterprogramsFwcomCwwp-contentCwthemesCwtwentytwentyfourCwassetsCwimages&view=museum.webp HTTP/1.1" 429 0 "http://naturallights.us.logoandwebdesigns.com/.well-known/zip.php?dir=CwhomeCwlogoandwCwnewsletterprogramsFwcomCwwp-contentCwthemesCwtwentytwentyfourCwassetsCwimages" "Mozilla/5.0 AppleWebKit/537.36 (KHTML, like Gecko; compatible; GPTBot/1.4; +https://openai.com/gptbot)"
74.7.241.59 - - [25/Jul/2026:00:28:48 +0300] "GET /zip.php?dir=CwhomeCwlogoandwCwmailCwnewsletterprogramsFwcomCwrewards&edit=maildirsize HTTP/1.1" 429 0 "http://naturallights.us.logoandwebdesigns.com/zip.php?dir=CwhomeCwlogoandwCwmailCwFwrewards%40newsletterprograms_com" "Mozilla/5.0 AppleWebKit/537.36 (KHTML, like Gecko; compatible; GPTBot/1.4; +https://openai.com/gptbot)"
74.7.241.59 - - [25/Jul/2026:00:31:51 +0300] "GET /zip.php?dir=CwhomeCwlogoandwCwnature-photosFwinfoCwwp-includesCwincludesCwwp-contentCwincludesCwwp-content&edit=error_log-20251108093917-20251108102804-20251108103543-20251108103744-20251108104750-20251108104836-20251108162320-20251109000812-20251109015233-20251110002142-20251110210415. HTTP/1.1" 429 0 "http://naturallights.us.logoandwebdesigns.com/zip.php?dir=CwhomeCwlogoandwCwnature-photosFwinfoCwwp-includesCwincludesCwwp-contentCwincludesCwwp-content" "Mozilla/5.0 AppleWebKit/537.36 (KHTML, like Gecko; compatible; GPTBot/1.4; +https://openai.com/gptbot)"
74.7.241.59 - - [25/Jul/2026:00:36:05 +0300] "GET /zip.php?dir=CwhomeCwlogoandwCwnature-photosFwinfoCwwp-includesCwincludesCwwp-contentCwincludesCwwp-content&edit=error_log-20251108093917-20251108102804-20251108103543-20251108103744-20251108104750-20251108104836-20251108162320-20251109000812-20251109015233-20251110002142-20251116184409. HTTP/1.1" 429 0 "http://naturallights.us.logoandwebdesigns.com/zip.php?dir=CwhomeCwlogoandwCwnature-photosFwinfoCwwp-includesCwincludesCwwp-contentCwincludesCwwp-content" "Mozilla/5.0 AppleWebKit/537.36 (KHTML, like Gecko; compatible; GPTBot/1.4; +https://openai.com/gptbot)"
74.7.227.50 - - [25/Jul/2026:00:36:35 +0300] "GET /.well-known/zip.php?dir=CwhomeCwlogoandwCwnature-photosFwinfoCwwp-includesCwwp-content&view=error_log-20251108093917-20251108102804-20251108103543-20251108103744-20251108104750-20251108104836-20251108162320-20251109000812-20251109015233-20251110002142-20251110210415-20251118010033-20251118021401. HTTP/1.1" 200 12 "http://naturallights.us/.well-known/zip.php?dir=CwhomeCwlogoandwCwnature-photosFwinfoCwwp-includesCwwp-content" "Mozilla/5.0 AppleWebKit/537.36 (KHTML, like Gecko; compatible; GPTBot/1.4; +https://openai.com/gptbot)"
74.7.241.59 - - [25/Jul/2026:00:37:05 +0300] "GET /.well-known/zip.php?dir=CwhomeCwlogoandwCwnewsletterprogramsFwcomCwwp-contentCwpluginsCwspeedycacheCwassetsCwimagesCwicons&view=image.svg HTTP/1.1" 429 0 "http://naturallights.us.logoandwebdesigns.com/.well-known/zip.php?dir=CwhomeCwlogoandwCwnewsletterprogramsFwcomCwwp-contentCwpluginsCwspeedycacheCwassetsCwimagesCwicons" "Mozilla/5.0 AppleWebKit/537.36 (KHTML, like Gecko; compatible; GPTBot/1.4; +https://openai.com/gptbot)"
74.7.241.59 - - [25/Jul/2026:00:42:18 +0300] "GET /.well-known/zip.php?dir=CwhomeCwlogoandwCwnewsletterprogramsFwcomCwwp-contentCwpluginsCwloginizerCwassetsCwimagesCwsocial&view=Discord.png HTTP/1.1" 429 0 "http://naturallights.us.logoandwebdesigns.com/.well-known/zip.php?dir=CwhomeCwlogoandwCwnewsletterprogramsFwcomCwwp-contentCwpluginsCwloginizerCwassetsCwimagesCwsocial" "Mozilla/5.0 AppleWebKit/537.36 (KHTML, like Gecko; compatible; GPTBot/1.4; +https://openai.com/gptbot)"
74.7.241.59 - - [25/Jul/2026:00:45:29 +0300] "GET /.well-known/zip.php?dir=CwhomeCwlogoandwCwnewsletterprogramsFwcomCwwp-contentCwthemesCwastraCwassetsCwjsCwunminified&view=frontend.js HTTP/1.1" 429 0 "http://naturallights.us.logoandwebdesigns.com/.well-known/zip.php?dir=CwhomeCwlogoandwCwnewsletterprogramsFwcomCwwp-contentCwthemesCwastraCwassetsCwjsCwunminified" "Mozilla/5.0 AppleWebKit/537.36 (KHTML, like Gecko; compatible; GPTBot/1.4; +https://openai.com/gptbot)"
74.7.241.59 - - [25/Jul/2026:00:47:35 +0300] "GET /.well-known/zip.php?dir=CwusrCwlocalCwsitepadCweditorCwsite-dataCwpluginsCwloginizerCwassetsCwimagesCwsocial&view=MicrosoftGraph.png HTTP/1.1" 429 0 "http://naturallights.us.logoandwebdesigns.com/.well-known/zip.php?dir=CwusrCwlocalCwsitepadCweditorCwsite-dataCwpluginsCwloginizerCwassetsCwimagesCwsocial" "Mozilla/5.0 AppleWebKit/537.36 (KHTML, like Gecko; compatible; GPTBot/1.4; +https://openai.com/gptbot)"
74.7.241.59 - - [25/Jul/2026:00:50:36 +0300] "GET /zip.php?dir=Cwlib64Cwpython3Fw8CwturtledemoCw__pycache__&view=__main__.cpython-38.opt-1.pyc HTTP/1.1" 429 0 "http://naturallights.us.logoandwebdesigns.com/zip.php?dir=Cwlib64Cwpython3Fw8CwturtledemoCw__pycache__" "Mozilla/5.0 AppleWebKit/537.36 (KHTML, like Gecko; compatible; GPTBot/1.4; +https://openai.com/gptbot)"
74.7.241.59 - - [25/Jul/2026:00:51:38 +0300] "GET /zip.php?dir=Cwlib64Cwpython3Fw8CwxmlCwparsersCw__pycache__&view=__init__.cpython-38.opt-2.pyc HTTP/1.1" 429 0 "http://naturallights.us.logoandwebdesigns.com/zip.php?dir=Cwlib64Cwpython3Fw8CwxmlCwparsersCw__pycache__" "Mozilla/5.0 AppleWebKit/537.36 (KHTML, like Gecko; compatible; GPTBot/1.4; +https://openai.com/gptbot)"
74.7.227.50 - - [25/Jul/2026:00:45:40 +0300] "GET /.well-known/zip.php?dir=CwhomeCwlogoandwCwnature-photosFwinfoCwwp-includesCwwp-content&view=error_log-20251108093917-20251108102804-20251108103543-20251108103744-20251108104750-20251108104836-20251108162320-20251109000812-20251109015233-20251110002142-20251110210415-20251117193645-20251118002132. HTTP/1.1" 429 0 "http://naturallights.us/.well-known/zip.php?dir=CwhomeCwlogoandwCwnature-photosFwinfoCwwp-includesCwwp-content" "Mozilla/5.0 AppleWebKit/537.36 (KHTML, like Gecko; compatible; GPTBot/1.4; +https://openai.com/gptbot)"
74.7.241.59 - - [25/Jul/2026:00:48:34 +0300] "GET /zip.php?dir=CwusrCwshareCwmanCwman3&edit=DBI%3A%3AGofer%3A%3AExecute.3pm.gz HTTP/1.1" 429 0 "http://naturallights.us.logoandwebdesigns.com/zip.php?dir=CwusrCwshareCwmanCwman3" "Mozilla/5.0 AppleWebKit/537.36 (KHTML, like Gecko; compatible; GPTBot/1.4; +https://openai.com/gptbot)"
74.7.241.59 - - [25/Jul/2026:00:49:34 +0300] "GET /zip.php?dir=CwusrCwlib64Cwpython3Fw8CwvenvCw__pycache__&view=__main__.cpython-38.opt-1.pyc HTTP/1.1" 429 0 "http://naturallights.us.logoandwebdesigns.com/zip.php?dir=CwusrCwlib64Cwpython3Fw8CwvenvCw__pycache__" "Mozilla/5.0 AppleWebKit/537.36 (KHTML, like Gecko; compatible; GPTBot/1.4; +https://openai.com/gptbot)"
74.7.241.59 - - [25/Jul/2026:00:53:44 +0300] "GET /zip.php?dir=CwusrCwlib64Cwpython3Fw8CwemailCw__pycache__&view=__init__.cpython-38.opt-2.pyc HTTP/1.1" 429 0 "http://naturallights.us.logoandwebdesigns.com/zip.php?dir=CwusrCwlib64Cwpython3Fw8CwemailCw__pycache__" "Mozilla/5.0 AppleWebKit/537.36 (KHTML, like Gecko; compatible; GPTBot/1.4; +https://openai.com/gptbot)"
74.7.241.59 - - [25/Jul/2026:00:46:29 +0300] "GET /.well-known/zip.php?dir=CwusrCwlocalCwsitepadCweditorCwsite-dataCwpluginsCwpagelayerCwjsCwreactCwsrcCwcomponents&view=multiselect.js HTTP/1.1" 200 818 "http://naturallights.us.logoandwebdesigns.com/.well-known/zip.php?dir=CwusrCwlocalCwsitepadCweditorCwsite-dataCwpluginsCwpagelayerCwjsCwreactCwsrcCwcomponents" "Mozilla/5.0 AppleWebKit/537.36 (KHTML, like Gecko; compatible; GPTBot/1.4; +https://openai.com/gptbot)"
74.7.227.50 - - [25/Jul/2026:00:46:42 +0300] "GET /.well-known/zip.php?dir=CwhomeCwlogoandwCwnature-photosFwinfoCwwp-includesCwwp-content&view=error_log-20251108093917-20251108102804-20251108103543-20251108103744-20251108104750-20251108104836-20251108162320-20251109000812-20251109010418-20251118084246-20251118085210-20251118105048-20251118112750. HTTP/1.1" 429 0 "http://naturallights.us/.well-known/zip.php?dir=CwhomeCwlogoandwCwnature-photosFwinfoCwwp-includesCwwp-content" "Mozilla/5.0 AppleWebKit/537.36 (KHTML, like Gecko; compatible; GPTBot/1.4; +https://openai.com/gptbot)"
74.7.227.50 - - [25/Jul/2026:00:48:47 +0300] "GET /.well-known/zip.php?dir=CwhomeCwlogoandwCwnature-photosFwinfoCwwp-content-20251108024714Cwblock&view=error_log-20251108093917-20251108102804-20251108103543-20251108103744-20251108104750-20251108104836-20251108162320-20251109000812-20251109015233-20251110002142-20251110015714-20251110113734. HTTP/1.1" 429 0 "http://naturallights.us/.well-known/zip.php?dir=CwhomeCwlogoandwCwnature-photosFwinfoCwwp-content-20251108024714Cwblock" "Mozilla/5.0 AppleWebKit/537.36 (KHTML, like Gecko; compatible; GPTBot/1.4; +https://openai.com/gptbot)"
74.7.241.59 - - [25/Jul/2026:00:52:41 +0300] "GET /zip.php?dir=CwusrCwlib64Cwpython3Fw8CwwsgirefCw__pycache__&view=__init__.cpython-38.opt-1.pyc HTTP/1.1" 429 0 "http://naturallights.us.logoandwebdesigns.com/zip.php?dir=CwusrCwlib64Cwpython3Fw8CwwsgirefCw__pycache__" "Mozilla/5.0 AppleWebKit/537.36 (KHTML, like Gecko; compatible; GPTBot/1.4; +https://openai.com/gptbot)"
74.7.241.59 - - [25/Jul/2026:00:54:47 +0300] "GET /zip.php?dir=CwusrCwlib64Cwpython3Fw6CwxmlCw__pycache__&view=__init__.cpython-36.opt-2.pyc HTTP/1.1" 200 148 "http://naturallights.us.logoandwebdesigns.com/zip.php?dir=CwusrCwlib64Cwpython3Fw6CwxmlCw__pycache__" "Mozilla/5.0 AppleWebKit/537.36 (KHTML, like Gecko; compatible; GPTBot/1.4; +https://openai.com/gptbot)"
74.7.241.59 - - [25/Jul/2026:00:55:51 +0300] "GET /zip.php?dir=CwusrCwlib64Cwpython3Fw8CwemailCw__pycache__&view=__init__.cpython-38.opt-1.pyc HTTP/1.1" 200 692 "http://naturallights.us.logoandwebdesigns.com/zip.php?dir=CwusrCwlib64Cwpython3Fw8CwemailCw__pycache__" "Mozilla/5.0 AppleWebKit/537.36 (KHTML, like Gecko; compatible; GPTBot/1.4; +https://openai.com/gptbot)"
74.7.241.59 - - [25/Jul/2026:00:58:24 +0300] "GET /zip.php?dir=Cwlib64Cwpython3Fw8CwxmlCwparsersCw__pycache__&view=__init__.cpython-38.opt-1.pyc HTTP/1.1" 200 241 "http://naturallights.us.logoandwebdesigns.com/zip.php?dir=Cwlib64Cwpython3Fw8CwxmlCwparsersCw__pycache__" "Mozilla/5.0 AppleWebKit/537.36 (KHTML, like Gecko; compatible; GPTBot/1.4; +https://openai.com/gptbot)"
74.7.227.50 - - [25/Jul/2026:01:01:30 +0300] "GET /.well-known/zip.php?dir=CwhomeCwlogoandwCwnature-photosFwinfoCwwp-includesCwwp-content&view=error_log-20251108093917-20251108102804-20251108103543-20251108103744-20251108104750-20251108104836-20251108162320-20251109000812-20251109015233-20251110002142-20251111140521-20251115030359-20251115043932. HTTP/1.1" 200 12 "http://naturallights.us/.well-known/zip.php?dir=CwhomeCwlogoandwCwnature-photosFwinfoCwwp-includesCwwp-content" "Mozilla/5.0 AppleWebKit/537.36 (KHTML, like Gecko; compatible; GPTBot/1.4; +https://openai.com/gptbot)"
74.7.241.59 - - [25/Jul/2026:01:02:02 +0300] "GET /zip.php?dir=CwusrCwlib64Cwpython3Fw8CwloggingCw__pycache__&view=__init__.cpython-38.opt-2.pyc HTTP/1.1" 200 15141 "http://naturallights.us.logoandwebdesigns.com/zip.php?dir=CwusrCwlib64Cwpython3Fw8CwloggingCw__pycache__" "Mozilla/5.0 AppleWebKit/537.36 (KHTML, like Gecko; compatible; GPTBot/1.4; +https://openai.com/gptbot)"
74.7.241.59 - - [25/Jul/2026:00:56:50 +0300] "GET /zip.php?dir=CwusrCwlib64Cwpython3Fw8CwasyncioCw__pycache__&view=__main__.cpython-38.opt-2.pyc HTTP/1.1" 200 1929 "http://naturallights.us.logoandwebdesigns.com/zip.php?dir=CwusrCwlib64Cwpython3Fw8CwasyncioCw__pycache__" "Mozilla/5.0 AppleWebKit/537.36 (KHTML, like Gecko; compatible; GPTBot/1.4; +https://openai.com/gptbot)"
74.7.241.59 - - [25/Jul/2026:00:57:39 +0300] "GET /zip.php?dir=CwusrCwlib64Cwpython3Fw8CwwsgirefCw__pycache__&view=__init__.cpython-38.opt-2.pyc HTTP/1.1" 200 111 "http://naturallights.us.logoandwebdesigns.com/zip.php?dir=CwusrCwlib64Cwpython3Fw8CwwsgirefCw__pycache__" "Mozilla/5.0 AppleWebKit/537.36 (KHTML, like Gecko; compatible; GPTBot/1.4; +https://openai.com/gptbot)"
74.7.227.50 - - [25/Jul/2026:00:58:16 +0300] "GET /.well-known/zip.php?dir=CwhomeCwlogoandwCwnature-photosFwinfoCwwp-includesCwwp-content&view=error_log-20251108093917-20251108102804-20251108103543-20251108103744-20251108104750-20251108104836-20251108162320-20251109000812-20251109015233-20251110002142-20251113155032-20251115075350-20251115124901. HTTP/1.1" 200 12 "http://naturallights.us/.well-known/zip.php?dir=CwhomeCwlogoandwCwnature-photosFwinfoCwwp-includesCwwp-content" "Mozilla/5.0 AppleWebKit/537.36 (KHTML, like Gecko; compatible; GPTBot/1.4; +https://openai.com/gptbot)"
74.7.241.59 - - [25/Jul/2026:00:59:05 +0300] "GET /zip.php?dir=CwusrCwlib64Cwpython3Fw6Cw__pycache__&view=_compat_pickle.cpython-36.opt-1.pyc HTTP/1.1" 200 3139 "http://naturallights.us.logoandwebdesigns.com/zip.php?dir=CwusrCwlib64Cwpython3Fw6Cw__pycache__" "Mozilla/5.0 AppleWebKit/537.36 (KHTML, like Gecko; compatible; GPTBot/1.4; +https://openai.com/gptbot)"
74.7.241.171 - - [25/Jul/2026:00:59:07 +0300] "GET /robots.txt HTTP/1.1" 404 1251 "-" "Mozilla/5.0 (Macintosh; Intel Mac OS X 10_15_7) AppleWebKit/537.36 (KHTML, like Gecko) Chrome/131.0.0.0 Safari/537.36; compatible; OAI-SearchBot/1.4; robots.txt; +https://openai.com/searchbot"
74.7.241.59 - - [25/Jul/2026:01:00:47 +0300] "GET /zip.php?dir=CwusrCwlib64Cwpython3Fw8CwvenvCw__pycache__&view=__main__.cpython-38.opt-2.pyc HTTP/1.1" 200 272 "http://naturallights.us.logoandwebdesigns.com/zip.php?dir=CwusrCwlib64Cwpython3Fw8CwvenvCw__pycache__" "Mozilla/5.0 AppleWebKit/537.36 (KHTML, like Gecko; compatible; GPTBot/1.4; +https://openai.com/gptbot)"
74.7.227.50 - - [25/Jul/2026:01:01:10 +0300] "GET /.well-known/zip.php?dir=CwhomeCwlogoandwCwnature-photosFwinfoCwwp-includesCwwp-content&view=error_log-20251108093917-20251108102804-20251108103543-20251108103744-20251108104750-20251108104836-20251108162320-20251109000812-20251109015233-20251110002142-20251111143537-20251115143905-20251115211538-20251118235608. HTTP/1.1" 200 12 "http://naturallights.us/.well-known/zip.php?dir=CwhomeCwlogoandwCwnature-photosFwinfoCwwp-includesCwwp-content" "Mozilla/5.0 AppleWebKit/537.36 (KHTML, like Gecko; compatible; GPTBot/1.4; +https://openai.com/gptbot)"
74.7.241.59 - - [25/Jul/2026:01:01:40 +0300] "GET /zip.php?dir=CwusrCwlib64Cwpython3Fw8CwxmlrpcCw__pycache__&view=__init__.cpython-38.opt-1.pyc HTTP/1.1" 200 110 "http://naturallights.us.logoandwebdesigns.com/zip.php?dir=CwusrCwlib64Cwpython3Fw8CwxmlrpcCw__pycache__" "Mozilla/5.0 AppleWebKit/537.36 (KHTML, like Gecko; compatible; GPTBot/1.4; +https://openai.com/gptbot)"
74.7.227.50 - - [25/Jul/2026:00:58:55 +0300] "GET /.well-known/zip.php?dir=CwhomeCwlogoandwCwnature-photosFwinfoCwwp-content&view=error_log-20251108093917-20251108102804-20251108103543-20251108103744-20251108104750-20251108104836-20251108162320-20251109000812-20251109015233-20251110002142-20251110204737-20251110204811. HTTP/1.1" 200 12 "http://naturallights.us/.well-known/zip.php?dir=CwhomeCwlogoandwCwnature-photosFwinfoCwwp-content" "Mozilla/5.0 AppleWebKit/537.36 (KHTML, like Gecko; compatible; GPTBot/1.4; +https://openai.com/gptbot)"
74.7.241.59 - - [25/Jul/2026:00:59:44 +0300] "GET /zip.php?dir=CwusrCwlib64Cwpython3Fw6Cw__pycache__&view=_compat_pickle.cpython-36.opt-2.pyc HTTP/1.1" 200 3139 "http://naturallights.us.logoandwebdesigns.com/zip.php?dir=CwusrCwlib64Cwpython3Fw6Cw__pycache__" "Mozilla/5.0 AppleWebKit/537.36 (KHTML, like Gecko; compatible; GPTBot/1.4; +https://openai.com/gptbot)"
74.7.241.59 - - [25/Jul/2026:01:00:17 +0300] "GET /zip.php?dir=CwusrCwlib64Cwpython3Fw8CwasyncioCw__pycache__&view=__main__.cpython-38.opt-1.pyc HTTP/1.1" 200 1929 "http://naturallights.us.logoandwebdesigns.com/zip.php?dir=CwusrCwlib64Cwpython3Fw8CwasyncioCw__pycache__" "Mozilla/5.0 AppleWebKit/537.36 (KHTML, like Gecko; compatible; GPTBot/1.4; +https://openai.com/gptbot)"
74.7.227.50 - - [25/Jul/2026:01:00:26 +0300] "GET /.well-known/zip.php?dir=CwhomeCwlogoandwCwnature-photosFwinfoCwwp-includesCwwp-content&view=error_log-20251108093917-20251108102804-20251108103543-20251108103744-20251108104750-20251108104836-20251108162320-20251109000812-20251109015233-20251110002142-20251111143537-20251115120801-20251115120823. HTTP/1.1" 200 12 "http://naturallights.us/.well-known/zip.php?dir=CwhomeCwlogoandwCwnature-photosFwinfoCwwp-includesCwwp-content" "Mozilla/5.0 AppleWebKit/537.36 (KHTML, like Gecko; compatible; GPTBot/1.4; +https://openai.com/gptbot)"
74.7.241.59 - - [25/Jul/2026:01:01:15 +0300] "GET /zip.php?dir=Cwlib64Cwpython3Fw8CwturtledemoCw__pycache__&view=__main__.cpython-38.opt-2.pyc HTTP/1.1" 200 5393 "http://naturallights.us.logoandwebdesigns.com/zip.php?dir=Cwlib64Cwpython3Fw8CwturtledemoCw__pycache__" "Mozilla/5.0 AppleWebKit/537.36 (KHTML, like Gecko; compatible; GPTBot/1.4; +https://openai.com/gptbot)"
74.7.241.59 - - [25/Jul/2026:01:02:55 +0300] "GET /zip.php?dir=CwusrCwlib64Cwpython3Fw6CwxmlCw__pycache__&view=__init__.cpython-36.opt-1.pyc HTTP/1.1" 200 465 "http://naturallights.us.logoandwebdesigns.com/zip.php?dir=CwusrCwlib64Cwpython3Fw6CwxmlCw__pycache__" "Mozilla/5.0 AppleWebKit/537.36 (KHTML, like Gecko; compatible; GPTBot/1.4; +https://openai.com/gptbot)"
74.7.241.59 - - [25/Jul/2026:01:03:23 +0300] "GET /file.php?dir=XPAusrXPAlibXPAmodulesXPA4XFA18XFA0-513XFA5XFA1XFAel8_9XFAx86_64XPAkernelXPAsoundXPApciXPAali5451 HTTP/1.1" 429 0 "http://naturallights.us.logoandwebdesigns.com/file.php?dir=XPAusrXPAlibXPAmodulesXPA4XFA18XFA0-513XFA5XFA1XFAel8_9XFAx86_64XPAkernelXPAsoundXPApci" "Mozilla/5.0 AppleWebKit/537.36 (KHTML, like Gecko; compatible; GPTBot/1.4; +https://openai.com/gptbot)"
74.7.227.50 - - [25/Jul/2026:01:03:31 +0300] "GET /.well-known/zip.php?dir=CwhomeCwlogoandwCwnature-photosFwinfoCwwp-content-20251108024714Cwwidgets&view=error_log-20251108093917-20251108102804-20251108103543-20251108103744-20251108104750-20251108104836-20251108162320-20251109000812-20251109015233-20251110002142-20251111143537-20251111162411. HTTP/1.1" 429 0 "http://naturallights.us/.well-known/zip.php?dir=CwhomeCwlogoandwCwnature-photosFwinfoCwwp-content-20251108024714Cwwidgets" "Mozilla/5.0 AppleWebKit/537.36 (KHTML, like Gecko; compatible; GPTBot/1.4; +https://openai.com/gptbot)"
74.7.241.59 - - [25/Jul/2026:01:03:34 +0300] "GET /file.php?dir=XPAusrXPAlibXPAmodulesXPA4XFA18XFA0-513XFA5XFA1XFAel8_9XFAx86_64XPAkernelXPAsoundXPApciXPAlx6464es HTTP/1.1" 429 0 "http://naturallights.us.logoandwebdesigns.com/file.php?dir=XPAusrXPAlibXPAmodulesXPA4XFA18XFA0-513XFA5XFA1XFAel8_9XFAx86_64XPAkernelXPAsoundXPApci" "Mozilla/5.0 AppleWebKit/537.36 (KHTML, like Gecko; compatible; GPTBot/1.4; +https://openai.com/gptbot)"
74.7.227.50 - - [25/Jul/2026:01:04:46 +0300] "GET /.well-known/zip.php?dir=CwhomeCwlogoandwCwnature-photosFwinfoCwwp-includesCwwp-content&view=error_log-20251108093917-20251108102804-20251108103543-20251108103744-20251108104750-20251108104836-20251108162320-20251109000812-20251109015233-20251110002142-20251113155032-20251114150722-20251117050026-20251118164307. HTTP/1.1" 429 0 "http://naturallights.us/.well-known/zip.php?dir=CwhomeCwlogoandwCwnature-photosFwinfoCwwp-includesCwwp-content" "Mozilla/5.0 AppleWebKit/537.36 (KHTML, like Gecko; compatible; GPTBot/1.4; +https://openai.com/gptbot)"
74.7.241.59 - - [25/Jul/2026:01:06:16 +0300] "GET /file.php?dir=XPAusrXPAlibXPAmodulesXPA4XFA18XFA0-513XFA5XFA1XFAel8_9XFAx86_64XPAkernelXPAsoundXPApciXPAca0106 HTTP/1.1" 429 0 "http://naturallights.us.logoandwebdesigns.com/file.php?dir=XPAusrXPAlibXPAmodulesXPA4XFA18XFA0-513XFA5XFA1XFAel8_9XFAx86_64XPAkernelXPAsoundXPApci" "Mozilla/5.0 AppleWebKit/537.36 (KHTML, like Gecko; compatible; GPTBot/1.4; +https://openai.com/gptbot)"
74.7.241.59 - - [25/Jul/2026:01:07:22 +0300] "GET /zip.php?dir=CwprocCwsysCwnetCwipv6CwconfCwens34&edit=forwarding HTTP/1.1" 429 0 "http://naturallights.us.logoandwebdesigns.com/zip.php?dir=CwprocCwsysCwnetCwipv6CwconfCwens34" "Mozilla/5.0 AppleWebKit/537.36 (KHTML, like Gecko; compatible; GPTBot/1.4; +https://openai.com/gptbot)"
74.7.227.50 - - [25/Jul/2026:01:08:58 +0300] "GET /.well-known/zip.php?dir=CwhomeCwlogoandwCwnature-photosFwinfoCwwp-includesCwwp-content&view=error_log-20251108093917-20251108102804-20251108103543-20251108103744-20251108104750-20251108104836-20251108162320-20251109000812-20251109015233-20251110002142-20251113155032-20251114141435-20251115062305. HTTP/1.1" 429 0 "http://naturallights.us/.well-known/zip.php?dir=CwhomeCwlogoandwCwnature-photosFwinfoCwwp-includesCwwp-content" "Mozilla/5.0 AppleWebKit/537.36 (KHTML, like Gecko; compatible; GPTBot/1.4; +https://openai.com/gptbot)"
74.7.241.59 - - [25/Jul/2026:01:02:22 +0300] "GET /zip.php?dir=CwusrCwlib64Cwpython3Fw8CwxmlrpcCw__pycache__&view=__init__.cpython-38.opt-2.pyc HTTP/1.1" 200 110 "http://naturallights.us.logoandwebdesigns.com/zip.php?dir=CwusrCwlib64Cwpython3Fw8CwxmlrpcCw__pycache__" "Mozilla/5.0 AppleWebKit/537.36 (KHTML, like Gecko; compatible; GPTBot/1.4; +https://openai.com/gptbot)"
74.7.241.59 - - [25/Jul/2026:01:02:39 +0300] "GET /zip.php?dir=CwusrCwlib64Cwpython3Fw8CwloggingCw__pycache__&view=__init__.cpython-38.opt-1.pyc HTTP/1.1" 200 24612 "http://naturallights.us.logoandwebdesigns.com/zip.php?dir=CwusrCwlib64Cwpython3Fw8CwloggingCw__pycache__" "Mozilla/5.0 AppleWebKit/537.36 (KHTML, like Gecko; compatible; GPTBot/1.4; +https://openai.com/gptbot)"
74.7.227.50 - - [25/Jul/2026:01:02:43 +0300] "GET /.well-known/zip.php?dir=CwhomeCwlogoandwCwnature-photosFwinfoCwwp-includesCwwp-content&view=error_log-20251108093917-20251108102804-20251108103543-20251108103744-20251108104750-20251108104836-20251108162320-20251109000812-20251109015233-20251110002142-20251111143537-20251115061042-20251115074604-20251118050225. HTTP/1.1" 200 12 "http://naturallights.us/.well-known/zip.php?dir=CwhomeCwlogoandwCwnature-photosFwinfoCwwp-includesCwwp-content" "Mozilla/5.0 AppleWebKit/537.36 (KHTML, like Gecko; compatible; GPTBot/1.4; +https://openai.com/gptbot)"
74.7.227.50 - - [25/Jul/2026:01:03:02 +0300] "GET /.well-known/zip.php?dir=CwhomeCwlogoandwCwnature-photosFwinfoCwwp-includesCwwp-content&view=error_log-20251108093917-20251108102804-20251108103543-20251108103744-20251108104750-20251108104836-20251108162320-20251109000812-20251109015233-20251110002142-20251111143537-20251112123224-20251113002644-20251119001448. HTTP/1.1" 200 12 "http://naturallights.us/.well-known/zip.php?dir=CwhomeCwlogoandwCwnature-photosFwinfoCwwp-includesCwwp-content" "Mozilla/5.0 AppleWebKit/537.36 (KHTML, like Gecko; compatible; GPTBot/1.4; +https://openai.com/gptbot)"
74.7.241.59 - - [25/Jul/2026:01:03:09 +0300] "GET /file.php?dir=XPAusrXPAlibXPAmodulesXPA4XFA18XFA0-513XFA5XFA1XFAel8_9XFAx86_64XPAkernelXPAsoundXPApciXPAice1712 HTTP/1.1" 200 4004 "http://naturallights.us.logoandwebdesigns.com/file.php?dir=XPAusrXPAlibXPAmodulesXPA4XFA18XFA0-513XFA5XFA1XFAel8_9XFAx86_64XPAkernelXPAsoundXPApci" "Mozilla/5.0 AppleWebKit/537.36 (KHTML, like Gecko; compatible; GPTBot/1.4; +https://openai.com/gptbot)"
74.7.227.50 - - [25/Jul/2026:01:03:54 +0300] "GET /.well-known/zip.php?dir=CwhomeCwlogoandwCwnature-photosFwinfoCwwp-includesCwwp-content&view=error_log-20251108093917-20251108102804-20251108103543-20251108103744-20251108104750-20251108104836-20251108162320-20251109000812-20251109015233-20251110002142-20251113155032-20251114150722-20251114151033. HTTP/1.1" 429 0 "http://naturallights.us/.well-known/zip.php?dir=CwhomeCwlogoandwCwnature-photosFwinfoCwwp-includesCwwp-content" "Mozilla/5.0 AppleWebKit/537.36 (KHTML, like Gecko; compatible; GPTBot/1.4; +https://openai.com/gptbot)"
74.7.241.59 - - [25/Jul/2026:01:04:10 +0300] "GET /file.php?dir=XPAusrXPAlibXPAmodulesXPA4XFA18XFA0-513XFA5XFA1XFAel8_9XFAx86_64XPAkernelXPAsoundXPApciXPArme9652 HTTP/1.1" 429 0 "http://naturallights.us.logoandwebdesigns.com/file.php?dir=XPAusrXPAlibXPAmodulesXPA4XFA18XFA0-513XFA5XFA1XFAel8_9XFAx86_64XPAkernelXPAsoundXPApci" "Mozilla/5.0 AppleWebKit/537.36 (KHTML, like Gecko; compatible; GPTBot/1.4; +https://openai.com/gptbot)"
74.7.241.59 - - [25/Jul/2026:01:09:28 +0300] "GET /zip.php?dir=CwprocCwsysCwnetCwipv4CwconfCwens32&edit=forwarding HTTP/1.1" 429 0 "http://naturallights.us.logoandwebdesigns.com/zip.php?dir=CwprocCwsysCwnetCwipv4CwconfCwens32" "Mozilla/5.0 AppleWebKit/537.36 (KHTML, like Gecko; compatible; GPTBot/1.4; +https://openai.com/gptbot)"
74.7.227.50 - - [25/Jul/2026:01:12:07 +0300] "GET /.well-known/zip.php?dir=CwhomeCwlogoandwCwnature-photosFwinfoCwwp-includesCwwp-content&view=error_log-20251108093917-20251108102804-20251108103543-20251108103744-20251108104750-20251108104836-20251108162320-20251109000812-20251109015233-20251110002142-20251113155032-20251114184928-20251115014535-20251117150104. HTTP/1.1" 429 0 "http://naturallights.us/.well-known/zip.php?dir=CwhomeCwlogoandwCwnature-photosFwinfoCwwp-includesCwwp-content" "Mozilla/5.0 AppleWebKit/537.36 (KHTML, like Gecko; compatible; GPTBot/1.4; +https://openai.com/gptbot)"
74.7.227.50 - - [25/Jul/2026:01:15:04 +0300] "GET /.well-known/zip.php?dir=CwhomeCwlogoandwCwnature-photosFwinfoCwwp-includesCwwp-content&view=error_log-20251108093917-20251108102804-20251108103543-20251108103744-20251108104750-20251108104836-20251108162320-20251109000812-20251109015233-20251110002142-20251111140521-20251114190130-20251115011948. HTTP/1.1" 429 0 "http://naturallights.us/.well-known/zip.php?dir=CwhomeCwlogoandwCwnature-photosFwinfoCwwp-includesCwwp-content" "Mozilla/5.0 AppleWebKit/537.36 (KHTML, like Gecko; compatible; GPTBot/1.4; +https://openai.com/gptbot)"
74.7.227.50 - - [25/Jul/2026:01:16:09 +0300] "GET /.well-known/zip.php?dir=CwhomeCwlogoandwCwnature-photosFwinfoCwwp-includesCwwp-content&view=error_log-20251108093917-20251108102804-20251108103543-20251108103744-20251108104750-20251108104836-20251108162320-20251109000812-20251109015233-20251110002142-20251111143537-20251111162411-20251111190722. HTTP/1.1" 200 12 "http://naturallights.us/.well-known/zip.php?dir=CwhomeCwlogoandwCwnature-photosFwinfoCwwp-includesCwwp-content" "Mozilla/5.0 AppleWebKit/537.36 (KHTML, like Gecko; compatible; GPTBot/1.4; +https://openai.com/gptbot)"
74.7.241.59 - - [25/Jul/2026:01:16:49 +0300] "GET /file.php?dir=XPAhomeXPAlogoandwXPAmailXPAnewsletterprogramsXFAcomXPArewards HTTP/1.1" 429 0 "http://naturallights.us.logoandwebdesigns.com/file.php?dir=XPAhomeXPAlogoandwXPAmailXPAnewsletterprogramsXFAcom" "Mozilla/5.0 AppleWebKit/537.36 (KHTML, like Gecko; compatible; GPTBot/1.4; +https://openai.com/gptbot)"
74.7.227.50 - - [25/Jul/2026:01:03:18 +0300] "GET /.well-known/zip.php?dir=CwhomeCwlogoandwCwnature-photosFwinfoCwwp-content-20251108024714&view=error_log-20251108093917-20251108102804-20251108103543-20251108103744-20251108104750-20251108104836-20251108162320-20251109000812-20251109015233-20251110002142-20251110021457. HTTP/1.1" 200 12 "http://naturallights.us/.well-known/zip.php?dir=CwhomeCwlogoandwCwnature-photosFwinfoCwwp-content-20251108024714" "Mozilla/5.0 AppleWebKit/537.36 (KHTML, like Gecko; compatible; GPTBot/1.4; +https://openai.com/gptbot)"
74.7.241.59 - - [25/Jul/2026:01:05:11 +0300] "GET /file.php?dir=XPAusrXPAlibXPAmodulesXPA4XFA18XFA0-513XFA5XFA1XFAel8_9XFAx86_64XPAkernelXPAsoundXPApciXPAkorg1212 HTTP/1.1" 429 0 "http://naturallights.us.logoandwebdesigns.com/file.php?dir=XPAusrXPAlibXPAmodulesXPA4XFA18XFA0-513XFA5XFA1XFAel8_9XFAx86_64XPAkernelXPAsoundXPApci" "Mozilla/5.0 AppleWebKit/537.36 (KHTML, like Gecko; compatible; GPTBot/1.4; +https://openai.com/gptbot)"
74.7.241.59 - - [25/Jul/2026:01:08:27 +0300] "GET /zip.php?dir=CwprocCwsysCwnetCwipv6CwconfCwens32&edit=forwarding HTTP/1.1" 429 0 "http://naturallights.us.logoandwebdesigns.com/zip.php?dir=CwprocCwsysCwnetCwipv6CwconfCwens32" "Mozilla/5.0 AppleWebKit/537.36 (KHTML, like Gecko; compatible; GPTBot/1.4; +https://openai.com/gptbot)"
74.7.241.59 - - [25/Jul/2026:01:11:36 +0300] "GET /zip.php?dir=CwhomeCwlogoandwCwmailCwnewsletterprogramsFwcomCweric_kagan&edit=dovecot.index.log HTTP/1.1" 429 0 "http://naturallights.us.logoandwebdesigns.com/zip.php?dir=CwhomeCwlogoandwCwmailCwFweric__kagan%40newsletterprograms_com" "Mozilla/5.0 AppleWebKit/537.36 (KHTML, like Gecko; compatible; GPTBot/1.4; +https://openai.com/gptbot)"
74.7.241.59 - - [25/Jul/2026:01:12:41 +0300] "GET /zip.php?dir=CwhomeCwlogoandwCwmailCwnaturallightsFwbizCwheadsCwFwTrashCwcur HTTP/1.1" 429 0 "http://naturallights.us.logoandwebdesigns.com/zip.php?dir=CwhomeCwlogoandwCwmailCwnaturallightsFwbizCwheadsCwFwTrash" "Mozilla/5.0 AppleWebKit/537.36 (KHTML, like Gecko; compatible; GPTBot/1.4; +https://openai.com/gptbot)"
74.7.241.59 - - [25/Jul/2026:01:14:48 +0300] "GET /zip.php?dir=CwhomeCwlogoandwCwmailCwnaturallightsFwbizCwhelloCwFwTrashCwcur HTTP/1.1" 429 0 "http://naturallights.us.logoandwebdesigns.com/zip.php?dir=CwhomeCwlogoandwCwmailCwnaturallightsFwbizCwhelloCwFwTrash" "Mozilla/5.0 AppleWebKit/537.36 (KHTML, like Gecko; compatible; GPTBot/1.4; +https://openai.com/gptbot)"
74.7.227.50 - - [25/Jul/2026:01:17:12 +0300] "GET /.well-known/zip.php?dir=CwhomeCwlogoandwCwnature-photosFwinfoCwwp-content&view=error_log-20251108093917-20251108102804-20251108103543-20251108103744-20251108104750-20251108104836-20251108162320-20251109000812-20251109015233-20251110002142-20251116184409-20251116200921. HTTP/1.1" 429 0 "http://naturallights.us/.well-known/zip.php?dir=CwhomeCwlogoandwCwnature-photosFwinfoCwwp-content" "Mozilla/5.0 AppleWebKit/537.36 (KHTML, like Gecko; compatible; GPTBot/1.4; +https://openai.com/gptbot)"
74.7.241.59 - - [25/Jul/2026:01:17:52 +0300] "GET /zip.php?dir=CwhomeCwlogoandwCwmailCwdatesgeorgiaFwcomCwabuseCwFwDraftsCwnew HTTP/1.1" 429 0 "http://naturallights.us.logoandwebdesigns.com/zip.php?dir=CwhomeCwlogoandwCwmailCwdatesgeorgiaFwcomCwabuseCwFwDrafts" "Mozilla/5.0 AppleWebKit/537.36 (KHTML, like Gecko; compatible; GPTBot/1.4; +https://openai.com/gptbot)"
74.7.241.59 - - [25/Jul/2026:01:10:30 +0300] "GET /zip.php?dir=CwoptCwcloudlinux-site-optimization-module&edit=notices.json HTTP/1.1" 429 0 "http://naturallights.us.logoandwebdesigns.com/zip.php?dir=CwoptCwcloudlinux-site-optimization-module" "Mozilla/5.0 AppleWebKit/537.36 (KHTML, like Gecko; compatible; GPTBot/1.4; +https://openai.com/gptbot)"
74.7.227.50 - - [25/Jul/2026:01:13:09 +0300] "GET /.well-known/zip.php?dir=CwhomeCwlogoandwCwnature-photosFwinfoCwwp-includesCwwp-content&view=error_log-20251108093917-20251108102804-20251108103543-20251108103744-20251108104750-20251108104836-20251108162320-20251109000812-20251109015233-20251110002142-20251111143537-20251115143905-20251115212513. HTTP/1.1" 200 12 "http://naturallights.us/.well-known/zip.php?dir=CwhomeCwlogoandwCwnature-photosFwinfoCwwp-includesCwwp-content" "Mozilla/5.0 AppleWebKit/537.36 (KHTML, like Gecko; compatible; GPTBot/1.4; +https://openai.com/gptbot)"
74.7.241.59 - - [25/Jul/2026:01:13:43 +0300] "GET /zip.php?dir=CwhomeCwlogoandwCwmailCwdatesgeorgiaFwcomCwabuseCwFwDraftsCwtmp HTTP/1.1" 429 0 "http://naturallights.us.logoandwebdesigns.com/zip.php?dir=CwhomeCwlogoandwCwmailCwdatesgeorgiaFwcomCwabuseCwFwDrafts" "Mozilla/5.0 AppleWebKit/537.36 (KHTML, like Gecko; compatible; GPTBot/1.4; +https://openai.com/gptbot)"
74.7.241.59 - - [25/Jul/2026:01:15:48 +0300] "GET /file.php?dir=XPAhomeXPAlogoandwXPAtmpXPAanalogXPAfregfXFAdatesgeorgiaXFAcom HTTP/1.1" 429 0 "http://naturallights.us.logoandwebdesigns.com/file.php?dir=XPAhomeXPAlogoandwXPAtmpXPAanalog" "Mozilla/5.0 AppleWebKit/537.36 (KHTML, like Gecko; compatible; GPTBot/1.4; +https://openai.com/gptbot)"
74.7.241.165 - - [25/Jul/2026:01:19:13 +0300] "GET /robots.txt HTTP/1.1" 404 1251 "-" "Mozilla/5.0 (Macintosh; Intel Mac OS X 10_15_7) AppleWebKit/537.36 (KHTML, like Gecko) Chrome/131.0.0.0 Safari/537.36; compatible; OAI-SearchBot/1.4; robots.txt; +https://openai.com/searchbot"
74.7.241.59 - - [25/Jul/2026:01:21:01 +0300] "GET /zip.php?dir=CwlibCwpython3Fw6Cwsite-packagesCwpycparserCw__pycache__&view=c_parser.cpython-36.opt-1.pyc HTTP/1.1" 429 0 "http://naturallights.us.logoandwebdesigns.com/zip.php?dir=CwlibCwpython3Fw6Cwsite-packagesCwpycparserCw__pycache__" "Mozilla/5.0 AppleWebKit/537.36 (KHTML, like Gecko; compatible; GPTBot/1.4; +https://openai.com/gptbot)"
74.7.241.59 - - [25/Jul/2026:01:23:09 +0300] "GET /zip.php?dir=Cwlib64Cwpython3Fw6Cwsite-packagesCwgpgCwconstantsCwsigCw__pycache__&view=__init__.cpython-36.pyc HTTP/1.1" 429 0 "http://naturallights.us.logoandwebdesigns.com/zip.php?dir=Cwlib64Cwpython3Fw6Cwsite-packagesCwgpgCwconstantsCwsigCw__pycache__" "Mozilla/5.0 AppleWebKit/537.36 (KHTML, like Gecko; compatible; GPTBot/1.4; +https://openai.com/gptbot)"
74.7.227.50 - - [25/Jul/2026:01:23:21 +0300] "GET /.well-known/zip.php?dir=CwhomeCwlogoandwCwnature-photosFwinfoCwwp-includesCwwp-content&view=error_log-20251108093917-20251108102804-20251108103543-20251108103744-20251108104750-20251108104836-20251108162320-20251109000812-20251109015233-20251110002142-20251111143537-20251115120801-20251115122441. HTTP/1.1" 429 0 "http://naturallights.us/.well-known/zip.php?dir=CwhomeCwlogoandwCwnature-photosFwinfoCwwp-includesCwwp-content" "Mozilla/5.0 AppleWebKit/537.36 (KHTML, like Gecko; compatible; GPTBot/1.4; +https://openai.com/gptbot)"
74.7.241.59 - - [25/Jul/2026:01:30:29 +0300] "GET /.well-known/zip.php?dir=CwhomeCwlogoandwCwmailCwcur&view=1760390272.M626246P336777.mgh-web11.maghost.ro%2CS%3D3325%2CW%3D3401%3A2%2C HTTP/1.1" 429 0 "http://naturallights.us.logoandwebdesigns.com/.well-known/zip.php?dir=CwhomeCwlogoandwCwmailCwcur" "Mozilla/5.0 AppleWebKit/537.36 (KHTML, like Gecko; compatible; GPTBot/1.4; +https://openai.com/gptbot)"
74.7.241.59 - - [25/Jul/2026:01:31:34 +0300] "GET /.well-known/zip.php?dir=CwhomeCwlogoandwCwmailCwcur&view=1760501169.M360273P2811370.mgh-web11.maghost.ro%2CS%3D3337%2CW%3D3413%3A2%2C HTTP/1.1" 429 0 "http://naturallights.us.logoandwebdesigns.com/.well-known/zip.php?dir=CwhomeCwlogoandwCwmailCwcur" "Mozilla/5.0 AppleWebKit/537.36 (KHTML, like Gecko; compatible; GPTBot/1.4; +https://openai.com/gptbot)"
74.7.227.50 - - [25/Jul/2026:01:33:38 +0300] "GET /.well-known/zip.php?dir=CwhomeCwlogoandwCwnature-photosFwinfoCwwp-content-20251108024714Cwblock&view=error_log-20251108093917-20251108102804-20251108103543-20251108103744-20251108104750-20251108104836-20251108162320-20251109000812-20251109015233-20251110002142-20251110144705-20251110144855. HTTP/1.1" 429 0 "http://naturallights.us/.well-known/zip.php?dir=CwhomeCwlogoandwCwnature-photosFwinfoCwwp-content-20251108024714Cwblock" "Mozilla/5.0 AppleWebKit/537.36 (KHTML, like Gecko; compatible; GPTBot/1.4; +https://openai.com/gptbot)"
74.7.241.59 - - [25/Jul/2026:01:34:47 +0300] "GET /.well-known/zip.php?dir=CwhomeCwlogoandwCwmailCwcur&view=1763340858.M323888P1816010.mgh-web11.maghost.ro%2CS%3D3298%2CW%3D3373%3A2%2C HTTP/1.1" 429 0 "http://naturallights.us.logoandwebdesigns.com/.well-known/zip.php?dir=CwhomeCwlogoandwCwmailCwcur" "Mozilla/5.0 AppleWebKit/537.36 (KHTML, like Gecko; compatible; GPTBot/1.4; +https://openai.com/gptbot)"
74.7.227.50 - - [25/Jul/2026:01:19:12 +0300] "GET /.well-known/zip.php?dir=CwhomeCwlogoandwCwnature-photosFwinfoCwwp-includesCwwp-content&view=error_log-20251108093917-20251108102804-20251108103543-20251108103744-20251108104750-20251108104836-20251108162320-20251109000812-20251109015233-20251110002142-20251111140521-20251115073421-20251115102207. HTTP/1.1" 200 12 "http://naturallights.us/.well-known/zip.php?dir=CwhomeCwlogoandwCwnature-photosFwinfoCwwp-includesCwwp-content" "Mozilla/5.0 AppleWebKit/537.36 (KHTML, like Gecko; compatible; GPTBot/1.4; +https://openai.com/gptbot)"
74.7.241.59 - - [25/Jul/2026:01:20:00 +0300] "GET /zip.php?dir=CwlibCwpython3Fw8Cwsite-packagesCwpipCw_internalCw__pycache__&view=build_env.cpython-38.opt-1.pyc HTTP/1.1" 429 0 "http://naturallights.us.logoandwebdesigns.com/zip.php?dir=CwlibCwpython3Fw8Cwsite-packagesCwpipCw_internalCw__pycache__" "Mozilla/5.0 AppleWebKit/537.36 (KHTML, like Gecko; compatible; GPTBot/1.4; +https://openai.com/gptbot)"
74.7.227.50 - - [25/Jul/2026:01:22:19 +0300] "GET /.well-known/zip.php?dir=CwhomeCwlogoandwCwnature-photosFwinfoCwwp-includesCwwp-content&view=error_log-20251108093917-20251108102804-20251108103543-20251108103744-20251108104750-20251108104836-20251108162320-20251109000812-20251109015233-20251110002142-20251113155032-20251113184820-20251114044429-20251119184158. HTTP/1.1" 429 0 "http://naturallights.us/.well-known/zip.php?dir=CwhomeCwlogoandwCwnature-photosFwinfoCwwp-includesCwwp-content" "Mozilla/5.0 AppleWebKit/537.36 (KHTML, like Gecko; compatible; GPTBot/1.4; +https://openai.com/gptbot)"
