74.7.241.59 - - [24/Jul/2026:18:09:40 +0300] "GET /.well-known/zip.php?dir=CwhomeCwlogoandwCwnewsletterprogramsFwcomCwwp-includesCwRequestsCwsrc&view=Requests.php HTTP/1.1" 429 0 "http://naturallights.us.logoandwebdesigns.com/.well-known/zip.php?dir=CwhomeCwlogoandwCwnewsletterprogramsFwcomCwwp-includesCwRequestsCwsrc" "Mozilla/5.0 AppleWebKit/537.36 (KHTML, like Gecko; compatible; GPTBot/1.4; +https://openai.com/gptbot)"
74.7.241.59 - - [24/Jul/2026:18:10:38 +0300] "GET /zip.php?dir=CwlibCwfirmwareCwcirrus&view=cs35l63-a1-dsp1-misc-10280e3f-spkid3-06-l3u3.bin HTTP/1.1" 429 0 "http://naturallights.us.logoandwebdesigns.com/zip.php?dir=CwlibCwfirmwareCwcirrus" "Mozilla/5.0 AppleWebKit/537.36 (KHTML, like Gecko; compatible; GPTBot/1.4; +https://openai.com/gptbot)"
74.7.241.59 - - [24/Jul/2026:18:11:44 +0300] "GET /zip.php?dir=CwlibCwfirmwareCwcirrus&view=cs35l63-a1-dsp1-misc-10280e22-spkid3-01-l1u1.bin HTTP/1.1" 200 4894 "http://naturallights.us.logoandwebdesigns.com/zip.php?dir=CwlibCwfirmwareCwcirrus" "Mozilla/5.0 AppleWebKit/537.36 (KHTML, like Gecko; compatible; GPTBot/1.4; +https://openai.com/gptbot)"
74.7.227.50 - - [24/Jul/2026:18:12:29 +0300] "GET /.well-known/zip.php?dir=CwhomeCwlogoandwCwtmpCwwebalizerCwsslCwanythingfromhomeFwcomFwlogoandwebdesignsFwcom&view=dns_cache.db HTTP/1.1" 429 0 "http://naturallights.us/.well-known/zip.php?dir=CwhomeCwlogoandwCwtmpCwwebalizerCwsslCwanythingfromhomeFwcomFwlogoandwebdesignsFwcom" "Mozilla/5.0 AppleWebKit/537.36 (KHTML, like Gecko; compatible; GPTBot/1.4; +https://openai.com/gptbot)"
74.7.227.50 - - [24/Jul/2026:18:13:30 +0300] "GET /.well-known/zip.php?dir=CwhomeCwlogoandwCwtmpCwwebalizerCwsslCwdailycabforyouFwcomFwlogoandwebdesignsFwcom&view=dns_cache.db HTTP/1.1" 200 15233 "http://naturallights.us/.well-known/zip.php?dir=CwhomeCwlogoandwCwtmpCwwebalizerCwsslCwdailycabforyouFwcomFwlogoandwebdesignsFwcom" "Mozilla/5.0 AppleWebKit/537.36 (KHTML, like Gecko; compatible; GPTBot/1.4; +https://openai.com/gptbot)"
74.7.227.50 - - [24/Jul/2026:18:16:32 +0300] "GET /.well-known/zip.php?dir=CwhomeCwlogoandwCwtmpCwwebalizerCwsslCwmyfununlimitedFwcomFwlogoandwebdesignsFwcom&view=dns_cache.db HTTP/1.1" 429 0 "http://naturallights.us/.well-known/zip.php?dir=CwhomeCwlogoandwCwtmpCwwebalizerCwsslCwmyfununlimitedFwcomFwlogoandwebdesignsFwcom" "Mozilla/5.0 AppleWebKit/537.36 (KHTML, like Gecko; compatible; GPTBot/1.4; +https://openai.com/gptbot)"
74.7.241.59 - - [24/Jul/2026:18:03:20 +0300] "GET /zip.php?dir=CwusrCwshareCwmcCwhints&view=mc.hint.da HTTP/1.1" 429 0 "http://naturallights.us.logoandwebdesigns.com/zip.php?dir=CwusrCwshareCwmcCwhints" "Mozilla/5.0 AppleWebKit/537.36 (KHTML, like Gecko; compatible; GPTBot/1.4; +https://openai.com/gptbot)"
74.7.241.59 - - [24/Jul/2026:18:04:20 +0300] "GET /zip.php?dir=CwusrCwlocalCwsitepadCweditorCwsite-dataCwpluginsCwkkart-proCwpackagesCwkkart-blocksCwassetsCwjsCwbaseCwcomponentsCwstate-input&view=shipping-state-input.js HTTP/1.1" 429 0 "http://naturallights.us.logoandwebdesigns.com/zip.php?dir=CwusrCwlocalCwsitepadCweditorCwsite-dataCwpluginsCwkkart-proCwpackagesCwkkart-blocksCwassetsCwjsCwbaseCwcomponentsCwstate-input" "Mozilla/5.0 AppleWebKit/537.36 (KHTML, like Gecko; compatible; GPTBot/1.4; +https://openai.com/gptbot)"
74.7.241.59 - - [24/Jul/2026:18:06:29 +0300] "GET /zip.php?dir=CwusrCwlocalCwsitepadCweditorCwsite-dataCwpluginsCwkkart-proCwpackagesCwkkart-blocksCwassetsCwjsCwbaseCwcomponentsCwstate-input&view=billing-state-input.js HTTP/1.1" 429 0 "http://naturallights.us.logoandwebdesigns.com/zip.php?dir=CwusrCwlocalCwsitepadCweditorCwsite-dataCwpluginsCwkkart-proCwpackagesCwkkart-blocksCwassetsCwjsCwbaseCwcomponentsCwstate-input" "Mozilla/5.0 AppleWebKit/537.36 (KHTML, like Gecko; compatible; GPTBot/1.4; +https://openai.com/gptbot)"
74.7.227.50 - - [24/Jul/2026:18:08:10 +0300] "GET /zip.php?dir=CwoptCwcpanelCwea-php53CwrootCwetcCwphpFwd&edit=exif.ini HTTP/1.1" 429 0 "http://naturallights.us/zip.php?dir=CwoptCwcpanelCwea-php53CwrootCwetcCwphpFwd" "Mozilla/5.0 AppleWebKit/537.36 (KHTML, like Gecko; compatible; GPTBot/1.4; +https://openai.com/gptbot)"
74.7.227.50 - - [24/Jul/2026:18:14:31 +0300] "GET /.well-known/zip.php?dir=CwhomeCwlogoandwCwtmpCwwebalizerCwsslCwbusinescompanyFwinfoFwlogoandwebdesignsFwcom&view=dns_cache.db HTTP/1.1" 429 0 "http://naturallights.us/.well-known/zip.php?dir=CwhomeCwlogoandwCwtmpCwwebalizerCwsslCwbusinescompanyFwinfoFwlogoandwebdesignsFwcom" "Mozilla/5.0 AppleWebKit/537.36 (KHTML, like Gecko; compatible; GPTBot/1.4; +https://openai.com/gptbot)"
74.7.241.59 - - [24/Jul/2026:18:14:47 +0300] "GET /zip.php?dir=CwlibCwfirmwareCwcirrus&view=cs35l63-a1-dsp1-misc-10280e1a-spkid0-02-l3u3.bin HTTP/1.1" 429 0 "http://naturallights.us.logoandwebdesigns.com/zip.php?dir=CwlibCwfirmwareCwcirrus" "Mozilla/5.0 AppleWebKit/537.36 (KHTML, like Gecko; compatible; GPTBot/1.4; +https://openai.com/gptbot)"
74.7.227.50 - - [24/Jul/2026:18:15:29 +0300] "GET /.well-known/zip.php?dir=CwhomeCwlogoandwCwtmpCwwebalizerCwsslCwchangeyourstylesFwcomFwlogoandwebdesignsFwcom&view=dns_cache.db HTTP/1.1" 429 0 "http://naturallights.us/.well-known/zip.php?dir=CwhomeCwlogoandwCwtmpCwwebalizerCwsslCwchangeyourstylesFwcomFwlogoandwebdesignsFwcom" "Mozilla/5.0 AppleWebKit/537.36 (KHTML, like Gecko; compatible; GPTBot/1.4; +https://openai.com/gptbot)"
74.7.241.59 - - [24/Jul/2026:18:16:54 +0300] "GET /zip.php?dir=CwlibCwfirmwareCwcirrus&view=cs35l63-a1-dsp1-misc-10280e3f-spkid0-06-l3u3.bin HTTP/1.1" 429 0 "http://naturallights.us.logoandwebdesigns.com/zip.php?dir=CwlibCwfirmwareCwcirrus" "Mozilla/5.0 AppleWebKit/537.36 (KHTML, like Gecko; compatible; GPTBot/1.4; +https://openai.com/gptbot)"
74.7.241.59 - - [24/Jul/2026:18:18:58 +0300] "GET /zip.php?dir=CwlibCwfirmwareCwcirrus&view=cs35l63-a1-dsp1-misc-10280e1c-spkid2-01-l3u3.bin HTTP/1.1" 429 0 "http://naturallights.us.logoandwebdesigns.com/zip.php?dir=CwlibCwfirmwareCwcirrus" "Mozilla/5.0 AppleWebKit/537.36 (KHTML, like Gecko; compatible; GPTBot/1.4; +https://openai.com/gptbot)"
74.7.241.59 - - [24/Jul/2026:18:20:03 +0300] "GET /zip.php?dir=CwlibCwfirmwareCwcirrus&view=cs35l63-a1-dsp1-misc-10280e1c-spkid2-01-l3u1.bin HTTP/1.1" 429 0 "http://naturallights.us.logoandwebdesigns.com/zip.php?dir=CwlibCwfirmwareCwcirrus" "Mozilla/5.0 AppleWebKit/537.36 (KHTML, like Gecko; compatible; GPTBot/1.4; +https://openai.com/gptbot)"
74.7.241.59 - - [24/Jul/2026:18:07:34 +0300] "GET /.well-known/zip.php?dir=CwhomeCwlogoandwCwnewsletterprogramsFwcomCwwp-contentCwthemesCwastraCwincCwbuilderCwtypeCwheaderCwedd-cart HTTP/1.1" 429 0 "http://naturallights.us.logoandwebdesigns.com/.well-known/zip.php?dir=CwhomeCwlogoandwCwnewsletterprogramsFwcomCwwp-contentCwthemesCwastraCwincCwbuilderCwtypeCwheader" "Mozilla/5.0 AppleWebKit/537.36 (KHTML, like Gecko; compatible; GPTBot/1.4; +https://openai.com/gptbot)"
74.7.227.50 - - [24/Jul/2026:18:11:24 +0300] "GET /zip.php?dir=CwoptCwcpanelCwea-php51CwrootCwetcCwphpFwd&edit=curl.ini HTTP/1.1" 429 0 "http://naturallights.us/zip.php?dir=CwoptCwcpanelCwea-php51CwrootCwetcCwphpFwd" "Mozilla/5.0 AppleWebKit/537.36 (KHTML, like Gecko; compatible; GPTBot/1.4; +https://openai.com/gptbot)"
74.7.241.59 - - [24/Jul/2026:18:12:45 +0300] "GET /zip.php?dir=CwlibCwfirmwareCwcirrus&view=cs35l63-a1-dsp1-misc-10280e23-spkid0-03-l1u3.bin HTTP/1.1" 429 0 "http://naturallights.us.logoandwebdesigns.com/zip.php?dir=CwlibCwfirmwareCwcirrus" "Mozilla/5.0 AppleWebKit/537.36 (KHTML, like Gecko; compatible; GPTBot/1.4; +https://openai.com/gptbot)"
74.7.241.59 - - [24/Jul/2026:18:13:43 +0300] "GET /zip.php?dir=CwlibCwfirmwareCwcirrus&view=cs35l63-a1-dsp1-misc-10280e20-spkid1-05-l3u1.bin HTTP/1.1" 429 0 "http://naturallights.us.logoandwebdesigns.com/zip.php?dir=CwlibCwfirmwareCwcirrus" "Mozilla/5.0 AppleWebKit/537.36 (KHTML, like Gecko; compatible; GPTBot/1.4; +https://openai.com/gptbot)"
74.7.241.59 - - [24/Jul/2026:18:15:48 +0300] "GET /zip.php?dir=CwlibCwfirmwareCwcirrus&view=cs35l63-a1-dsp1-misc-10280e1d-spkid2-06-l3u3.bin HTTP/1.1" 429 0 "http://naturallights.us.logoandwebdesigns.com/zip.php?dir=CwlibCwfirmwareCwcirrus" "Mozilla/5.0 AppleWebKit/537.36 (KHTML, like Gecko; compatible; GPTBot/1.4; +https://openai.com/gptbot)"
74.7.241.59 - - [24/Jul/2026:18:17:57 +0300] "GET /zip.php?dir=CwlibCwfirmwareCwcirrus&view=cs35l63-a1-dsp1-misc-10280e3e-spkid1-01-l3u3.bin HTTP/1.1" 429 0 "http://naturallights.us.logoandwebdesigns.com/zip.php?dir=CwlibCwfirmwareCwcirrus" "Mozilla/5.0 AppleWebKit/537.36 (KHTML, like Gecko; compatible; GPTBot/1.4; +https://openai.com/gptbot)"
74.7.241.59 - - [24/Jul/2026:18:21:05 +0300] "GET /zip.php?dir=CwlibCwfirmwareCwcirrus&view=cs35l63-a1-dsp1-misc-10280e1d-spkid2-06-l3u1.bin HTTP/1.1" 429 0 "http://naturallights.us.logoandwebdesigns.com/zip.php?dir=CwlibCwfirmwareCwcirrus" "Mozilla/5.0 AppleWebKit/537.36 (KHTML, like Gecko; compatible; GPTBot/1.4; +https://openai.com/gptbot)"
74.7.227.50 - - [24/Jul/2026:18:24:00 +0300] "GET /.well-known/zip.php?dir=CwhomeCwlogoandwCwnature-photosFwinfoCwwp-contentCwwp-content&view=error_log-20251108093917-20251108102804-20251108103543-20251108103744-20251108104750-20251108104836-20251108162320-20251109000812-20251109015233-20251110002142-20251111143537-20251114065126-20251114084300. HTTP/1.1" 429 0 "http://naturallights.us/.well-known/zip.php?dir=CwhomeCwlogoandwCwnature-photosFwinfoCwwp-contentCwwp-content" "Mozilla/5.0 AppleWebKit/537.36 (KHTML, like Gecko; compatible; GPTBot/1.4; +https://openai.com/gptbot)"
74.7.241.59 - - [24/Jul/2026:18:25:16 +0300] "GET /zip.php?dir=CwlibCwfirmwareCwcirrus&view=cs35l63-a1-dsp1-misc-10280e1e-spkid0-06-l3u3.bin HTTP/1.1" 429 0 "http://naturallights.us.logoandwebdesigns.com/zip.php?dir=CwlibCwfirmwareCwcirrus" "Mozilla/5.0 AppleWebKit/537.36 (KHTML, like Gecko; compatible; GPTBot/1.4; +https://openai.com/gptbot)"
74.7.241.59 - - [24/Jul/2026:18:26:22 +0300] "GET /zip.php?dir=CwlibCwfirmwareCwcirrus&view=cs35l63-a1-dsp1-misc-10280e23-spkid2-03-l1u3.bin HTTP/1.1" 429 0 "http://naturallights.us.logoandwebdesigns.com/zip.php?dir=CwlibCwfirmwareCwcirrus" "Mozilla/5.0 AppleWebKit/537.36 (KHTML, like Gecko; compatible; GPTBot/1.4; +https://openai.com/gptbot)"
74.7.241.59 - - [24/Jul/2026:18:24:13 +0300] "GET /zip.php?dir=CwlibCwfirmwareCwcirrus&view=cs35l63-a1-dsp1-misc-10280e1f-spkid3-02-l3u1.bin HTTP/1.1" 429 0 "http://naturallights.us.logoandwebdesigns.com/zip.php?dir=CwlibCwfirmwareCwcirrus" "Mozilla/5.0 AppleWebKit/537.36 (KHTML, like Gecko; compatible; GPTBot/1.4; +https://openai.com/gptbot)"
74.7.241.59 - - [24/Jul/2026:18:27:26 +0300] "GET /zip.php?dir=CwlibCwfirmwareCwcirrus&view=cs35l63-a1-dsp1-misc-10280e3f-spkid0-06-l3u1.bin HTTP/1.1" 200 4885 "http://naturallights.us.logoandwebdesigns.com/zip.php?dir=CwlibCwfirmwareCwcirrus" "Mozilla/5.0 AppleWebKit/537.36 (KHTML, like Gecko; compatible; GPTBot/1.4; +https://openai.com/gptbot)"
74.7.241.59 - - [24/Jul/2026:18:28:30 +0300] "GET /zip.php?dir=CwlibCwfirmwareCwcirrus&view=cs35l63-a1-dsp1-misc-10280e83-spkid0-02-l3u3.bin HTTP/1.1" 429 0 "http://naturallights.us.logoandwebdesigns.com/zip.php?dir=CwlibCwfirmwareCwcirrus" "Mozilla/5.0 AppleWebKit/537.36 (KHTML, like Gecko; compatible; GPTBot/1.4; +https://openai.com/gptbot)"
74.7.241.59 - - [24/Jul/2026:18:29:25 +0300] "GET /zip.php?dir=CwlibCwfirmwareCwcirrus&view=cs35l63-a1-dsp1-misc-10280e21-spkid3-03-l1u1.bin HTTP/1.1" 429 0 "http://naturallights.us.logoandwebdesigns.com/zip.php?dir=CwlibCwfirmwareCwcirrus" "Mozilla/5.0 AppleWebKit/537.36 (KHTML, like Gecko; compatible; GPTBot/1.4; +https://openai.com/gptbot)"
74.7.227.50 - - [24/Jul/2026:18:31:25 +0300] "GET /.well-known/zip.php?dir=CwhomeCwlogoandwCwnature-photosFwinfoCwwp-includesCwwp-content&view=error_log-20251108093917-20251108102804-20251108103543-20251108103744-20251108104750-20251108104836-20251108162320-20251109000812-20251109015233-20251110002142-20251111143537-20251112002613-20251113014008. HTTP/1.1" 429 0 "http://naturallights.us/.well-known/zip.php?dir=CwhomeCwlogoandwCwnature-photosFwinfoCwwp-includesCwwp-content" "Mozilla/5.0 AppleWebKit/537.36 (KHTML, like Gecko; compatible; GPTBot/1.4; +https://openai.com/gptbot)"
74.7.241.59 - - [24/Jul/2026:18:31:32 +0300] "GET /zip.php?dir=CwlibCwfirmwareCwcirrus&view=cs35l63-a1-dsp1-misc-10280e1c-spkid0-02-l3u1.bin HTTP/1.1" 429 0 "http://naturallights.us.logoandwebdesigns.com/zip.php?dir=CwlibCwfirmwareCwcirrus" "Mozilla/5.0 AppleWebKit/537.36 (KHTML, like Gecko; compatible; GPTBot/1.4; +https://openai.com/gptbot)"
74.7.241.59 - - [24/Jul/2026:18:34:34 +0300] "GET /zip.php?dir=CwlibCwfirmwareCwcirrus&view=cs35l63-a1-dsp1-misc-10280e22-spkid2-01-l1u1.bin HTTP/1.1" 429 0 "http://naturallights.us.logoandwebdesigns.com/zip.php?dir=CwlibCwfirmwareCwcirrus" "Mozilla/5.0 AppleWebKit/537.36 (KHTML, like Gecko; compatible; GPTBot/1.4; +https://openai.com/gptbot)"
74.7.241.59 - - [24/Jul/2026:18:35:40 +0300] "GET /zip.php?dir=CwlibCwfirmwareCwcirrus&view=cs35l63-a1-dsp1-misc-10280e1f-spkid2-02-l3u3.bin HTTP/1.1" 429 0 "http://naturallights.us.logoandwebdesigns.com/zip.php?dir=CwlibCwfirmwareCwcirrus" "Mozilla/5.0 AppleWebKit/537.36 (KHTML, like Gecko; compatible; GPTBot/1.4; +https://openai.com/gptbot)"
74.7.227.50 - - [24/Jul/2026:18:39:41 +0300] "GET /.well-known/zip.php?dir=CwhomeCwlogoandwCwnature-photosFwinfoCwwp-includesCwwp-content&view=error_log-20251108093917-20251108102804-20251108103543-20251108103744-20251108104750-20251108104836-20251108162320-20251109000812-20251109015233-20251110002142-20251110210415-20251117213939-20251118002237. HTTP/1.1" 429 0 "http://naturallights.us/.well-known/zip.php?dir=CwhomeCwlogoandwCwnature-photosFwinfoCwwp-includesCwwp-content" "Mozilla/5.0 AppleWebKit/537.36 (KHTML, like Gecko; compatible; GPTBot/1.4; +https://openai.com/gptbot)"
74.7.241.59 - - [24/Jul/2026:18:39:47 +0300] "GET /zip.php?dir=CwlibCwfirmwareCwcirrus&view=cs35l63-a1-dsp1-misc-10280e1f-spkid1-02-l3u3.bin HTTP/1.1" 429 0 "http://naturallights.us.logoandwebdesigns.com/zip.php?dir=CwlibCwfirmwareCwcirrus" "Mozilla/5.0 AppleWebKit/537.36 (KHTML, like Gecko; compatible; GPTBot/1.4; +https://openai.com/gptbot)"
74.7.227.50 - - [24/Jul/2026:18:17:34 +0300] "GET /.well-known/zip.php?dir=CwhomeCwlogoandwCwnature-photosFwinfoCwwp-content&view=error_log-20251108093917-20251108102804-20251108103543-20251108103744-20251108104750-20251108104836-20251108162320-20251109000812-20251109015233-20251110002142-20251110013512-20251113060009. HTTP/1.1" 429 0 "http://naturallights.us/.well-known/zip.php?dir=CwhomeCwlogoandwCwnature-photosFwinfoCwwp-content" "Mozilla/5.0 AppleWebKit/537.36 (KHTML, like Gecko; compatible; GPTBot/1.4; +https://openai.com/gptbot)"
74.7.227.50 - - [24/Jul/2026:18:19:43 +0300] "GET /.well-known/zip.php?dir=CwhomeCwlogoandwCwnature-photosFwinfoCwwp-content-20251108024714Cwblock&view=error_log-20251108093917-20251108102804-20251108103543-20251108103744-20251108104750-20251108104836-20251108162320-20251109000812-20251109015233-20251110002142-20251111143537-20251114081857. HTTP/1.1" 429 0 "http://naturallights.us/.well-known/zip.php?dir=CwhomeCwlogoandwCwnature-photosFwinfoCwwp-content-20251108024714Cwblock" "Mozilla/5.0 AppleWebKit/537.36 (KHTML, like Gecko; compatible; GPTBot/1.4; +https://openai.com/gptbot)"
74.7.241.59 - - [24/Jul/2026:18:22:06 +0300] "GET /zip.php?dir=CwlibCwfirmwareCwcirrus&view=cs35l63-a1-dsp1-misc-10280e1f-spkid2-02-l3u1.bin HTTP/1.1" 429 0 "http://naturallights.us.logoandwebdesigns.com/zip.php?dir=CwlibCwfirmwareCwcirrus" "Mozilla/5.0 AppleWebKit/537.36 (KHTML, like Gecko; compatible; GPTBot/1.4; +https://openai.com/gptbot)"
74.7.227.50 - - [24/Jul/2026:18:22:56 +0300] "GET /.well-known/zip.php?dir=CwhomeCwlogoandwCwnature-photosFwinfoCwwp-includesCwwp-content&view=error_log-20251108093917-20251108102804-20251108103543-20251108103744-20251108104750-20251108104836-20251108162320-20251109000812-20251109015233-20251110002142-20251111143537-20251112123224-20251113010440. HTTP/1.1" 429 0 "http://naturallights.us/.well-known/zip.php?dir=CwhomeCwlogoandwCwnature-photosFwinfoCwwp-includesCwwp-content" "Mozilla/5.0 AppleWebKit/537.36 (KHTML, like Gecko; compatible; GPTBot/1.4; +https://openai.com/gptbot)"
74.7.241.59 - - [24/Jul/2026:18:23:10 +0300] "GET /zip.php?dir=CwlibCwfirmwareCwcirrus&view=cs35l63-a1-dsp1-misc-10280e1d-spkid2-05-l3u3.bin HTTP/1.1" 429 0 "http://naturallights.us.logoandwebdesigns.com/zip.php?dir=CwlibCwfirmwareCwcirrus" "Mozilla/5.0 AppleWebKit/537.36 (KHTML, like Gecko; compatible; GPTBot/1.4; +https://openai.com/gptbot)"
74.7.241.59 - - [24/Jul/2026:18:30:27 +0300] "GET /zip.php?dir=CwlibCwfirmwareCwcirrus&view=cs35l63-a1-dsp1-misc-10280e85-spkid0-03-l3u1.bin HTTP/1.1" 429 0 "http://naturallights.us.logoandwebdesigns.com/zip.php?dir=CwlibCwfirmwareCwcirrus" "Mozilla/5.0 AppleWebKit/537.36 (KHTML, like Gecko; compatible; GPTBot/1.4; +https://openai.com/gptbot)"
74.7.241.59 - - [24/Jul/2026:18:32:33 +0300] "GET /zip.php?dir=CwlibCwfirmwareCwcirrus&view=cs35l63-a1-dsp1-misc-10280e21-spkid0-04-l1u1.bin HTTP/1.1" 429 0 "http://naturallights.us.logoandwebdesigns.com/zip.php?dir=CwlibCwfirmwareCwcirrus" "Mozilla/5.0 AppleWebKit/537.36 (KHTML, like Gecko; compatible; GPTBot/1.4; +https://openai.com/gptbot)"
74.7.241.59 - - [24/Jul/2026:18:33:34 +0300] "GET /zip.php?dir=CwlibCwfirmwareCwcirrus&view=cs35l63-a1-dsp1-misc-10280e3e-spkid3-01-l3u1.bin HTTP/1.1" 429 0 "http://naturallights.us.logoandwebdesigns.com/zip.php?dir=CwlibCwfirmwareCwcirrus" "Mozilla/5.0 AppleWebKit/537.36 (KHTML, like Gecko; compatible; GPTBot/1.4; +https://openai.com/gptbot)"
34.195.23.187 - - [24/Jul/2026:18:37:36 +0300] "GET / HTTP/1.1" 200 264 "-" "Mozilla/5.0 (Windows NT 10.0; Win64; x64) AppleWebKit/537.36 (KHTML, like Gecko) Chrome/134.0.0.0 Safari/537.36 Edg/134.0.0.0"
34.195.23.187 - - [24/Jul/2026:18:37:36 +0300] "GET / HTTP/1.1" 200 264 "-" "Mozilla/5.0 (X11; Linux x86_64) AppleWebKit/537.36 (KHTML, like Gecko) Chrome/112.0.0.0 Safari/537.36"
74.7.227.50 - - [24/Jul/2026:18:27:13 +0300] "GET /.well-known/zip.php?dir=CwhomeCwlogoandwCwnature-photosFwinfoCwwp-includesCwwp-content&view=error_log-20251108093917-20251108102804-20251108103543-20251108103744-20251108104750-20251108104836-20251108162320-20251109000812-20251109015233-20251110002142-20251111143537-20251111162411-20251118054009. HTTP/1.1" 429 0 "http://naturallights.us/.well-known/zip.php?dir=CwhomeCwlogoandwCwnature-photosFwinfoCwwp-includesCwwp-content" "Mozilla/5.0 AppleWebKit/537.36 (KHTML, like Gecko; compatible; GPTBot/1.4; +https://openai.com/gptbot)"
74.7.227.50 - - [24/Jul/2026:18:29:16 +0300] "GET /.well-known/zip.php?dir=CwhomeCwlogoandwCwnature-photosFwinfoCwwp-includesCwwp-content&view=error_log-20251108093917-20251108102804-20251108103543-20251108103744-20251108104750-20251108104836-20251108162320-20251109000812-20251109015233-20251110002142-20251111140521-20251114211921-20251119122302. HTTP/1.1" 429 0 "http://naturallights.us/.well-known/zip.php?dir=CwhomeCwlogoandwCwnature-photosFwinfoCwwp-includesCwwp-content" "Mozilla/5.0 AppleWebKit/537.36 (KHTML, like Gecko; compatible; GPTBot/1.4; +https://openai.com/gptbot)"
74.7.227.50 - - [24/Jul/2026:18:30:22 +0300] "GET /.well-known/zip.php?dir=CwhomeCwlogoandwCwnature-photosFwinfoCwwp-includesCwwp-content&view=error_log-20251108093917-20251108102804-20251108103543-20251108103744-20251108104750-20251108104836-20251108162320-20251109000812-20251109015233-20251110002142-20251110210415-20251117213939-20251118042114-20251119055455. HTTP/1.1" 429 0 "http://naturallights.us/.well-known/zip.php?dir=CwhomeCwlogoandwCwnature-photosFwinfoCwwp-includesCwwp-content" "Mozilla/5.0 AppleWebKit/537.36 (KHTML, like Gecko; compatible; GPTBot/1.4; +https://openai.com/gptbot)"
74.7.241.59 - - [24/Jul/2026:18:36:41 +0300] "GET /zip.php?dir=CwlibCwfirmwareCwcirrus&view=cs35l63-a1-dsp1-misc-10280e3e-spkid3-01-l3u3.bin HTTP/1.1" 429 0 "http://naturallights.us.logoandwebdesigns.com/zip.php?dir=CwlibCwfirmwareCwcirrus" "Mozilla/5.0 AppleWebKit/537.36 (KHTML, like Gecko; compatible; GPTBot/1.4; +https://openai.com/gptbot)"
74.7.241.59 - - [24/Jul/2026:18:37:43 +0300] "GET /zip.php?dir=CwlibCwfirmwareCwcirrus&view=cs35l63-a1-dsp1-misc-10280e1b-spkid2-03-l3u3.bin HTTP/1.1" 429 0 "http://naturallights.us.logoandwebdesigns.com/zip.php?dir=CwlibCwfirmwareCwcirrus" "Mozilla/5.0 AppleWebKit/537.36 (KHTML, like Gecko; compatible; GPTBot/1.4; +https://openai.com/gptbot)"
74.7.241.59 - - [24/Jul/2026:18:38:44 +0300] "GET /zip.php?dir=CwlibCwfirmwareCwcirrus&view=cs35l63-a1-dsp1-misc-10280e1b-spkid3-03-l3u3.bin HTTP/1.1" 429 0 "http://naturallights.us.logoandwebdesigns.com/zip.php?dir=CwlibCwfirmwareCwcirrus" "Mozilla/5.0 AppleWebKit/537.36 (KHTML, like Gecko; compatible; GPTBot/1.4; +https://openai.com/gptbot)"
74.7.241.59 - - [24/Jul/2026:18:41:56 +0300] "GET /zip.php?dir=CwlibCwfirmwareCwcirrus&view=cs35l63-a1-dsp1-misc-10280e25-spkid1-01-l1u3.bin HTTP/1.1" 429 0 "http://naturallights.us.logoandwebdesigns.com/zip.php?dir=CwlibCwfirmwareCwcirrus" "Mozilla/5.0 AppleWebKit/537.36 (KHTML, like Gecko; compatible; GPTBot/1.4; +https://openai.com/gptbot)"
74.7.241.59 - - [24/Jul/2026:18:42:57 +0300] "GET /zip.php?dir=CwlibCwfirmwareCwcirrus&view=cs35l63-a1-dsp1-misc-10280e1c-spkid3-02-l3u1.bin HTTP/1.1" 429 0 "http://naturallights.us.logoandwebdesigns.com/zip.php?dir=CwlibCwfirmwareCwcirrus" "Mozilla/5.0 AppleWebKit/537.36 (KHTML, like Gecko; compatible; GPTBot/1.4; +https://openai.com/gptbot)"
74.7.227.50 - - [24/Jul/2026:18:43:59 +0300] "GET /.well-known/zip.php?dir=CwhomeCwlogoandwCwnature-photosFwinfoCwwp-content-20251108024714Cwblock&view=error_log-20251108093917-20251108102804-20251108103543-20251108103744-20251108104750-20251108104836-20251108162320-20251109000812-20251109015233-20251110002142-20251110020918-20251110180806. HTTP/1.1" 429 0 "http://naturallights.us/.well-known/zip.php?dir=CwhomeCwlogoandwCwnature-photosFwinfoCwwp-content-20251108024714Cwblock" "Mozilla/5.0 AppleWebKit/537.36 (KHTML, like Gecko; compatible; GPTBot/1.4; +https://openai.com/gptbot)"
74.7.241.59 - - [24/Jul/2026:18:40:52 +0300] "GET /zip.php?dir=CwlibCwfirmwareCwcirrus&view=cs35l63-a1-dsp1-misc-10280e83-spkid0-02-l3u1.bin HTTP/1.1" 429 0 "http://naturallights.us.logoandwebdesigns.com/zip.php?dir=CwlibCwfirmwareCwcirrus" "Mozilla/5.0 AppleWebKit/537.36 (KHTML, like Gecko; compatible; GPTBot/1.4; +https://openai.com/gptbot)"
74.7.241.171 - - [24/Jul/2026:18:40:53 +0300] "GET /robots.txt HTTP/1.1" 404 1251 "-" "Mozilla/5.0 (Macintosh; Intel Mac OS X 10_15_7) AppleWebKit/537.36 (KHTML, like Gecko) Chrome/131.0.0.0 Safari/537.36; compatible; OAI-SearchBot/1.4; robots.txt; +https://openai.com/searchbot"
74.7.241.59 - - [24/Jul/2026:18:44:00 +0300] "GET /zip.php?dir=CwlibCwfirmwareCwcirrus&view=cs35l63-a1-dsp1-misc-10280e2c-spkid1-00-l1u1.bin HTTP/1.1" 429 0 "http://naturallights.us.logoandwebdesigns.com/zip.php?dir=CwlibCwfirmwareCwcirrus" "Mozilla/5.0 AppleWebKit/537.36 (KHTML, like Gecko; compatible; GPTBot/1.4; +https://openai.com/gptbot)"
74.7.241.59 - - [24/Jul/2026:18:49:20 +0300] "GET /zip.php?dir=CwlibCwfirmwareCwcirrus&view=cs35l63-a1-dsp1-misc-10280e1f-spkid0-02-l3u1.bin HTTP/1.1" 429 0 "http://naturallights.us.logoandwebdesigns.com/zip.php?dir=CwlibCwfirmwareCwcirrus" "Mozilla/5.0 AppleWebKit/537.36 (KHTML, like Gecko; compatible; GPTBot/1.4; +https://openai.com/gptbot)"
74.7.227.50 - - [24/Jul/2026:18:51:22 +0300] "GET /.well-known/zip.php?dir=CwhomeCwlogoandwCwnature-photosFwinfoCwwp-includesCwwp-content&view=error_log-20251108093917-20251108102804-20251108103543-20251108103744-20251108104750-20251108104836-20251108162320-20251109000812-20251109015233-20251110002142-20251113155032-20251113191151-20251118235609. HTTP/1.1" 429 0 "http://naturallights.us/.well-known/zip.php?dir=CwhomeCwlogoandwCwnature-photosFwinfoCwwp-includesCwwp-content" "Mozilla/5.0 AppleWebKit/537.36 (KHTML, like Gecko; compatible; GPTBot/1.4; +https://openai.com/gptbot)"
74.7.241.59 - - [24/Jul/2026:18:53:27 +0300] "GET /zip.php?dir=CwlibCwfirmwareCwcirrus&view=cs35l63-a1-dsp1-misc-10280e20-spkid2-05-l3u1.bin HTTP/1.1" 429 0 "http://naturallights.us.logoandwebdesigns.com/zip.php?dir=CwlibCwfirmwareCwcirrus" "Mozilla/5.0 AppleWebKit/537.36 (KHTML, like Gecko; compatible; GPTBot/1.4; +https://openai.com/gptbot)"
74.7.241.59 - - [24/Jul/2026:18:46:06 +0300] "GET /zip.php?dir=CwlibCwfirmwareCwcirrus&view=cs35l63-a1-dsp1-misc-10280e21-spkid3-03-l1u3.bin HTTP/1.1" 429 0 "http://naturallights.us.logoandwebdesigns.com/zip.php?dir=CwlibCwfirmwareCwcirrus" "Mozilla/5.0 AppleWebKit/537.36 (KHTML, like Gecko; compatible; GPTBot/1.4; +https://openai.com/gptbot)"
74.7.241.59 - - [24/Jul/2026:18:47:11 +0300] "GET /zip.php?dir=CwlibCwfirmwareCwcirrus&view=cs35l63-a1-dsp1-misc-10280e2c-spkid0-00-l1u1.bin HTTP/1.1" 429 0 "http://naturallights.us.logoandwebdesigns.com/zip.php?dir=CwlibCwfirmwareCwcirrus" "Mozilla/5.0 AppleWebKit/537.36 (KHTML, like Gecko; compatible; GPTBot/1.4; +https://openai.com/gptbot)"
74.7.241.59 - - [24/Jul/2026:18:48:14 +0300] "GET /zip.php?dir=CwlibCwfirmwareCwcirrus&view=cs35l63-a1-dsp1-misc-10280e26-spkid3-01-l1u1.bin HTTP/1.1" 429 0 "http://naturallights.us.logoandwebdesigns.com/zip.php?dir=CwlibCwfirmwareCwcirrus" "Mozilla/5.0 AppleWebKit/537.36 (KHTML, like Gecko; compatible; GPTBot/1.4; +https://openai.com/gptbot)"
74.7.241.59 - - [24/Jul/2026:18:50:22 +0300] "GET /zip.php?dir=CwlibCwfirmwareCwcirrus&view=cs35l63-a1-dsp1-misc-10280e38-spkid0-03-l3u1.bin HTTP/1.1" 429 0 "http://naturallights.us.logoandwebdesigns.com/zip.php?dir=CwlibCwfirmwareCwcirrus" "Mozilla/5.0 AppleWebKit/537.36 (KHTML, like Gecko; compatible; GPTBot/1.4; +https://openai.com/gptbot)"
74.7.241.59 - - [24/Jul/2026:18:45:03 +0300] "GET /zip.php?dir=CwlibCwfirmwareCwcirrus&view=cs35l63-a1-dsp1-misc-10280e3e-spkid0-01-l3u3.bin HTTP/1.1" 429 0 "http://naturallights.us.logoandwebdesigns.com/zip.php?dir=CwlibCwfirmwareCwcirrus" "Mozilla/5.0 AppleWebKit/537.36 (KHTML, like Gecko; compatible; GPTBot/1.4; +https://openai.com/gptbot)"
74.7.227.50 - - [24/Jul/2026:18:45:04 +0300] "GET /.well-known/zip.php?dir=CwhomeCwlogoandwCwnature-photosFwinfoCwwp-content&view=error_log-20251108093917-20251108102804-20251108103543-20251108103744-20251108104750-20251108104836-20251108162320-20251109000812-20251109015233-20251110002142-20251110013512-20251115154608. HTTP/1.1" 429 0 "http://naturallights.us/.well-known/zip.php?dir=CwhomeCwlogoandwCwnature-photosFwinfoCwwp-content" "Mozilla/5.0 AppleWebKit/537.36 (KHTML, like Gecko; compatible; GPTBot/1.4; +https://openai.com/gptbot)"
74.7.227.50 - - [24/Jul/2026:18:48:14 +0300] "GET /.well-known/zip.php?dir=CwhomeCwlogoandwCwnature-photosFwinfoCwwp-includesCwwp-content&view=error_log-20251108093917-20251108102804-20251108103543-20251108103744-20251108104750-20251108104836-20251108162320-20251109000812-20251109015233-20251110002142-20251111140521-20251112153824-20251113140245. HTTP/1.1" 429 0 "http://naturallights.us/.well-known/zip.php?dir=CwhomeCwlogoandwCwnature-photosFwinfoCwwp-includesCwwp-content" "Mozilla/5.0 AppleWebKit/537.36 (KHTML, like Gecko; compatible; GPTBot/1.4; +https://openai.com/gptbot)"
74.7.227.50 - - [24/Jul/2026:18:49:16 +0300] "GET /.well-known/zip.php?dir=CwhomeCwlogoandwCwnature-photosFwinfoCwwp-content-20251108024714Cwblock&view=error_log-20251108093917-20251108102804-20251108103543-20251108103744-20251108104750-20251108104836-20251108162320-20251109000812-20251109015233-20251110002142-20251110004832-20251110222613. HTTP/1.1" 429 0 "http://naturallights.us/.well-known/zip.php?dir=CwhomeCwlogoandwCwnature-photosFwinfoCwwp-content-20251108024714Cwblock" "Mozilla/5.0 AppleWebKit/537.36 (KHTML, like Gecko; compatible; GPTBot/1.4; +https://openai.com/gptbot)"
74.7.227.50 - - [24/Jul/2026:18:50:22 +0300] "GET /.well-known/zip.php?dir=CwhomeCwlogoandwCwnature-photosFwinfoCwwp-includesCwwp-content&view=error_log-20251108093917-20251108102804-20251108103543-20251108103744-20251108104750-20251108104836-20251108162320-20251109000812-20251109015233-20251110002142-20251111140521-20251114211921-20251115014528. HTTP/1.1" 429 0 "http://naturallights.us/.well-known/zip.php?dir=CwhomeCwlogoandwCwnature-photosFwinfoCwwp-includesCwwp-content" "Mozilla/5.0 AppleWebKit/537.36 (KHTML, like Gecko; compatible; GPTBot/1.4; +https://openai.com/gptbot)"
74.7.241.59 - - [24/Jul/2026:18:51:25 +0300] "GET /zip.php?dir=CwlibCwfirmwareCwcirrus&view=cs35l63-a1-dsp1-misc-10280e1c-spkid1-02-l3u1.bin HTTP/1.1" 429 0 "http://naturallights.us.logoandwebdesigns.com/zip.php?dir=CwlibCwfirmwareCwcirrus" "Mozilla/5.0 AppleWebKit/537.36 (KHTML, like Gecko; compatible; GPTBot/1.4; +https://openai.com/gptbot)"
74.7.241.59 - - [24/Jul/2026:18:52:27 +0300] "GET /zip.php?dir=CwlibCwfirmwareCwcirrus&view=cs35l63-a1-dsp1-misc-10280e20-spkid1-05-l3u3.bin HTTP/1.1" 429 0 "http://naturallights.us.logoandwebdesigns.com/zip.php?dir=CwlibCwfirmwareCwcirrus" "Mozilla/5.0 AppleWebKit/537.36 (KHTML, like Gecko; compatible; GPTBot/1.4; +https://openai.com/gptbot)"
74.7.241.59 - - [24/Jul/2026:18:54:30 +0300] "GET /zip.php?dir=CwlibCwfirmwareCwcirrus&view=cs35l63-a1-dsp1-misc-10280e22-spkid0-02-l1u3.bin HTTP/1.1" 429 0 "http://naturallights.us.logoandwebdesigns.com/zip.php?dir=CwlibCwfirmwareCwcirrus" "Mozilla/5.0 AppleWebKit/537.36 (KHTML, like Gecko; compatible; GPTBot/1.4; +https://openai.com/gptbot)"
74.7.241.59 - - [24/Jul/2026:18:57:36 +0300] "GET /zip.php?dir=CwlibCwfirmwareCwcirrus&view=cs35l63-a1-dsp1-misc-10280e3e-spkid2-01-l3u1.bin HTTP/1.1" 200 4848 "http://naturallights.us.logoandwebdesigns.com/zip.php?dir=CwlibCwfirmwareCwcirrus" "Mozilla/5.0 AppleWebKit/537.36 (KHTML, like Gecko; compatible; GPTBot/1.4; +https://openai.com/gptbot)"
74.7.227.50 - - [24/Jul/2026:18:58:31 +0300] "GET /.well-known/zip.php?dir=CwhomeCwlogoandwCwnature-photosFwinfoCwwp-content&view=error_log-20251108093917-20251108102804-20251108103543-20251108103744-20251108104750-20251108104836-20251108162320-20251109000812-20251109015233-20251110002142-20251110210415-20251118005326. HTTP/1.1" 200 12 "http://naturallights.us/.well-known/zip.php?dir=CwhomeCwlogoandwCwnature-photosFwinfoCwwp-content" "Mozilla/5.0 AppleWebKit/537.36 (KHTML, like Gecko; compatible; GPTBot/1.4; +https://openai.com/gptbot)"
74.7.241.59 - - [24/Jul/2026:18:59:15 +0300] "GET /zip.php?dir=CwlibCwfirmwareCwcirrus&view=cs35l63-a1-dsp1-misc-10280e21-spkid2-03-l1u1.bin HTTP/1.1" 200 4894 "http://naturallights.us.logoandwebdesigns.com/zip.php?dir=CwlibCwfirmwareCwcirrus" "Mozilla/5.0 AppleWebKit/537.36 (KHTML, like Gecko; compatible; GPTBot/1.4; +https://openai.com/gptbot)"
74.7.241.59 - - [24/Jul/2026:19:01:04 +0300] "GET /zip.php?dir=CwlibCwfirmwareCwcirrus&view=cs35l63-a1-dsp1-misc-10280e1d-spkid2-05-l3u1.bin HTTP/1.1" 200 4897 "http://naturallights.us.logoandwebdesigns.com/zip.php?dir=CwlibCwfirmwareCwcirrus" "Mozilla/5.0 AppleWebKit/537.36 (KHTML, like Gecko; compatible; GPTBot/1.4; +https://openai.com/gptbot)"
74.7.241.59 - - [24/Jul/2026:19:02:02 +0300] "GET /zip.php?dir=CwlibCwfirmwareCwcirrus&view=cs35l63-a1-dsp1-misc-10280e1b-spkid3-03-l3u1.bin HTTP/1.1" 200 4895 "http://naturallights.us.logoandwebdesigns.com/zip.php?dir=CwlibCwfirmwareCwcirrus" "Mozilla/5.0 AppleWebKit/537.36 (KHTML, like Gecko; compatible; GPTBot/1.4; +https://openai.com/gptbot)"
74.7.241.59 - - [24/Jul/2026:19:02:27 +0300] "GET /zip.php?dir=CwlibCwfirmwareCwcirrus&view=cs35l63-a1-dsp1-misc-10280e20-spkid0-05-l3u3.bin HTTP/1.1" 200 4879 "http://naturallights.us.logoandwebdesigns.com/zip.php?dir=CwlibCwfirmwareCwcirrus" "Mozilla/5.0 AppleWebKit/537.36 (KHTML, like Gecko; compatible; GPTBot/1.4; +https://openai.com/gptbot)"
74.7.241.59 - - [24/Jul/2026:19:02:50 +0300] "GET /zip.php?dir=CwlibCwfirmwareCwcirrus&view=cs35l63-a1-dsp1-misc-10280e23-spkid0-03-l1u1.bin HTTP/1.1" 200 4890 "http://naturallights.us.logoandwebdesigns.com/zip.php?dir=CwlibCwfirmwareCwcirrus" "Mozilla/5.0 AppleWebKit/537.36 (KHTML, like Gecko; compatible; GPTBot/1.4; +https://openai.com/gptbot)"
74.7.227.50 - - [24/Jul/2026:19:02:55 +0300] "GET /.well-known/zip.php?dir=CwhomeCwlogoandwCwnature-photosFwinfoCwwp-content&view=error_log-20251108093917-20251108102804-20251108103543-20251108103744-20251108104750-20251108104836-20251108162320-20251109000812-20251109010418-20251118084246-20251118085210-20251118103435. HTTP/1.1" 200 12 "http://naturallights.us/.well-known/zip.php?dir=CwhomeCwlogoandwCwnature-photosFwinfoCwwp-content" "Mozilla/5.0 AppleWebKit/537.36 (KHTML, like Gecko; compatible; GPTBot/1.4; +https://openai.com/gptbot)"
74.7.241.59 - - [24/Jul/2026:19:03:44 +0300] "GET /zip.php?dir=CwlibCwfirmwareCwcirrus&view=cs35l63-a1-dsp1-misc-10280e1c-spkid0-01-l3u1.bin HTTP/1.1" 200 4857 "http://naturallights.us.logoandwebdesigns.com/zip.php?dir=CwlibCwfirmwareCwcirrus" "Mozilla/5.0 AppleWebKit/537.36 (KHTML, like Gecko; compatible; GPTBot/1.4; +https://openai.com/gptbot)"
74.7.227.50 - - [24/Jul/2026:19:04:01 +0300] "GET /.well-known/zip.php?dir=CwhomeCwlogoandwCwnature-photosFwinfoCwwp-content-20251108024714&view=error_log-20251108093917-20251108102804-20251108103543-20251108103744-20251108104750-20251108104836-20251108162320-20251109000812-20251109015233-20251110002142-20251110004832. HTTP/1.1" 200 12 "http://naturallights.us/.well-known/zip.php?dir=CwhomeCwlogoandwCwnature-photosFwinfoCwwp-content-20251108024714" "Mozilla/5.0 AppleWebKit/537.36 (KHTML, like Gecko; compatible; GPTBot/1.4; +https://openai.com/gptbot)"
74.7.227.50 - - [24/Jul/2026:18:57:39 +0300] "GET /.well-known/zip.php?dir=CwhomeCwlogoandwCwnature-photosFwinfoCwwp-includesCwwp-content&view=error_log-20251108093917-20251108102804-20251108103543-20251108103744-20251108104750-20251108104836-20251108162320-20251109000812-20251109015233-20251110002142-20251112121403-20251112123937-20251113032044. HTTP/1.1" 200 12 "http://naturallights.us/.well-known/zip.php?dir=CwhomeCwlogoandwCwnature-photosFwinfoCwwp-includesCwwp-content" "Mozilla/5.0 AppleWebKit/537.36 (KHTML, like Gecko; compatible; GPTBot/1.4; +https://openai.com/gptbot)"
74.7.241.59 - - [24/Jul/2026:18:58:28 +0300] "GET /zip.php?dir=CwlibCwfirmwareCwcirrus&view=cs35l63-a1-dsp1-misc-10280e82-spkid3-03-l3u1.bin HTTP/1.1" 200 4895 "http://naturallights.us.logoandwebdesigns.com/zip.php?dir=CwlibCwfirmwareCwcirrus" "Mozilla/5.0 AppleWebKit/537.36 (KHTML, like Gecko; compatible; GPTBot/1.4; +https://openai.com/gptbot)"
74.7.227.50 - - [24/Jul/2026:18:59:18 +0300] "GET /.well-known/zip.php?dir=CwhomeCwlogoandwCwnature-photosFwinfoCwwp-includesCwwp-content&view=error_log-20251108093917-20251108102804-20251108103543-20251108103744-20251108104750-20251108104836-20251108162320-20251109000812-20251109015233-20251110002142-20251111143537-20251115061042-20251115074604-20251117140603. HTTP/1.1" 200 12 "http://naturallights.us/.well-known/zip.php?dir=CwhomeCwlogoandwCwnature-photosFwinfoCwwp-includesCwwp-content" "Mozilla/5.0 AppleWebKit/537.36 (KHTML, like Gecko; compatible; GPTBot/1.4; +https://openai.com/gptbot)"
74.7.241.59 - - [24/Jul/2026:19:01:35 +0300] "GET /zip.php?dir=CwlibCwfirmwareCwcirrus&view=cs35l63-a1-dsp1-misc-10280e1a-spkid0-02-l3u1.bin HTTP/1.1" 200 4896 "http://naturallights.us.logoandwebdesigns.com/zip.php?dir=CwlibCwfirmwareCwcirrus" "Mozilla/5.0 AppleWebKit/537.36 (KHTML, like Gecko; compatible; GPTBot/1.4; +https://openai.com/gptbot)"
74.7.241.59 - - [24/Jul/2026:19:03:28 +0300] "GET /zip.php?dir=CwlibCwfirmwareCwcirrus&view=cs35l63-a1-dsp1-misc-10280e3e-spkid0-01-l3u1.bin HTTP/1.1" 200 4856 "http://naturallights.us.logoandwebdesigns.com/zip.php?dir=CwlibCwfirmwareCwcirrus" "Mozilla/5.0 AppleWebKit/537.36 (KHTML, like Gecko; compatible; GPTBot/1.4; +https://openai.com/gptbot)"
74.7.227.50 - - [24/Jul/2026:19:03:47 +0300] "GET /.well-known/zip.php?dir=CwhomeCwlogoandwCwnature-photosFwinfoCwwp-content&view=error_log-20251108093917-20251108102804-20251108103543-20251108103744-20251108104750-20251108104836-20251108162320-20251109000812-20251109015233-20251110002142-20251113155032-20251115085629. HTTP/1.1" 200 12 "http://naturallights.us/.well-known/zip.php?dir=CwhomeCwlogoandwCwnature-photosFwinfoCwwp-content" "Mozilla/5.0 AppleWebKit/537.36 (KHTML, like Gecko; compatible; GPTBot/1.4; +https://openai.com/gptbot)"
74.7.241.59 - - [24/Jul/2026:19:04:11 +0300] "GET /zip.php?dir=CwlibCwfirmwareCwcirrus&view=cs35l63-a1-dsp1-misc-10280e82-spkid3-03-l3u3.bin HTTP/1.1" 200 4887 "http://naturallights.us.logoandwebdesigns.com/zip.php?dir=CwlibCwfirmwareCwcirrus" "Mozilla/5.0 AppleWebKit/537.36 (KHTML, like Gecko; compatible; GPTBot/1.4; +https://openai.com/gptbot)"
74.7.227.50 - - [24/Jul/2026:19:04:15 +0300] "GET /.well-known/zip.php?dir=CwhomeCwlogoandwCwnature-photosFwinfoCwjsCwwp-content&view=error_log-20251108093917-20251108102804-20251108103543-20251108103744-20251108104750-20251108104836-20251108162320-20251109000812-20251109015233-20251110002142-20251110013512-20251111092825. HTTP/1.1" 200 12 "http://naturallights.us/.well-known/zip.php?dir=CwhomeCwlogoandwCwnature-photosFwinfoCwjsCwwp-content" "Mozilla/5.0 AppleWebKit/537.36 (KHTML, like Gecko; compatible; GPTBot/1.4; +https://openai.com/gptbot)"
74.7.241.59 - - [24/Jul/2026:19:05:05 +0300] "GET /zip.php?dir=CwlibCwfirmwareCwcirrus&view=cs35l63-a1-dsp1-misc-10280e38-spkid2-03-l3u1.bin HTTP/1.1" 429 0 "http://naturallights.us.logoandwebdesigns.com/zip.php?dir=CwlibCwfirmwareCwcirrus" "Mozilla/5.0 AppleWebKit/537.36 (KHTML, like Gecko; compatible; GPTBot/1.4; +https://openai.com/gptbot)"
20.203.209.227 - - [24/Jul/2026:19:08:56 +0300] "GET /wp-content/plugins/hellopress/wp_filemanager.php HTTP/1.1" 404 1251 "-" "-"
20.203.209.227 - - [24/Jul/2026:19:08:56 +0300] "GET /this_is_a_new_hello_world.php HTTP/1.1" 404 1251 "-" "-"
20.203.209.227 - - [24/Jul/2026:19:08:56 +0300] "GET /SS72_kKKjT.php HTTP/1.1" 404 1251 "-" "-"
20.203.209.227 - - [24/Jul/2026:19:08:56 +0300] "GET /solo1.php HTTP/1.1" 404 1251 "-" "-"
20.203.209.227 - - [24/Jul/2026:19:08:56 +0300] "GET /cu.php HTTP/1.1" 404 1251 "-" "-"
20.203.209.227 - - [24/Jul/2026:19:08:56 +0300] "GET /nc4.php HTTP/1.1" 404 1251 "-" "-"
20.203.209.227 - - [24/Jul/2026:19:08:56 +0300] "GET /ctjpseby.php HTTP/1.1" 404 1251 "-" "-"
20.203.209.227 - - [24/Jul/2026:19:08:56 +0300] "GET /mI35rZhMg1zJ1vuXdefault.php HTTP/1.1" 404 1251 "-" "-"
20.203.209.227 - - [24/Jul/2026:19:08:56 +0300] "GET /yj03.php HTTP/1.1" 404 1251 "-" "-"
20.203.209.227 - - [24/Jul/2026:19:08:56 +0300] "GET /exhds0ucw0ju9vjgasxqCdefault.php HTTP/1.1" 404 1251 "-" "-"
20.203.209.227 - - [24/Jul/2026:19:08:56 +0300] "GET /ifrea.php HTTP/1.1" 404 1251 "-" "-"
20.203.209.227 - - [24/Jul/2026:19:08:56 +0300] "GET /wxeyc.php HTTP/1.1" 404 1251 "-" "-"
20.203.209.227 - - [24/Jul/2026:19:08:56 +0300] "GET /7logs.php HTTP/1.1" 404 1251 "-" "-"
20.203.209.227 - - [24/Jul/2026:19:08:56 +0300] "GET /hplfuns.php HTTP/1.1" 404 1251 "-" "-"
20.203.209.227 - - [24/Jul/2026:19:08:56 +0300] "GET /vgtyu.php HTTP/1.1" 404 1251 "-" "-"
20.203.209.227 - - [24/Jul/2026:19:08:56 +0300] "GET /xbbih.php HTTP/1.1" 404 1251 "-" "-"
20.203.209.227 - - [24/Jul/2026:19:08:56 +0300] "GET /ardsw.php HTTP/1.1" 404 1251 "-" "-"
20.203.209.227 - - [24/Jul/2026:19:08:56 +0300] "GET /ws56.php HTTP/1.1" 404 1251 "-" "-"
20.203.209.227 - - [24/Jul/2026:19:08:56 +0300] "GET /lp6.php HTTP/1.1" 404 1251 "-" "-"
20.203.209.227 - - [24/Jul/2026:19:08:56 +0300] "GET /tymi.php HTTP/1.1" 404 1251 "-" "-"
20.203.209.227 - - [24/Jul/2026:19:08:56 +0300] "GET /motu.php HTTP/1.1" 404 1251 "-" "-"
20.203.209.227 - - [24/Jul/2026:19:08:56 +0300] "GET /s3FiyJ2WGCnF0p1default.php HTTP/1.1" 404 1251 "-" "-"
20.203.209.227 - - [24/Jul/2026:19:08:56 +0300] "GET /edit-tags.php HTTP/1.1" 404 1251 "-" "-"
20.203.209.227 - - [24/Jul/2026:19:08:56 +0300] "GET /drykl.php HTTP/1.1" 404 1251 "-" "-"
20.203.209.227 - - [24/Jul/2026:19:08:57 +0300] "GET /tires.php HTTP/1.1" 404 1251 "-" "-"
20.203.209.227 - - [24/Jul/2026:19:08:57 +0300] "GET /gelio1.php HTTP/1.1" 404 1251 "-" "-"
20.203.209.227 - - [24/Jul/2026:19:08:57 +0300] "GET /nhj6t74aqmkde3hgpCdefault.php HTTP/1.1" 404 1251 "-" "-"
20.203.209.227 - - [24/Jul/2026:19:08:57 +0300] "GET /wpls.php HTTP/1.1" 404 1251 "-" "-"
20.203.209.227 - - [24/Jul/2026:19:08:57 +0300] "GET /gh.php HTTP/1.1" 404 1251 "-" "-"
20.203.209.227 - - [24/Jul/2026:19:08:57 +0300] "GET /wp-the.php HTTP/1.1" 404 1251 "-" "-"
20.203.209.227 - - [24/Jul/2026:19:08:57 +0300] "GET /xy.php HTTP/1.1" 404 1251 "-" "-"
20.203.209.227 - - [24/Jul/2026:19:08:57 +0300] "GET /ws58.php HTTP/1.1" 404 1251 "-" "-"
20.203.209.227 - - [24/Jul/2026:19:08:57 +0300] "GET /fssxwoyh.php HTTP/1.1" 404 1251 "-" "-"
20.203.209.227 - - [24/Jul/2026:19:08:57 +0300] "GET /auth.php HTTP/1.1" 404 1251 "-" "-"
20.203.209.227 - - [24/Jul/2026:19:08:57 +0300] "GET /health.php HTTP/1.1" 404 1251 "-" "-"
20.203.209.227 - - [24/Jul/2026:19:08:57 +0300] "GET /lco.php HTTP/1.1" 404 1251 "-" "-"
20.203.209.227 - - [24/Jul/2026:19:08:57 +0300] "GET /crgio.php HTTP/1.1" 404 1251 "-" "-"
20.203.209.227 - - [24/Jul/2026:19:08:57 +0300] "GET /a6.php HTTP/1.1" 404 1251 "-" "-"
20.203.209.227 - - [24/Jul/2026:19:08:57 +0300] "GET /green.php HTTP/1.1" 404 1251 "-" "-"
20.203.209.227 - - [24/Jul/2026:19:08:57 +0300] "GET /ws85.php HTTP/1.1" 404 1251 "-" "-"
20.203.209.227 - - [24/Jul/2026:19:08:57 +0300] "GET /vrhiw.php HTTP/1.1" 404 1251 "-" "-"
20.203.209.227 - - [24/Jul/2026:19:08:57 +0300] "GET /wtiiy.php HTTP/1.1" 404 1251 "-" "-"
20.203.209.227 - - [24/Jul/2026:19:08:57 +0300] "GET /xtsr.php HTTP/1.1" 404 1251 "-" "-"
20.203.209.227 - - [24/Jul/2026:19:08:57 +0300] "GET /kagug.php HTTP/1.1" 404 1251 "-" "-"
20.203.209.227 - - [24/Jul/2026:19:08:57 +0300] "GET /public/vx.php HTTP/1.1" 404 1251 "-" "-"
20.203.209.227 - - [24/Jul/2026:19:08:57 +0300] "GET /dx.php HTTP/1.1" 404 1251 "-" "-"
20.203.209.227 - - [24/Jul/2026:19:08:57 +0300] "GET /chosen.php HTTP/1.1" 404 1251 "-" "-"
20.203.209.227 - - [24/Jul/2026:19:08:57 +0300] "GET /ckmtelzy.php HTTP/1.1" 404 1251 "-" "-"
20.203.209.227 - - [24/Jul/2026:19:08:57 +0300] "GET /wp-tot.php HTTP/1.1" 404 1251 "-" "-"
20.203.209.227 - - [24/Jul/2026:19:08:57 +0300] "GET /leaf.php HTTP/1.1" 404 1251 "-" "-"
20.203.209.227 - - [24/Jul/2026:19:08:57 +0300] "GET /class.php HTTP/1.1" 404 1251 "-" "-"
20.203.209.227 - - [24/Jul/2026:19:08:57 +0300] "GET /wp9.php HTTP/1.1" 404 1251 "-" "-"
20.203.209.227 - - [24/Jul/2026:19:08:57 +0300] "GET /wper.php HTTP/1.1" 404 1251 "-" "-"
20.203.209.227 - - [24/Jul/2026:19:08:57 +0300] "GET /BDKR28WP.php HTTP/1.1" 404 1251 "-" "-"
20.203.209.227 - - [24/Jul/2026:19:08:57 +0300] "GET /485.php HTTP/1.1" 404 1251 "-" "-"
20.203.209.227 - - [24/Jul/2026:19:08:57 +0300] "GET /bykdo.php HTTP/1.1" 404 1251 "-" "-"
20.203.209.227 - - [24/Jul/2026:19:08:57 +0300] "GET /eapjf.php HTTP/1.1" 404 1251 "-" "-"
20.203.209.227 - - [24/Jul/2026:19:08:57 +0300] "GET /bthil.php HTTP/1.1" 404 1251 "-" "-"
20.203.209.227 - - [24/Jul/2026:19:08:58 +0300] "GET /n3yUmQ6Q9xwQ8ocdefault.php HTTP/1.1" 404 1251 "-" "-"
20.203.209.227 - - [24/Jul/2026:19:08:58 +0300] "GET /gpt-sh.php HTTP/1.1" 404 1251 "-" "-"
20.203.209.227 - - [24/Jul/2026:19:08:58 +0300] "GET /ta0ol.php HTTP/1.1" 404 1251 "-" "-"
20.203.209.227 - - [24/Jul/2026:19:08:58 +0300] "GET /bxhnfdgd.php HTTP/1.1" 404 1251 "-" "-"
20.203.209.227 - - [24/Jul/2026:19:08:58 +0300] "GET /lowpr.php HTTP/1.1" 404 1251 "-" "-"
20.203.209.227 - - [24/Jul/2026:19:08:58 +0300] "GET /xigmltad.php HTTP/1.1" 404 1251 "-" "-"
20.203.209.227 - - [24/Jul/2026:19:08:58 +0300] "GET /cgi-bin_bkp.php HTTP/1.1" 404 1251 "-" "-"
20.203.209.227 - - [24/Jul/2026:19:08:58 +0300] "GET /ah25.php HTTP/1.1" 404 1251 "-" "-"
20.203.209.227 - - [24/Jul/2026:19:08:58 +0300] "GET /php.php HTTP/1.1" 404 1251 "-" "-"
20.203.209.227 - - [24/Jul/2026:19:08:58 +0300] "GET /wpb.php HTTP/1.1" 404 1251 "-" "-"
20.203.209.227 - - [24/Jul/2026:19:08:58 +0300] "GET /cilus.php HTTP/1.1" 404 1251 "-" "-"
20.203.209.227 - - [24/Jul/2026:19:08:58 +0300] "GET /hnphq.php HTTP/1.1" 404 1251 "-" "-"
20.203.209.227 - - [24/Jul/2026:19:08:58 +0300] "GET /ws80.php HTTP/1.1" 404 1251 "-" "-"
20.203.209.227 - - [24/Jul/2026:19:08:58 +0300] "GET /ws78.php HTTP/1.1" 404 1251 "-" "-"
20.203.209.227 - - [24/Jul/2026:19:08:58 +0300] "GET /shop.php HTTP/1.1" 404 1251 "-" "-"
20.203.209.227 - - [24/Jul/2026:19:08:58 +0300] "GET /isvqf.php HTTP/1.1" 404 1251 "-" "-"
20.203.209.227 - - [24/Jul/2026:19:08:58 +0300] "GET /users.php HTTP/1.1" 404 1251 "-" "-"
20.203.209.227 - - [24/Jul/2026:19:08:58 +0300] "GET /a5.php HTTP/1.1" 404 1251 "-" "-"
20.203.209.227 - - [24/Jul/2026:19:08:58 +0300] "GET /xa.php HTTP/1.1" 404 1251 "-" "-"
20.203.209.227 - - [24/Jul/2026:19:08:58 +0300] "GET /cjndd.php HTTP/1.1" 404 1251 "-" "-"
20.203.209.227 - - [24/Jul/2026:19:08:58 +0300] "GET /fss.php HTTP/1.1" 404 1251 "-" "-"
20.203.209.227 - - [24/Jul/2026:19:08:58 +0300] "GET /vaza.php HTTP/1.1" 404 1251 "-" "-"
20.203.209.227 - - [24/Jul/2026:19:08:58 +0300] "GET /rithin.php HTTP/1.1" 404 1251 "-" "-"
20.203.209.227 - - [24/Jul/2026:19:08:58 +0300] "GET /lgr.php HTTP/1.1" 404 1251 "-" "-"
20.203.209.227 - - [24/Jul/2026:19:08:58 +0300] "GET /xenium4.php HTTP/1.1" 404 1251 "-" "-"
20.203.209.227 - - [24/Jul/2026:19:08:58 +0300] "GET /mg.php HTTP/1.1" 404 1251 "-" "-"
20.203.209.227 - - [24/Jul/2026:19:08:58 +0300] "GET /home.php HTTP/1.1" 404 1251 "-" "-"
20.203.209.227 - - [24/Jul/2026:19:08:58 +0300] "GET /elp.php HTTP/1.1" 404 1251 "-" "-"
20.203.209.227 - - [24/Jul/2026:19:08:59 +0300] "GET /wp-content/tBEZGQz.php HTTP/1.1" 404 1251 "-" "-"
20.203.209.227 - - [24/Jul/2026:19:08:59 +0300] "GET /erty.php HTTP/1.1" 404 1251 "-" "-"
20.203.209.227 - - [24/Jul/2026:19:08:59 +0300] "GET /gold.php HTTP/1.1" 404 1251 "-" "-"
20.203.209.227 - - [24/Jul/2026:19:08:59 +0300] "GET /irpl4xz4fmlzm4tlvvu4h1mCdefault.php HTTP/1.1" 404 1251 "-" "-"
20.203.209.227 - - [24/Jul/2026:19:08:59 +0300] "GET /0x19493QU8ZQ.php HTTP/1.1" 404 1251 "-" "-"
20.203.209.227 - - [24/Jul/2026:19:08:59 +0300] "GET /xwpg.php HTTP/1.1" 404 1251 "-" "-"
20.203.209.227 - - [24/Jul/2026:19:08:59 +0300] "GET /Cap.php HTTP/1.1" 404 1251 "-" "-"
20.203.209.227 - - [24/Jul/2026:19:08:59 +0300] "GET /sd.php HTTP/1.1" 404 1251 "-" "-"
20.203.209.227 - - [24/Jul/2026:19:08:59 +0300] "GET /ylzed0twj8l9drdbchc1oocfCdefault.php HTTP/1.1" 404 1251 "-" "-"
20.203.209.227 - - [24/Jul/2026:19:08:59 +0300] "GET /mac.php HTTP/1.1" 404 1251 "-" "-"
20.203.209.227 - - [24/Jul/2026:19:08:59 +0300] "GET /wp-good.php HTTP/1.1" 404 1251 "-" "-"
20.203.209.227 - - [24/Jul/2026:19:08:59 +0300] "GET /ljbluatr.php HTTP/1.1" 404 1251 "-" "-"
20.203.209.227 - - [24/Jul/2026:19:08:59 +0300] "GET /6xBAm3vODE05BSzkJZRAws.php HTTP/1.1" 404 1251 "-" "-"
20.203.209.227 - - [24/Jul/2026:19:08:59 +0300] "GET /blqjs.php HTTP/1.1" 404 1251 "-" "-"
20.203.209.227 - - [24/Jul/2026:19:08:59 +0300] "GET /tdsaz.php HTTP/1.1" 404 1251 "-" "-"
20.203.209.227 - - [24/Jul/2026:19:08:59 +0300] "GET /azntlsxk.php HTTP/1.1" 404 1251 "-" "-"
20.203.209.227 - - [24/Jul/2026:19:08:59 +0300] "GET /epinyins.php HTTP/1.1" 404 1251 "-" "-"
20.203.209.227 - - [24/Jul/2026:19:08:59 +0300] "GET /atomlib.php HTTP/1.1" 404 1251 "-" "-"
20.203.209.227 - - [24/Jul/2026:19:08:59 +0300] "GET /gi.php HTTP/1.1" 404 1251 "-" "-"
20.203.209.227 - - [24/Jul/2026:19:08:59 +0300] "GET /hwjtry0zd1fzeakcuzn8Cdefault.php HTTP/1.1" 404 1251 "-" "-"
20.203.209.227 - - [24/Jul/2026:19:08:59 +0300] "GET /kandw.php HTTP/1.1" 404 1251 "-" "-"
20.203.209.227 - - [24/Jul/2026:19:08:59 +0300] "GET /wpc2.php HTTP/1.1" 404 1251 "-" "-"
20.203.209.227 - - [24/Jul/2026:19:08:59 +0300] "GET /xwx1.php HTTP/1.1" 404 1251 "-" "-"
20.203.209.227 - - [24/Jul/2026:19:08:59 +0300] "GET /ibjnu.php HTTP/1.1" 404 1251 "-" "-"
20.203.209.227 - - [24/Jul/2026:19:08:59 +0300] "GET /emcgm.php HTTP/1.1" 404 1251 "-" "-"
20.203.209.227 - - [24/Jul/2026:19:08:59 +0300] "GET /casp1.php HTTP/1.1" 404 1251 "-" "-"
20.203.209.227 - - [24/Jul/2026:19:08:59 +0300] "GET /lp5.php HTTP/1.1" 404 1251 "-" "-"
20.203.209.227 - - [24/Jul/2026:19:08:59 +0300] "GET /utchiha_O1JFaUaF.php HTTP/1.1" 404 1251 "-" "-"
20.203.209.227 - - [24/Jul/2026:19:08:59 +0300] "GET /info2.php HTTP/1.1" 404 1251 "-" "-"
20.203.209.227 - - [24/Jul/2026:19:09:00 +0300] "GET /public/mI35rZhMg1zJ1vuXdefault.php HTTP/1.1" 404 1251 "-" "-"
20.203.209.227 - - [24/Jul/2026:19:09:00 +0300] "GET /2ksm17n.php HTTP/1.1" 404 1251 "-" "-"
20.203.209.227 - - [24/Jul/2026:19:09:00 +0300] "GET /jlex.php HTTP/1.1" 404 1251 "-" "-"
20.203.209.227 - - [24/Jul/2026:19:09:00 +0300] "GET /epinyins.php?p= HTTP/1.1" 404 1251 "-" "-"
20.203.209.227 - - [24/Jul/2026:19:09:00 +0300] "GET /wdf.php HTTP/1.1" 404 1251 "-" "-"
20.203.209.227 - - [24/Jul/2026:19:09:00 +0300] "GET /intall.php HTTP/1.1" 404 1251 "-" "-"
20.203.209.227 - - [24/Jul/2026:19:09:00 +0300] "GET /8xyz.php HTTP/1.1" 404 1251 "-" "-"
20.203.209.227 - - [24/Jul/2026:19:09:00 +0300] "GET /ortasekerli1.php HTTP/1.1" 404 1251 "-" "-"
20.203.209.227 - - [24/Jul/2026:19:09:00 +0300] "GET /byueb.php HTTP/1.1" 404 1251 "-" "-"
20.203.209.227 - - [24/Jul/2026:19:09:00 +0300] "GET /baixy.php HTTP/1.1" 404 1251 "-" "-"
20.203.209.227 - - [24/Jul/2026:19:09:00 +0300] "GET /classwithtostring.php HTTP/1.1" 404 1251 "-" "-"
20.203.209.227 - - [24/Jul/2026:19:09:00 +0300] "GET /trx24.php HTTP/1.1" 404 1251 "-" "-"
20.203.209.227 - - [24/Jul/2026:19:09:00 +0300] "GET /yuzuru1.php HTTP/1.1" 404 1251 "-" "-"
20.203.209.227 - - [24/Jul/2026:19:09:00 +0300] "GET /dhjqs.php HTTP/1.1" 404 1251 "-" "-"
20.203.209.227 - - [24/Jul/2026:19:09:00 +0300] "GET /tx79.php HTTP/1.1" 404 1251 "-" "-"
74.7.241.59 - - [24/Jul/2026:18:55:32 +0300] "GET /zip.php?dir=CwlibCwfirmwareCwcirrus&view=cs35l63-a1-dsp1-misc-10280e1e-spkid3-06-l3u1.bin HTTP/1.1" 200 4876 "http://naturallights.us.logoandwebdesigns.com/zip.php?dir=CwlibCwfirmwareCwcirrus" "Mozilla/5.0 AppleWebKit/537.36 (KHTML, like Gecko; compatible; GPTBot/1.4; +https://openai.com/gptbot)"
