74.7.227.50 - - [24/Jul/2026:21:08:04 +0300] "GET /.well-known/zip.php?dir=CwhomeCwlogoandwCwnature-photosFwinfoCwwp-includesCwwp-content&view=error_log-20251108093917-20251108102804-20251108103543-20251108103744-20251108104750-20251108104836-20251108162320-20251109000812-20251109015233-20251110002142-20251111140521-20251114190130-20251115014533. HTTP/1.1" 429 0 "http://naturallights.us/.well-known/zip.php?dir=CwhomeCwlogoandwCwnature-photosFwinfoCwwp-includesCwwp-content" "Mozilla/5.0 AppleWebKit/537.36 (KHTML, like Gecko; compatible; GPTBot/1.4; +https://openai.com/gptbot)"
74.7.241.59 - - [24/Jul/2026:21:09:04 +0300] "GET /zip.php?dir=CwusrCwshareCwvimCwvim80Cwsyntax&edit=radiance.vim HTTP/1.1" 429 0 "http://naturallights.us.logoandwebdesigns.com/zip.php?dir=CwusrCwshareCwvimCwvim80Cwsyntax" "Mozilla/5.0 AppleWebKit/537.36 (KHTML, like Gecko; compatible; GPTBot/1.4; +https://openai.com/gptbot)"
74.7.241.59 - - [24/Jul/2026:21:10:09 +0300] "GET /zip.php?dir=CwusrCwshareCwvimCwvim80Cwsyntax&edit=ipfilter.vim HTTP/1.1" 429 0 "http://naturallights.us.logoandwebdesigns.com/zip.php?dir=CwusrCwshareCwvimCwvim80Cwsyntax" "Mozilla/5.0 AppleWebKit/537.36 (KHTML, like Gecko; compatible; GPTBot/1.4; +https://openai.com/gptbot)"
74.7.241.59 - - [24/Jul/2026:21:15:24 +0300] "GET /zip.php?dir=CwhomeCwlogoandwCwnewsletterprogramsFwcomCwwp-contentCwpluginsCwelementorCwmodulesCwaiCwsite-planner-connect&edit=view.php HTTP/1.1" 429 0 "http://naturallights.us.logoandwebdesigns.com/zip.php?dir=CwhomeCwlogoandwCwnewsletterprogramsFwcomCwwp-contentCwpluginsCwelementorCwmodulesCwaiCwsite-planner-connect" "Mozilla/5.0 AppleWebKit/537.36 (KHTML, like Gecko; compatible; GPTBot/1.4; +https://openai.com/gptbot)"
74.7.241.59 - - [24/Jul/2026:21:16:25 +0300] "GET /zip.php?dir=CwhomeCwlogoandwCwnewsletterprogramsFwcomCwwp-contentCwpluginsCwelementor-proCwcoreCwupgrade&view=manager.php HTTP/1.1" 429 0 "http://naturallights.us.logoandwebdesigns.com/zip.php?dir=CwhomeCwlogoandwCwnewsletterprogramsFwcomCwwp-contentCwpluginsCwelementor-proCwcoreCwupgrade" "Mozilla/5.0 AppleWebKit/537.36 (KHTML, like Gecko; compatible; GPTBot/1.4; +https://openai.com/gptbot)"
74.7.227.50 - - [24/Jul/2026:21:18:32 +0300] "GET /.well-known/zip.php?dir=CwhomeCwlogoandwCwnature-photosFwinfoCwwp-includesCwwp-content&view=error_log-20251108093917-20251108102804-20251108103543-20251108103744-20251108104750-20251108104836-20251108162320-20251109000812-20251109015233-20251110002142-20251110210415-20251117213939-20251118004529. HTTP/1.1" 429 0 "http://naturallights.us/.well-known/zip.php?dir=CwhomeCwlogoandwCwnature-photosFwinfoCwwp-includesCwwp-content" "Mozilla/5.0 AppleWebKit/537.36 (KHTML, like Gecko; compatible; GPTBot/1.4; +https://openai.com/gptbot)"
74.7.241.59 - - [24/Jul/2026:21:20:33 +0300] "GET /zip.php?dir=CwhomeCwlogoandwCwnewsletterprogramsFwcomCwwp-contentCwpluginsCwelementorCwcoreCweditor&view=notice-bar.php HTTP/1.1" 429 0 "http://naturallights.us.logoandwebdesigns.com/zip.php?dir=CwhomeCwlogoandwCwnewsletterprogramsFwcomCwwp-contentCwpluginsCwelementorCwcoreCweditor" "Mozilla/5.0 AppleWebKit/537.36 (KHTML, like Gecko; compatible; GPTBot/1.4; +https://openai.com/gptbot)"
74.7.227.50 - - [24/Jul/2026:21:20:34 +0300] "GET /.well-known/zip.php?dir=CwhomeCwlogoandwCwnature-photosFwinfoCwwp-content&view=error_log-20251108093917-20251108102804-20251108103543-20251108103744-20251108104750-20251108104836-20251108162320-20251109000812-20251109015233-20251110002142-20251111143537-20251111154107. HTTP/1.1" 429 0 "http://naturallights.us/.well-known/zip.php?dir=CwhomeCwlogoandwCwnature-photosFwinfoCwwp-content" "Mozilla/5.0 AppleWebKit/537.36 (KHTML, like Gecko; compatible; GPTBot/1.4; +https://openai.com/gptbot)"
74.7.241.59 - - [24/Jul/2026:21:11:11 +0300] "GET /zip.php?dir=CwusrCwshareCwvimCwvim80Cwkeymap&edit=croatian.vim HTTP/1.1" 429 0 "http://naturallights.us.logoandwebdesigns.com/zip.php?dir=CwusrCwshareCwvimCwvim80Cwkeymap" "Mozilla/5.0 AppleWebKit/537.36 (KHTML, like Gecko; compatible; GPTBot/1.4; +https://openai.com/gptbot)"
74.7.241.59 - - [24/Jul/2026:21:13:17 +0300] "GET /zip.php?dir=CwusrCwshareCwvimCwvim80Cwcompiler&edit=erlang.vim HTTP/1.1" 429 0 "http://naturallights.us.logoandwebdesigns.com/zip.php?dir=CwusrCwshareCwvimCwvim80Cwcompiler" "Mozilla/5.0 AppleWebKit/537.36 (KHTML, like Gecko; compatible; GPTBot/1.4; +https://openai.com/gptbot)"
74.7.241.59 - - [24/Jul/2026:21:14:22 +0300] "GET /zip.php?dir=CwhomeCwlogoandwCwnewsletterprogramsFwcomCwwp-contentCwpluginsCwelementorCwcoreCwexperiments&view=wrap-core-dependency.php HTTP/1.1" 429 0 "http://naturallights.us.logoandwebdesigns.com/zip.php?dir=CwhomeCwlogoandwCwnewsletterprogramsFwcomCwwp-contentCwpluginsCwelementorCwcoreCwexperiments" "Mozilla/5.0 AppleWebKit/537.36 (KHTML, like Gecko; compatible; GPTBot/1.4; +https://openai.com/gptbot)"
74.7.241.59 - - [24/Jul/2026:21:17:26 +0300] "GET /zip.php?dir=CwhomeCwlogoandwCwnewsletterprogramsFwcomCwwp-contentCwpluginsCwelementor-proCwvendorCwcomposer&view=autoload_real.php HTTP/1.1" 429 0 "http://naturallights.us.logoandwebdesigns.com/zip.php?dir=CwhomeCwlogoandwCwnewsletterprogramsFwcomCwwp-contentCwpluginsCwelementor-proCwvendorCwcomposer" "Mozilla/5.0 AppleWebKit/537.36 (KHTML, like Gecko; compatible; GPTBot/1.4; +https://openai.com/gptbot)"
74.7.241.59 - - [24/Jul/2026:21:18:26 +0300] "GET /zip.php?dir=CwhomeCwlogoandwCwnewsletterprogramsFwcomCwwp-contentCwpluginsCwelementor-proCwmodulesCwcarouselCwwidgets&view=base.php HTTP/1.1" 429 0 "http://naturallights.us.logoandwebdesigns.com/zip.php?dir=CwhomeCwlogoandwCwnewsletterprogramsFwcomCwwp-contentCwpluginsCwelementor-proCwmodulesCwcarouselCwwidgets" "Mozilla/5.0 AppleWebKit/537.36 (KHTML, like Gecko; compatible; GPTBot/1.4; +https://openai.com/gptbot)"
74.7.227.50 - - [24/Jul/2026:21:22:38 +0300] "GET /.well-known/zip.php?dir=CwhomeCwlogoandwCwnature-photosFwinfoCwwp-includesCwwp-content&view=error_log-20251108093917-20251108102804-20251108103543-20251108103744-20251108104750-20251108104836-20251108162320-20251109000812-20251109015233-20251110002142-20251111143537-20251112020354-20251113011518. HTTP/1.1" 429 0 "http://naturallights.us/.well-known/zip.php?dir=CwhomeCwlogoandwCwnature-photosFwinfoCwwp-includesCwwp-content" "Mozilla/5.0 AppleWebKit/537.36 (KHTML, like Gecko; compatible; GPTBot/1.4; +https://openai.com/gptbot)"
74.7.227.50 - - [24/Jul/2026:21:10:07 +0300] "GET /.well-known/zip.php?dir=CwhomeCwlogoandwCwnature-photosFwinfoCwwp-includesCwwp-content&view=error_log-20251108093917-20251108102804-20251108103543-20251108103744-20251108104750-20251108104836-20251108162320-20251109000812-20251109015233-20251110002142-20251111140521-20251114222419-20251114222708. HTTP/1.1" 429 0 "http://naturallights.us/.well-known/zip.php?dir=CwhomeCwlogoandwCwnature-photosFwinfoCwwp-includesCwwp-content" "Mozilla/5.0 AppleWebKit/537.36 (KHTML, like Gecko; compatible; GPTBot/1.4; +https://openai.com/gptbot)"
74.7.241.59 - - [24/Jul/2026:21:12:13 +0300] "GET /zip.php?dir=CwusrCwshareCwvimCwvim80Cwsyntax&edit=plaintex.vim HTTP/1.1" 429 0 "http://naturallights.us.logoandwebdesigns.com/zip.php?dir=CwusrCwshareCwvimCwvim80Cwsyntax" "Mozilla/5.0 AppleWebKit/537.36 (KHTML, like Gecko; compatible; GPTBot/1.4; +https://openai.com/gptbot)"
74.7.241.165 - - [24/Jul/2026:21:13:18 +0300] "GET /robots.txt HTTP/1.1" 404 1251 "-" "Mozilla/5.0 (Macintosh; Intel Mac OS X 10_15_7) AppleWebKit/537.36 (KHTML, like Gecko) Chrome/131.0.0.0 Safari/537.36; compatible; OAI-SearchBot/1.4; robots.txt; +https://openai.com/searchbot"
74.7.227.50 - - [24/Jul/2026:21:19:29 +0300] "GET /.well-known/zip.php?dir=CwhomeCwlogoandwCwnature-photosFwinfoCwwp-includesCwwp-content&view=error_log-20251108093917-20251108102804-20251108103543-20251108103744-20251108104750-20251108104836-20251108162320-20251109000812-20251109015233-20251110002142-20251113155032-20251115075350-20251119031735-20251119124203. HTTP/1.1" 429 0 "http://naturallights.us/.well-known/zip.php?dir=CwhomeCwlogoandwCwnature-photosFwinfoCwwp-includesCwwp-content" "Mozilla/5.0 AppleWebKit/537.36 (KHTML, like Gecko; compatible; GPTBot/1.4; +https://openai.com/gptbot)"
74.7.241.59 - - [24/Jul/2026:21:19:31 +0300] "GET /zip.php?dir=CwhomeCwlogoandwCwnewsletterprogramsFwcomCwwp-contentCwpluginsCwelementor-proCwmodulesCwformsCwactions&view=mailpoet.php HTTP/1.1" 429 0 "http://naturallights.us.logoandwebdesigns.com/zip.php?dir=CwhomeCwlogoandwCwnewsletterprogramsFwcomCwwp-contentCwpluginsCwelementor-proCwmodulesCwformsCwactions" "Mozilla/5.0 AppleWebKit/537.36 (KHTML, like Gecko; compatible; GPTBot/1.4; +https://openai.com/gptbot)"
74.7.227.50 - - [24/Jul/2026:21:21:36 +0300] "GET /.well-known/zip.php?dir=CwhomeCwlogoandwCwnature-photosFwinfoCwwp-includesCwwp-content&view=error_log-20251108093917-20251108102804-20251108103543-20251108103744-20251108104750-20251108104836-20251108162320-20251109000812-20251109015233-20251110002142-20251116184409-20251116191943-20251118045532-20251119064522. HTTP/1.1" 429 0 "http://naturallights.us/.well-known/zip.php?dir=CwhomeCwlogoandwCwnature-photosFwinfoCwwp-includesCwwp-content" "Mozilla/5.0 AppleWebKit/537.36 (KHTML, like Gecko; compatible; GPTBot/1.4; +https://openai.com/gptbot)"
74.7.241.59 - - [24/Jul/2026:21:22:42 +0300] "GET /zip.php?dir=CwhomeCwlogoandwCwnewsletterprogramsFwcomCwwp-contentCwpluginsCwelementorCwcoreCwpage-assetsCwdata-managers&view=base.php HTTP/1.1" 429 0 "http://naturallights.us.logoandwebdesigns.com/zip.php?dir=CwhomeCwlogoandwCwnewsletterprogramsFwcomCwwp-contentCwpluginsCwelementorCwcoreCwpage-assetsCwdata-managers" "Mozilla/5.0 AppleWebKit/537.36 (KHTML, like Gecko; compatible; GPTBot/1.4; +https://openai.com/gptbot)"
74.7.241.59 - - [24/Jul/2026:21:21:38 +0300] "GET /zip.php?dir=CwhomeCwlogoandwCwnewsletterprogramsFwcomCwwp-contentCwpluginsCwwpforms-liteCwtemplatesCwadmin&view=notifications.php HTTP/1.1" 429 0 "http://naturallights.us.logoandwebdesigns.com/zip.php?dir=CwhomeCwlogoandwCwnewsletterprogramsFwcomCwwp-contentCwpluginsCwwpforms-liteCwtemplatesCwadmin" "Mozilla/5.0 AppleWebKit/537.36 (KHTML, like Gecko; compatible; GPTBot/1.4; +https://openai.com/gptbot)"
74.7.227.50 - - [24/Jul/2026:21:23:39 +0300] "GET /.well-known/zip.php?dir=CwhomeCwlogoandwCwnature-photosFwinfoCwwp-content-20251108024714Cwwidgets&view=error_log-20251108093917-20251108102804-20251108103543-20251108103744-20251108104750-20251108104836-20251108162320-20251109000812-20251109015233-20251110002142-20251110013512-20251110154203. HTTP/1.1" 429 0 "http://naturallights.us/.well-known/zip.php?dir=CwhomeCwlogoandwCwnature-photosFwinfoCwwp-content-20251108024714Cwwidgets" "Mozilla/5.0 AppleWebKit/537.36 (KHTML, like Gecko; compatible; GPTBot/1.4; +https://openai.com/gptbot)"
74.7.241.59 - - [24/Jul/2026:21:23:44 +0300] "GET /zip.php?dir=CwhomeCwlogoandwCwnewsletterprogramsFwcomCwwp-contentCwpluginsCwwpforms-liteCwtemplatesCwemails&view=general-header.php HTTP/1.1" 429 0 "http://naturallights.us.logoandwebdesigns.com/zip.php?dir=CwhomeCwlogoandwCwnewsletterprogramsFwcomCwwp-contentCwpluginsCwwpforms-liteCwtemplatesCwemails" "Mozilla/5.0 AppleWebKit/537.36 (KHTML, like Gecko; compatible; GPTBot/1.4; +https://openai.com/gptbot)"
74.7.241.59 - - [24/Jul/2026:21:26:46 +0300] "GET /zip.php?dir=CwhomeCwlogoandwCwnewsletterprogramsFwcomCwwp-contentCwpluginsCwelementor-proCwmodulesCwformsCwfields&view=date.php HTTP/1.1" 200 1045 "http://naturallights.us.logoandwebdesigns.com/zip.php?dir=CwhomeCwlogoandwCwnewsletterprogramsFwcomCwwp-contentCwpluginsCwelementor-proCwmodulesCwformsCwfields" "Mozilla/5.0 AppleWebKit/537.36 (KHTML, like Gecko; compatible; GPTBot/1.4; +https://openai.com/gptbot)"
74.7.241.59 - - [24/Jul/2026:21:27:39 +0300] "GET /zip.php?dir=CwhomeCwlogoandwCwnewsletterprogramsFwcomCwwp-contentCwpluginsCwwpforms-liteCwtemplatesCwadmin&view=promotion.php HTTP/1.1" 200 1826 "http://naturallights.us.logoandwebdesigns.com/zip.php?dir=CwhomeCwlogoandwCwnewsletterprogramsFwcomCwwp-contentCwpluginsCwwpforms-liteCwtemplatesCwadmin" "Mozilla/5.0 AppleWebKit/537.36 (KHTML, like Gecko; compatible; GPTBot/1.4; +https://openai.com/gptbot)"
74.7.241.59 - - [24/Jul/2026:21:29:39 +0300] "GET /zip.php?dir=CwhomeCwlogoandwCwnewsletterprogramsFwcomCwwp-contentCwpluginsCwelementor-proCwmodulesCwusage&view=features-reporter.php HTTP/1.1" 200 332 "http://naturallights.us.logoandwebdesigns.com/zip.php?dir=CwhomeCwlogoandwCwnewsletterprogramsFwcomCwwp-contentCwpluginsCwelementor-proCwmodulesCwusage" "Mozilla/5.0 AppleWebKit/537.36 (KHTML, like Gecko; compatible; GPTBot/1.4; +https://openai.com/gptbot)"
74.7.227.50 - - [24/Jul/2026:21:29:41 +0300] "GET /.well-known/zip.php?dir=CwhomeCwlogoandwCwnature-photosFwinfoCwwp-includesCwwp-content&view=error_log-20251108093917-20251108102804-20251108103543-20251108103744-20251108104750-20251108104836-20251108162320-20251109000812-20251109015233-20251110002142-20251111143537-20251113212100-20251114013155. HTTP/1.1" 200 12 "http://naturallights.us/.well-known/zip.php?dir=CwhomeCwlogoandwCwnature-photosFwinfoCwwp-includesCwwp-content" "Mozilla/5.0 AppleWebKit/537.36 (KHTML, like Gecko; compatible; GPTBot/1.4; +https://openai.com/gptbot)"
74.7.241.59 - - [24/Jul/2026:21:30:12 +0300] "GET /zip.php?dir=CwhomeCwlogoandwCwnewsletterprogramsFwcomCwwp-contentCwpluginsCwelementor-proCwmodulesCwcustom-code&view=document.php HTTP/1.1" 200 1122 "http://naturallights.us.logoandwebdesigns.com/zip.php?dir=CwhomeCwlogoandwCwnewsletterprogramsFwcomCwwp-contentCwpluginsCwelementor-proCwmodulesCwcustom-code" "Mozilla/5.0 AppleWebKit/537.36 (KHTML, like Gecko; compatible; GPTBot/1.4; +https://openai.com/gptbot)"
74.7.241.59 - - [24/Jul/2026:21:30:41 +0300] "GET /zip.php?dir=CwhomeCwlogoandwCwnewsletterprogramsFwcomCwwp-contentCwpluginsCwelementor-proCwcoreCwdataCwendpoints&view=base.php HTTP/1.1" 200 255 "http://naturallights.us.logoandwebdesigns.com/zip.php?dir=CwhomeCwlogoandwCwnewsletterprogramsFwcomCwwp-contentCwpluginsCwelementor-proCwcoreCwdataCwendpoints" "Mozilla/5.0 AppleWebKit/537.36 (KHTML, like Gecko; compatible; GPTBot/1.4; +https://openai.com/gptbot)"
74.7.241.59 - - [24/Jul/2026:21:31:08 +0300] "GET /zip.php?dir=CwhomeCwlogoandwCwnewsletterprogramsFwcomCwwp-contentCwpluginsCwelementorCwcoreCwutils&view=assets-translation-loader.php HTTP/1.1" 200 1039 "http://naturallights.us.logoandwebdesigns.com/zip.php?dir=CwhomeCwlogoandwCwnewsletterprogramsFwcomCwwp-contentCwpluginsCwelementorCwcoreCwutils" "Mozilla/5.0 AppleWebKit/537.36 (KHTML, like Gecko; compatible; GPTBot/1.4; +https://openai.com/gptbot)"
74.7.241.59 - - [24/Jul/2026:21:31:33 +0300] "GET /zip.php?dir=CwhomeCwlogoandwCwnewsletterprogramsFwcomCwwp-contentCwpluginsCwsiteseo-proCwmain&view=redirectmanager.php HTTP/1.1" 200 2437 "http://naturallights.us.logoandwebdesigns.com/zip.php?dir=CwhomeCwlogoandwCwnewsletterprogramsFwcomCwwp-contentCwpluginsCwsiteseo-proCwmain" "Mozilla/5.0 AppleWebKit/537.36 (KHTML, like Gecko; compatible; GPTBot/1.4; +https://openai.com/gptbot)"
74.7.227.50 - - [24/Jul/2026:21:28:20 +0300] "GET /.well-known/zip.php?dir=CwhomeCwlogoandwCwnature-photosFwinfoCwwp-includesCwwp-content&view=error_log-20251108093917-20251108102804-20251108103543-20251108103744-20251108104750-20251108104836-20251108162320-20251109000812-20251109015233-20251110002142-20251116184409-20251116215659-20251118060020-20251119055818. HTTP/1.1" 200 12 "http://naturallights.us/.well-known/zip.php?dir=CwhomeCwlogoandwCwnature-photosFwinfoCwwp-includesCwwp-content" "Mozilla/5.0 AppleWebKit/537.36 (KHTML, like Gecko; compatible; GPTBot/1.4; +https://openai.com/gptbot)"
74.7.241.59 - - [24/Jul/2026:21:29:03 +0300] "GET /zip.php?dir=CwoptCwcpanelCwea-wappspectorCwvendorCwphar-ioCwmanifestCwsrcCwvalues&view=BundledComponentCollectionIterator.php HTTP/1.1" 200 503 "http://naturallights.us.logoandwebdesigns.com/zip.php?dir=CwoptCwcpanelCwea-wappspectorCwvendorCwphar-ioCwmanifestCwsrcCwvalues" "Mozilla/5.0 AppleWebKit/537.36 (KHTML, like Gecko; compatible; GPTBot/1.4; +https://openai.com/gptbot)"
74.7.227.50 - - [24/Jul/2026:21:31:37 +0300] "GET /.well-known/zip.php?dir=CwhomeCwlogoandwCwnature-photosFwinfoCwwp-includesCwwp-content&view=error_log-20251108093917-20251108102804-20251108103543-20251108103744-20251108104750-20251108104836-20251108162320-20251109000812-20251109015233-20251110002142-20251111143537-20251115061042-20251115080317-20251115091026. HTTP/1.1" 200 12 "http://naturallights.us/.well-known/zip.php?dir=CwhomeCwlogoandwCwnature-photosFwinfoCwwp-includesCwwp-content" "Mozilla/5.0 AppleWebKit/537.36 (KHTML, like Gecko; compatible; GPTBot/1.4; +https://openai.com/gptbot)"
74.7.241.59 - - [24/Jul/2026:21:31:55 +0300] "GET /zip.php?dir=CwhomeCwlogoandwCwnewsletterprogramsFwcomCwwp-contentCwpluginsCwelementor-proCwcoreCwadmin&view=canary-deployment.php HTTP/1.1" 200 357 "http://naturallights.us.logoandwebdesigns.com/zip.php?dir=CwhomeCwlogoandwCwnewsletterprogramsFwcomCwwp-contentCwpluginsCwelementor-proCwcoreCwadmin" "Mozilla/5.0 AppleWebKit/537.36 (KHTML, like Gecko; compatible; GPTBot/1.4; +https://openai.com/gptbot)"
74.7.241.59 - - [24/Jul/2026:21:32:15 +0300] "GET /zip.php?dir=CwhomeCwlogoandwCwnewsletterprogramsFwcomCwwp-contentCwpluginsCwelementor-proCwmodulesCwloop-builderCwwidgets&view=base.php HTTP/1.1" 200 2260 "http://naturallights.us.logoandwebdesigns.com/zip.php?dir=CwhomeCwlogoandwCwnewsletterprogramsFwcomCwwp-contentCwpluginsCwelementor-proCwmodulesCwloop-builderCwwidgets" "Mozilla/5.0 AppleWebKit/537.36 (KHTML, like Gecko; compatible; GPTBot/1.4; +https://openai.com/gptbot)"
74.7.227.50 - - [24/Jul/2026:21:32:17 +0300] "GET /.well-known/zip.php?dir=CwhomeCwlogoandwCwnature-photosFwinfoCwwp-content-20251108024714Cwblock&view=error_log-20251108093917-20251108102804-20251108103543-20251108103744-20251108104750-20251108104836-20251108162320-20251109000812-20251109015233-20251110002142-20251110013512-20251110230127. HTTP/1.1" 200 12 "http://naturallights.us/.well-known/zip.php?dir=CwhomeCwlogoandwCwnature-photosFwinfoCwwp-content-20251108024714Cwblock" "Mozilla/5.0 AppleWebKit/537.36 (KHTML, like Gecko; compatible; GPTBot/1.4; +https://openai.com/gptbot)"
74.7.241.59 - - [24/Jul/2026:21:32:32 +0300] "GET /zip.php?dir=CwhomeCwlogoandwCwnewsletterprogramsFwcomCwwp-contentCwpluginsCwelementor-proCwmodulesCwformsCwactions&view=discord.php HTTP/1.1" 200 1835 "http://naturallights.us.logoandwebdesigns.com/zip.php?dir=CwhomeCwlogoandwCwnewsletterprogramsFwcomCwwp-contentCwpluginsCwelementor-proCwmodulesCwformsCwactions" "Mozilla/5.0 AppleWebKit/537.36 (KHTML, like Gecko; compatible; GPTBot/1.4; +https://openai.com/gptbot)"
74.7.241.59 - - [24/Jul/2026:21:24:45 +0300] "GET /zip.php?dir=CwhomeCwlogoandwCwnewsletterprogramsFwcomCwwp-contentCwthemesCwastraCwtemplate-partsCwfooterCwbuilder&view=components.php HTTP/1.1" 200 791 "http://naturallights.us.logoandwebdesigns.com/zip.php?dir=CwhomeCwlogoandwCwnewsletterprogramsFwcomCwwp-contentCwthemesCwastraCwtemplate-partsCwfooterCwbuilder" "Mozilla/5.0 AppleWebKit/537.36 (KHTML, like Gecko; compatible; GPTBot/1.4; +https://openai.com/gptbot)"
74.7.241.59 - - [24/Jul/2026:21:25:47 +0300] "GET /zip.php?dir=CwhomeCwlogoandwCwnewsletterprogramsFwcomCwwp-contentCwpluginsCwelementorCwappCwmodulesCwimport-export&view=utils.php HTTP/1.1" 200 1220 "http://naturallights.us.logoandwebdesigns.com/zip.php?dir=CwhomeCwlogoandwCwnewsletterprogramsFwcomCwwp-contentCwpluginsCwelementorCwappCwmodulesCwimport-export" "Mozilla/5.0 AppleWebKit/537.36 (KHTML, like Gecko; compatible; GPTBot/1.4; +https://openai.com/gptbot)"
74.7.241.59 - - [24/Jul/2026:21:28:23 +0300] "GET /zip.php?dir=CwhomeCwlogoandwCwnewsletterprogramsFwcomCwwp-contentCwpluginsCwelementor-proCwmodulesCwcarouselCwwidgets&view=reviews.php HTTP/1.1" 200 4463 "http://naturallights.us.logoandwebdesigns.com/zip.php?dir=CwhomeCwlogoandwCwnewsletterprogramsFwcomCwwp-contentCwpluginsCwelementor-proCwmodulesCwcarouselCwwidgets" "Mozilla/5.0 AppleWebKit/537.36 (KHTML, like Gecko; compatible; GPTBot/1.4; +https://openai.com/gptbot)"
74.7.227.50 - - [24/Jul/2026:21:30:46 +0300] "GET /.well-known/zip.php?dir=CwhomeCwlogoandwCwnature-photosFwinfoCwwp-content&view=error_log-20251108093917-20251108102804-20251108103543-20251108103744-20251108104750-20251108104836-20251108162320-20251109000812-20251109015233-20251110002142-20251111143537-20251114081857. HTTP/1.1" 200 12 "http://naturallights.us/.well-known/zip.php?dir=CwhomeCwlogoandwCwnature-photosFwinfoCwwp-content" "Mozilla/5.0 AppleWebKit/537.36 (KHTML, like Gecko; compatible; GPTBot/1.4; +https://openai.com/gptbot)"
74.7.227.50 - - [24/Jul/2026:21:32:51 +0300] "GET /.well-known/zip.php?dir=CwhomeCwlogoandwCwnature-photosFwinfoCwwp-includesCwwp-content&view=error_log-20251108093917-20251108102804-20251108103543-20251108103744-20251108104750-20251108104836-20251108162320-20251109000812-20251109015233-20251110002142-20251110210415-20251117181319-20251118224139. HTTP/1.1" 200 12 "http://naturallights.us/.well-known/zip.php?dir=CwhomeCwlogoandwCwnature-photosFwinfoCwwp-includesCwwp-content" "Mozilla/5.0 AppleWebKit/537.36 (KHTML, like Gecko; compatible; GPTBot/1.4; +https://openai.com/gptbot)"
74.7.241.59 - - [24/Jul/2026:21:33:03 +0300] "GET /zip.php?dir=CwhomeCwlogoandwCwnewsletterprogramsFwcomCwwp-contentCwpluginsCwelementorCwmodulesCwaiCwconnect&view=ai.php HTTP/1.1" 200 4237 "http://naturallights.us.logoandwebdesigns.com/zip.php?dir=CwhomeCwlogoandwCwnewsletterprogramsFwcomCwwp-contentCwpluginsCwelementorCwmodulesCwaiCwconnect" "Mozilla/5.0 AppleWebKit/537.36 (KHTML, like Gecko; compatible; GPTBot/1.4; +https://openai.com/gptbot)"
74.7.227.50 - - [24/Jul/2026:21:33:05 +0300] "GET /.well-known/zip.php?dir=CwhomeCwlogoandwCwnature-photosFwinfoCwwp-includesCwwp-content&view=error_log-20251108093917-20251108102804-20251108103543-20251108103744-20251108104750-20251108104836-20251108162320-20251109000812-20251109015233-20251110002142-20251110013512-20251110150325-20251115204936. HTTP/1.1" 200 12 "http://naturallights.us/.well-known/zip.php?dir=CwhomeCwlogoandwCwnature-photosFwinfoCwwp-includesCwwp-content" "Mozilla/5.0 AppleWebKit/537.36 (KHTML, like Gecko; compatible; GPTBot/1.4; +https://openai.com/gptbot)"
74.7.241.59 - - [24/Jul/2026:21:33:16 +0300] "GET /zip.php?dir=CwhomeCwlogoandwCwnewsletterprogramsFwcomCwwp-contentCwpluginsCwastra-sitesCwincCwlibCwzip-aiCwclasses&view=utils.php HTTP/1.1" 200 616 "http://naturallights.us.logoandwebdesigns.com/zip.php?dir=CwhomeCwlogoandwCwnewsletterprogramsFwcomCwwp-contentCwpluginsCwastra-sitesCwincCwlibCwzip-aiCwclasses" "Mozilla/5.0 AppleWebKit/537.36 (KHTML, like Gecko; compatible; GPTBot/1.4; +https://openai.com/gptbot)"
74.7.241.59 - - [24/Jul/2026:21:32:48 +0300] "GET /zip.php?dir=CwhomeCwlogoandwCwnewsletterprogramsFwcomCwwp-contentCwpluginsCwelementor-proCwmodulesCwformsCwactions&view=email.php HTTP/1.1" 200 3483 "http://naturallights.us.logoandwebdesigns.com/zip.php?dir=CwhomeCwlogoandwCwnewsletterprogramsFwcomCwwp-contentCwpluginsCwelementor-proCwmodulesCwformsCwactions" "Mozilla/5.0 AppleWebKit/537.36 (KHTML, like Gecko; compatible; GPTBot/1.4; +https://openai.com/gptbot)"
74.7.227.50 - - [24/Jul/2026:21:33:29 +0300] "GET /.well-known/zip.php?dir=CwhomeCwlogoandwCwnature-photosFwinfoCwwp-includesCwwp-content&view=error_log-20251108093917-20251108102804-20251108103543-20251108103744-20251108104750-20251108104836-20251108162320-20251109000812-20251109015233-20251110002142-20251111143537-20251111210544-20251112003401. HTTP/1.1" 200 12 "http://naturallights.us/.well-known/zip.php?dir=CwhomeCwlogoandwCwnature-photosFwinfoCwwp-includesCwwp-content" "Mozilla/5.0 AppleWebKit/537.36 (KHTML, like Gecko; compatible; GPTBot/1.4; +https://openai.com/gptbot)"
74.7.241.59 - - [24/Jul/2026:21:33:38 +0300] "GET /zip.php?dir=CwhomeCwlogoandwCwnewsletterprogramsFwcomCwwp-contentCwpluginsCwelementor-proCwmodulesCwnotes&view=usage.php HTTP/1.1" 200 2010 "http://naturallights.us.logoandwebdesigns.com/zip.php?dir=CwhomeCwlogoandwCwnewsletterprogramsFwcomCwwp-contentCwpluginsCwelementor-proCwmodulesCwnotes" "Mozilla/5.0 AppleWebKit/537.36 (KHTML, like Gecko; compatible; GPTBot/1.4; +https://openai.com/gptbot)"
74.7.241.59 - - [24/Jul/2026:21:33:49 +0300] "GET /zip.php?dir=CwhomeCwlogoandwCwnewsletterprogramsFwcomCwwp-contentCwpluginsCwelementorCwmodulesCwshapesCwwidgets&view=text-path.php HTTP/1.1" 429 0 "http://naturallights.us.logoandwebdesigns.com/zip.php?dir=CwhomeCwlogoandwCwnewsletterprogramsFwcomCwwp-contentCwpluginsCwelementorCwmodulesCwshapesCwwidgets" "Mozilla/5.0 AppleWebKit/537.36 (KHTML, like Gecko; compatible; GPTBot/1.4; +https://openai.com/gptbot)"
74.7.241.59 - - [24/Jul/2026:21:33:58 +0300] "GET /zip.php?dir=CwhomeCwlogoandwCwnewsletterprogramsFwcomCwwp-contentCwpluginsCwelementorCwcoreCwexperiments&view=non-existing-dependency.php HTTP/1.1" 429 0 "http://naturallights.us.logoandwebdesigns.com/zip.php?dir=CwhomeCwlogoandwCwnewsletterprogramsFwcomCwwp-contentCwpluginsCwelementorCwcoreCwexperiments" "Mozilla/5.0 AppleWebKit/537.36 (KHTML, like Gecko; compatible; GPTBot/1.4; +https://openai.com/gptbot)"
74.7.241.59 - - [24/Jul/2026:21:37:38 +0300] "GET /zip.php?dir=CwhomeCwlogoandwCwnewsletterprogramsFwcomCwwp-contentCwpluginsCwelementorCwmodulesCwatomic-widgets&view=image-sizes.php HTTP/1.1" 429 0 "http://naturallights.us.logoandwebdesigns.com/zip.php?dir=CwhomeCwlogoandwCwnewsletterprogramsFwcomCwwp-contentCwpluginsCwelementorCwmodulesCwatomic-widgets" "Mozilla/5.0 AppleWebKit/537.36 (KHTML, like Gecko; compatible; GPTBot/1.4; +https://openai.com/gptbot)"
74.7.241.59 - - [24/Jul/2026:21:38:34 +0300] "GET /zip.php?dir=CwhomeCwlogoandwCwnewsletterprogramsFwcomCwwp-contentCwpluginsCwelementorCwvendorCwcomposer&view=autoload_namespaces.php HTTP/1.1" 429 0 "http://naturallights.us.logoandwebdesigns.com/zip.php?dir=CwhomeCwlogoandwCwnewsletterprogramsFwcomCwwp-contentCwpluginsCwelementorCwvendorCwcomposer" "Mozilla/5.0 AppleWebKit/537.36 (KHTML, like Gecko; compatible; GPTBot/1.4; +https://openai.com/gptbot)"
74.7.241.59 - - [24/Jul/2026:21:39:38 +0300] "GET /zip.php?dir=CwhomeCwlogoandwCwnewsletterprogramsFwcomCwwp-contentCwpluginsCwelementorCwmodulesCwaiCwsite-planner-connect&view=view.php HTTP/1.1" 429 0 "http://naturallights.us.logoandwebdesigns.com/zip.php?dir=CwhomeCwlogoandwCwnewsletterprogramsFwcomCwwp-contentCwpluginsCwelementorCwmodulesCwaiCwsite-planner-connect" "Mozilla/5.0 AppleWebKit/537.36 (KHTML, like Gecko; compatible; GPTBot/1.4; +https://openai.com/gptbot)"
74.7.227.50 - - [24/Jul/2026:21:36:31 +0300] "GET /.well-known/zip.php?dir=CwhomeCwlogoandwCwnature-photosFwinfoCwwp-content-20251108024714Cwwidgets&view=error_log-20251108093917-20251108102804-20251108103543-20251108103744-20251108104750-20251108104836-20251108162320-20251109000812-20251109015233-20251110002142-20251110004832-20251110222613. HTTP/1.1" 429 0 "http://naturallights.us/.well-known/zip.php?dir=CwhomeCwlogoandwCwnature-photosFwinfoCwwp-content-20251108024714Cwwidgets" "Mozilla/5.0 AppleWebKit/537.36 (KHTML, like Gecko; compatible; GPTBot/1.4; +https://openai.com/gptbot)"
74.7.227.50 - - [24/Jul/2026:21:37:36 +0300] "GET /.well-known/zip.php?dir=CwhomeCwlogoandwCwnature-photosFwinfoCwwp-includesCwwp-content&view=error_log-20251108093917-20251108102804-20251108103543-20251108103744-20251108104750-20251108104836-20251108162320-20251109000812-20251109015233-20251110002142-20251116120508-20251116121524-20251116140443-20251119080635. HTTP/1.1" 429 0 "http://naturallights.us/.well-known/zip.php?dir=CwhomeCwlogoandwCwnature-photosFwinfoCwwp-includesCwwp-content" "Mozilla/5.0 AppleWebKit/537.36 (KHTML, like Gecko; compatible; GPTBot/1.4; +https://openai.com/gptbot)"
74.7.241.59 - - [24/Jul/2026:21:40:43 +0300] "GET /zip.php?dir=CwhomeCwlogoandwCwnewsletterprogramsFwcomCwwp-contentCwpluginsCwelementor-proCwmodulesCwformsCwclasses&view=rest-client.php HTTP/1.1" 429 0 "http://naturallights.us.logoandwebdesigns.com/zip.php?dir=CwhomeCwlogoandwCwnewsletterprogramsFwcomCwwp-contentCwpluginsCwelementor-proCwmodulesCwformsCwclasses" "Mozilla/5.0 AppleWebKit/537.36 (KHTML, like Gecko; compatible; GPTBot/1.4; +https://openai.com/gptbot)"
74.7.227.50 - - [24/Jul/2026:21:40:44 +0300] "GET /.well-known/zip.php?dir=CwhomeCwlogoandwCwnature-photosFwinfoCwTextCwwp-content&view=error_log-20251108093917-20251108102804-20251108103543-20251108103744-20251108104750-20251108104836-20251108162320-20251109000812-20251109015233-20251110002142-20251110013512-20251110150325. HTTP/1.1" 429 0 "http://naturallights.us/.well-known/zip.php?dir=CwhomeCwlogoandwCwnature-photosFwinfoCwTextCwwp-content" "Mozilla/5.0 AppleWebKit/537.36 (KHTML, like Gecko; compatible; GPTBot/1.4; +https://openai.com/gptbot)"
74.7.227.50 - - [24/Jul/2026:21:33:49 +0300] "GET /.well-known/zip.php?dir=CwhomeCwlogoandwCwnature-photosFwinfoCwwp-content&view=error_log-20251108093917-20251108102804-20251108103543-20251108103744-20251108104750-20251108104836-20251108162320-20251109000812-20251109015233-20251110002142-20251111143537-20251112123224. HTTP/1.1" 429 0 "http://naturallights.us/.well-known/zip.php?dir=CwhomeCwlogoandwCwnature-photosFwinfoCwwp-content" "Mozilla/5.0 AppleWebKit/537.36 (KHTML, like Gecko; compatible; GPTBot/1.4; +https://openai.com/gptbot)"
74.7.227.50 - - [24/Jul/2026:21:33:58 +0300] "GET /.well-known/zip.php?dir=CwhomeCwlogoandwCwnature-photosFwinfoCwwp-includesCwwp-content&view=error_log-20251108093917-20251108102804-20251108103543-20251108103744-20251108104750-20251108104836-20251108162320-20251109000812-20251109015233-20251110002142-20251111143537-20251111151540-20251118062620-20251119102919. HTTP/1.1" 429 0 "http://naturallights.us/.well-known/zip.php?dir=CwhomeCwlogoandwCwnature-photosFwinfoCwwp-includesCwwp-content" "Mozilla/5.0 AppleWebKit/537.36 (KHTML, like Gecko; compatible; GPTBot/1.4; +https://openai.com/gptbot)"
74.7.241.59 - - [24/Jul/2026:21:34:28 +0300] "GET /zip.php?dir=CwhomeCwlogoandwCwnewsletterprogramsFwcomCwwp-contentCwpluginsCwelementor-proCwmodulesCwloop-filterCwdata&view=controller.php HTTP/1.1" 429 0 "http://naturallights.us.logoandwebdesigns.com/zip.php?dir=CwhomeCwlogoandwCwnewsletterprogramsFwcomCwwp-contentCwpluginsCwelementor-proCwmodulesCwloop-filterCwdata" "Mozilla/5.0 AppleWebKit/537.36 (KHTML, like Gecko; compatible; GPTBot/1.4; +https://openai.com/gptbot)"
74.7.241.59 - - [24/Jul/2026:21:35:32 +0300] "GET /zip.php?dir=CwhomeCwlogoandwCwnewsletterprogramsFwcomCwwp-contentCwpluginsCwelementor-proCwmodulesCwpricingCwwidgets&view=price-table.php HTTP/1.1" 429 0 "http://naturallights.us.logoandwebdesigns.com/zip.php?dir=CwhomeCwlogoandwCwnewsletterprogramsFwcomCwwp-contentCwpluginsCwelementor-proCwmodulesCwpricingCwwidgets" "Mozilla/5.0 AppleWebKit/537.36 (KHTML, like Gecko; compatible; GPTBot/1.4; +https://openai.com/gptbot)"
74.7.241.59 - - [24/Jul/2026:21:36:33 +0300] "GET /zip.php?dir=CwhomeCwlogoandwCwnewsletterprogramsFwcomCwwp-contentCwpluginsCwwpforms-liteCwtemplatesCwemails&view=compact-footer.php HTTP/1.1" 200 629 "http://naturallights.us.logoandwebdesigns.com/zip.php?dir=CwhomeCwlogoandwCwnewsletterprogramsFwcomCwwp-contentCwpluginsCwwpforms-liteCwtemplatesCwemails" "Mozilla/5.0 AppleWebKit/537.36 (KHTML, like Gecko; compatible; GPTBot/1.4; +https://openai.com/gptbot)"
74.7.227.50 - - [24/Jul/2026:21:48:06 +0300] "GET /.well-known/zip.php?dir=CwhomeCwlogoandwCwnature-photosFwinfoCwwp-includesCwwp-content&view=error_log-20251108093917-20251108102804-20251108103543-20251108103744-20251108104750-20251108104836-20251108162320-20251109000812-20251109015233-20251110002142-20251111140521-20251114180133-20251115012643-20251119035707. HTTP/1.1" 429 0 "http://naturallights.us/.well-known/zip.php?dir=CwhomeCwlogoandwCwnature-photosFwinfoCwwp-includesCwwp-content" "Mozilla/5.0 AppleWebKit/537.36 (KHTML, like Gecko; compatible; GPTBot/1.4; +https://openai.com/gptbot)"
74.7.241.59 - - [24/Jul/2026:21:48:06 +0300] "GET /zip.php?dir=CwhomeCwlogoandwCwnewsletterprogramsFwcomCwwp-contentCwpluginsCwelementor-proCwmodulesCwnotesCwuser&view=capabilities.php HTTP/1.1" 429 0 "http://naturallights.us.logoandwebdesigns.com/zip.php?dir=CwhomeCwlogoandwCwnewsletterprogramsFwcomCwwp-contentCwpluginsCwelementor-proCwmodulesCwnotesCwuser" "Mozilla/5.0 AppleWebKit/537.36 (KHTML, like Gecko; compatible; GPTBot/1.4; +https://openai.com/gptbot)"
74.7.227.50 - - [24/Jul/2026:21:52:16 +0300] "GET /.well-known/zip.php?dir=CwhomeCwlogoandwCwnature-photosFwinfoCwwp-includesCwwp-content&view=error_log-20251108093917-20251108102804-20251108103543-20251108103744-20251108104750-20251108104836-20251108162320-20251109000812-20251109015233-20251110002142-20251110210415-20251118040208-20251118040807. HTTP/1.1" 429 0 "http://naturallights.us/.well-known/zip.php?dir=CwhomeCwlogoandwCwnature-photosFwinfoCwwp-includesCwwp-content" "Mozilla/5.0 AppleWebKit/537.36 (KHTML, like Gecko; compatible; GPTBot/1.4; +https://openai.com/gptbot)"
74.7.241.59 - - [24/Jul/2026:21:52:18 +0300] "GET /zip.php?dir=CwhomeCwlogoandwCwnewsletterprogramsFwcomCwwp-contentCwpluginsCwelementor-proCwmodulesCwformsCwfields&view=upload.php HTTP/1.1" 429 0 "http://naturallights.us.logoandwebdesigns.com/zip.php?dir=CwhomeCwlogoandwCwnewsletterprogramsFwcomCwwp-contentCwpluginsCwelementor-proCwmodulesCwformsCwfields" "Mozilla/5.0 AppleWebKit/537.36 (KHTML, like Gecko; compatible; GPTBot/1.4; +https://openai.com/gptbot)"
74.7.241.59 - - [24/Jul/2026:21:42:50 +0300] "GET /zip.php?dir=CwhomeCwlogoandwCwnewsletterprogramsFwcomCwwp-contentCwpluginsCwwpforms-liteCwtemplatesCwemails&view=general-style.php HTTP/1.1" 429 0 "http://naturallights.us.logoandwebdesigns.com/zip.php?dir=CwhomeCwlogoandwCwnewsletterprogramsFwcomCwwp-contentCwpluginsCwwpforms-liteCwtemplatesCwemails" "Mozilla/5.0 AppleWebKit/537.36 (KHTML, like Gecko; compatible; GPTBot/1.4; +https://openai.com/gptbot)"
74.7.241.59 - - [24/Jul/2026:21:43:55 +0300] "GET /zip.php?dir=CwhomeCwlogoandwCwnewsletterprogramsFwcomCwwp-contentCwpluginsCwelementorCwcoreCwfilesCwassetsCwsvg&view=svg-handler.php HTTP/1.1" 429 0 "http://naturallights.us.logoandwebdesigns.com/zip.php?dir=CwhomeCwlogoandwCwnewsletterprogramsFwcomCwwp-contentCwpluginsCwelementorCwcoreCwfilesCwassetsCwsvg" "Mozilla/5.0 AppleWebKit/537.36 (KHTML, like Gecko; compatible; GPTBot/1.4; +https://openai.com/gptbot)"
74.7.241.59 - - [24/Jul/2026:21:46:01 +0300] "GET /zip.php?dir=CwhomeCwlogoandwCwnewsletterprogramsFwcomCwwp-contentCwpluginsCwelementorCwappCwmodulesCwimport-export&view=usage.php HTTP/1.1" 429 0 "http://naturallights.us.logoandwebdesigns.com/zip.php?dir=CwhomeCwlogoandwCwnewsletterprogramsFwcomCwwp-contentCwpluginsCwelementorCwappCwmodulesCwimport-export" "Mozilla/5.0 AppleWebKit/537.36 (KHTML, like Gecko; compatible; GPTBot/1.4; +https://openai.com/gptbot)"
74.7.241.59 - - [24/Jul/2026:21:47:01 +0300] "GET /zip.php?dir=CwhomeCwlogoandwCwnewsletterprogramsFwcomCwwp-contentCwpluginsCwastra-sitesCwincCwlibCwzip-aiCwclasses&view=helper.php HTTP/1.1" 429 0 "http://naturallights.us.logoandwebdesigns.com/zip.php?dir=CwhomeCwlogoandwCwnewsletterprogramsFwcomCwwp-contentCwpluginsCwastra-sitesCwincCwlibCwzip-aiCwclasses" "Mozilla/5.0 AppleWebKit/537.36 (KHTML, like Gecko; compatible; GPTBot/1.4; +https://openai.com/gptbot)"
74.7.241.171 - - [24/Jul/2026:21:49:08 +0300] "GET /robots.txt HTTP/1.1" 404 1251 "-" "Mozilla/5.0 (Macintosh; Intel Mac OS X 10_15_7) AppleWebKit/537.36 (KHTML, like Gecko) Chrome/131.0.0.0 Safari/537.36; compatible; OAI-SearchBot/1.4; robots.txt; +https://openai.com/searchbot"
74.7.241.59 - - [24/Jul/2026:21:50:11 +0300] "GET /zip.php?dir=CwhomeCwlogoandwCwnewsletterprogramsFwcomCwwp-contentCwpluginsCwelementor-proCwmodulesCwformsCwfields&view=tel.php HTTP/1.1" 429 0 "http://naturallights.us.logoandwebdesigns.com/zip.php?dir=CwhomeCwlogoandwCwnewsletterprogramsFwcomCwwp-contentCwpluginsCwelementor-proCwmodulesCwformsCwfields" "Mozilla/5.0 AppleWebKit/537.36 (KHTML, like Gecko; compatible; GPTBot/1.4; +https://openai.com/gptbot)"
74.7.227.50 - - [24/Jul/2026:21:50:15 +0300] "GET /.well-known/zip.php?dir=CwhomeCwlogoandwCwnature-photosFwinfoCwwp-content-20251108024714Cwmaint&view=error_log-20251108093917-20251108102804-20251108103543-20251108103744-20251108104750-20251108104836-20251108162320-20251109000812-20251109015233-20251110002142-20251110012642-20251110013254. HTTP/1.1" 429 0 "http://naturallights.us/.well-known/zip.php?dir=CwhomeCwlogoandwCwnature-photosFwinfoCwwp-content-20251108024714Cwmaint" "Mozilla/5.0 AppleWebKit/537.36 (KHTML, like Gecko; compatible; GPTBot/1.4; +https://openai.com/gptbot)"
74.7.241.59 - - [24/Jul/2026:21:51:14 +0300] "GET /zip.php?dir=CwhomeCwlogoandwCwnewsletterprogramsFwcomCwwp-contentCwpluginsCwelementor-proCwmodulesCwformsCwactions&view=mailerlite.php HTTP/1.1" 429 0 "http://naturallights.us.logoandwebdesigns.com/zip.php?dir=CwhomeCwlogoandwCwnewsletterprogramsFwcomCwwp-contentCwpluginsCwelementor-proCwmodulesCwformsCwactions" "Mozilla/5.0 AppleWebKit/537.36 (KHTML, like Gecko; compatible; GPTBot/1.4; +https://openai.com/gptbot)"
74.7.241.59 - - [24/Jul/2026:21:41:46 +0300] "GET /zip.php?dir=CwhomeCwlogoandwCwnewsletterprogramsFwcomCwwp-contentCwpluginsCwelementor-proCwmodulesCwformsCwwidgets&view=form.php HTTP/1.1" 429 0 "http://naturallights.us.logoandwebdesigns.com/zip.php?dir=CwhomeCwlogoandwCwnewsletterprogramsFwcomCwwp-contentCwpluginsCwelementor-proCwmodulesCwformsCwwidgets" "Mozilla/5.0 AppleWebKit/537.36 (KHTML, like Gecko; compatible; GPTBot/1.4; +https://openai.com/gptbot)"
74.7.227.50 - - [24/Jul/2026:21:42:48 +0300] "GET /.well-known/zip.php?dir=CwhomeCwlogoandwCwnature-photosFwinfoCwwp-content&view=error_log-20251108093917-20251108102804-20251108103543-20251108103744-20251108104750-20251108104836-20251108162320-20251109000812-20251109015233-20251110002142-20251110210415-20251117181319. HTTP/1.1" 429 0 "http://naturallights.us/.well-known/zip.php?dir=CwhomeCwlogoandwCwnature-photosFwinfoCwwp-content" "Mozilla/5.0 AppleWebKit/537.36 (KHTML, like Gecko; compatible; GPTBot/1.4; +https://openai.com/gptbot)"
74.7.241.59 - - [24/Jul/2026:21:44:55 +0300] "GET /zip.php?dir=CwhomeCwlogoandwCwnewsletterprogramsFwcomCwwp-contentCwpluginsCwelementorCwcore&view=documents-manager.php HTTP/1.1" 429 0 "http://naturallights.us.logoandwebdesigns.com/zip.php?dir=CwhomeCwlogoandwCwnewsletterprogramsFwcomCwwp-contentCwpluginsCwelementorCwcore" "Mozilla/5.0 AppleWebKit/537.36 (KHTML, like Gecko; compatible; GPTBot/1.4; +https://openai.com/gptbot)"
74.7.241.59 - - [24/Jul/2026:21:49:08 +0300] "GET /zip.php?dir=CwhomeCwlogoandwCwnewsletterprogramsFwcomCwwp-contentCwpluginsCwelementor-proCwmodulesCwformsCwfields&view=time.php HTTP/1.1" 429 0 "http://naturallights.us.logoandwebdesigns.com/zip.php?dir=CwhomeCwlogoandwCwnewsletterprogramsFwcomCwwp-contentCwpluginsCwelementor-proCwmodulesCwformsCwfields" "Mozilla/5.0 AppleWebKit/537.36 (KHTML, like Gecko; compatible; GPTBot/1.4; +https://openai.com/gptbot)"
74.7.241.59 - - [24/Jul/2026:21:53:18 +0300] "GET /zip.php?dir=CwhomeCwlogoandwCwnewsletterprogramsFwcomCwwp-contentCwpluginsCwelementor-proCwmodulesCwnotes&view=document-events.php HTTP/1.1" 200 815 "http://naturallights.us.logoandwebdesigns.com/zip.php?dir=CwhomeCwlogoandwCwnewsletterprogramsFwcomCwwp-contentCwpluginsCwelementor-proCwmodulesCwnotes" "Mozilla/5.0 AppleWebKit/537.36 (KHTML, like Gecko; compatible; GPTBot/1.4; +https://openai.com/gptbot)"
74.7.227.50 - - [24/Jul/2026:21:53:21 +0300] "GET /.well-known/zip.php?dir=CwhomeCwlogoandwCwnature-photosFwinfoCwwp-content&view=error_log-20251108093917-20251108102804-20251108103543-20251108103744-20251108104750-20251108104836-20251108162320-20251109000812-20251109015233-20251110002142-20251112121403-20251112135548. HTTP/1.1" 429 0 "http://naturallights.us/.well-known/zip.php?dir=CwhomeCwlogoandwCwnature-photosFwinfoCwwp-content" "Mozilla/5.0 AppleWebKit/537.36 (KHTML, like Gecko; compatible; GPTBot/1.4; +https://openai.com/gptbot)"
74.7.227.50 - - [24/Jul/2026:21:56:24 +0300] "GET /.well-known/zip.php?dir=CwhomeCwlogoandwCwnature-photosFwinfoCwwp-includesCwwp-content&view=error_log-20251108093917-20251108102804-20251108103543-20251108103744-20251108104750-20251108104836-20251108162320-20251109000812-20251109015233-20251110002142-20251113155032-20251114184928-20251114235556-20251118232545. HTTP/1.1" 200 12 "http://naturallights.us/.well-known/zip.php?dir=CwhomeCwlogoandwCwnature-photosFwinfoCwwp-includesCwwp-content" "Mozilla/5.0 AppleWebKit/537.36 (KHTML, like Gecko; compatible; GPTBot/1.4; +https://openai.com/gptbot)"
74.7.241.59 - - [24/Jul/2026:21:56:57 +0300] "GET /zip.php?dir=CwhomeCwlogoandwCwnewsletterprogramsFwcomCwwp-contentCwpluginsCwelementor-proCwvendorCwcomposer&view=autoload_namespaces.php HTTP/1.1" 200 119 "http://naturallights.us.logoandwebdesigns.com/zip.php?dir=CwhomeCwlogoandwCwnewsletterprogramsFwcomCwwp-contentCwpluginsCwelementor-proCwvendorCwcomposer" "Mozilla/5.0 AppleWebKit/537.36 (KHTML, like Gecko; compatible; GPTBot/1.4; +https://openai.com/gptbot)"
74.7.241.59 - - [24/Jul/2026:21:54:24 +0300] "GET /zip.php?dir=CwhomeCwlogoandwCwnewsletterprogramsFwcomCwwp-contentCwpluginsCwelementor-proCwmodulesCwformsCwclasses&view=form-record.php HTTP/1.1" 200 2495 "http://naturallights.us.logoandwebdesigns.com/zip.php?dir=CwhomeCwlogoandwCwnewsletterprogramsFwcomCwwp-contentCwpluginsCwelementor-proCwmodulesCwformsCwclasses" "Mozilla/5.0 AppleWebKit/537.36 (KHTML, like Gecko; compatible; GPTBot/1.4; +https://openai.com/gptbot)"
74.7.241.59 - - [24/Jul/2026:21:55:20 +0300] "GET /zip.php?dir=CwhomeCwlogoandwCwnewsletterprogramsFwcomCwwp-contentCwpluginsCwelementorCwcoreCwfilesCwfonts&view=google-font.php HTTP/1.1" 200 2056 "http://naturallights.us.logoandwebdesigns.com/zip.php?dir=CwhomeCwlogoandwCwnewsletterprogramsFwcomCwwp-contentCwpluginsCwelementorCwcoreCwfilesCwfonts" "Mozilla/5.0 AppleWebKit/537.36 (KHTML, like Gecko; compatible; GPTBot/1.4; +https://openai.com/gptbot)"
74.7.241.59 - - [24/Jul/2026:21:56:11 +0300] "GET /zip.php?dir=CwhomeCwlogoandwCwnewsletterprogramsFwcomCwwp-contentCwpluginsCwelementor-proCwcoreCwutils&view=registrar.php HTTP/1.1" 200 569 "http://naturallights.us.logoandwebdesigns.com/zip.php?dir=CwhomeCwlogoandwCwnewsletterprogramsFwcomCwwp-contentCwpluginsCwelementor-proCwcoreCwutils" "Mozilla/5.0 AppleWebKit/537.36 (KHTML, like Gecko; compatible; GPTBot/1.4; +https://openai.com/gptbot)"
74.7.227.50 - - [24/Jul/2026:21:57:13 +0300] "GET /.well-known/zip.php?dir=CwhomeCwlogoandwCwnature-photosFwinfoCwwp-contentCwwp-content&view=error_log-20251108093917-20251108102804-20251108103543-20251108103744-20251108104750-20251108104836-20251108162320-20251109000812-20251109015233-20251110002142-20251111143537-20251112004721-20251116223724. HTTP/1.1" 200 12 "http://naturallights.us/.well-known/zip.php?dir=CwhomeCwlogoandwCwnature-photosFwinfoCwwp-contentCwwp-content" "Mozilla/5.0 AppleWebKit/537.36 (KHTML, like Gecko; compatible; GPTBot/1.4; +https://openai.com/gptbot)"
74.7.241.59 - - [24/Jul/2026:21:57:38 +0300] "GET /zip.php?dir=CwhomeCwlogoandwCwnewsletterprogramsFwcomCwwp-contentCwpluginsCwelementor-proCwvendorCwcomposer&view=ClassLoader.php HTTP/1.1" 200 3625 "http://naturallights.us.logoandwebdesigns.com/zip.php?dir=CwhomeCwlogoandwCwnewsletterprogramsFwcomCwwp-contentCwpluginsCwelementor-proCwvendorCwcomposer" "Mozilla/5.0 AppleWebKit/537.36 (KHTML, like Gecko; compatible; GPTBot/1.4; +https://openai.com/gptbot)"
74.7.227.50 - - [24/Jul/2026:21:57:59 +0300] "GET /.well-known/zip.php?dir=CwhomeCwlogoandwCwnature-photosFwinfoCwwp-includesCwwp-content&view=error_log-20251108093917-20251108102804-20251108103543-20251108103744-20251108104750-20251108104836-20251108162320-20251109000812-20251109015233-20251110002142-20251111140521-20251115030359-20251115052408. HTTP/1.1" 200 12 "http://naturallights.us/.well-known/zip.php?dir=CwhomeCwlogoandwCwnature-photosFwinfoCwwp-includesCwwp-content" "Mozilla/5.0 AppleWebKit/537.36 (KHTML, like Gecko; compatible; GPTBot/1.4; +https://openai.com/gptbot)"
74.7.227.50 - - [24/Jul/2026:21:59:18 +0300] "GET /.well-known/zip.php?dir=CwhomeCwlogoandwCwnature-photosFwinfoCwwp-content-20251108024714Cwwidgets&view=error_log-20251108093917-20251108102804-20251108103543-20251108103744-20251108104750-20251108104836-20251108162320-20251109000812-20251109015233-20251110002142-20251110020918-20251110134005. HTTP/1.1" 200 12 "http://naturallights.us/.well-known/zip.php?dir=CwhomeCwlogoandwCwnature-photosFwinfoCwwp-content-20251108024714Cwwidgets" "Mozilla/5.0 AppleWebKit/537.36 (KHTML, like Gecko; compatible; GPTBot/1.4; +https://openai.com/gptbot)"
74.7.241.59 - - [24/Jul/2026:21:59:20 +0300] "GET /zip.php?dir=CwhomeCwlogoandwCwnewsletterprogramsFwcomCwwp-contentCwpluginsCwelementorCwvendorCwcomposer&view=autoload_real.php HTTP/1.1" 200 422 "http://naturallights.us.logoandwebdesigns.com/zip.php?dir=CwhomeCwlogoandwCwnewsletterprogramsFwcomCwwp-contentCwpluginsCwelementorCwvendorCwcomposer" "Mozilla/5.0 AppleWebKit/537.36 (KHTML, like Gecko; compatible; GPTBot/1.4; +https://openai.com/gptbot)"
74.7.241.59 - - [24/Jul/2026:21:59:47 +0300] "GET /zip.php?dir=CwhomeCwlogoandwCwnewsletterprogramsFwcomCwwp-contentCwpluginsCwwpforms-liteCwtemplatesCwemails&view=general-footer.php HTTP/1.1" 200 367 "http://naturallights.us.logoandwebdesigns.com/zip.php?dir=CwhomeCwlogoandwCwnewsletterprogramsFwcomCwwp-contentCwpluginsCwwpforms-liteCwtemplatesCwemails" "Mozilla/5.0 AppleWebKit/537.36 (KHTML, like Gecko; compatible; GPTBot/1.4; +https://openai.com/gptbot)"
74.7.241.59 - - [24/Jul/2026:22:00:11 +0300] "GET /zip.php?dir=CwhomeCwlogoandwCwnewsletterprogramsFwcomCwwp-contentCwpluginsCwelementor-proCwmodulesCwsearchCwdata&view=controller.php HTTP/1.1" 200 263 "http://naturallights.us.logoandwebdesigns.com/zip.php?dir=CwhomeCwlogoandwCwnewsletterprogramsFwcomCwwp-contentCwpluginsCwelementor-proCwmodulesCwsearchCwdata" "Mozilla/5.0 AppleWebKit/537.36 (KHTML, like Gecko; compatible; GPTBot/1.4; +https://openai.com/gptbot)"
74.7.241.59 - - [24/Jul/2026:22:01:12 +0300] "GET /zip.php?dir=CwhomeCwlogoandwCwnewsletterprogramsFwcomCwwp-contentCwpluginsCwwpforms-liteCwtemplatesCwadminCwcomponents&view=chart.php HTTP/1.1" 200 601 "http://naturallights.us.logoandwebdesigns.com/zip.php?dir=CwhomeCwlogoandwCwnewsletterprogramsFwcomCwwp-contentCwpluginsCwwpforms-liteCwtemplatesCwadminCwcomponents" "Mozilla/5.0 AppleWebKit/537.36 (KHTML, like Gecko; compatible; GPTBot/1.4; +https://openai.com/gptbot)"
74.7.241.59 - - [24/Jul/2026:22:01:42 +0300] "GET /zip.php?dir=CwhomeCwlogoandwCwnewsletterprogramsFwcomCwwp-contentCwpluginsCwelementor-proCwcoreCwdataCwendpoints&view=refresh-base.php HTTP/1.1" 200 811 "http://naturallights.us.logoandwebdesigns.com/zip.php?dir=CwhomeCwlogoandwCwnewsletterprogramsFwcomCwwp-contentCwpluginsCwelementor-proCwcoreCwdataCwendpoints" "Mozilla/5.0 AppleWebKit/537.36 (KHTML, like Gecko; compatible; GPTBot/1.4; +https://openai.com/gptbot)"
74.7.227.50 - - [24/Jul/2026:21:58:40 +0300] "GET /.well-known/zip.php?dir=CwhomeCwlogoandwCwnature-photosFwinfoCwwp-includesCwwp-content&view=error_log-20251108093917-20251108102804-20251108103543-20251108103744-20251108104750-20251108104836-20251108162320-20251109000812-20251109015233-20251110002142-20251116184409-20251116204514-20251116225356-20251118195202. HTTP/1.1" 200 12 "http://naturallights.us/.well-known/zip.php?dir=CwhomeCwlogoandwCwnature-photosFwinfoCwwp-includesCwwp-content" "Mozilla/5.0 AppleWebKit/537.36 (KHTML, like Gecko; compatible; GPTBot/1.4; +https://openai.com/gptbot)"
74.7.241.59 - - [24/Jul/2026:21:58:50 +0300] "GET /zip.php?dir=CwhomeCwlogoandwCwnewsletterprogramsFwcomCwwp-contentCwpluginsCwwpforms-liteCwtemplatesCwemails&view=compact-header.php HTTP/1.1" 200 852 "http://naturallights.us.logoandwebdesigns.com/zip.php?dir=CwhomeCwlogoandwCwnewsletterprogramsFwcomCwwp-contentCwpluginsCwwpforms-liteCwtemplatesCwemails" "Mozilla/5.0 AppleWebKit/537.36 (KHTML, like Gecko; compatible; GPTBot/1.4; +https://openai.com/gptbot)"
74.7.227.50 - - [24/Jul/2026:21:59:52 +0300] "GET /.well-known/zip.php?dir=CwhomeCwlogoandwCwnature-photosFwinfoCwwp-includesCwwp-content&view=error_log-20251108093917-20251108102804-20251108103543-20251108103744-20251108104750-20251108104836-20251108162320-20251109000812-20251109015233-20251110002142-20251111140521-20251114190130-20251115004541. HTTP/1.1" 200 12 "http://naturallights.us/.well-known/zip.php?dir=CwhomeCwlogoandwCwnature-photosFwinfoCwwp-includesCwwp-content" "Mozilla/5.0 AppleWebKit/537.36 (KHTML, like Gecko; compatible; GPTBot/1.4; +https://openai.com/gptbot)"
74.7.227.50 - - [24/Jul/2026:22:00:20 +0300] "GET /.well-known/zip.php?dir=CwhomeCwlogoandwCwnature-photosFwinfoCwwp-content-20251108024714Cwwidgets&view=error_log-20251108093917-20251108102804-20251108103543-20251108103744-20251108104750-20251108104836-20251108162320-20251109000812-20251109015233-20251110002142-20251110013512-20251110230127. HTTP/1.1" 200 12 "http://naturallights.us/.well-known/zip.php?dir=CwhomeCwlogoandwCwnature-photosFwinfoCwwp-content-20251108024714Cwwidgets" "Mozilla/5.0 AppleWebKit/537.36 (KHTML, like Gecko; compatible; GPTBot/1.4; +https://openai.com/gptbot)"
74.7.241.59 - - [24/Jul/2026:22:01:28 +0300] "GET /zip.php?dir=CwhomeCwlogoandwCwnewsletterprogramsFwcomCwwp-contentCwpluginsCwelementorCwcoreCwadminCwmenu&view=base.php HTTP/1.1" 200 1156 "http://naturallights.us.logoandwebdesigns.com/zip.php?dir=CwhomeCwlogoandwCwnewsletterprogramsFwcomCwwp-contentCwpluginsCwelementorCwcoreCwadminCwmenu" "Mozilla/5.0 AppleWebKit/537.36 (KHTML, like Gecko; compatible; GPTBot/1.4; +https://openai.com/gptbot)"
74.7.241.59 - - [24/Jul/2026:22:02:16 +0300] "GET /%3C?php%20echo%20esc_url(%20$header_image[%27url_dark%27]%20);%20?%3E HTTP/1.1" 404 1251 "http://naturallights.us.logoandwebdesigns.com/zip.php?dir=CwhomeCwlogoandwCwnewsletterprogramsFwcomCwwp-contentCwpluginsCwwpforms-liteCwtemplatesCwemails&view=compact-header.php" "Mozilla/5.0 AppleWebKit/537.36 (KHTML, like Gecko; compatible; GPTBot/1.4; +https://openai.com/gptbot)"
