74.7.227.50 - - [24/Jul/2026:20:09:33 +0300] "GET /.well-known/zip.php?dir=CwhomeCwlogoandwCwnature-photosFwinfoCwwp-content&view=error_log-20251108093917-20251108102804-20251108103543-20251108103744-20251108104750-20251108104836-20251108162320-20251109000812-20251109015233-20251110002142-20251110210415-20251117210726. HTTP/1.1" 429 0 "http://naturallights.us/.well-known/zip.php?dir=CwhomeCwlogoandwCwnature-photosFwinfoCwwp-content" "Mozilla/5.0 AppleWebKit/537.36 (KHTML, like Gecko; compatible; GPTBot/1.4; +https://openai.com/gptbot)"
74.7.241.59 - - [24/Jul/2026:20:11:04 +0300] "GET /zip.php?dir=CwlibCwfirmwareCwcirrus&view=cs35l63-a1-dsp1-misc-10280e25-spkid3-01-l1u3.bin HTTP/1.1" 429 0 "http://naturallights.us.logoandwebdesigns.com/zip.php?dir=CwlibCwfirmwareCwcirrus" "Mozilla/5.0 AppleWebKit/537.36 (KHTML, like Gecko; compatible; GPTBot/1.4; +https://openai.com/gptbot)"
74.7.241.59 - - [24/Jul/2026:20:12:04 +0300] "GET /zip.php?dir=CwlibCwfirmwareCwcirrus&view=cs35l63-a1-dsp1-misc-10280e1e-spkid3-07-l3u3.bin HTTP/1.1" 429 0 "http://naturallights.us.logoandwebdesigns.com/zip.php?dir=CwlibCwfirmwareCwcirrus" "Mozilla/5.0 AppleWebKit/537.36 (KHTML, like Gecko; compatible; GPTBot/1.4; +https://openai.com/gptbot)"
20.48.234.177 - - [24/Jul/2026:20:12:45 +0300] "GET /wp-admin/css/colors/midnight/about.php HTTP/1.1" 404 1251 "-" "-"
20.48.234.177 - - [24/Jul/2026:20:12:45 +0300] "GET /4PJcpMFsD8B.php HTTP/1.1" 404 1251 "-" "-"
20.48.234.177 - - [24/Jul/2026:20:12:45 +0300] "GET /wp-admin/css/colors/modern/ HTTP/1.1" 404 1251 "-" "-"
20.48.234.177 - - [24/Jul/2026:20:12:45 +0300] "GET /media.php HTTP/1.1" 404 1251 "-" "-"
20.48.234.177 - - [24/Jul/2026:20:12:45 +0300] "GET /wp-load.php HTTP/1.1" 404 1251 "-" "-"
20.48.234.177 - - [24/Jul/2026:20:12:46 +0300] "GET /ops.php HTTP/1.1" 404 1251 "-" "-"
20.48.234.177 - - [24/Jul/2026:20:12:46 +0300] "GET /wp-content/ HTTP/1.1" 200 1335 "-" "-"
20.48.234.177 - - [24/Jul/2026:20:12:46 +0300] "GET //wp-includes/l10n/ HTTP/1.1" 404 1251 "-" "-"
20.48.234.177 - - [24/Jul/2026:20:12:46 +0300] "GET /images.php HTTP/1.1" 404 1251 "-" "-"
20.48.234.177 - - [24/Jul/2026:20:12:46 +0300] "GET /a.php HTTP/1.1" 404 1251 "-" "-"
20.48.234.177 - - [24/Jul/2026:20:12:46 +0300] "GET /xmu.php HTTP/1.1" 404 1251 "-" "-"
20.48.234.177 - - [24/Jul/2026:20:12:46 +0300] "GET //a1.php HTTP/1.1" 404 1251 "-" "-"
20.48.234.177 - - [24/Jul/2026:20:12:47 +0300] "GET /ccou.php HTTP/1.1" 404 1251 "-" "-"
20.48.234.177 - - [24/Jul/2026:20:12:47 +0300] "GET /wp-content/admin.php HTTP/1.1" 404 1251 "-" "-"
20.48.234.177 - - [24/Jul/2026:20:12:47 +0300] "GET /177.php HTTP/1.1" 404 1251 "-" "-"
20.48.234.177 - - [24/Jul/2026:20:12:47 +0300] "GET /0.php HTTP/1.1" 404 1251 "-" "-"
20.48.234.177 - - [24/Jul/2026:20:12:47 +0300] "GET ///wpxml.php HTTP/1.1" 404 1251 "-" "-"
20.48.234.177 - - [24/Jul/2026:20:12:47 +0300] "GET //wp-admin/js/index.php HTTP/1.1" 404 1251 "-" "-"
20.48.234.177 - - [24/Jul/2026:20:12:47 +0300] "GET /fffm.php?p= HTTP/1.1" 404 1251 "-" "-"
20.48.234.177 - - [24/Jul/2026:20:12:47 +0300] "GET /wp-content/themes/index.php HTTP/1.1" 404 1251 "-" "-"
20.48.234.177 - - [24/Jul/2026:20:12:48 +0300] "GET //wp-includes/assets/ HTTP/1.1" 404 1251 "-" "-"
20.48.234.177 - - [24/Jul/2026:20:12:48 +0300] "GET /f35.update.php HTTP/1.1" 404 1251 "-" "-"
20.48.234.177 - - [24/Jul/2026:20:12:48 +0300] "GET /config.json.php HTTP/1.1" 404 1251 "-" "-"
20.48.234.177 - - [24/Jul/2026:20:12:48 +0300] "GET /wp-includes/ID3/about.php HTTP/1.1" 404 1251 "-" "-"
20.48.234.177 - - [24/Jul/2026:20:12:48 +0300] "GET /yup.php HTTP/1.1" 404 1251 "-" "-"
20.48.234.177 - - [24/Jul/2026:20:12:48 +0300] "GET ///admin.php HTTP/1.1" 404 1251 "-" "-"
20.48.234.177 - - [24/Jul/2026:20:12:48 +0300] "GET /hur.php HTTP/1.1" 404 1251 "-" "-"
74.7.241.59 - - [24/Jul/2026:20:14:09 +0300] "GET /zip.php?dir=CwlibCwfirmwareCwcirrus&view=cs35l63-a1-dsp1-misc-10280e28-spkid0-05-l1u1.bin HTTP/1.1" 429 0 "http://naturallights.us.logoandwebdesigns.com/zip.php?dir=CwlibCwfirmwareCwcirrus" "Mozilla/5.0 AppleWebKit/537.36 (KHTML, like Gecko; compatible; GPTBot/1.4; +https://openai.com/gptbot)"
74.7.241.59 - - [24/Jul/2026:20:15:08 +0300] "GET /zip.php?dir=CwlibCwfirmwareCwcirrus&view=cs35l63-a1-dsp1-misc-10280e3e-spkid2-01-l3u3.bin HTTP/1.1" 429 0 "http://naturallights.us.logoandwebdesigns.com/zip.php?dir=CwlibCwfirmwareCwcirrus" "Mozilla/5.0 AppleWebKit/537.36 (KHTML, like Gecko; compatible; GPTBot/1.4; +https://openai.com/gptbot)"
74.7.241.59 - - [24/Jul/2026:20:16:13 +0300] "GET /zip.php?dir=CwlibCwfirmwareCwcirrus&view=cs35l63-a1-dsp1-misc-10280e1c-spkid1-01-l3u1.bin HTTP/1.1" 200 4854 "http://naturallights.us.logoandwebdesigns.com/zip.php?dir=CwlibCwfirmwareCwcirrus" "Mozilla/5.0 AppleWebKit/537.36 (KHTML, like Gecko; compatible; GPTBot/1.4; +https://openai.com/gptbot)"
74.7.241.59 - - [24/Jul/2026:20:17:14 +0300] "GET /zip.php?dir=CwlibCwfirmwareCwcirrus&view=cs35l63-a1-dsp1-misc-10280e1a-spkid3-01-l3u3.bin HTTP/1.1" 429 0 "http://naturallights.us.logoandwebdesigns.com/zip.php?dir=CwlibCwfirmwareCwcirrus" "Mozilla/5.0 AppleWebKit/537.36 (KHTML, like Gecko; compatible; GPTBot/1.4; +https://openai.com/gptbot)"
74.7.227.50 - - [24/Jul/2026:20:08:30 +0300] "GET /.well-known/zip.php?dir=CwhomeCwlogoandwCwnature-photosFwinfoCwwp-includesCwwp-content&view=error_log-20251108093917-20251108102804-20251108103543-20251108103744-20251108104750-20251108104836-20251108162320-20251109000812-20251109015233-20251110002142-20251111143537-20251111151540-20251111185854. HTTP/1.1" 200 12 "http://naturallights.us/.well-known/zip.php?dir=CwhomeCwlogoandwCwnature-photosFwinfoCwwp-includesCwwp-content" "Mozilla/5.0 AppleWebKit/537.36 (KHTML, like Gecko; compatible; GPTBot/1.4; +https://openai.com/gptbot)"
74.7.241.59 - - [24/Jul/2026:20:09:01 +0300] "GET /zip.php?dir=CwlibCwfirmwareCwcirrus&view=cs35l63-a1-dsp1-misc-10280e1d-spkid3-06-l3u1.bin HTTP/1.1" 429 0 "http://naturallights.us.logoandwebdesigns.com/zip.php?dir=CwlibCwfirmwareCwcirrus" "Mozilla/5.0 AppleWebKit/537.36 (KHTML, like Gecko; compatible; GPTBot/1.4; +https://openai.com/gptbot)"
74.7.227.50 - - [24/Jul/2026:20:11:31 +0300] "GET /.well-known/zip.php?dir=CwhomeCwlogoandwCwnature-photosFwinfoCwwp-includesCwwp-content&view=error_log-20251108093917-20251108102804-20251108103543-20251108103744-20251108104750-20251108104836-20251108162320-20251109000812-20251109015233-20251110002142-20251113125713-20251113134021-20251113135120. HTTP/1.1" 429 0 "http://naturallights.us/.well-known/zip.php?dir=CwhomeCwlogoandwCwnature-photosFwinfoCwwp-includesCwwp-content" "Mozilla/5.0 AppleWebKit/537.36 (KHTML, like Gecko; compatible; GPTBot/1.4; +https://openai.com/gptbot)"
74.7.241.59 - - [24/Jul/2026:20:19:15 +0300] "GET /zip.php?dir=CwlibCwfirmwareCwcirrus&view=cs35l63-a1-dsp1-misc-10280e20-spkid3-05-l3u1.bin HTTP/1.1" 200 4876 "http://naturallights.us.logoandwebdesigns.com/zip.php?dir=CwlibCwfirmwareCwcirrus" "Mozilla/5.0 AppleWebKit/537.36 (KHTML, like Gecko; compatible; GPTBot/1.4; +https://openai.com/gptbot)"
74.7.227.50 - - [24/Jul/2026:20:20:02 +0300] "GET /.well-known/zip.php?dir=CwhomeCwlogoandwCwnature-photosFwinfoCwwp-includesCwwp-content&view=error_log-20251108093917-20251108102804-20251108103543-20251108103744-20251108104750-20251108104836-20251108162320-20251109000812-20251109015233-20251110002142-20251110210415-20251118010033-20251118024652. HTTP/1.1" 429 0 "http://naturallights.us/.well-known/zip.php?dir=CwhomeCwlogoandwCwnature-photosFwinfoCwwp-includesCwwp-content" "Mozilla/5.0 AppleWebKit/537.36 (KHTML, like Gecko; compatible; GPTBot/1.4; +https://openai.com/gptbot)"
74.7.241.59 - - [24/Jul/2026:20:20:16 +0300] "GET /zip.php?dir=CwlibCwfirmwareCwcirrus&view=cs35l63-a1-dsp1-misc-10280e1a-spkid2-01-l3u3.bin HTTP/1.1" 429 0 "http://naturallights.us.logoandwebdesigns.com/zip.php?dir=CwlibCwfirmwareCwcirrus" "Mozilla/5.0 AppleWebKit/537.36 (KHTML, like Gecko; compatible; GPTBot/1.4; +https://openai.com/gptbot)"
74.7.227.50 - - [24/Jul/2026:20:28:30 +0300] "GET /.well-known/zip.php?dir=CwhomeCwlogoandwCwnature-photosFwinfoCwwp-includesCwwp-content&view=error_log-20251108093917-20251108102804-20251108103543-20251108103744-20251108104750-20251108104836-20251108162320-20251109000812-20251109015233-20251110002142-20251111140521-20251115073421-20251115090019. HTTP/1.1" 429 0 "http://naturallights.us/.well-known/zip.php?dir=CwhomeCwlogoandwCwnature-photosFwinfoCwwp-includesCwwp-content" "Mozilla/5.0 AppleWebKit/537.36 (KHTML, like Gecko; compatible; GPTBot/1.4; +https://openai.com/gptbot)"
74.7.241.59 - - [24/Jul/2026:20:29:35 +0300] "GET /zip.php?dir=CwusrCwshareCwmanCwman1&edit=awk.1.gz HTTP/1.1" 429 0 "http://naturallights.us.logoandwebdesigns.com/zip.php?dir=CwusrCwshareCwmanCwman1" "Mozilla/5.0 AppleWebKit/537.36 (KHTML, like Gecko; compatible; GPTBot/1.4; +https://openai.com/gptbot)"
74.7.241.59 - - [24/Jul/2026:20:13:05 +0300] "GET /zip.php?dir=CwlibCwfirmwareCwcirrus&view=cs35l63-a1-dsp1-misc-10280e1c-spkid3-01-l3u3.bin HTTP/1.1" 200 4857 "http://naturallights.us.logoandwebdesigns.com/zip.php?dir=CwlibCwfirmwareCwcirrus" "Mozilla/5.0 AppleWebKit/537.36 (KHTML, like Gecko; compatible; GPTBot/1.4; +https://openai.com/gptbot)"
74.7.241.59 - - [24/Jul/2026:20:18:11 +0300] "GET /zip.php?dir=CwlibCwfirmwareCwcirrus&view=cs35l63-a1-dsp1-misc-10280e1c-spkid0-02-l3u3.bin HTTP/1.1" 429 0 "http://naturallights.us.logoandwebdesigns.com/zip.php?dir=CwlibCwfirmwareCwcirrus" "Mozilla/5.0 AppleWebKit/537.36 (KHTML, like Gecko; compatible; GPTBot/1.4; +https://openai.com/gptbot)"
74.7.227.50 - - [24/Jul/2026:20:18:58 +0300] "GET /.well-known/zip.php?dir=CwhomeCwlogoandwCwnature-photosFwinfoCwwp-includesCwwp-content&view=error_log-20251108093917-20251108102804-20251108103543-20251108103744-20251108104750-20251108104836-20251108162320-20251109000812-20251109015233-20251110002142-20251111143537-20251114081857-20251114135852-20251119015019. HTTP/1.1" 429 0 "http://naturallights.us/.well-known/zip.php?dir=CwhomeCwlogoandwCwnature-photosFwinfoCwwp-includesCwwp-content" "Mozilla/5.0 AppleWebKit/537.36 (KHTML, like Gecko; compatible; GPTBot/1.4; +https://openai.com/gptbot)"
74.7.241.59 - - [24/Jul/2026:20:21:15 +0300] "GET /zip.php?dir=CwlibCwfirmwareCwcirrus&view=cs35l63-a1-dsp1-misc-10280e2b-spkid0-00-l1u3.bin HTTP/1.1" 429 0 "http://naturallights.us.logoandwebdesigns.com/zip.php?dir=CwlibCwfirmwareCwcirrus" "Mozilla/5.0 AppleWebKit/537.36 (KHTML, like Gecko; compatible; GPTBot/1.4; +https://openai.com/gptbot)"
74.7.241.59 - - [24/Jul/2026:20:22:18 +0300] "GET /zip.php?dir=CwlibCwfirmwareCwcirrus&view=cs35l63-a1-dsp1-misc-10280e22-spkid2-01-l1u3.bin HTTP/1.1" 200 4889 "http://naturallights.us.logoandwebdesigns.com/zip.php?dir=CwlibCwfirmwareCwcirrus" "Mozilla/5.0 AppleWebKit/537.36 (KHTML, like Gecko; compatible; GPTBot/1.4; +https://openai.com/gptbot)"
74.7.241.59 - - [24/Jul/2026:20:24:13 +0300] "GET /zip.php?dir=CwlibCwfirmwareCwcirrus&view=cs35l63-a1-dsp1-misc-10280e83-spkid3-02-l3u1.bin HTTP/1.1" 429 0 "http://naturallights.us.logoandwebdesigns.com/zip.php?dir=CwlibCwfirmwareCwcirrus" "Mozilla/5.0 AppleWebKit/537.36 (KHTML, like Gecko; compatible; GPTBot/1.4; +https://openai.com/gptbot)"
74.7.241.59 - - [24/Jul/2026:20:26:19 +0300] "GET /zip.php?dir=CwlibCwfirmwareCwcirrus&view=cs35l63-a1-dsp1-misc-10280e83-spkid3-01-l3u1.bin HTTP/1.1" 429 0 "http://naturallights.us.logoandwebdesigns.com/zip.php?dir=CwlibCwfirmwareCwcirrus" "Mozilla/5.0 AppleWebKit/537.36 (KHTML, like Gecko; compatible; GPTBot/1.4; +https://openai.com/gptbot)"
74.7.227.50 - - [24/Jul/2026:20:31:45 +0300] "GET /.well-known/zip.php?dir=CwhomeCwlogoandwCwnature-photosFwinfoCwwp-content&view=error_log-20251108093917-20251108102804-20251108103543-20251108103744-20251108104750-20251108104836-20251108162320-20251109000812-20251109015233-20251110002142-20251111143537-20251115143905. HTTP/1.1" 429 0 "http://naturallights.us/.well-known/zip.php?dir=CwhomeCwlogoandwCwnature-photosFwinfoCwwp-content" "Mozilla/5.0 AppleWebKit/537.36 (KHTML, like Gecko; compatible; GPTBot/1.4; +https://openai.com/gptbot)"
74.7.241.59 - - [24/Jul/2026:20:35:47 +0300] "GET /zip.php?dir=CwhomeCwlogoandwCwpublic_htmlCwnaturallightsFwbizCwwp-contentCwpluginsCwimunify-securityCwassetsCwui-appCwassetsCwstaticCwnav-rootCwimagesCwcommon&view=logo-imunify.svg HTTP/1.1" 429 0 "http://naturallights.us.logoandwebdesigns.com/zip.php?dir=CwhomeCwlogoandwCwpublic_htmlCwnaturallightsFwbizCwwp-contentCwpluginsCwimunify-securityCwassetsCwui-appCwassetsCwstaticCwnav-rootCwimagesCwcommon" "Mozilla/5.0 AppleWebKit/537.36 (KHTML, like Gecko; compatible; GPTBot/1.4; +https://openai.com/gptbot)"
74.7.241.59 - - [24/Jul/2026:20:23:18 +0300] "GET /zip.php?dir=CwlibCwfirmwareCwcirrus&view=cs35l63-a1-dsp1-misc-10280e83-spkid3-01-l3u3.bin HTTP/1.1" 429 0 "http://naturallights.us.logoandwebdesigns.com/zip.php?dir=CwlibCwfirmwareCwcirrus" "Mozilla/5.0 AppleWebKit/537.36 (KHTML, like Gecko; compatible; GPTBot/1.4; +https://openai.com/gptbot)"
74.7.241.59 - - [24/Jul/2026:20:25:19 +0300] "GET /zip.php?dir=CwlibCwfirmwareCwcirrus&view=cs35l63-a1-dsp1-misc-10280e22-spkid3-01-l1u3.bin HTTP/1.1" 429 0 "http://naturallights.us.logoandwebdesigns.com/zip.php?dir=CwlibCwfirmwareCwcirrus" "Mozilla/5.0 AppleWebKit/537.36 (KHTML, like Gecko; compatible; GPTBot/1.4; +https://openai.com/gptbot)"
74.7.241.59 - - [24/Jul/2026:20:27:24 +0300] "GET /.well-known/zip.php?dir=CwhomeCwlogoandwCwmosturemateFwcom&view=google91b6b3f6ab2b7567.html HTTP/1.1" 429 0 "http://naturallights.us.logoandwebdesigns.com/.well-known/zip.php?dir=CwhomeCwlogoandwCwmosturemateFwcom" "Mozilla/5.0 AppleWebKit/537.36 (KHTML, like Gecko; compatible; GPTBot/1.4; +https://openai.com/gptbot)"
74.7.241.59 - - [24/Jul/2026:20:28:30 +0300] "GET /zip.php?dir=CwusrCwshareCwmanCwman1&edit=cpp.1.gz HTTP/1.1" 429 0 "http://naturallights.us.logoandwebdesigns.com/zip.php?dir=CwusrCwshareCwmanCwman1" "Mozilla/5.0 AppleWebKit/537.36 (KHTML, like Gecko; compatible; GPTBot/1.4; +https://openai.com/gptbot)"
74.7.227.50 - - [24/Jul/2026:20:29:35 +0300] "GET /.well-known/zip.php?dir=CwhomeCwlogoandwCwnature-photosFwinfoCwwp-includesCwwp-content&view=error_log-20251108093917-20251108102804-20251108103543-20251108103744-20251108104750-20251108104836-20251108162320-20251109000812-20251109015233-20251110002142-20251111140521-20251114221821-20251114222416. HTTP/1.1" 429 0 "http://naturallights.us/.well-known/zip.php?dir=CwhomeCwlogoandwCwnature-photosFwinfoCwwp-includesCwwp-content" "Mozilla/5.0 AppleWebKit/537.36 (KHTML, like Gecko; compatible; GPTBot/1.4; +https://openai.com/gptbot)"
74.7.241.59 - - [24/Jul/2026:20:32:45 +0300] "GET /zip.php?dir=CwhomeCwlogoandwCwpublic_htmlCwnaturallightsFwbizCwwp-contentCwpluginsCwimunify-securityCwassetsCwui-appCwassetsCwstaticCwshared-dependencies&view=zone.min.js HTTP/1.1" 200 12309 "http://naturallights.us.logoandwebdesigns.com/zip.php?dir=CwhomeCwlogoandwCwpublic_htmlCwnaturallightsFwbizCwwp-contentCwpluginsCwimunify-securityCwassetsCwui-appCwassetsCwstaticCwshared-dependencies" "Mozilla/5.0 AppleWebKit/537.36 (KHTML, like Gecko; compatible; GPTBot/1.4; +https://openai.com/gptbot)"
74.7.227.50 - - [24/Jul/2026:20:33:47 +0300] "GET /.well-known/zip.php?dir=CwhomeCwlogoandwCwnature-photosFwinfoCwwp-includesCwwp-content&view=error_log-20251108093917-20251108102804-20251108103543-20251108103744-20251108104750-20251108104836-20251108162320-20251109000812-20251109015233-20251110002142-20251111140521-20251114211921-20251114214150. HTTP/1.1" 429 0 "http://naturallights.us/.well-known/zip.php?dir=CwhomeCwlogoandwCwnature-photosFwinfoCwwp-includesCwwp-content" "Mozilla/5.0 AppleWebKit/537.36 (KHTML, like Gecko; compatible; GPTBot/1.4; +https://openai.com/gptbot)"
74.7.241.59 - - [24/Jul/2026:20:34:43 +0300] "GET /zip.php?dir=CwhomeCwlogoandwCwpublic_htmlCwnaturallightsFwbizCwwp-contentCwpluginsCwimunify-securityCwassetsCwui-appCwassetsCwstaticCwnav-rootCwimagesCwcommon&view=person.svg HTTP/1.1" 429 0 "http://naturallights.us.logoandwebdesigns.com/zip.php?dir=CwhomeCwlogoandwCwpublic_htmlCwnaturallightsFwbizCwwp-contentCwpluginsCwimunify-securityCwassetsCwui-appCwassetsCwstaticCwnav-rootCwimagesCwcommon" "Mozilla/5.0 AppleWebKit/537.36 (KHTML, like Gecko; compatible; GPTBot/1.4; +https://openai.com/gptbot)"
74.7.227.50 - - [24/Jul/2026:20:36:56 +0300] "GET /.well-known/zip.php?dir=CwhomeCwlogoandwCwnature-photosFwinfoCwwp-includesCwwp-content&view=error_log-20251108093917-20251108102804-20251108103543-20251108103744-20251108104750-20251108104836-20251108162320-20251109000812-20251109015233-20251110002142-20251112121403-20251112123937-20251113032413. HTTP/1.1" 429 0 "http://naturallights.us/.well-known/zip.php?dir=CwhomeCwlogoandwCwnature-photosFwinfoCwwp-includesCwwp-content" "Mozilla/5.0 AppleWebKit/537.36 (KHTML, like Gecko; compatible; GPTBot/1.4; +https://openai.com/gptbot)"
20.48.234.177 - - [24/Jul/2026:20:37:26 +0300] "GET /wp-content/plugins/hellopress/wp_filemanager.php HTTP/1.1" 404 1251 "-" "-"
20.48.234.177 - - [24/Jul/2026:20:37:26 +0300] "GET /this_is_a_new_hello_world.php HTTP/1.1" 404 1251 "-" "-"
20.48.234.177 - - [24/Jul/2026:20:37:27 +0300] "GET /wicked.php HTTP/1.1" 404 1251 "-" "-"
20.48.234.177 - - [24/Jul/2026:20:37:27 +0300] "GET /fpwch.php HTTP/1.1" 404 1251 "-" "-"
20.48.234.177 - - [24/Jul/2026:20:37:27 +0300] "GET /black.php HTTP/1.1" 404 1251 "-" "-"
20.48.234.177 - - [24/Jul/2026:20:37:27 +0300] "GET /loader.php HTTP/1.1" 404 1251 "-" "-"
20.48.234.177 - - [24/Jul/2026:20:37:27 +0300] "GET /file61.php HTTP/1.1" 404 1251 "-" "-"
20.48.234.177 - - [24/Jul/2026:20:37:27 +0300] "GET /wp-css.php HTTP/1.1" 404 1251 "-" "-"
20.48.234.177 - - [24/Jul/2026:20:37:27 +0300] "GET /wp-blink.php HTTP/1.1" 404 1251 "-" "-"
20.48.234.177 - - [24/Jul/2026:20:37:27 +0300] "GET /txets.php HTTP/1.1" 404 1251 "-" "-"
20.48.234.177 - - [24/Jul/2026:20:37:28 +0300] "GET /pucci.php HTTP/1.1" 404 1251 "-" "-"
20.48.234.177 - - [24/Jul/2026:20:37:28 +0300] "GET /xwpg.php HTTP/1.1" 404 1251 "-" "-"
20.48.234.177 - - [24/Jul/2026:20:37:28 +0300] "GET /ops.php HTTP/1.1" 404 1251 "-" "-"
20.48.234.177 - - [24/Jul/2026:20:37:28 +0300] "GET /dex.php HTTP/1.1" 404 1251 "-" "-"
20.48.234.177 - - [24/Jul/2026:20:37:28 +0300] "GET /mac.php HTTP/1.1" 404 1251 "-" "-"
20.48.234.177 - - [24/Jul/2026:20:37:28 +0300] "GET /aa.php HTTP/1.1" 404 1251 "-" "-"
20.48.234.177 - - [24/Jul/2026:20:37:28 +0300] "GET /xyn.php HTTP/1.1" 404 1251 "-" "-"
20.48.234.177 - - [24/Jul/2026:20:37:28 +0300] "GET /1.php HTTP/1.1" 404 1251 "-" "-"
20.48.234.177 - - [24/Jul/2026:20:37:29 +0300] "GET /sx.php HTTP/1.1" 404 1251 "-" "-"
20.48.234.177 - - [24/Jul/2026:20:37:29 +0300] "GET /classwithtostring.php HTTP/1.1" 404 1251 "-" "-"
20.48.234.177 - - [24/Jul/2026:20:37:29 +0300] "GET /yawa.php HTTP/1.1" 404 1251 "-" "-"
20.48.234.177 - - [24/Jul/2026:20:37:29 +0300] "GET /sym403.php HTTP/1.1" 404 1251 "-" "-"
20.48.234.177 - - [24/Jul/2026:20:37:29 +0300] "GET /aa2.php HTTP/1.1" 404 1251 "-" "-"
20.48.234.177 - - [24/Jul/2026:20:37:29 +0300] "GET /k.php HTTP/1.1" 404 1251 "-" "-"
20.48.234.177 - - [24/Jul/2026:20:37:29 +0300] "GET //f6.php HTTP/1.1" 404 1251 "-" "-"
20.48.234.177 - - [24/Jul/2026:20:37:29 +0300] "GET //wp-includes/block-bindings/ HTTP/1.1" 404 1251 "-" "-"
20.48.234.177 - - [24/Jul/2026:20:37:30 +0300] "GET /ms-edit.php HTTP/1.1" 404 1251 "-" "-"
20.48.234.177 - - [24/Jul/2026:20:37:30 +0300] "GET /zz.php?p= HTTP/1.1" 404 1251 "-" "-"
20.48.234.177 - - [24/Jul/2026:20:37:30 +0300] "GET /xxx.php HTTP/1.1" 404 1251 "-" "-"
20.48.234.177 - - [24/Jul/2026:20:37:30 +0300] "GET //2.php HTTP/1.1" 404 1251 "-" "-"
20.48.234.177 - - [24/Jul/2026:20:37:30 +0300] "GET /memberfuns.php HTTP/1.1" 404 1251 "-" "-"
20.48.234.177 - - [24/Jul/2026:20:37:30 +0300] "GET /wp-includes/blocks/audio/ HTTP/1.1" 404 1251 "-" "-"
20.48.234.177 - - [24/Jul/2026:20:37:30 +0300] "GET //wp-includes/css/dist/ HTTP/1.1" 404 1251 "-" "-"
20.48.234.177 - - [24/Jul/2026:20:37:30 +0300] "GET /insc.php HTTP/1.1" 404 1251 "-" "-"
20.48.234.177 - - [24/Jul/2026:20:37:31 +0300] "GET /wp-content/uploads/ HTTP/1.1" 404 1251 "-" "-"
20.48.234.177 - - [24/Jul/2026:20:37:31 +0300] "GET /2P.update.php HTTP/1.1" 404 1251 "-" "-"
20.48.234.177 - - [24/Jul/2026:20:37:31 +0300] "GET /wefile.php HTTP/1.1" 404 1251 "-" "-"
20.48.234.177 - - [24/Jul/2026:20:37:31 +0300] "GET /dr.php HTTP/1.1" 404 1251 "-" "-"
20.48.234.177 - - [24/Jul/2026:20:37:31 +0300] "GET /f35.php HTTP/1.1" 404 1251 "-" "-"
20.48.234.177 - - [24/Jul/2026:20:37:31 +0300] "GET /xmrl.php HTTP/1.1" 404 1251 "-" "-"
20.48.234.177 - - [24/Jul/2026:20:37:31 +0300] "GET /wp-temp.php HTTP/1.1" 404 1251 "-" "-"
20.48.234.177 - - [24/Jul/2026:20:37:32 +0300] "GET //aa.php HTTP/1.1" 404 1251 "-" "-"
20.48.234.177 - - [24/Jul/2026:20:37:32 +0300] "GET /82.php HTTP/1.1" 404 1251 "-" "-"
20.48.234.177 - - [24/Jul/2026:20:37:32 +0300] "GET /222.php HTTP/1.1" 404 1251 "-" "-"
20.48.234.177 - - [24/Jul/2026:20:37:32 +0300] "GET //wp-content/BypassBest.php HTTP/1.1" 404 1251 "-" "-"
20.48.234.177 - - [24/Jul/2026:20:37:32 +0300] "GET /f900.php HTTP/1.1" 404 1251 "-" "-"
20.48.234.177 - - [24/Jul/2026:20:37:32 +0300] "GET /wp-admin/css/colors/sunrise/ HTTP/1.1" 404 1251 "-" "-"
20.48.234.177 - - [24/Jul/2026:20:37:32 +0300] "GET /adminner.php HTTP/1.1" 404 1251 "-" "-"
20.48.234.177 - - [24/Jul/2026:20:37:32 +0300] "GET /simple.php HTTP/1.1" 404 1251 "-" "-"
20.48.234.177 - - [24/Jul/2026:20:37:33 +0300] "GET /w.php HTTP/1.1" 404 1251 "-" "-"
20.48.234.177 - - [24/Jul/2026:20:37:33 +0300] "GET /ms.php HTTP/1.1" 404 1251 "-" "-"
20.48.234.177 - - [24/Jul/2026:20:37:33 +0300] "GET /wp-admin/css/colors/blue/ HTTP/1.1" 404 1251 "-" "-"
20.48.234.177 - - [24/Jul/2026:20:37:33 +0300] "GET /8.php HTTP/1.1" 404 1251 "-" "-"
20.48.234.177 - - [24/Jul/2026:20:37:33 +0300] "GET /wp-admin/css/ HTTP/1.1" 404 1251 "-" "-"
20.48.234.177 - - [24/Jul/2026:20:37:33 +0300] "GET /wp-includes/Text/Diff/Engine/about.php HTTP/1.1" 404 1251 "-" "-"
20.48.234.177 - - [24/Jul/2026:20:37:33 +0300] "GET //cgi-bin/admin.php HTTP/1.1" 404 1251 "-" "-"
20.48.234.177 - - [24/Jul/2026:20:37:33 +0300] "GET /sss.php?p= HTTP/1.1" 404 1251 "-" "-"
20.48.234.177 - - [24/Jul/2026:20:37:34 +0300] "GET /.well-known/about.php HTTP/1.1" 404 1251 "-" "-"
20.48.234.177 - - [24/Jul/2026:20:37:34 +0300] "GET /file.php? HTTP/1.1" 200 79320 "-" "-"
20.48.234.177 - - [24/Jul/2026:20:37:34 +0300] "GET /coffexium.php HTTP/1.1" 404 1251 "-" "-"
20.48.234.177 - - [24/Jul/2026:20:37:34 +0300] "GET /k2.php HTTP/1.1" 404 1251 "-" "-"
20.48.234.177 - - [24/Jul/2026:20:37:34 +0300] "GET /BDKR28.php HTTP/1.1" 404 1251 "-" "-"
20.48.234.177 - - [24/Jul/2026:20:37:35 +0300] "GET //cgi-bin/index.php HTTP/1.1" 500 86 "-" "-"
20.48.234.177 - - [24/Jul/2026:20:37:35 +0300] "GET /raw.php HTTP/1.1" 404 1251 "-" "-"
20.48.234.177 - - [24/Jul/2026:20:37:35 +0300] "GET /wp-links.php HTTP/1.1" 404 1251 "-" "-"
20.48.234.177 - - [24/Jul/2026:20:37:35 +0300] "GET /gecko.php HTTP/1.1" 404 1251 "-" "-"
20.48.234.177 - - [24/Jul/2026:20:37:35 +0300] "GET /for.php HTTP/1.1" 404 1251 "-" "-"
20.48.234.177 - - [24/Jul/2026:20:37:35 +0300] "GET /wp-admin/css/colors/midnight/about.php HTTP/1.1" 404 1251 "-" "-"
20.48.234.177 - - [24/Jul/2026:20:37:35 +0300] "GET /4PJcpMFsD8B.php HTTP/1.1" 404 1251 "-" "-"
20.48.234.177 - - [24/Jul/2026:20:37:36 +0300] "GET /wp-admin/css/colors/modern/ HTTP/1.1" 404 1251 "-" "-"
20.48.234.177 - - [24/Jul/2026:20:37:36 +0300] "GET /media.php HTTP/1.1" 404 1251 "-" "-"
20.48.234.177 - - [24/Jul/2026:20:37:36 +0300] "GET /wp-load.php HTTP/1.1" 404 1251 "-" "-"
20.48.234.177 - - [24/Jul/2026:20:37:36 +0300] "GET /ops.php HTTP/1.1" 404 1251 "-" "-"
20.48.234.177 - - [24/Jul/2026:20:37:36 +0300] "GET /wp-content/ HTTP/1.1" 200 1335 "-" "-"
20.48.234.177 - - [24/Jul/2026:20:37:36 +0300] "GET //wp-includes/l10n/ HTTP/1.1" 404 1251 "-" "-"
20.48.234.177 - - [24/Jul/2026:20:37:36 +0300] "GET /images.php HTTP/1.1" 404 1251 "-" "-"
20.48.234.177 - - [24/Jul/2026:20:37:37 +0300] "GET /a.php HTTP/1.1" 404 1251 "-" "-"
20.48.234.177 - - [24/Jul/2026:20:37:37 +0300] "GET /xmu.php HTTP/1.1" 404 1251 "-" "-"
20.48.234.177 - - [24/Jul/2026:20:37:37 +0300] "GET //a1.php HTTP/1.1" 404 1251 "-" "-"
20.48.234.177 - - [24/Jul/2026:20:37:37 +0300] "GET /ccou.php HTTP/1.1" 404 1251 "-" "-"
74.7.241.59 - - [24/Jul/2026:20:30:38 +0300] "GET /zip.php?dir=CwhomeCwlogoandwCwpublic_htmlCwnaturallightsFwbizCwwp-contentCwpluginsCwelementor-proCwassetsCwjsCwpackagesCweditor-notes&view=editor-notes.js HTTP/1.1" 429 0 "http://naturallights.us.logoandwebdesigns.com/zip.php?dir=CwhomeCwlogoandwCwpublic_htmlCwnaturallightsFwbizCwwp-contentCwpluginsCwelementor-proCwassetsCwjsCwpackagesCweditor-notes" "Mozilla/5.0 AppleWebKit/537.36 (KHTML, like Gecko; compatible; GPTBot/1.4; +https://openai.com/gptbot)"
74.7.241.59 - - [24/Jul/2026:20:31:43 +0300] "GET /zip.php?dir=CwhomeCwlogoandwCwpublic_htmlCwnaturallightsFwbizCwwp-contentCwpluginsCwimunify-securityCwassetsCwui-appCwassetsCwstaticCwnav-rootCwimagesCwcommon&view=key.svg HTTP/1.1" 429 0 "http://naturallights.us.logoandwebdesigns.com/zip.php?dir=CwhomeCwlogoandwCwpublic_htmlCwnaturallightsFwbizCwwp-contentCwpluginsCwimunify-securityCwassetsCwui-appCwassetsCwstaticCwnav-rootCwimagesCwcommon" "Mozilla/5.0 AppleWebKit/537.36 (KHTML, like Gecko; compatible; GPTBot/1.4; +https://openai.com/gptbot)"
74.7.241.59 - - [24/Jul/2026:20:33:49 +0300] "GET /zip.php?dir=CwhomeCwlogoandwCwpublic_htmlCwnaturallightsFwbizCwwp-contentCwpluginsCwimunify-securityCwassetsCwui-appCwassetsCwstaticCwshared-dependencies&view=named-exports.min.js HTTP/1.1" 429 0 "http://naturallights.us.logoandwebdesigns.com/zip.php?dir=CwhomeCwlogoandwCwpublic_htmlCwnaturallightsFwbizCwwp-contentCwpluginsCwimunify-securityCwassetsCwui-appCwassetsCwstaticCwshared-dependencies" "Mozilla/5.0 AppleWebKit/537.36 (KHTML, like Gecko; compatible; GPTBot/1.4; +https://openai.com/gptbot)"
74.7.227.50 - - [24/Jul/2026:20:34:47 +0300] "GET /.well-known/zip.php?dir=CwhomeCwlogoandwCwnature-photosFwinfoCwwp-content&view=error_log-20251108093917-20251108102804-20251108103543-20251108103744-20251108104750-20251108104836-20251108162320-20251109000812-20251109015233-20251110002142-20251111143537-20251111194519. HTTP/1.1" 429 0 "http://naturallights.us/.well-known/zip.php?dir=CwhomeCwlogoandwCwnature-photosFwinfoCwwp-content" "Mozilla/5.0 AppleWebKit/537.36 (KHTML, like Gecko; compatible; GPTBot/1.4; +https://openai.com/gptbot)"
74.7.241.59 - - [24/Jul/2026:20:40:00 +0300] "GET /zip.php?dir=CwhomeCwlogoandwCwpublic_htmlCwnaturallightsFwbizCwwp-contentCwpluginsCwimunify-securityCwassetsCwui-appCwassetsCwstaticCwnav-rootCwimagesCwcommon&view=logo-myimunify.svg HTTP/1.1" 429 0 "http://naturallights.us.logoandwebdesigns.com/zip.php?dir=CwhomeCwlogoandwCwpublic_htmlCwnaturallightsFwbizCwwp-contentCwpluginsCwimunify-securityCwassetsCwui-appCwassetsCwstaticCwnav-rootCwimagesCwcommon" "Mozilla/5.0 AppleWebKit/537.36 (KHTML, like Gecko; compatible; GPTBot/1.4; +https://openai.com/gptbot)"
20.48.234.177 - - [24/Jul/2026:20:37:37 +0300] "GET /wp-content/admin.php HTTP/1.1" 404 1251 "-" "-"
20.48.234.177 - - [24/Jul/2026:20:37:37 +0300] "GET /177.php HTTP/1.1" 404 1251 "-" "-"
20.48.234.177 - - [24/Jul/2026:20:37:37 +0300] "GET /0.php HTTP/1.1" 404 1251 "-" "-"
20.48.234.177 - - [24/Jul/2026:20:37:38 +0300] "GET ///wpxml.php HTTP/1.1" 404 1251 "-" "-"
20.48.234.177 - - [24/Jul/2026:20:37:38 +0300] "GET //wp-admin/js/index.php HTTP/1.1" 404 1251 "-" "-"
20.48.234.177 - - [24/Jul/2026:20:37:38 +0300] "GET /fffm.php?p= HTTP/1.1" 404 1251 "-" "-"
20.48.234.177 - - [24/Jul/2026:20:37:38 +0300] "GET /wp-content/themes/index.php HTTP/1.1" 404 1251 "-" "-"
20.48.234.177 - - [24/Jul/2026:20:37:38 +0300] "GET //wp-includes/assets/ HTTP/1.1" 404 1251 "-" "-"
20.48.234.177 - - [24/Jul/2026:20:37:38 +0300] "GET /f35.update.php HTTP/1.1" 404 1251 "-" "-"
20.48.234.177 - - [24/Jul/2026:20:37:38 +0300] "GET /config.json.php HTTP/1.1" 404 1251 "-" "-"
20.48.234.177 - - [24/Jul/2026:20:37:38 +0300] "GET /wp-includes/ID3/about.php HTTP/1.1" 404 1251 "-" "-"
20.48.234.177 - - [24/Jul/2026:20:37:39 +0300] "GET /yup.php HTTP/1.1" 404 1251 "-" "-"
20.48.234.177 - - [24/Jul/2026:20:37:39 +0300] "GET ///admin.php HTTP/1.1" 404 1251 "-" "-"
20.48.234.177 - - [24/Jul/2026:20:37:39 +0300] "GET /hur.php HTTP/1.1" 404 1251 "-" "-"
74.7.241.59 - - [24/Jul/2026:20:38:55 +0300] "GET /zip.php?dir=CwhomeCwlogoandwCwpublic_htmlCwnaturallightsFwbizCwwp-contentCwpluginsCwimunify-securityCwassetsCwui-appCwassetsCwstaticCwshared-dependencies&view=zone-testing.js HTTP/1.1" 200 20144 "http://naturallights.us.logoandwebdesigns.com/zip.php?dir=CwhomeCwlogoandwCwpublic_htmlCwnaturallightsFwbizCwwp-contentCwpluginsCwimunify-securityCwassetsCwui-appCwassetsCwstaticCwshared-dependencies" "Mozilla/5.0 AppleWebKit/537.36 (KHTML, like Gecko; compatible; GPTBot/1.4; +https://openai.com/gptbot)"
74.7.227.50 - - [24/Jul/2026:20:35:52 +0300] "GET /.well-known/zip.php?dir=CwhomeCwlogoandwCwnature-photosFwinfoCwjsCwwp-content&view=error_log-20251108093917-20251108102804-20251108103543-20251108103744-20251108104750-20251108104836-20251108162320-20251109000812-20251109015233-20251110002142-20251111140521-20251112153824. HTTP/1.1" 429 0 "http://naturallights.us/.well-known/zip.php?dir=CwhomeCwlogoandwCwnature-photosFwinfoCwjsCwwp-content" "Mozilla/5.0 AppleWebKit/537.36 (KHTML, like Gecko; compatible; GPTBot/1.4; +https://openai.com/gptbot)"
74.7.241.59 - - [24/Jul/2026:20:36:48 +0300] "GET /zip.php?dir=CwhomeCwlogoandwCwpublic_htmlCwnaturallightsFwbizCwwp-contentCwpluginsCwimunify-securityCwassetsCwui-appCwassetsCwstaticCwnav-rootCwimagesCwcommon&view=loader.svg HTTP/1.1" 429 0 "http://naturallights.us.logoandwebdesigns.com/zip.php?dir=CwhomeCwlogoandwCwpublic_htmlCwnaturallightsFwbizCwwp-contentCwpluginsCwimunify-securityCwassetsCwui-appCwassetsCwstaticCwnav-rootCwimagesCwcommon" "Mozilla/5.0 AppleWebKit/537.36 (KHTML, like Gecko; compatible; GPTBot/1.4; +https://openai.com/gptbot)"
74.7.241.59 - - [24/Jul/2026:20:37:53 +0300] "GET /zip.php?dir=CwhomeCwlogoandwCwpublic_htmlCwnaturallightsFwbizCwwp-contentCwpluginsCwimunify-securityCwassetsCwui-appCwassetsCwstaticCwshared-dependencies&view=amd.min.js HTTP/1.1" 429 0 "http://naturallights.us.logoandwebdesigns.com/zip.php?dir=CwhomeCwlogoandwCwpublic_htmlCwnaturallightsFwbizCwwp-contentCwpluginsCwimunify-securityCwassetsCwui-appCwassetsCwstaticCwshared-dependencies" "Mozilla/5.0 AppleWebKit/537.36 (KHTML, like Gecko; compatible; GPTBot/1.4; +https://openai.com/gptbot)"
74.7.227.50 - - [24/Jul/2026:20:40:03 +0300] "GET /.well-known/zip.php?dir=CwhomeCwlogoandwCwnature-photosFwinfoCwwp-content&view=error_log-20251108093917-20251108102804-20251108103543-20251108103744-20251108104750-20251108104836-20251108162320-20251109000812-20251109010418-20251118084246-20251118085210-20251118103529. HTTP/1.1" 429 0 "http://naturallights.us/.well-known/zip.php?dir=CwhomeCwlogoandwCwnature-photosFwinfoCwwp-content" "Mozilla/5.0 AppleWebKit/537.36 (KHTML, like Gecko; compatible; GPTBot/1.4; +https://openai.com/gptbot)"
74.7.241.59 - - [24/Jul/2026:20:40:55 +0300] "GET /zip.php?dir=CwhomeCwlogoandwCwpublic_htmlCwnaturallightsFwbizCwwp-contentCwpluginsCwimunify-securityCwassetsCwui-appCwassetsCwstaticCwnav-root&view=manifest.json HTTP/1.1" 429 0 "http://naturallights.us.logoandwebdesigns.com/zip.php?dir=CwhomeCwlogoandwCwpublic_htmlCwnaturallightsFwbizCwwp-contentCwpluginsCwimunify-securityCwassetsCwui-appCwassetsCwstaticCwnav-root" "Mozilla/5.0 AppleWebKit/537.36 (KHTML, like Gecko; compatible; GPTBot/1.4; +https://openai.com/gptbot)"
74.7.227.50 - - [24/Jul/2026:20:43:13 +0300] "GET /.well-known/zip.php?dir=CwhomeCwlogoandwCwnature-photosFwinfoCwwp-content&view=error_log-20251108093917-20251108102804-20251108103543-20251108103744-20251108104750-20251108104836-20251108162320-20251109000812-20251109015233-20251110002142-20251113155032-20251115124254. HTTP/1.1" 429 0 "http://naturallights.us/.well-known/zip.php?dir=CwhomeCwlogoandwCwnature-photosFwinfoCwwp-content" "Mozilla/5.0 AppleWebKit/537.36 (KHTML, like Gecko; compatible; GPTBot/1.4; +https://openai.com/gptbot)"
74.7.241.59 - - [24/Jul/2026:20:43:59 +0300] "GET /zip.php?dir=CwhomeCwlogoandwCwpublic_htmlCwnaturallightsFwbizCwwp-contentCwpluginsCwimunify-securityCwassetsCwui-appCwassetsCwstaticCwnav-rootCwimagesCwcommon&view=check-circle.svg HTTP/1.1" 429 0 "http://naturallights.us.logoandwebdesigns.com/zip.php?dir=CwhomeCwlogoandwCwpublic_htmlCwnaturallightsFwbizCwwp-contentCwpluginsCwimunify-securityCwassetsCwui-appCwassetsCwstaticCwnav-rootCwimagesCwcommon" "Mozilla/5.0 AppleWebKit/537.36 (KHTML, like Gecko; compatible; GPTBot/1.4; +https://openai.com/gptbot)"
74.7.241.59 - - [24/Jul/2026:20:46:09 +0300] "GET /zip.php?dir=CwhomeCwlogoandwCwpublic_htmlCwnaturallightsFwbizCwwp-contentCwpluginsCwimunify-securityCwassetsCwui-appCwassetsCwstaticCwnav-rootCwimagesCwcommon&view=bell.svg HTTP/1.1" 429 0 "http://naturallights.us.logoandwebdesigns.com/zip.php?dir=CwhomeCwlogoandwCwpublic_htmlCwnaturallightsFwbizCwwp-contentCwpluginsCwimunify-securityCwassetsCwui-appCwassetsCwstaticCwnav-rootCwimagesCwcommon" "Mozilla/5.0 AppleWebKit/537.36 (KHTML, like Gecko; compatible; GPTBot/1.4; +https://openai.com/gptbot)"
74.7.241.59 - - [24/Jul/2026:20:47:07 +0300] "GET /zip.php?dir=CwhomeCwlogoandwCwpublic_htmlCwnaturallightsFwbizCwwp-contentCwpluginsCwimunify-securityCwassetsCwui-appCwassetsCwstaticCwshared-dependencies&view=minified.js HTTP/1.1" 429 0 "http://naturallights.us.logoandwebdesigns.com/zip.php?dir=CwhomeCwlogoandwCwpublic_htmlCwnaturallightsFwbizCwwp-contentCwpluginsCwimunify-securityCwassetsCwui-appCwassetsCwstaticCwshared-dependencies" "Mozilla/5.0 AppleWebKit/537.36 (KHTML, like Gecko; compatible; GPTBot/1.4; +https://openai.com/gptbot)"
74.7.227.50 - - [24/Jul/2026:20:47:19 +0300] "GET /.well-known/zip.php?dir=CwhomeCwlogoandwCwnature-photosFwinfoCwwp-content&view=error_log-20251108093917-20251108102804-20251108103543-20251108103744-20251108104750-20251108104836-20251108162320-20251109000812-20251109015233-20251110002142-20251111140521-20251113182447. HTTP/1.1" 429 0 "http://naturallights.us/.well-known/zip.php?dir=CwhomeCwlogoandwCwnature-photosFwinfoCwwp-content" "Mozilla/5.0 AppleWebKit/537.36 (KHTML, like Gecko; compatible; GPTBot/1.4; +https://openai.com/gptbot)"
74.7.241.59 - - [24/Jul/2026:20:48:08 +0300] "GET /zip.php?dir=CwoptCwaltCwopenssl11CwshareCwmanCwhtmlCwman3&view=EVP_sm3.html HTTP/1.1" 429 0 "http://naturallights.us.logoandwebdesigns.com/zip.php?dir=CwoptCwaltCwopenssl11CwshareCwmanCwhtmlCwman3" "Mozilla/5.0 AppleWebKit/537.36 (KHTML, like Gecko; compatible; GPTBot/1.4; +https://openai.com/gptbot)"
74.7.241.59 - - [24/Jul/2026:20:49:09 +0300] "GET /zip.php?dir=CwhomeCwlogoandwCwincludtechFwcomCwcgi-bin&edit=moon.php HTTP/1.1" 429 0 "http://naturallights.us.logoandwebdesigns.com/zip.php?dir=CwhomeCwlogoandwCwincludtechFwcomCwcgi-bin" "Mozilla/5.0 AppleWebKit/537.36 (KHTML, like Gecko; compatible; GPTBot/1.4; +https://openai.com/gptbot)"
74.7.241.59 - - [24/Jul/2026:20:41:58 +0300] "GET /zip.php?dir=CwhomeCwlogoandwCwpublic_htmlCwnaturallightsFwbizCwwp-contentCwpluginsCwimunify-securityCwassetsCwui-appCwassetsCwstaticCwnav-rootCwimagesCwcommon&view=vector.svg HTTP/1.1" 429 0 "http://naturallights.us.logoandwebdesigns.com/zip.php?dir=CwhomeCwlogoandwCwpublic_htmlCwnaturallightsFwbizCwwp-contentCwpluginsCwimunify-securityCwassetsCwui-appCwassetsCwstaticCwnav-rootCwimagesCwcommon" "Mozilla/5.0 AppleWebKit/537.36 (KHTML, like Gecko; compatible; GPTBot/1.4; +https://openai.com/gptbot)"
74.7.241.59 - - [24/Jul/2026:20:42:59 +0300] "GET /zip.php?dir=CwhomeCwlogoandwCwpublic_htmlCwnaturallightsFwbizCwwp-contentCwpluginsCwimunify-securityCwassetsCwui-appCwassetsCwstatic&view=importmap.json HTTP/1.1" 429 0 "http://naturallights.us.logoandwebdesigns.com/zip.php?dir=CwhomeCwlogoandwCwpublic_htmlCwnaturallightsFwbizCwwp-contentCwpluginsCwimunify-securityCwassetsCwui-appCwassetsCwstatic" "Mozilla/5.0 AppleWebKit/537.36 (KHTML, like Gecko; compatible; GPTBot/1.4; +https://openai.com/gptbot)"
74.7.241.59 - - [24/Jul/2026:20:45:04 +0300] "GET /zip.php?dir=CwhomeCwlogoandwCwpublic_htmlCwnaturallightsFwbizCwwp-contentCwpluginsCwimunify-securityCwassetsCwui-appCwassetsCwstaticCwshared-dependencies&view=system.min.js HTTP/1.1" 200 4819 "http://naturallights.us.logoandwebdesigns.com/zip.php?dir=CwhomeCwlogoandwCwpublic_htmlCwnaturallightsFwbizCwwp-contentCwpluginsCwimunify-securityCwassetsCwui-appCwassetsCwstaticCwshared-dependencies" "Mozilla/5.0 AppleWebKit/537.36 (KHTML, like Gecko; compatible; GPTBot/1.4; +https://openai.com/gptbot)"
74.7.241.171 - - [24/Jul/2026:20:46:10 +0300] "GET /robots.txt HTTP/1.1" 404 1251 "-" "Mozilla/5.0 (Macintosh; Intel Mac OS X 10_15_7) AppleWebKit/537.36 (KHTML, like Gecko) Chrome/131.0.0.0 Safari/537.36; compatible; OAI-SearchBot/1.4; robots.txt; +https://openai.com/searchbot"
74.7.227.50 - - [24/Jul/2026:20:46:18 +0300] "GET /.well-known/zip.php?dir=CwhomeCwlogoandwCwnature-photosFwinfoCwwp-content&view=error_log-20251108093917-20251108102804-20251108103543-20251108103744-20251108104750-20251108104836-20251108162320-20251109000812-20251109015233-20251110002142-20251111140521-20251115073421. HTTP/1.1" 429 0 "http://naturallights.us/.well-known/zip.php?dir=CwhomeCwlogoandwCwnature-photosFwinfoCwwp-content" "Mozilla/5.0 AppleWebKit/537.36 (KHTML, like Gecko; compatible; GPTBot/1.4; +https://openai.com/gptbot)"
74.7.227.50 - - [24/Jul/2026:20:49:28 +0300] "GET /.well-known/zip.php?dir=CwhomeCwlogoandwCwnature-photosFwinfoCwwp-includesCwwp-content&view=error_log-20251108093917-20251108102804-20251108103543-20251108103744-20251108104750-20251108104836-20251108162320-20251109000812-20251109015233-20251110002142-20251110210415-20251117213939-20251118042114-20251119050846. HTTP/1.1" 200 12 "http://naturallights.us/.well-known/zip.php?dir=CwhomeCwlogoandwCwnature-photosFwinfoCwwp-includesCwwp-content" "Mozilla/5.0 AppleWebKit/537.36 (KHTML, like Gecko; compatible; GPTBot/1.4; +https://openai.com/gptbot)"
74.7.241.59 - - [24/Jul/2026:20:50:14 +0300] "GET /file.php?dir=XPAusrXPAshareXPAzoneinfoXPAposixXPAEurope&edit=Simferopol HTTP/1.1" 429 0 "http://naturallights.us.logoandwebdesigns.com/file.php?dir=XPAusrXPAshareXPAzoneinfoXPAposixXPAEurope" "Mozilla/5.0 AppleWebKit/537.36 (KHTML, like Gecko; compatible; GPTBot/1.4; +https://openai.com/gptbot)"
74.7.227.50 - - [24/Jul/2026:20:50:32 +0300] "GET /.well-known/zip.php?dir=CwhomeCwlogoandwCwnature-photosFwinfoCwwp-includesCwwp-content&view=error_log-20251108093917-20251108102804-20251108103543-20251108103744-20251108104750-20251108104836-20251108162320-20251109000812-20251109015233-20251110002142-20251111143537-20251114065126-20251114084300-20251119033129. HTTP/1.1" 429 0 "http://naturallights.us/.well-known/zip.php?dir=CwhomeCwlogoandwCwnature-photosFwinfoCwwp-includesCwwp-content" "Mozilla/5.0 AppleWebKit/537.36 (KHTML, like Gecko; compatible; GPTBot/1.4; +https://openai.com/gptbot)"
74.7.241.59 - - [24/Jul/2026:20:51:20 +0300] "GET /file.php?dir=XPAusrXPAshareXPAzoneinfoXPArightXPAAntarctica&edit=Palmer HTTP/1.1" 429 0 "http://naturallights.us.logoandwebdesigns.com/file.php?dir=XPAusrXPAshareXPAzoneinfoXPArightXPAAntarctica" "Mozilla/5.0 AppleWebKit/537.36 (KHTML, like Gecko; compatible; GPTBot/1.4; +https://openai.com/gptbot)"
74.7.241.59 - - [24/Jul/2026:20:52:25 +0300] "GET /file.php?dir=XPAusrXPAshareXPAzoneinfoXPAposixXPAAmerica&edit=Araguaina HTTP/1.1" 429 0 "http://naturallights.us.logoandwebdesigns.com/file.php?dir=XPAusrXPAshareXPAzoneinfoXPAposixXPAAmerica" "Mozilla/5.0 AppleWebKit/537.36 (KHTML, like Gecko; compatible; GPTBot/1.4; +https://openai.com/gptbot)"
74.7.227.50 - - [24/Jul/2026:20:54:36 +0300] "GET /.well-known/zip.php?dir=CwhomeCwlogoandwCwnature-photosFwinfoCwwp-includesCwwp-content&view=error_log-20251108093917-20251108102804-20251108103543-20251108103744-20251108104750-20251108104836-20251108162320-20251109000812-20251109015233-20251110002142-20251111140521-20251115173033-20251115190708-20251119092352. HTTP/1.1" 429 0 "http://naturallights.us/.well-known/zip.php?dir=CwhomeCwlogoandwCwnature-photosFwinfoCwwp-includesCwwp-content" "Mozilla/5.0 AppleWebKit/537.36 (KHTML, like Gecko; compatible; GPTBot/1.4; +https://openai.com/gptbot)"
74.7.241.59 - - [24/Jul/2026:20:58:38 +0300] "GET /zip.php?dir=CwusrCwshareCwvimCwvim80Cwftplugin&edit=dosini.vim HTTP/1.1" 429 0 "http://naturallights.us.logoandwebdesigns.com/zip.php?dir=CwusrCwshareCwvimCwvim80Cwftplugin" "Mozilla/5.0 AppleWebKit/537.36 (KHTML, like Gecko; compatible; GPTBot/1.4; +https://openai.com/gptbot)"
74.7.227.50 - - [24/Jul/2026:20:58:46 +0300] "GET /.well-known/zip.php?dir=CwhomeCwlogoandwCwnature-photosFwinfoCwwp-includesCwwp-content&view=error_log-20251108093917-20251108102804-20251108103543-20251108103744-20251108104750-20251108104836-20251108162320-20251109000812-20251109015233-20251110002142-20251111143537-20251114074053-20251119061230-20251119061841. HTTP/1.1" 429 0 "http://naturallights.us/.well-known/zip.php?dir=CwhomeCwlogoandwCwnature-photosFwinfoCwwp-includesCwwp-content" "Mozilla/5.0 AppleWebKit/537.36 (KHTML, like Gecko; compatible; GPTBot/1.4; +https://openai.com/gptbot)"
74.7.241.59 - - [24/Jul/2026:20:59:43 +0300] "GET /zip.php?dir=CwusrCwshareCwvimCwvim80Cwftplugin&edit=slpreg.vim HTTP/1.1" 429 0 "http://naturallights.us.logoandwebdesigns.com/zip.php?dir=CwusrCwshareCwvimCwvim80Cwftplugin" "Mozilla/5.0 AppleWebKit/537.36 (KHTML, like Gecko; compatible; GPTBot/1.4; +https://openai.com/gptbot)"
74.7.241.59 - - [24/Jul/2026:21:00:47 +0300] "GET /zip.php?dir=CwusrCwshareCwvimCwvim80Cwsyntax&edit=asciidoc.vim HTTP/1.1" 429 0 "http://naturallights.us.logoandwebdesigns.com/zip.php?dir=CwusrCwshareCwvimCwvim80Cwsyntax" "Mozilla/5.0 AppleWebKit/537.36 (KHTML, like Gecko; compatible; GPTBot/1.4; +https://openai.com/gptbot)"
74.7.241.59 - - [24/Jul/2026:21:01:50 +0300] "GET /zip.php?dir=CwusrCwshareCwvimCwvim80Cwsyntax&edit=sindacmp.vim HTTP/1.1" 429 0 "http://naturallights.us.logoandwebdesigns.com/zip.php?dir=CwusrCwshareCwvimCwvim80Cwsyntax" "Mozilla/5.0 AppleWebKit/537.36 (KHTML, like Gecko; compatible; GPTBot/1.4; +https://openai.com/gptbot)"
74.7.227.50 - - [24/Jul/2026:21:02:46 +0300] "GET /.well-known/zip.php?dir=CwhomeCwlogoandwCwnature-photosFwinfoCwwp-content&view=error_log-20251108093917-20251108102804-20251108103543-20251108103744-20251108104750-20251108104836-20251108162320-20251109000812-20251109015233-20251110002142-20251112121403-20251112135304. HTTP/1.1" 429 0 "http://naturallights.us/.well-known/zip.php?dir=CwhomeCwlogoandwCwnature-photosFwinfoCwwp-content" "Mozilla/5.0 AppleWebKit/537.36 (KHTML, like Gecko; compatible; GPTBot/1.4; +https://openai.com/gptbot)"
74.7.241.59 - - [24/Jul/2026:21:04:59 +0300] "GET /zip.php?dir=CwusrCwshareCwvimCwvim80Cwftplugin&edit=muttrc.vim HTTP/1.1" 429 0 "http://naturallights.us.logoandwebdesigns.com/zip.php?dir=CwusrCwshareCwvimCwvim80Cwftplugin" "Mozilla/5.0 AppleWebKit/537.36 (KHTML, like Gecko; compatible; GPTBot/1.4; +https://openai.com/gptbot)"
74.7.241.59 - - [24/Jul/2026:21:05:57 +0300] "GET /zip.php?dir=CwusrCwshareCwvimCwvim80Cwftplugin&edit=initex.vim HTTP/1.1" 429 0 "http://naturallights.us.logoandwebdesigns.com/zip.php?dir=CwusrCwshareCwvimCwvim80Cwftplugin" "Mozilla/5.0 AppleWebKit/537.36 (KHTML, like Gecko; compatible; GPTBot/1.4; +https://openai.com/gptbot)"
74.7.241.59 - - [24/Jul/2026:20:53:28 +0300] "GET /zip.php?dir=CwusrCwshareCwvimCwvim80Cwsyntax&edit=updatedb.vim HTTP/1.1" 429 0 "http://naturallights.us.logoandwebdesigns.com/zip.php?dir=CwusrCwshareCwvimCwvim80Cwsyntax" "Mozilla/5.0 AppleWebKit/537.36 (KHTML, like Gecko; compatible; GPTBot/1.4; +https://openai.com/gptbot)"
74.7.241.59 - - [24/Jul/2026:20:54:32 +0300] "GET /zip.php?dir=CwusrCwshareCwvimCwvim80Cwftplugin&edit=aspvbs.vim HTTP/1.1" 429 0 "http://naturallights.us.logoandwebdesigns.com/zip.php?dir=CwusrCwshareCwvimCwvim80Cwftplugin" "Mozilla/5.0 AppleWebKit/537.36 (KHTML, like Gecko; compatible; GPTBot/1.4; +https://openai.com/gptbot)"
74.7.241.59 - - [24/Jul/2026:20:55:34 +0300] "GET /zip.php?dir=CwusrCwshareCwvimCwvim80Cwsyntax&edit=readline.vim HTTP/1.1" 429 0 "http://naturallights.us.logoandwebdesigns.com/zip.php?dir=CwusrCwshareCwvimCwvim80Cwsyntax" "Mozilla/5.0 AppleWebKit/537.36 (KHTML, like Gecko; compatible; GPTBot/1.4; +https://openai.com/gptbot)"
74.7.227.50 - - [24/Jul/2026:20:55:40 +0300] "GET /.well-known/zip.php?dir=CwhomeCwlogoandwCwnature-photosFwinfoCwwp-includesCwwp-content&view=error_log-20251108093917-20251108102804-20251108103543-20251108103744-20251108104750-20251108104836-20251108162320-20251109000812-20251109015233-20251110002142-20251110204737-20251110204811-20251111122403. HTTP/1.1" 429 0 "http://naturallights.us/.well-known/zip.php?dir=CwhomeCwlogoandwCwnature-photosFwinfoCwwp-includesCwwp-content" "Mozilla/5.0 AppleWebKit/537.36 (KHTML, like Gecko; compatible; GPTBot/1.4; +https://openai.com/gptbot)"
74.7.227.50 - - [24/Jul/2026:21:00:51 +0300] "GET /.well-known/zip.php?dir=CwhomeCwlogoandwCwnature-photosFwinfoCwjsCwwp-content&view=error_log-20251108093917-20251108102804-20251108103543-20251108103744-20251108104750-20251108104836-20251108162320-20251109000812-20251109015233-20251110002142-20251116120508-20251116121524. HTTP/1.1" 200 12 "http://naturallights.us/.well-known/zip.php?dir=CwhomeCwlogoandwCwnature-photosFwinfoCwjsCwwp-content" "Mozilla/5.0 AppleWebKit/537.36 (KHTML, like Gecko; compatible; GPTBot/1.4; +https://openai.com/gptbot)"
74.7.241.59 - - [24/Jul/2026:21:02:56 +0300] "GET /zip.php?dir=CwusrCwshareCwvimCwvim80Cwcompiler&edit=xbuild.vim HTTP/1.1" 429 0 "http://naturallights.us.logoandwebdesigns.com/zip.php?dir=CwusrCwshareCwvimCwvim80Cwcompiler" "Mozilla/5.0 AppleWebKit/537.36 (KHTML, like Gecko; compatible; GPTBot/1.4; +https://openai.com/gptbot)"
74.7.241.59 - - [24/Jul/2026:21:06:57 +0300] "GET /zip.php?dir=CwusrCwshareCwvimCwvim80Cwftplugin&edit=liquid.vim HTTP/1.1" 429 0 "http://naturallights.us.logoandwebdesigns.com/zip.php?dir=CwusrCwshareCwvimCwvim80Cwftplugin" "Mozilla/5.0 AppleWebKit/537.36 (KHTML, like Gecko; compatible; GPTBot/1.4; +https://openai.com/gptbot)"
74.7.227.50 - - [24/Jul/2026:20:52:32 +0300] "GET /.well-known/zip.php?dir=CwhomeCwlogoandwCwnature-photosFwinfoCwwp-includesCwwp-content&view=error_log-20251108093917-20251108102804-20251108103543-20251108103744-20251108104750-20251108104836-20251108162320-20251109000812-20251109015233-20251110002142-20251111143537-20251114081857-20251114135852-20251119003851. HTTP/1.1" 429 0 "http://naturallights.us/.well-known/zip.php?dir=CwhomeCwlogoandwCwnature-photosFwinfoCwwp-includesCwwp-content" "Mozilla/5.0 AppleWebKit/537.36 (KHTML, like Gecko; compatible; GPTBot/1.4; +https://openai.com/gptbot)"
74.7.241.59 - - [24/Jul/2026:20:56:34 +0300] "GET /zip.php?dir=CwusrCwshareCwvimCwvim80Cwsyntax&edit=progress.vim HTTP/1.1" 429 0 "http://naturallights.us.logoandwebdesigns.com/zip.php?dir=CwusrCwshareCwvimCwvim80Cwsyntax" "Mozilla/5.0 AppleWebKit/537.36 (KHTML, like Gecko; compatible; GPTBot/1.4; +https://openai.com/gptbot)"
74.7.241.59 - - [24/Jul/2026:20:57:37 +0300] "GET /zip.php?dir=CwusrCwshareCwvimCwvim80Cwsyntax&edit=sindaout.vim HTTP/1.1" 429 0 "http://naturallights.us.logoandwebdesigns.com/zip.php?dir=CwusrCwshareCwvimCwvim80Cwsyntax" "Mozilla/5.0 AppleWebKit/537.36 (KHTML, like Gecko; compatible; GPTBot/1.4; +https://openai.com/gptbot)"
74.7.227.50 - - [24/Jul/2026:20:57:47 +0300] "GET /.well-known/zip.php?dir=CwhomeCwlogoandwCwnature-photosFwinfoCwwp-content&view=error_log-20251108093917-20251108102804-20251108103543-20251108103744-20251108104750-20251108104836-20251108162320-20251109000812-20251109015233-20251110002142-20251111143537-20251115061042. HTTP/1.1" 429 0 "http://naturallights.us/.well-known/zip.php?dir=CwhomeCwlogoandwCwnature-photosFwinfoCwwp-content" "Mozilla/5.0 AppleWebKit/537.36 (KHTML, like Gecko; compatible; GPTBot/1.4; +https://openai.com/gptbot)"
74.7.227.50 - - [24/Jul/2026:21:01:51 +0300] "GET /.well-known/zip.php?dir=CwhomeCwlogoandwCwnature-photosFwinfoCwwp-includesCwwp-content&view=error_log-20251108093917-20251108102804-20251108103543-20251108103744-20251108104750-20251108104836-20251108162320-20251109000812-20251109015233-20251110002142-20251110210415-20251118040208-20251118041822. HTTP/1.1" 429 0 "http://naturallights.us/.well-known/zip.php?dir=CwhomeCwlogoandwCwnature-photosFwinfoCwwp-includesCwwp-content" "Mozilla/5.0 AppleWebKit/537.36 (KHTML, like Gecko; compatible; GPTBot/1.4; +https://openai.com/gptbot)"
74.7.241.59 - - [24/Jul/2026:21:03:58 +0300] "GET /zip.php?dir=CwusrCwshareCwvimCwvim80Cwftplugin&edit=xinetd.vim HTTP/1.1" 200 2783 "http://naturallights.us.logoandwebdesigns.com/zip.php?dir=CwusrCwshareCwvimCwvim80Cwftplugin" "Mozilla/5.0 AppleWebKit/537.36 (KHTML, like Gecko; compatible; GPTBot/1.4; +https://openai.com/gptbot)"
74.7.227.50 - - [24/Jul/2026:21:07:04 +0300] "GET /.well-known/zip.php?dir=CwhomeCwlogoandwCwnature-photosFwinfoCwIXR-20251108104958CwjsCwwp-content&view=error_log-20251108093917-20251108102804-20251108103543-20251108103744-20251108104750-20251108104836-20251108162320-20251109000812-20251109015233-20251110002142-20251111140521-20251121130109. HTTP/1.1" 429 0 "http://naturallights.us/.well-known/zip.php?dir=CwhomeCwlogoandwCwnature-photosFwinfoCwIXR-20251108104958CwjsCwwp-content" "Mozilla/5.0 AppleWebKit/537.36 (KHTML, like Gecko; compatible; GPTBot/1.4; +https://openai.com/gptbot)"
74.7.241.59 - - [24/Jul/2026:21:08:00 +0300] "GET /zip.php?dir=CwusrCwshareCwvimCwvim80Cwftplugin&edit=scheme.vim HTTP/1.1" 429 0 "http://naturallights.us.logoandwebdesigns.com/zip.php?dir=CwusrCwshareCwvimCwvim80Cwftplugin" "Mozilla/5.0 AppleWebKit/537.36 (KHTML, like Gecko; compatible; GPTBot/1.4; +https://openai.com/gptbot)"
