Sid Gifari From Gifari Industries - BD Cyber Security Team
Home
/
usr
/
local
/
apache
/
domlogs
/
logoandw
/
✏️
Editing: mydreamydiary.com.logoandwebdesigns.com-ssl_log
74.7.243.243 - - [26/Jul/2026:15:03:34 +0300] "GET /zip.php?dir=CwusrCwshareCwmanCwjaCwman1&view=ex.1.gz HTTP/2" 429 0 "https://mydreamydiary.com/zip.php?dir=CwusrCwshareCwmanCwjaCwman1" "Mozilla/5.0 AppleWebKit/537.36 (KHTML, like Gecko; compatible; GPTBot/1.4; +https://openai.com/gptbot)"
74.7.243.243 - - [26/Jul/2026:15:04:37 +0300] "GET /zip.php?dir=CwusrCwshareCwmanCwplCwman1&view=mc.1.gz HTTP/2" 429 0 "https://mydreamydiary.com/zip.php?dir=CwusrCwshareCwmanCwplCwman1" "Mozilla/5.0 AppleWebKit/537.36 (KHTML, like Gecko; compatible; GPTBot/1.4; +https://openai.com/gptbot)"
66.249.79.163 - - [26/Jul/2026:15:06:06 +0300] "GET /?items/V301709862/ HTTP/1.1" 200 0 "-" "Mozilla/5.0 (Linux; Android 6.0.1; Nexus 5X Build/MMB29P) AppleWebKit/537.36 (KHTML, like Gecko) Chrome/150.0.7871.128 Mobile Safari/537.36 (compatible; Googlebot/2.1; +http://www.google.com/bot.html)"
74.7.243.243 - - [26/Jul/2026:15:06:46 +0300] "GET /zip.php?dir=CwusrCwshareCwmanCwitCwman1&view=ex.1.gz HTTP/2" 429 0 "https://mydreamydiary.com/zip.php?dir=CwusrCwshareCwmanCwitCwman1" "Mozilla/5.0 AppleWebKit/537.36 (KHTML, like Gecko; compatible; GPTBot/1.4; +https://openai.com/gptbot)"
74.7.243.243 - - [26/Jul/2026:15:07:48 +0300] "GET /zip.php?dir=CwusrCwshareCwmanCwplCwman1&view=ex.1.gz HTTP/2" 429 0 "https://mydreamydiary.com/zip.php?dir=CwusrCwshareCwmanCwplCwman1" "Mozilla/5.0 AppleWebKit/537.36 (KHTML, like Gecko; compatible; GPTBot/1.4; +https://openai.com/gptbot)"
74.7.243.243 - - [26/Jul/2026:15:08:49 +0300] "GET /zip.php?dir=CwlibCwfirmware&edit=iwlwifi-sc-a0-wh-b0-c102.ucode HTTP/2" 429 0 "https://mydreamydiary.com/zip.php?dir=CwlibCwfirmware" "Mozilla/5.0 AppleWebKit/537.36 (KHTML, like Gecko; compatible; GPTBot/1.4; +https://openai.com/gptbot)"
74.7.243.243 - - [26/Jul/2026:15:09:50 +0300] "GET /zip.php?dir=CwlibCwfirmware&edit=iwlwifi-sc-a0-fm-c0-c102.ucode HTTP/2" 429 0 "https://mydreamydiary.com/zip.php?dir=CwlibCwfirmware" "Mozilla/5.0 AppleWebKit/537.36 (KHTML, like Gecko; compatible; GPTBot/1.4; +https://openai.com/gptbot)"
74.7.243.243 - - [26/Jul/2026:15:10:54 +0300] "GET /zip.php?dir=CwlibCwfirmware&edit=iwlwifi-sc-a0-wh-b0-c103.ucode HTTP/2" 429 0 "https://mydreamydiary.com/zip.php?dir=CwlibCwfirmware" "Mozilla/5.0 AppleWebKit/537.36 (KHTML, like Gecko; compatible; GPTBot/1.4; +https://openai.com/gptbot)"
74.7.243.243 - - [26/Jul/2026:15:14:10 +0300] "GET /file.php?dir=XPAhomeXPAlogoandwXPAmailXPAnew&edit=1771511894.M620401P677375.mgh-web11.maghost.ro%2CS%3D1297850%2CW%3D1315661 HTTP/2" 429 0 "https://mydreamydiary.com/file.php?dir=XPAhomeXPAlogoandwXPAmailXPAnew" "Mozilla/5.0 AppleWebKit/537.36 (KHTML, like Gecko; compatible; GPTBot/1.4; +https://openai.com/gptbot)"
66.249.79.165 - - [26/Jul/2026:15:16:48 +0300] "GET /?items/M89159125/ HTTP/1.1" 200 0 "-" "Mozilla/5.0 (Linux; Android 6.0.1; Nexus 5X Build/MMB29P) AppleWebKit/537.36 (KHTML, like Gecko) Chrome/150.0.7871.128 Mobile Safari/537.36 (compatible; Googlebot/2.1; +http://www.google.com/bot.html)"
74.7.243.243 - - [26/Jul/2026:15:17:23 +0300] "GET /file.php?dir=XPAhomeXPAlogoandwXPAmailXPAnew&edit=1770083660.M937142P2633288.mgh-web11.maghost.ro%2CS%3D487987%2CW%3D494702 HTTP/2" 200 341884 "https://mydreamydiary.com/file.php?dir=XPAhomeXPAlogoandwXPAmailXPAnew" "Mozilla/5.0 AppleWebKit/537.36 (KHTML, like Gecko; compatible; GPTBot/1.4; +https://openai.com/gptbot)"
74.7.243.243 - - [26/Jul/2026:15:18:24 +0300] "GET /zip.php?dir=CwhomeCwlogoandwCwnature-photosFwinfoCwwp-includesCwwp-content&edit=error_log-20251108093917-20251108102804-20251108103543-20251108103744-20251108104750-20251108104836-20251108162320-20251109000812-20251109015233-20251110002142-20251111143537-20251115120801-20251115214640-20251118082732. HTTP/2" 429 0 "https://mydreamydiary.com/zip.php?dir=CwhomeCwlogoandwCwnature-photosFwinfoCwwp-includesCwwp-content" "Mozilla/5.0 AppleWebKit/537.36 (KHTML, like Gecko; compatible; GPTBot/1.4; +https://openai.com/gptbot)"
74.7.243.243 - - [26/Jul/2026:15:05:41 +0300] "GET /zip.php?dir=CwusrCwshareCwmanCwitCwman1&view=mc.1.gz HTTP/2" 429 0 "https://mydreamydiary.com/zip.php?dir=CwusrCwshareCwmanCwitCwman1" "Mozilla/5.0 AppleWebKit/537.36 (KHTML, like Gecko; compatible; GPTBot/1.4; +https://openai.com/gptbot)"
74.7.243.243 - - [26/Jul/2026:15:13:05 +0300] "GET /zip.php?dir=CwusrCwlib64CwsssdCwmodules&view=sssd_krb5_localauth_plugin.so HTTP/2" 429 0 "https://mydreamydiary.com/zip.php?dir=CwusrCwlib64CwsssdCwmodules" "Mozilla/5.0 AppleWebKit/537.36 (KHTML, like Gecko; compatible; GPTBot/1.4; +https://openai.com/gptbot)"
74.7.243.243 - - [26/Jul/2026:15:15:13 +0300] "GET /zip.php?dir=CwhomeCwlogoandwCwnature-photosFwinfoCwwp-includesCwwp-content&edit=error_log-20251108093917-20251108102804-20251108103543-20251108103744-20251108104750-20251108104836-20251108162320-20251109000812-20251109015233-20251110002142-20251111143537-20251115120801-20251118175506-20251118180259. HTTP/2" 429 0 "https://mydreamydiary.com/zip.php?dir=CwhomeCwlogoandwCwnature-photosFwinfoCwwp-includesCwwp-content" "Mozilla/5.0 AppleWebKit/537.36 (KHTML, like Gecko; compatible; GPTBot/1.4; +https://openai.com/gptbot)"
66.249.79.165 - - [26/Jul/2026:15:22:31 +0300] "GET /?items/H296578286/ HTTP/1.1" 200 0 "-" "Mozilla/5.0 (Linux; Android 6.0.1; Nexus 5X Build/MMB29P) AppleWebKit/537.36 (KHTML, like Gecko) Chrome/150.0.7871.128 Mobile Safari/537.36 (compatible; Googlebot/2.1; +http://www.google.com/bot.html)"
74.7.243.243 - - [26/Jul/2026:15:27:39 +0300] "GET /zip.php?dir=CwusrCwlibCwgrubCwi386-pc&view=affs.mod HTTP/2" 200 3605 "https://mydreamydiary.com/zip.php?dir=CwusrCwlibCwgrubCwi386-pc" "Mozilla/5.0 AppleWebKit/537.36 (KHTML, like Gecko; compatible; GPTBot/1.4; +https://openai.com/gptbot)"
74.7.243.243 - - [26/Jul/2026:15:28:44 +0300] "GET /zip.php?dir=Cwlib64Cwxtables&view=libip6t_REJECT.so HTTP/2" 429 0 "https://mydreamydiary.com/zip.php?dir=Cwlib64Cwxtables" "Mozilla/5.0 AppleWebKit/537.36 (KHTML, like Gecko; compatible; GPTBot/1.4; +https://openai.com/gptbot)"
66.249.79.165 - - [26/Jul/2026:15:29:19 +0300] "GET /?items/A64799044/ HTTP/1.1" 200 0 "-" "Mozilla/5.0 (Linux; Android 6.0.1; Nexus 5X Build/MMB29P) AppleWebKit/537.36 (KHTML, like Gecko) Chrome/150.0.7871.128 Mobile Safari/537.36 (compatible; Googlebot/2.1; +http://www.google.com/bot.html)"
74.7.243.243 - - [26/Jul/2026:15:29:38 +0300] "GET /zip.php?dir=CwlibCwgrubCwi386-pc&view=msdospart.mod HTTP/2" 429 0 "https://mydreamydiary.com/zip.php?dir=CwlibCwgrubCwi386-pc" "Mozilla/5.0 AppleWebKit/537.36 (KHTML, like Gecko; compatible; GPTBot/1.4; +https://openai.com/gptbot)"
74.7.243.243 - - [26/Jul/2026:15:30:39 +0300] "GET /zip.php?dir=CwlibCwgrubCwi386-pc&view=backtrace.mod HTTP/2" 429 0 "https://mydreamydiary.com/zip.php?dir=CwlibCwgrubCwi386-pc" "Mozilla/5.0 AppleWebKit/537.36 (KHTML, like Gecko; compatible; GPTBot/1.4; +https://openai.com/gptbot)"
74.7.243.243 - - [26/Jul/2026:15:31:43 +0300] "GET /zip.php?dir=CwusrCwlibCwgrubCwi386-pc&view=halt.mod HTTP/2" 429 0 "https://mydreamydiary.com/zip.php?dir=CwusrCwlibCwgrubCwi386-pc" "Mozilla/5.0 AppleWebKit/537.36 (KHTML, like Gecko; compatible; GPTBot/1.4; +https://openai.com/gptbot)"
74.7.243.243 - - [26/Jul/2026:15:35:58 +0300] "GET /zip.php?dir=CwusrCwlibCwgrubCwi386-pc&view=aout.mod HTTP/2" 200 597 "https://mydreamydiary.com/zip.php?dir=CwusrCwlibCwgrubCwi386-pc" "Mozilla/5.0 AppleWebKit/537.36 (KHTML, like Gecko; compatible; GPTBot/1.4; +https://openai.com/gptbot)"
74.7.243.243 - - [26/Jul/2026:15:36:59 +0300] "GET /zip.php?dir=CwusrCwlib64Cwpython2Fw7Cwunittest&view=util.py HTTP/2" 429 0 "https://mydreamydiary.com/zip.php?dir=CwusrCwlib64Cwpython2Fw7Cwunittest" "Mozilla/5.0 AppleWebKit/537.36 (KHTML, like Gecko; compatible; GPTBot/1.4; +https://openai.com/gptbot)"
66.249.79.165 - - [26/Jul/2026:15:03:24 +0300] "GET /?items/Z60451256/ HTTP/1.1" 200 0 "-" "Mozilla/5.0 (Linux; Android 6.0.1; Nexus 5X Build/MMB29P) AppleWebKit/537.36 (KHTML, like Gecko) Chrome/150.0.7871.128 Mobile Safari/537.36 (compatible; Googlebot/2.1; +http://www.google.com/bot.html)"
74.7.228.15 - - [26/Jul/2026:15:03:36 +0300] "GET /robots.txt HTTP/2" 404 1251 "-" "Mozilla/5.0 (Macintosh; Intel Mac OS X 10_15_7) AppleWebKit/537.36 (KHTML, like Gecko) Chrome/131.0.0.0 Safari/537.36; compatible; OAI-SearchBot/1.4; robots.txt; +https://openai.com/searchbot"
66.249.79.164 - - [26/Jul/2026:15:07:26 +0300] "GET /?items/Y259293084/ HTTP/1.1" 200 0 "-" "Mozilla/5.0 (Linux; Android 6.0.1; Nexus 5X Build/MMB29P) AppleWebKit/537.36 (KHTML, like Gecko) Chrome/150.0.7871.128 Mobile Safari/537.36 (compatible; Googlebot/2.1; +http://www.google.com/bot.html)"
66.249.79.163 - - [26/Jul/2026:15:09:38 +0300] "GET /?items/Z51051872/ HTTP/1.1" 200 0 "-" "Mozilla/5.0 (Linux; Android 6.0.1; Nexus 5X Build/MMB29P) AppleWebKit/537.36 (KHTML, like Gecko) Chrome/150.0.7871.128 Mobile Safari/537.36 (compatible; Googlebot/2.1; +http://www.google.com/bot.html)"
66.249.79.163 - - [26/Jul/2026:15:11:24 +0300] "GET /?items/X183778589/ HTTP/1.1" 200 0 "-" "Mozilla/5.0 (Linux; Android 6.0.1; Nexus 5X Build/MMB29P) AppleWebKit/537.36 (KHTML, like Gecko) Chrome/150.0.7871.128 Mobile Safari/537.36 (compatible; Googlebot/2.1; +http://www.google.com/bot.html)"
74.7.243.243 - - [26/Jul/2026:15:11:59 +0300] "GET /zip.php?dir=CwlibCwfirmware&edit=iwlwifi-sc-a0-fm-c0-c103.ucode HTTP/2" 429 0 "https://mydreamydiary.com/zip.php?dir=CwlibCwfirmware" "Mozilla/5.0 AppleWebKit/537.36 (KHTML, like Gecko; compatible; GPTBot/1.4; +https://openai.com/gptbot)"
74.7.243.243 - - [26/Jul/2026:15:16:17 +0300] "GET /file.php?dir=XPAhomeXPAlogoandwXPAnature-photosXFAinfoXPAwp-content&edit=error_log-20251108093917-20251108102804-20251108103543-20251108103744-20251108104750-20251108104836-20251108162320-20251109000812-20251109015233-20251110002142-20251113155032-20251113191151-20251113210521. HTTP/2" 429 0 "https://mydreamydiary.com/file.php?dir=XPAhomeXPAlogoandwXPAnature-photosXFAinfoXPAwp-content" "Mozilla/5.0 AppleWebKit/537.36 (KHTML, like Gecko; compatible; GPTBot/1.4; +https://openai.com/gptbot)"
66.249.79.163 - - [26/Jul/2026:15:19:03 +0300] "GET /?items/L44810721/ HTTP/1.1" 200 0 "-" "Mozilla/5.0 (Linux; Android 6.0.1; Nexus 5X Build/MMB29P) AppleWebKit/537.36 (KHTML, like Gecko) Chrome/150.0.7871.128 Mobile Safari/537.36 (compatible; Googlebot/2.1; +http://www.google.com/bot.html)"
66.249.79.163 - - [26/Jul/2026:15:25:24 +0300] "GET /?items/X103178751/ HTTP/1.1" 200 0 "-" "Mozilla/5.0 (Linux; Android 6.0.1; Nexus 5X Build/MMB29P) AppleWebKit/537.36 (KHTML, like Gecko) Chrome/150.0.7871.128 Mobile Safari/537.36 (compatible; Googlebot/2.1; +http://www.google.com/bot.html)"
66.249.79.164 - - [26/Jul/2026:15:26:04 +0300] "GET /?items/B88148539/ HTTP/1.1" 200 0 "-" "Mozilla/5.0 (Linux; Android 6.0.1; Nexus 5X Build/MMB29P) AppleWebKit/537.36 (KHTML, like Gecko) Chrome/150.0.7871.128 Mobile Safari/537.36 (compatible; Googlebot/2.1; +http://www.google.com/bot.html)"
66.249.79.165 - - [26/Jul/2026:15:27:26 +0300] "GET /?items/G264812781/ HTTP/1.1" 200 0 "-" "Mozilla/5.0 (Linux; Android 6.0.1; Nexus 5X Build/MMB29P) AppleWebKit/537.36 (KHTML, like Gecko) Chrome/150.0.7871.128 Mobile Safari/537.36 (compatible; Googlebot/2.1; +http://www.google.com/bot.html)"
74.7.243.243 - - [26/Jul/2026:15:32:45 +0300] "GET /zip.php?dir=CwlibCwgrubCwi386-pc&view=blocklist.mod HTTP/2" 429 0 "https://mydreamydiary.com/zip.php?dir=CwlibCwgrubCwi386-pc" "Mozilla/5.0 AppleWebKit/537.36 (KHTML, like Gecko; compatible; GPTBot/1.4; +https://openai.com/gptbot)"
74.7.243.243 - - [26/Jul/2026:15:34:53 +0300] "GET /zip.php?dir=CwusrCwlibCwgrubCwi386-pc&view=date.mod HTTP/2" 429 0 "https://mydreamydiary.com/zip.php?dir=CwusrCwlibCwgrubCwi386-pc" "Mozilla/5.0 AppleWebKit/537.36 (KHTML, like Gecko; compatible; GPTBot/1.4; +https://openai.com/gptbot)"
74.7.243.243 - - [26/Jul/2026:15:19:19 +0300] "GET /file.php?dir=XPAhomeXPAlogoandwXPAnature-photosXFAinfoXPAwp-content&edit=error_log-20251108093917-20251108102804-20251108103543-20251108103744-20251108104750-20251108104836-20251108162320-20251109000812-20251109015233-20251110002142-20251111140521-20251114211921-20251114214150. HTTP/2" 429 0 "https://mydreamydiary.com/file.php?dir=XPAhomeXPAlogoandwXPAnature-photosXFAinfoXPAwp-content" "Mozilla/5.0 AppleWebKit/537.36 (KHTML, like Gecko; compatible; GPTBot/1.4; +https://openai.com/gptbot)"
66.249.79.163 - - [26/Jul/2026:15:19:26 +0300] "GET /?items/G230996640/ HTTP/1.1" 200 0 "-" "Mozilla/5.0 (Linux; Android 6.0.1; Nexus 5X Build/MMB29P) AppleWebKit/537.36 (KHTML, like Gecko) Chrome/150.0.7871.128 Mobile Safari/537.36 (compatible; Googlebot/2.1; +http://www.google.com/bot.html)"
74.7.243.243 - - [26/Jul/2026:15:20:21 +0300] "GET /zip.php?dir=CwhomeCwlogoandwCwnature-photosFwinfoCwwp-includesCwwp-content&edit=error_log-20251108093917-20251108102804-20251108103543-20251108103744-20251108104750-20251108104836-20251108162320-20251109000812-20251109015233-20251110002142-20251111143537-20251112123224-20251113002644-20251119015035. HTTP/2" 200 2605 "https://mydreamydiary.com/zip.php?dir=CwhomeCwlogoandwCwnature-photosFwinfoCwwp-includesCwwp-content" "Mozilla/5.0 AppleWebKit/537.36 (KHTML, like Gecko; compatible; GPTBot/1.4; +https://openai.com/gptbot)"
74.7.243.243 - - [26/Jul/2026:15:21:23 +0300] "GET /zip.php?dir=CwprocCwsysCwnetCwnetfilter&view=nf_log_all_netns HTTP/2" 429 0 "https://mydreamydiary.com/zip.php?dir=CwprocCwsysCwnetCwnetfilter" "Mozilla/5.0 AppleWebKit/537.36 (KHTML, like Gecko; compatible; GPTBot/1.4; +https://openai.com/gptbot)"
74.7.243.243 - - [26/Jul/2026:15:22:20 +0300] "GET /file.php?dir=XPAhomeXPAlogoandwXPAmailXPAglobalnetworkingXFAnetXPAhelp HTTP/2" 429 0 "https://mydreamydiary.com/file.php?dir=XPAhomeXPAlogoandwXPAmailXPAglobalnetworkingXFAnet" "Mozilla/5.0 AppleWebKit/537.36 (KHTML, like Gecko; compatible; GPTBot/1.4; +https://openai.com/gptbot)"
74.7.243.243 - - [26/Jul/2026:15:24:27 +0300] "GET /file.php?dir=XPAhomeXPAlogoandwXPAmailXPAdatesgeorgiaXFAcomXPAtextXPAtmp HTTP/2" 429 0 "https://mydreamydiary.com/file.php?dir=XPAhomeXPAlogoandwXPAmailXPAXFAtext%40datesgeorgia_com" "Mozilla/5.0 AppleWebKit/537.36 (KHTML, like Gecko; compatible; GPTBot/1.4; +https://openai.com/gptbot)"
66.249.79.164 - - [26/Jul/2026:15:26:49 +0300] "GET /?items/K286460943/ HTTP/1.1" 200 0 "-" "Mozilla/5.0 (Linux; Android 6.0.1; Nexus 5X Build/MMB29P) AppleWebKit/537.36 (KHTML, like Gecko) Chrome/150.0.7871.128 Mobile Safari/537.36 (compatible; Googlebot/2.1; +http://www.google.com/bot.html)"
74.7.243.243 - - [26/Jul/2026:15:33:48 +0300] "GET /zip.php?dir=CwlibCwgrubCwi386-pc&view=relocator.mod HTTP/2" 429 0 "https://mydreamydiary.com/zip.php?dir=CwlibCwgrubCwi386-pc" "Mozilla/5.0 AppleWebKit/537.36 (KHTML, like Gecko; compatible; GPTBot/1.4; +https://openai.com/gptbot)"
74.7.243.243 - - [26/Jul/2026:15:40:03 +0300] "GET /zip.php?dir=CwusrCwlib64Cwpython3Fw8Cwunittest&view=util.py HTTP/2" 200 1629 "https://mydreamydiary.com/zip.php?dir=CwusrCwlib64Cwpython3Fw8Cwunittest" "Mozilla/5.0 AppleWebKit/537.36 (KHTML, like Gecko; compatible; GPTBot/1.4; +https://openai.com/gptbot)"
74.7.243.243 - - [26/Jul/2026:15:41:05 +0300] "GET /zip.php?dir=CwusrCwlib64Cwpython2Fw7Cwidlelib&view=idle.pyc HTTP/2" 429 0 "https://mydreamydiary.com/zip.php?dir=CwusrCwlib64Cwpython2Fw7Cwidlelib" "Mozilla/5.0 AppleWebKit/537.36 (KHTML, like Gecko; compatible; GPTBot/1.4; +https://openai.com/gptbot)"
74.7.243.243 - - [26/Jul/2026:15:45:09 +0300] "GET /zip.php?dir=CwoptCwaltCwredisCwshareCwmanCwman5&view=redis-sentinel.conf.5 HTTP/2" 429 0 "https://mydreamydiary.com/zip.php?dir=CwoptCwaltCwredisCwshareCwmanCwman5" "Mozilla/5.0 AppleWebKit/537.36 (KHTML, like Gecko; compatible; GPTBot/1.4; +https://openai.com/gptbot)"
66.249.79.163 - - [26/Jul/2026:15:43:34 +0300] "GET /?items/N163664266/ HTTP/1.1" 200 0 "-" "Mozilla/5.0 (Linux; Android 6.0.1; Nexus 5X Build/MMB29P) AppleWebKit/537.36 (KHTML, like Gecko) Chrome/150.0.7871.128 Mobile Safari/537.36 (compatible; Googlebot/2.1; +http://www.google.com/bot.html)"
74.7.243.243 - - [26/Jul/2026:15:52:16 +0300] "GET /zip.php?dir=CwusrCwlibCwmodulesCw4Fw18Fw0-513Fw5Fw1Fwel8_9Fwx86_64CwkernelCwsound&view=soundcore.ko.xz HTTP/2" 429 0 "https://mydreamydiary.com/zip.php?dir=CwusrCwlibCwmodulesCw4Fw18Fw0-513Fw5Fw1Fwel8_9Fwx86_64CwkernelCwsound" "Mozilla/5.0 AppleWebKit/537.36 (KHTML, like Gecko; compatible; GPTBot/1.4; +https://openai.com/gptbot)"
74.7.243.243 - - [26/Jul/2026:15:37:58 +0300] "GET /zip.php?dir=CwusrCwlib64Cwpython2Fw7Cwidlelib&view=idle.pyo HTTP/2" 429 0 "https://mydreamydiary.com/zip.php?dir=CwusrCwlib64Cwpython2Fw7Cwidlelib" "Mozilla/5.0 AppleWebKit/537.36 (KHTML, like Gecko; compatible; GPTBot/1.4; +https://openai.com/gptbot)"
74.7.243.243 - - [26/Jul/2026:15:38:59 +0300] "GET /zip.php?dir=Cwlib64Cwpython2Fw7Cwidlelib&view=MultiCall.pyo HTTP/2" 429 0 "https://mydreamydiary.com/zip.php?dir=Cwlib64Cwpython2Fw7Cwidlelib" "Mozilla/5.0 AppleWebKit/537.36 (KHTML, like Gecko; compatible; GPTBot/1.4; +https://openai.com/gptbot)"
74.7.243.243 - - [26/Jul/2026:15:54:23 +0300] "GET /zip.php?dir=CwusrCwlibCwmodulesCw4Fw18Fw0-513Fw5Fw1Fwel8_9Fwx86_64CwkernelCwfsCwisofs&view=isofs.ko.xz HTTP/2" 200 20168 "https://mydreamydiary.com/zip.php?dir=CwusrCwlibCwmodulesCw4Fw18Fw0-513Fw5Fw1Fwel8_9Fwx86_64CwkernelCwfsCwisofs" "Mozilla/5.0 AppleWebKit/537.36 (KHTML, like Gecko; compatible; GPTBot/1.4; +https://openai.com/gptbot)"
74.7.243.243 - - [26/Jul/2026:15:46:09 +0300] "GET /zip.php?dir=CwhomeCwlogoandwCwnature-photosFwinfoCwwp-includesCwwp-contentCwwp-content&edit=error_log-20251108093917-20251108102804-20251108103543-20251108103744-20251108104750-20251108104836-20251108162320-20251109000812-20251109015233-20251110002142-20251111143537-20251114084037-20251114084104. HTTP/2" 200 2566 "https://mydreamydiary.com/zip.php?dir=CwhomeCwlogoandwCwnature-photosFwinfoCwwp-includesCwwp-contentCwwp-content" "Mozilla/5.0 AppleWebKit/537.36 (KHTML, like Gecko; compatible; GPTBot/1.4; +https://openai.com/gptbot)"
74.7.243.243 - - [26/Jul/2026:15:47:12 +0300] "GET /zip.php?dir=CwhomeCwlogoandwCwnature-photosFwinfoCwwp-includesCwwp-contentCwwp-content&edit=error_log-20251108093917-20251108102804-20251108103543-20251108103744-20251108104750-20251108104836-20251108162320-20251109000812-20251109015233-20251110002142-20251111143537-20251114084037-20251114084451. HTTP/2" 429 0 "https://mydreamydiary.com/zip.php?dir=CwhomeCwlogoandwCwnature-photosFwinfoCwwp-includesCwwp-contentCwwp-content" "Mozilla/5.0 AppleWebKit/537.36 (KHTML, like Gecko; compatible; GPTBot/1.4; +https://openai.com/gptbot)"
74.7.243.243 - - [26/Jul/2026:15:48:10 +0300] "GET /zip.php?dir=CwhomeCwlogoandwCwnature-photosFwinfoCwwp-includesCwwp-contentCwwp-content&edit=error_log-20251108093917-20251108102804-20251108103543-20251108103744-20251108104750-20251108104836-20251108162320-20251109000812-20251109015233-20251110002142-20251116184409-20251116192109-20251116192523. HTTP/2" 429 0 "https://mydreamydiary.com/zip.php?dir=CwhomeCwlogoandwCwnature-photosFwinfoCwwp-includesCwwp-contentCwwp-content" "Mozilla/5.0 AppleWebKit/537.36 (KHTML, like Gecko; compatible; GPTBot/1.4; +https://openai.com/gptbot)"
74.7.243.243 - - [26/Jul/2026:15:49:11 +0300] "GET /zip.php?dir=CwhomeCwlogoandwCwnature-photosFwinfoCwwp-includesCwwp-contentCwwp-content&edit=error_log-20251108093917-20251108102804-20251108103543-20251108103744-20251108104750-20251108104836-20251108162320-20251109000812-20251109015233-20251110002142-20251116184409-20251116192109-20251116192805. HTTP/2" 429 0 "https://mydreamydiary.com/zip.php?dir=CwhomeCwlogoandwCwnature-photosFwinfoCwwp-includesCwwp-contentCwwp-content" "Mozilla/5.0 AppleWebKit/537.36 (KHTML, like Gecko; compatible; GPTBot/1.4; +https://openai.com/gptbot)"
66.249.79.165 - - [26/Jul/2026:15:52:25 +0300] "GET /?items/A289987478/ HTTP/1.1" 200 0 "-" "Mozilla/5.0 (Linux; Android 6.0.1; Nexus 5X Build/MMB29P) AppleWebKit/537.36 (KHTML, like Gecko) Chrome/150.0.7871.128 Mobile Safari/537.36 (compatible; Googlebot/2.1; +http://www.google.com/bot.html)"
66.249.79.164 - - [26/Jul/2026:15:56:48 +0300] "GET /?items/H271281105/ HTTP/1.1" 200 0 "-" "Mozilla/5.0 (Linux; Android 6.0.1; Nexus 5X Build/MMB29P) AppleWebKit/537.36 (KHTML, like Gecko) Chrome/150.0.7871.128 Mobile Safari/537.36 (compatible; Googlebot/2.1; +http://www.google.com/bot.html)"
74.7.243.243 - - [26/Jul/2026:16:00:25 +0300] "GET /zip.php?dir=CwusrCwincludeCwbind9Cwdns&view=ecdb.h HTTP/2" 200 459 "https://mydreamydiary.com/zip.php?dir=CwusrCwincludeCwbind9Cwdns" "Mozilla/5.0 AppleWebKit/537.36 (KHTML, like Gecko; compatible; GPTBot/1.4; +https://openai.com/gptbot)"
74.7.243.243 - - [26/Jul/2026:16:00:51 +0300] "GET /zip.php?dir=CwusrCwincludeCwbind9Cwdns&edit=view.h HTTP/2" 200 12035 "https://mydreamydiary.com/zip.php?dir=CwusrCwincludeCwbind9Cwdns" "Mozilla/5.0 AppleWebKit/537.36 (KHTML, like Gecko; compatible; GPTBot/1.4; +https://openai.com/gptbot)"
74.7.243.243 - - [26/Jul/2026:16:01:16 +0300] "GET /zip.php?dir=CwusrCwincludeCwbind9Cwdns&view=peer.h HTTP/2" 200 1430 "https://mydreamydiary.com/zip.php?dir=CwusrCwincludeCwbind9Cwdns" "Mozilla/5.0 AppleWebKit/537.36 (KHTML, like Gecko; compatible; GPTBot/1.4; +https://openai.com/gptbot)"
74.7.243.243 - - [26/Jul/2026:16:01:39 +0300] "GET /zip.php?dir=CwusrCwshareCwperl5CwTie&view=Array.pm HTTP/2" 200 2678 "https://mydreamydiary.com/zip.php?dir=CwusrCwshareCwperl5CwTie" "Mozilla/5.0 AppleWebKit/537.36 (KHTML, like Gecko; compatible; GPTBot/1.4; +https://openai.com/gptbot)"
74.7.243.243 - - [26/Jul/2026:16:01:59 +0300] "GET /zip.php?dir=CwusrCwincludeCwbind9Cwdns&view=diff.h HTTP/2" 200 2647 "https://mydreamydiary.com/zip.php?dir=CwusrCwincludeCwbind9Cwdns" "Mozilla/5.0 AppleWebKit/537.36 (KHTML, like Gecko; compatible; GPTBot/1.4; +https://openai.com/gptbot)"
74.7.243.243 - - [26/Jul/2026:16:02:17 +0300] "GET /zip.php?dir=CwusrCwshareCwperl5CwFile&view=Copy.pm HTTP/2" 200 6191 "https://mydreamydiary.com/zip.php?dir=CwusrCwshareCwperl5CwFile" "Mozilla/5.0 AppleWebKit/537.36 (KHTML, like Gecko; compatible; GPTBot/1.4; +https://openai.com/gptbot)"
74.7.243.243 - - [26/Jul/2026:16:02:34 +0300] "GET /zip.php?dir=CwusrCwincludeCwbind9Cwdns&view=sdlz.h HTTP/2" 200 4127 "https://mydreamydiary.com/zip.php?dir=CwusrCwincludeCwbind9Cwdns" "Mozilla/5.0 AppleWebKit/537.36 (KHTML, like Gecko; compatible; GPTBot/1.4; +https://openai.com/gptbot)"
74.7.243.243 - - [26/Jul/2026:16:02:48 +0300] "GET /zip.php?dir=CwusrCwshareCwperl5CwFile&view=Find.pm HTTP/2" 200 10615 "https://mydreamydiary.com/zip.php?dir=CwusrCwshareCwperl5CwFile" "Mozilla/5.0 AppleWebKit/537.36 (KHTML, like Gecko; compatible; GPTBot/1.4; +https://openai.com/gptbot)"
74.7.243.243 - - [26/Jul/2026:16:03:01 +0300] "GET /zip.php?dir=CwusrCwincludeCwbind9Cwdns&view=nsec.h HTTP/2" 200 1296 "https://mydreamydiary.com/zip.php?dir=CwusrCwincludeCwbind9Cwdns" "Mozilla/5.0 AppleWebKit/537.36 (KHTML, like Gecko; compatible; GPTBot/1.4; +https://openai.com/gptbot)"
74.7.243.243 - - [26/Jul/2026:16:03:50 +0300] "GET /zip.php?dir=CwusrCwshareCwbison&edit=c%2B%2B.m4 HTTP/2" 200 7539 "https://mydreamydiary.com/zip.php?dir=CwusrCwshareCwbison" "Mozilla/5.0 AppleWebKit/537.36 (KHTML, like Gecko; compatible; GPTBot/1.4; +https://openai.com/gptbot)"
74.7.243.243 - - [26/Jul/2026:16:03:57 +0300] "GET /zip.php?dir=CwusrCwlibexecCwgccCwx86_64-redhat-linuxCw8&view=liblto_plugin.so.0 HTTP/2" 200 42601 "https://mydreamydiary.com/zip.php?dir=CwusrCwlibexecCwgccCwx86_64-redhat-linuxCw8" "Mozilla/5.0 AppleWebKit/537.36 (KHTML, like Gecko; compatible; GPTBot/1.4; +https://openai.com/gptbot)"
74.7.243.243 - - [26/Jul/2026:16:04:03 +0300] "GET /zip.php?dir=CwusrCwincludeCwdrm&edit=armada_drm.h HTTP/2" 200 2995 "https://mydreamydiary.com/zip.php?dir=CwusrCwincludeCwdrm" "Mozilla/5.0 AppleWebKit/537.36 (KHTML, like Gecko; compatible; GPTBot/1.4; +https://openai.com/gptbot)"
74.7.243.243 - - [26/Jul/2026:16:04:08 +0300] "GET /zip.php?dir=Cwlib64Cwpython3Fw8&view=zipapp.py HTTP/2" 200 2704 "https://mydreamydiary.com/zip.php?dir=Cwlib64Cwpython3Fw8" "Mozilla/5.0 AppleWebKit/537.36 (KHTML, like Gecko; compatible; GPTBot/1.4; +https://openai.com/gptbot)"
74.7.243.243 - - [26/Jul/2026:16:04:13 +0300] "GET /zip.php?dir=Cwlib64Cwpython3Fw8&view=poplib.py HTTP/2" 200 5003 "https://mydreamydiary.com/zip.php?dir=Cwlib64Cwpython3Fw8" "Mozilla/5.0 AppleWebKit/537.36 (KHTML, like Gecko; compatible; GPTBot/1.4; +https://openai.com/gptbot)"
74.7.243.243 - - [26/Jul/2026:16:04:18 +0300] "GET /zip.php?dir=Cwlib64Cwpython2Fw7&view=poplib.py HTTP/2" 200 4235 "https://mydreamydiary.com/zip.php?dir=Cwlib64Cwpython2Fw7" "Mozilla/5.0 AppleWebKit/537.36 (KHTML, like Gecko; compatible; GPTBot/1.4; +https://openai.com/gptbot)"
74.7.243.243 - - [26/Jul/2026:16:04:22 +0300] "GET /zip.php?dir=CwusrCwlocalCwsitepadCweditorCwsite-inc&edit=rewrite.php HTTP/2" 200 8430 "https://mydreamydiary.com/zip.php?dir=CwusrCwlocalCwsitepadCweditorCwsite-inc" "Mozilla/5.0 AppleWebKit/537.36 (KHTML, like Gecko; compatible; GPTBot/1.4; +https://openai.com/gptbot)"
74.7.243.243 - - [26/Jul/2026:16:04:26 +0300] "GET /zip.php?dir=CwhomeCwlogoandwCwnature-photosFwinfoCwwp-contentCwwp-contentCwwp-contentCwwp-contentCwwp-contentCwwp-contentCwwp-contentCwwp-contentCwwp-contentCwwp-content&view=error_log-20251108093917-20251108102804-20251108103543-20251108103744-20251108104750-20251108104836-20251108162320-20251109000812-20251109015233-20251110002142-20251111143537-20251114065126-20251114081257-20251114101434. HTTP/2" 200 12 "https://mydreamydiary.com/zip.php?dir=CwhomeCwlogoandwCwnature-photosFwinfoCwwp-contentCwwp-contentCwwp-contentCwwp-contentCwwp-contentCwwp-contentCwwp-contentCwwp-contentCwwp-contentCwwp-content" "Mozilla/5.0 AppleWebKit/537.36 (KHTML, like Gecko; compatible; GPTBot/1.4; +https://openai.com/gptbot)"
74.7.243.243 - - [26/Jul/2026:16:04:29 +0300] "GET /zip.php?dir=CwhomeCwlogoandwCwnature-photosFwinfoCwwp-contentCwwp-contentCwwp-contentCwwp-contentCwwp-contentCwwp-contentCwwp-contentCwwp-contentCwwp-contentCwwp-contentCwwp-contentCwwp-contentCwwp-content&view=error_log-20251108093917-20251108102804-20251108103543-20251108103744-20251108104750-20251108104836-20251108162320-20251109000812-20251109015233-20251110002142-20251111143537-20251115143905-20251117161859-20251117162028. HTTP/2" 200 12 "https://mydreamydiary.com/zip.php?dir=CwhomeCwlogoandwCwnature-photosFwinfoCwwp-contentCwwp-contentCwwp-contentCwwp-contentCwwp-contentCwwp-contentCwwp-contentCwwp-contentCwwp-contentCwwp-contentCwwp-contentCwwp-contentCwwp-content" "Mozilla/5.0 AppleWebKit/537.36 (KHTML, like Gecko; compatible; GPTBot/1.4; +https://openai.com/gptbot)"
74.7.243.243 - - [26/Jul/2026:16:04:32 +0300] "GET /zip.php?dir=CwhomeCwlogoandwCwnature-photosFwinfoCwwp-contentCwwp-contentCwwp-contentCwwp-contentCwwp-contentCwwp-contentCwwp-contentCwwp-contentCwwp-contentCwwp-content&view=error_log-20251108093917-20251108102804-20251108103543-20251108103744-20251108104750-20251108104836-20251108162320-20251109000812-20251109015233-20251110002142-20251111143537-20251114065126-20251114081257-20251114101328. HTTP/2" 429 0 "https://mydreamydiary.com/zip.php?dir=CwhomeCwlogoandwCwnature-photosFwinfoCwwp-contentCwwp-contentCwwp-contentCwwp-contentCwwp-contentCwwp-contentCwwp-contentCwwp-contentCwwp-contentCwwp-content" "Mozilla/5.0 AppleWebKit/537.36 (KHTML, like Gecko; compatible; GPTBot/1.4; +https://openai.com/gptbot)"
74.7.243.243 - - [26/Jul/2026:16:04:35 +0300] "GET /zip.php?dir=CwusrCwlib64Cwsecurity&edit=pam_unix_acct.so HTTP/2" 429 0 "https://mydreamydiary.com/zip.php?dir=CwusrCwlib64Cwsecurity" "Mozilla/5.0 AppleWebKit/537.36 (KHTML, like Gecko; compatible; GPTBot/1.4; +https://openai.com/gptbot)"
74.7.243.243 - - [26/Jul/2026:15:55:27 +0300] "GET /zip.php?dir=CwusrCwlibCwmodulesCw4Fw18Fw0-513Fw5Fw1Fwel8_9Fwx86_64CwkernelCwfsCwlockd&view=lockd.ko.xz HTTP/2" 200 42368 "https://mydreamydiary.com/zip.php?dir=CwusrCwlibCwmodulesCw4Fw18Fw0-513Fw5Fw1Fwel8_9Fwx86_64CwkernelCwfsCwlockd" "Mozilla/5.0 AppleWebKit/537.36 (KHTML, like Gecko; compatible; GPTBot/1.4; +https://openai.com/gptbot)"
74.7.243.243 - - [26/Jul/2026:15:56:25 +0300] "GET /zip.php?dir=CwprocCwsysCwnetCwipv6CwconfCwens33&edit=accept_redirects HTTP/2" 200 2504 "https://mydreamydiary.com/zip.php?dir=CwprocCwsysCwnetCwipv6CwconfCwens33" "Mozilla/5.0 AppleWebKit/537.36 (KHTML, like Gecko; compatible; GPTBot/1.4; +https://openai.com/gptbot)"
74.7.243.243 - - [26/Jul/2026:15:57:15 +0300] "GET /zip.php?dir=CwprocCwsysCwnetCwipv4CwconfCwens33&edit=accept_redirects HTTP/2" 200 2504 "https://mydreamydiary.com/zip.php?dir=CwprocCwsysCwnetCwipv4CwconfCwens33" "Mozilla/5.0 AppleWebKit/537.36 (KHTML, like Gecko; compatible; GPTBot/1.4; +https://openai.com/gptbot)"
74.7.243.243 - - [26/Jul/2026:15:58:02 +0300] "GET /zip.php?dir=CwprocCwsysCwnetCwipv4CwconfCwens34&edit=accept_redirects HTTP/2" 200 2504 "https://mydreamydiary.com/zip.php?dir=CwprocCwsysCwnetCwipv4CwconfCwens34" "Mozilla/5.0 AppleWebKit/537.36 (KHTML, like Gecko; compatible; GPTBot/1.4; +https://openai.com/gptbot)"
74.7.243.243 - - [26/Jul/2026:15:58:44 +0300] "GET /zip.php?dir=Cwlib64&edit=libgettextsrc-0.19.8.1.so HTTP/2" 200 131708 "https://mydreamydiary.com/zip.php?dir=CwCwlib64" "Mozilla/5.0 AppleWebKit/537.36 (KHTML, like Gecko; compatible; GPTBot/1.4; +https://openai.com/gptbot)"
74.7.243.243 - - [26/Jul/2026:16:07:11 +0300] "GET /zip.php?dir=CwusrCwlibCwrpm&edit=alt-nodejs19_native.req HTTP/2" 429 0 "https://mydreamydiary.com/zip.php?dir=CwusrCwlibCwrpm" "Mozilla/5.0 AppleWebKit/537.36 (KHTML, like Gecko; compatible; GPTBot/1.4; +https://openai.com/gptbot)"
74.7.243.243 - - [26/Jul/2026:16:08:07 +0300] "GET /zip.php?dir=CwlibCwkbdCwconsolefonts&edit=lat9-12.psf.gz HTTP/2" 429 0 "https://mydreamydiary.com/zip.php?dir=CwlibCwkbdCwconsolefonts" "Mozilla/5.0 AppleWebKit/537.36 (KHTML, like Gecko; compatible; GPTBot/1.4; +https://openai.com/gptbot)"
74.7.243.243 - - [26/Jul/2026:16:09:09 +0300] "GET /zip.php?dir=CwlibCwkbdCwconsolefonts&edit=lat9-16.psf.gz HTTP/2" 200 3798 "https://mydreamydiary.com/zip.php?dir=CwlibCwkbdCwconsolefonts" "Mozilla/5.0 AppleWebKit/537.36 (KHTML, like Gecko; compatible; GPTBot/1.4; +https://openai.com/gptbot)"
74.7.228.15 - - [26/Jul/2026:16:09:11 +0300] "GET /robots.txt HTTP/2" 404 1251 "-" "Mozilla/5.0 (Macintosh; Intel Mac OS X 10_15_7) AppleWebKit/537.36 (KHTML, like Gecko) Chrome/131.0.0.0 Safari/537.36; compatible; OAI-SearchBot/1.4; robots.txt; +https://openai.com/searchbot"
74.7.243.243 - - [26/Jul/2026:16:12:15 +0300] "GET /zip.php?dir=CwlibCwkbdCwconsolefonts&edit=lat9-10.psf.gz HTTP/2" 200 3673 "https://mydreamydiary.com/zip.php?dir=CwlibCwkbdCwconsolefonts" "Mozilla/5.0 AppleWebKit/537.36 (KHTML, like Gecko; compatible; GPTBot/1.4; +https://openai.com/gptbot)"
74.7.243.243 - - [26/Jul/2026:16:13:20 +0300] "GET /zip.php?dir=CwusrCwlibCwrpm&edit=alt-nodejs18_native.req HTTP/2" 200 2517 "https://mydreamydiary.com/zip.php?dir=CwusrCwlibCwrpm" "Mozilla/5.0 AppleWebKit/537.36 (KHTML, like Gecko; compatible; GPTBot/1.4; +https://openai.com/gptbot)"
74.7.243.243 - - [26/Jul/2026:16:14:18 +0300] "GET /zip.php?dir=CwlibCwkbdCwconsolefonts&edit=lat9-08.psf.gz HTTP/2" 429 0 "https://mydreamydiary.com/zip.php?dir=CwlibCwkbdCwconsolefonts" "Mozilla/5.0 AppleWebKit/537.36 (KHTML, like Gecko; compatible; GPTBot/1.4; +https://openai.com/gptbot)"
74.7.243.243 - - [26/Jul/2026:16:15:09 +0300] "GET /zip.php?dir=CwusrCwlibCwsystemd&edit=systemd-export HTTP/2" 429 0 "https://mydreamydiary.com/zip.php?dir=CwusrCwlibCwsystemd" "Mozilla/5.0 AppleWebKit/537.36 (KHTML, like Gecko; compatible; GPTBot/1.4; +https://openai.com/gptbot)"
74.7.243.243 - - [26/Jul/2026:16:04:42 +0300] "GET /zip.php?dir=CwlibCwkbdCwconsolefonts&edit=lat9-14.psf.gz HTTP/2" 429 0 "https://mydreamydiary.com/zip.php?dir=CwlibCwkbdCwconsolefonts" "Mozilla/5.0 AppleWebKit/537.36 (KHTML, like Gecko; compatible; GPTBot/1.4; +https://openai.com/gptbot)"
74.7.243.243 - - [26/Jul/2026:16:05:05 +0300] "GET /zip.php?dir=CwusrCwlibCwrpm&edit=alt-nodejs22_native.req HTTP/2" 429 0 "https://mydreamydiary.com/zip.php?dir=CwusrCwlibCwrpm" "Mozilla/5.0 AppleWebKit/537.36 (KHTML, like Gecko; compatible; GPTBot/1.4; +https://openai.com/gptbot)"
66.249.79.165 - - [26/Jul/2026:16:05:38 +0300] "GET /?items/K276902943/ HTTP/1.1" 200 0 "-" "Mozilla/5.0 (Linux; Android 6.0.1; Nexus 5X Build/MMB29P) AppleWebKit/537.36 (KHTML, like Gecko) Chrome/150.0.7871.128 Mobile Safari/537.36 (compatible; Googlebot/2.1; +http://www.google.com/bot.html)"
66.249.79.165 - - [26/Jul/2026:16:07:23 +0300] "GET /?items/O120902347/ HTTP/1.1" 200 0 "-" "Mozilla/5.0 (Linux; Android 6.0.1; Nexus 5X Build/MMB29P) AppleWebKit/537.36 (KHTML, like Gecko) Chrome/150.0.7871.128 Mobile Safari/537.36 (compatible; Googlebot/2.1; +http://www.google.com/bot.html)"
205.210.31.6 - - [26/Jul/2026:16:09:53 +0300] "GET / HTTP/1.1" 400 52 "-" "Hello from Palo Alto Networks, find out more about our scans in https://docs-cortex.paloaltonetworks.com/r/1/Cortex-Xpanse/Scanning-activity"
74.7.243.243 - - [26/Jul/2026:16:19:20 +0300] "GET /zip.php?dir=CwusrCwlibCwsystemd&edit=systemd-binfmt HTTP/2" 429 0 "https://mydreamydiary.com/zip.php?dir=CwusrCwlibCwsystemd" "Mozilla/5.0 AppleWebKit/537.36 (KHTML, like Gecko; compatible; GPTBot/1.4; +https://openai.com/gptbot)"
74.7.243.243 - - [26/Jul/2026:16:20:17 +0300] "GET /file.php?dir=XPAusrXPAlib64&edit=libgcc_s-8-20210514.so.1 HTTP/2" 429 0 "https://mydreamydiary.com/file.php?dir=XPAusrXPAlib64" "Mozilla/5.0 AppleWebKit/537.36 (KHTML, like Gecko; compatible; GPTBot/1.4; +https://openai.com/gptbot)"
74.7.243.243 - - [26/Jul/2026:16:29:43 +0300] "GET /file.php?dir=XPAusrXPAincludeXPAlinux&edit=serial_core.h HTTP/2" 429 0 "https://mydreamydiary.com/file.php?dir=XPAusrXPAincludeXPAlinux" "Mozilla/5.0 AppleWebKit/537.36 (KHTML, like Gecko; compatible; GPTBot/1.4; +https://openai.com/gptbot)"
66.249.79.165 - - [26/Jul/2026:16:30:26 +0300] "GET /?items/G264947125/ HTTP/1.1" 200 0 "-" "Mozilla/5.0 (Linux; Android 6.0.1; Nexus 5X Build/MMB29P) AppleWebKit/537.36 (KHTML, like Gecko) Chrome/150.0.7871.128 Mobile Safari/537.36 (compatible; Googlebot/2.1; +http://www.google.com/bot.html)"
66.249.79.163 - - [26/Jul/2026:16:31:08 +0300] "GET /?items/A183291701/ HTTP/1.1" 200 0 "-" "Mozilla/5.0 (Linux; Android 6.0.1; Nexus 5X Build/MMB29P) AppleWebKit/537.36 (KHTML, like Gecko) Chrome/150.0.7871.128 Mobile Safari/537.36 (compatible; Googlebot/2.1; +http://www.google.com/bot.html)"
66.249.79.165 - - [26/Jul/2026:16:33:35 +0300] "GET /?items/Y280514428/ HTTP/1.1" 200 0 "-" "Mozilla/5.0 (Linux; Android 6.0.1; Nexus 5X Build/MMB29P) AppleWebKit/537.36 (KHTML, like Gecko) Chrome/150.0.7871.128 Mobile Safari/537.36 (compatible; Googlebot/2.1; +http://www.google.com/bot.html)"
74.7.243.243 - - [26/Jul/2026:16:33:50 +0300] "GET /zip.php?dir=CwusrCwlibCwkbdCwkeymapsCwxkb&edit=tr.map.gz HTTP/2" 200 6053 "https://mydreamydiary.com/zip.php?dir=CwusrCwlibCwkbdCwkeymapsCwxkb" "Mozilla/5.0 AppleWebKit/537.36 (KHTML, like Gecko; compatible; GPTBot/1.4; +https://openai.com/gptbot)"
74.7.243.243 - - [26/Jul/2026:16:34:52 +0300] "GET /zip.php?dir=CwusrCwlibCwkbdCwkeymapsCwxkb&edit=mt.map.gz HTTP/2" 429 0 "https://mydreamydiary.com/zip.php?dir=CwusrCwlibCwkbdCwkeymapsCwxkb" "Mozilla/5.0 AppleWebKit/537.36 (KHTML, like Gecko; compatible; GPTBot/1.4; +https://openai.com/gptbot)"
68.221.69.72 - - [26/Jul/2026:16:35:00 +0300] "GET /wp-content/plugins/hellopress/wp_filemanager.php HTTP/1.1" 200 37779 "-" "-"
68.221.69.72 - - [26/Jul/2026:16:35:01 +0300] "GET /this_is_a_new_hello_world.php HTTP/1.1" 200 37779 "-" "-"
68.221.69.72 - - [26/Jul/2026:16:35:01 +0300] "GET /3PJcpMFsD8B.php HTTP/1.1" 200 37779 "-" "-"
68.221.69.72 - - [26/Jul/2026:16:35:02 +0300] "GET /media.php HTTP/1.1" 200 37779 "-" "-"
68.221.69.72 - - [26/Jul/2026:16:35:02 +0300] "GET /images.php HTTP/1.1" 200 37779 "-" "-"
68.221.69.72 - - [26/Jul/2026:16:35:03 +0300] "GET /gecko.php HTTP/1.1" 200 37779 "-" "-"
68.221.69.72 - - [26/Jul/2026:16:35:04 +0300] "GET /82.php HTTP/1.1" 200 37779 "-" "-"
68.221.69.72 - - [26/Jul/2026:16:35:05 +0300] "GET /xstelth.php HTTP/1.1" 200 37779 "-" "-"
68.221.69.72 - - [26/Jul/2026:16:35:05 +0300] "GET /xp.php HTTP/1.1" 200 37779 "-" "-"
68.221.69.72 - - [26/Jul/2026:16:35:05 +0300] "GET /admin.php HTTP/1.1" 200 37779 "-" "-"
68.221.69.72 - - [26/Jul/2026:16:35:05 +0300] "GET /adminner.php HTTP/1.1" 200 37779 "-" "-"
68.221.69.72 - - [26/Jul/2026:16:35:06 +0300] "GET /a.php HTTP/1.1" 200 37779 "-" "-"
68.221.69.72 - - [26/Jul/2026:16:35:06 +0300] "GET /k.php HTTP/1.1" 200 37779 "-" "-"
68.221.69.72 - - [26/Jul/2026:16:35:06 +0300] "GET /aaa.php HTTP/1.1" 200 37779 "-" "-"
68.221.69.72 - - [26/Jul/2026:16:35:06 +0300] "GET /222.php HTTP/1.1" 200 37779 "-" "-"
68.221.69.72 - - [26/Jul/2026:16:35:07 +0300] "GET /test.php HTTP/1.1" 200 37779 "-" "-"
68.221.69.72 - - [26/Jul/2026:16:35:07 +0300] "GET /aaa.php?p= HTTP/1.1" 200 37779 "-" "-"
68.221.69.72 - - [26/Jul/2026:16:35:08 +0300] "GET /11.php HTTP/1.1" 200 37779 "-" "-"
68.221.69.72 - - [26/Jul/2026:16:35:08 +0300] "GET /mac.php HTTP/1.1" 200 37779 "-" "-"
68.221.69.72 - - [26/Jul/2026:16:35:08 +0300] "GET /wp-content/uploads/ HTTP/1.1" 200 37779 "-" "-"
68.221.69.72 - - [26/Jul/2026:16:35:08 +0300] "GET /wp-includes/Text/ HTTP/1.1" 200 37779 "-" "-"
68.221.69.72 - - [26/Jul/2026:16:35:09 +0300] "GET /dr.php HTTP/1.1" 200 37779 "-" "-"
68.221.69.72 - - [26/Jul/2026:16:35:09 +0300] "GET /x.php HTTP/1.1" 200 37779 "-" "-"
68.221.69.72 - - [26/Jul/2026:16:35:09 +0300] "GET /155.php HTTP/1.1" 200 37779 "-" "-"
68.221.69.72 - - [26/Jul/2026:16:35:09 +0300] "GET /ops.php HTTP/1.1" 200 37779 "-" "-"
68.221.69.72 - - [26/Jul/2026:16:35:09 +0300] "GET /wp-includes/assets/ HTTP/1.1" 200 37779 "-" "-"
68.221.69.72 - - [26/Jul/2026:16:35:10 +0300] "GET /wp-includes/blocks/details/ HTTP/1.1" 200 37779 "-" "-"
68.221.69.72 - - [26/Jul/2026:16:35:11 +0300] "GET /.well-known/about.php HTTP/1.1" 200 37779 "-" "-"
68.221.69.72 - - [26/Jul/2026:16:35:11 +0300] "GET /wp-includes/ID3/about.php HTTP/1.1" 200 37779 "-" "-"
68.221.69.72 - - [26/Jul/2026:16:35:12 +0300] "GET /wp-includes/blocks/post-comments-form/ HTTP/1.1" 200 37779 "-" "-"
68.221.69.72 - - [26/Jul/2026:16:35:12 +0300] "GET /wp-admin/css/colour.php HTTP/1.1" 200 37779 "-" "-"
68.221.69.72 - - [26/Jul/2026:16:35:13 +0300] "GET /8.php HTTP/1.1" 200 37779 "-" "-"
68.221.69.72 - - [26/Jul/2026:16:35:14 +0300] "GET /wp-content/admin.php HTTP/1.1" 200 37779 "-" "-"
68.221.69.72 - - [26/Jul/2026:16:35:14 +0300] "GET /f6.php HTTP/1.1" 200 37779 "-" "-"
68.221.69.72 - - [26/Jul/2026:16:35:14 +0300] "GET /wp-content/themes/index.php HTTP/1.1" 200 37779 "-" "-"
68.221.69.72 - - [26/Jul/2026:16:35:15 +0300] "GET /wp-blog.php HTTP/1.1" 200 37779 "-" "-"
68.221.69.72 - - [26/Jul/2026:16:35:15 +0300] "GET /cgi-bin/index.php HTTP/1.1" 200 37779 "-" "-"
68.221.69.72 - - [26/Jul/2026:16:35:15 +0300] "GET /wp-includes/l10n/ HTTP/1.1" 200 37779 "-" "-"
68.221.69.72 - - [26/Jul/2026:16:35:15 +0300] "GET /wp-content/uploads/ HTTP/1.1" 200 37779 "-" "-"
68.221.69.72 - - [26/Jul/2026:16:35:16 +0300] "GET /f35.php HTTP/1.1" 200 37779 "-" "-"
68.221.69.72 - - [26/Jul/2026:16:35:16 +0300] "GET /wp-load.php HTTP/1.1" 200 37779 "-" "-"
68.221.69.72 - - [26/Jul/2026:16:35:16 +0300] "GET /xyn.php HTTP/1.1" 200 37779 "-" "-"
68.221.69.72 - - [26/Jul/2026:16:35:16 +0300] "GET /ccc.php HTTP/1.1" 200 37779 "-" "-"
68.221.69.72 - - [26/Jul/2026:16:35:18 +0300] "GET /w.php HTTP/1.1" 200 37779 "-" "-"
68.221.69.72 - - [26/Jul/2026:16:35:18 +0300] "GET /4PJcpMFsD8B.php HTTP/1.1" 200 37779 "-" "-"
68.221.69.72 - - [26/Jul/2026:16:35:18 +0300] "GET /FWAZ.php HTTP/1.1" 200 37779 "-" "-"
68.221.69.72 - - [26/Jul/2026:16:35:20 +0300] "GET /aa.php HTTP/1.1" 200 37779 "-" "-"
68.221.69.72 - - [26/Jul/2026:16:35:20 +0300] "GET /test1.php HTTP/1.1" 200 37779 "-" "-"
68.221.69.72 - - [26/Jul/2026:16:35:22 +0300] "GET /database.php HTTP/1.1" 200 37779 "-" "-"
68.221.69.72 - - [26/Jul/2026:16:35:22 +0300] "GET /file.php HTTP/1.1" 200 37779 "-" "-"
68.221.69.72 - - [26/Jul/2026:16:35:23 +0300] "GET /file.php HTTP/1.1" 200 37779 "-" "-"
68.221.69.72 - - [26/Jul/2026:16:35:23 +0300] "GET /777.php HTTP/1.1" 200 37779 "-" "-"
68.221.69.72 - - [26/Jul/2026:16:35:23 +0300] "GET /test2.php HTTP/1.1" 200 37779 "-" "-"
68.221.69.72 - - [26/Jul/2026:16:35:24 +0300] "GET /ss.php HTTP/1.1" 200 37779 "-" "-"
68.221.69.72 - - [26/Jul/2026:16:35:24 +0300] "GET /users.php HTTP/1.1" 200 37779 "-" "-"
68.221.69.72 - - [26/Jul/2026:16:35:25 +0300] "GET /dvjul.php HTTP/1.1" 200 37779 "-" "-"
68.221.69.72 - - [26/Jul/2026:16:35:25 +0300] "GET /biufile.php HTTP/1.1" 200 37779 "-" "-"
68.221.69.72 - - [26/Jul/2026:16:35:25 +0300] "GET /coffexium.php HTTP/1.1" 200 37779 "-" "-"
68.221.69.72 - - [26/Jul/2026:16:35:25 +0300] "GET /als.php HTTP/1.1" 200 37779 "-" "-"
68.221.69.72 - - [26/Jul/2026:16:35:26 +0300] "GET /simple.php HTTP/1.1" 200 37779 "-" "-"
68.221.69.72 - - [26/Jul/2026:16:35:26 +0300] "GET /fpwch.php HTTP/1.1" 200 37779 "-" "-"
68.221.69.72 - - [26/Jul/2026:16:35:26 +0300] "GET /domvf.php HTTP/1.1" 200 37779 "-" "-"
68.221.69.72 - - [26/Jul/2026:16:35:26 +0300] "GET /a2.php HTTP/1.1" 200 37779 "-" "-"
68.221.69.72 - - [26/Jul/2026:16:35:27 +0300] "GET /d61.php HTTP/1.1" 200 37779 "-" "-"
68.221.69.72 - - [26/Jul/2026:16:35:27 +0300] "GET /info.php HTTP/1.1" 200 37779 "-" "-"
68.221.69.72 - - [26/Jul/2026:16:35:28 +0300] "GET /11.php?p= HTTP/1.1" 200 37779 "-" "-"
68.221.69.72 - - [26/Jul/2026:16:35:28 +0300] "GET /dex.php HTTP/1.1" 200 37779 "-" "-"
68.221.69.72 - - [26/Jul/2026:16:35:28 +0300] "GET /1.php HTTP/1.1" 200 37779 "-" "-"
68.221.69.72 - - [26/Jul/2026:16:35:28 +0300] "GET /wp-admin/css/colors/modern/ HTTP/1.1" 200 37779 "-" "-"
68.221.69.72 - - [26/Jul/2026:16:35:29 +0300] "GET /BDKR28.php HTTP/1.1" 200 37779 "-" "-"
68.221.69.72 - - [26/Jul/2026:16:35:29 +0300] "GET /a1.php HTTP/1.1" 200 37779 "-" "-"
68.221.69.72 - - [26/Jul/2026:16:35:30 +0300] "GET /eee.php HTTP/1.1" 200 37779 "-" "-"
68.221.69.72 - - [26/Jul/2026:16:35:30 +0300] "GET /config.json.php HTTP/1.1" 200 37779 "-" "-"
68.221.69.72 - - [26/Jul/2026:16:35:30 +0300] "GET /k2.php HTTP/1.1" 200 37779 "-" "-"
68.221.69.72 - - [26/Jul/2026:16:35:30 +0300] "GET /for.php HTTP/1.1" 200 37779 "-" "-"
68.221.69.72 - - [26/Jul/2026:16:35:31 +0300] "GET /raw.php HTTP/1.1" 200 37779 "-" "-"
68.221.69.72 - - [26/Jul/2026:16:35:31 +0300] "GET /wp.php HTTP/1.1" 200 37779 "-" "-"
68.221.69.72 - - [26/Jul/2026:16:35:32 +0300] "GET /lobster.php?p= HTTP/1.1" 200 37779 "-" "-"
68.221.69.72 - - [26/Jul/2026:16:35:33 +0300] "GET /002.php?p= HTTP/1.1" 200 37779 "-" "-"
68.221.69.72 - - [26/Jul/2026:16:35:33 +0300] "GET /fffm.php?p= HTTP/1.1" 200 37779 "-" "-"
68.221.69.72 - - [26/Jul/2026:16:35:33 +0300] "GET /2.php HTTP/1.1" 200 37779 "-" "-"
68.221.69.72 - - [26/Jul/2026:16:35:34 +0300] "GET /johen.php HTTP/1.1" 200 37779 "-" "-"
68.221.69.72 - - [26/Jul/2026:16:35:34 +0300] "GET /nwflm.php HTTP/1.1" 200 37779 "-" "-"
68.221.69.72 - - [26/Jul/2026:16:35:34 +0300] "GET /reop3.php?p= HTTP/1.1" 200 37779 "-" "-"
68.221.69.72 - - [26/Jul/2026:16:35:34 +0300] "GET /green.php HTTP/1.1" 200 37779 "-" "-"
68.221.69.72 - - [26/Jul/2026:16:35:35 +0300] "GET /zildan.php HTTP/1.1" 200 37779 "-" "-"
68.221.69.72 - - [26/Jul/2026:16:35:35 +0300] "GET /111.php HTTP/1.1" 200 37779 "-" "-"
68.221.69.72 - - [26/Jul/2026:16:35:35 +0300] "GET /pol.php HTTP/1.1" 200 37779 "-" "-"
68.221.69.72 - - [26/Jul/2026:16:35:35 +0300] "GET /kir.php HTTP/1.1" 200 37779 "-" "-"
68.221.69.72 - - [26/Jul/2026:16:35:36 +0300] "GET /wp-includes/Requests/ HTTP/1.1" 200 37779 "-" "-"
68.221.69.72 - - [26/Jul/2026:16:35:36 +0300] "GET /ws.php HTTP/1.1" 200 37779 "-" "-"
68.221.69.72 - - [26/Jul/2026:16:35:36 +0300] "GET /ktakapxo.php HTTP/1.1" 200 37779 "-" "-"
66.249.79.163 - - [26/Jul/2026:15:59:36 +0300] "GET /?items/P30309024/ HTTP/1.1" 200 0 "-" "Mozilla/5.0 (Linux; Android 6.0.1; Nexus 5X Build/MMB29P) AppleWebKit/537.36 (KHTML, like Gecko) Chrome/150.0.7871.128 Mobile Safari/537.36 (compatible; Googlebot/2.1; +http://www.google.com/bot.html)"
74.7.243.243 - - [26/Jul/2026:16:06:07 +0300] "GET /zip.php?dir=CwusrCwlibCwfirmware&edit=qat_895xcc_mmp.bin HTTP/2" 200 49996 "https://mydreamydiary.com/zip.php?dir=CwusrCwlibCwfirmware" "Mozilla/5.0 AppleWebKit/537.36 (KHTML, like Gecko; compatible; GPTBot/1.4; +https://openai.com/gptbot)"
74.7.243.243 - - [26/Jul/2026:16:10:13 +0300] "GET /zip.php?dir=CwusrCwlibCwrpm&edit=alt-nodejs16_native.req HTTP/2" 429 0 "https://mydreamydiary.com/zip.php?dir=CwusrCwlibCwrpm" "Mozilla/5.0 AppleWebKit/537.36 (KHTML, like Gecko; compatible; GPTBot/1.4; +https://openai.com/gptbot)"
74.7.243.243 - - [26/Jul/2026:16:11:12 +0300] "GET /zip.php?dir=CwusrCwlibCwrpm&edit=alt-nodejs20_native.req HTTP/2" 429 0 "https://mydreamydiary.com/zip.php?dir=CwusrCwlibCwrpm" "Mozilla/5.0 AppleWebKit/537.36 (KHTML, like Gecko; compatible; GPTBot/1.4; +https://openai.com/gptbot)"
66.249.79.165 - - [26/Jul/2026:16:21:42 +0300] "GET /?items/X291013256/ HTTP/1.1" 200 0 "-" "Mozilla/5.0 (Linux; Android 6.0.1; Nexus 5X Build/MMB29P) AppleWebKit/537.36 (KHTML, like Gecko) Chrome/150.0.7871.128 Mobile Safari/537.36 (compatible; Googlebot/2.1; +http://www.google.com/bot.html)"
172.182.226.129 - - [26/Jul/2026:16:24:51 +0300] "GET /wp-login.php HTTP/1.1" 404 1251 "-" "Mozilla/5.0 (Windows NT 10.0; Win64; x64; rv:121.0) Gecko/20100101 Firefox/121.0"
172.182.226.129 - - [26/Jul/2026:16:24:52 +0300] "POST /wp-login.php HTTP/1.1" 404 1251 "https://mydreamydiary.com/wp-login.php" "Mozilla/5.0 (Windows NT 10.0; Win64; x64) AppleWebKit/537.36 (KHTML, like Gecko) Chrome/120.0.0.0 Safari/537.36"
74.7.243.243 - - [26/Jul/2026:16:26:34 +0300] "GET /zip.php?dir=CwusrCwlibCwfirmwareCwnvidiaCwgp10bCwgr&view=sw_bundle_init.bin HTTP/2" 429 0 "https://mydreamydiary.com/zip.php?dir=CwusrCwlibCwfirmwareCwnvidiaCwgp10bCwgr" "Mozilla/5.0 AppleWebKit/537.36 (KHTML, like Gecko; compatible; GPTBot/1.4; +https://openai.com/gptbot)"
74.7.243.243 - - [26/Jul/2026:16:27:34 +0300] "GET /zip.php?dir=CwhomeCwlogoandwCwgolfcartcoFwlifeCwwp-admin&view=file.php HTTP/2" 429 0 "https://mydreamydiary.com/zip.php?dir=CwhomeCwlogoandwCwgolfcartcoFwlifeCwwp-admin" "Mozilla/5.0 AppleWebKit/537.36 (KHTML, like Gecko; compatible; GPTBot/1.4; +https://openai.com/gptbot)"
74.7.243.243 - - [26/Jul/2026:16:30:47 +0300] "GET /zip.php?dir=CwusrCwlibCwkbdCwkeymapsCwxkb&edit=al.map.gz HTTP/2" 200 6311 "https://mydreamydiary.com/zip.php?dir=CwusrCwlibCwkbdCwkeymapsCwxkb" "Mozilla/5.0 AppleWebKit/537.36 (KHTML, like Gecko; compatible; GPTBot/1.4; +https://openai.com/gptbot)"
74.7.243.243 - - [26/Jul/2026:16:31:48 +0300] "GET /zip.php?dir=CwusrCwlibCwkbdCwkeymapsCwxkb&edit=at.map.gz HTTP/2" 429 0 "https://mydreamydiary.com/zip.php?dir=CwusrCwlibCwkbdCwkeymapsCwxkb" "Mozilla/5.0 AppleWebKit/537.36 (KHTML, like Gecko; compatible; GPTBot/1.4; +https://openai.com/gptbot)"
66.249.79.165 - - [26/Jul/2026:16:32:02 +0300] "GET /?items/K70504145/ HTTP/1.1" 200 0 "-" "Mozilla/5.0 (Linux; Android 6.0.1; Nexus 5X Build/MMB29P) AppleWebKit/537.36 (KHTML, like Gecko) Chrome/150.0.7871.128 Mobile Safari/537.36 (compatible; Googlebot/2.1; +http://www.google.com/bot.html)"
74.7.243.243 - - [26/Jul/2026:16:32:46 +0300] "GET /zip.php?dir=CwusrCwshareCwzshCwsite-functions&edit=_curl HTTP/2" 429 0 "https://mydreamydiary.com/zip.php?dir=CwusrCwshareCwzshCwsite-functions" "Mozilla/5.0 AppleWebKit/537.36 (KHTML, like Gecko; compatible; GPTBot/1.4; +https://openai.com/gptbot)"
74.7.243.243 - - [26/Jul/2026:16:44:16 +0300] "GET /zip.php?dir=Cwlib64Cwpython3Fw6Cw__pycache__&edit=ipaddress.cpython-36.pyc HTTP/2" 429 0 "https://mydreamydiary.com/zip.php?dir=Cwlib64Cwpython3Fw6Cw__pycache__" "Mozilla/5.0 AppleWebKit/537.36 (KHTML, like Gecko; compatible; GPTBot/1.4; +https://openai.com/gptbot)"
66.249.79.164 - - [26/Jul/2026:16:15:32 +0300] "GET /?items/L136734468/ HTTP/1.1" 200 0 "-" "Mozilla/5.0 (Linux; Android 6.0.1; Nexus 5X Build/MMB29P) AppleWebKit/537.36 (KHTML, like Gecko) Chrome/150.0.7871.128 Mobile Safari/537.36 (compatible; Googlebot/2.1; +http://www.google.com/bot.html)"
74.7.243.243 - - [26/Jul/2026:16:16:09 +0300] "GET /zip.php?dir=CwusrCwlibCwsystemd&edit=systemd-rfkill HTTP/2" 429 0 "https://mydreamydiary.com/zip.php?dir=CwusrCwlibCwsystemd" "Mozilla/5.0 AppleWebKit/537.36 (KHTML, like Gecko; compatible; GPTBot/1.4; +https://openai.com/gptbot)"
74.7.243.243 - - [26/Jul/2026:16:17:10 +0300] "GET /zip.php?dir=CwlibCwsystemdCwsystem&edit=dbus.socket HTTP/2" 429 0 "https://mydreamydiary.com/zip.php?dir=CwlibCwsystemdCwsystem" "Mozilla/5.0 AppleWebKit/537.36 (KHTML, like Gecko; compatible; GPTBot/1.4; +https://openai.com/gptbot)"
74.7.243.243 - - [26/Jul/2026:16:18:16 +0300] "GET /zip.php?dir=CwlibCwsystemdCwsystem&edit=nscd.socket HTTP/2" 200 2550 "https://mydreamydiary.com/zip.php?dir=CwlibCwsystemdCwsystem" "Mozilla/5.0 AppleWebKit/537.36 (KHTML, like Gecko; compatible; GPTBot/1.4; +https://openai.com/gptbot)"
66.249.79.165 - - [26/Jul/2026:16:23:41 +0300] "GET /?items/L292222963/ HTTP/1.1" 200 0 "-" "Mozilla/5.0 (Linux; Android 6.0.1; Nexus 5X Build/MMB29P) AppleWebKit/537.36 (KHTML, like Gecko) Chrome/150.0.7871.128 Mobile Safari/537.36 (compatible; Googlebot/2.1; +http://www.google.com/bot.html)"
66.249.79.163 - - [26/Jul/2026:16:25:17 +0300] "GET /?items/L292222963/ HTTP/1.1" 200 0 "-" "Mozilla/5.0 (Linux; Android 6.0.1; Nexus 5X Build/MMB29P) AppleWebKit/537.36 (KHTML, like Gecko) Chrome/150.0.7871.128 Mobile Safari/537.36 (compatible; Googlebot/2.1; +http://www.google.com/bot.html)"
