74.7.243.243 - - [26/Jul/2026:19:23:51 +0300] "GET /zip.php?dir=Cwlib64Cwsw&view=libmysqlserver.so.2 HTTP/2" 429 0 "https://mydreamydiary.com/zip.php?dir=Cwlib64Cwsw" "Mozilla/5.0 AppleWebKit/537.36 (KHTML, like Gecko; compatible; GPTBot/1.4; +https://openai.com/gptbot)"
74.7.243.243 - - [26/Jul/2026:19:29:09 +0300] "GET /zip.php?dir=Cwlib64Cwpkgconfig&view=libtiff-4.pc HTTP/2" 429 0 "https://mydreamydiary.com/zip.php?dir=Cwlib64Cwpkgconfig" "Mozilla/5.0 AppleWebKit/537.36 (KHTML, like Gecko; compatible; GPTBot/1.4; +https://openai.com/gptbot)"
74.7.230.35 - - [26/Jul/2026:19:34:43 +0300] "GET /robots.txt HTTP/2" 404 1251 "-" "Mozilla/5.0 (Macintosh; Intel Mac OS X 10_15_7) AppleWebKit/537.36 (KHTML, like Gecko) Chrome/131.0.0.0 Safari/537.36; compatible; OAI-SearchBot/1.4; robots.txt; +https://openai.com/searchbot"
74.7.243.243 - - [26/Jul/2026:19:11:22 +0300] "GET /file.php?dir=XPAhomeXPAlogoandwXPAnature-photosXFAinfoXPAwp-includesXPAwp-content&edit=error_log-20251108093917-20251108102804-20251108103543-20251108103744-20251108104750-20251108104836-20251108162320-20251109000812-20251109015233-20251110002142-20251116184409-20251116191711-20251116202212-20251116210018. HTTP/2" 429 0 "https://mydreamydiary.com/file.php?dir=XPAhomeXPAlogoandwXPAnature-photosXFAinfoXPAwp-includesXPAwp-content" "Mozilla/5.0 AppleWebKit/537.36 (KHTML, like Gecko; compatible; GPTBot/1.4; +https://openai.com/gptbot)"
74.7.243.243 - - [26/Jul/2026:19:12:22 +0300] "GET /file.php?dir=XPAhomeXPAlogoandwXPAnature-photosXFAinfoXPAwp-includesXPAwp-content&edit=error_log-20251108093917-20251108102804-20251108103543-20251108103744-20251108104750-20251108104836-20251108162320-20251109000812-20251109015233-20251110002142-20251111143537-20251111162411-20251111190722-20251117170559. HTTP/2" 429 0 "https://mydreamydiary.com/file.php?dir=XPAhomeXPAlogoandwXPAnature-photosXFAinfoXPAwp-includesXPAwp-content" "Mozilla/5.0 AppleWebKit/537.36 (KHTML, like Gecko; compatible; GPTBot/1.4; +https://openai.com/gptbot)"
74.7.243.243 - - [26/Jul/2026:19:21:42 +0300] "GET /zip.php?dir=CwlibCwgrubCwi386-pc&view=hdparm.mod HTTP/2" 429 0 "https://mydreamydiary.com/zip.php?dir=CwlibCwgrubCwi386-pc" "Mozilla/5.0 AppleWebKit/537.36 (KHTML, like Gecko; compatible; GPTBot/1.4; +https://openai.com/gptbot)"
74.7.243.243 - - [26/Jul/2026:19:24:53 +0300] "GET /zip.php?dir=CwlibCwfirmwareCwcis&view=PE-200.cis HTTP/2" 429 0 "https://mydreamydiary.com/zip.php?dir=CwlibCwfirmwareCwcis" "Mozilla/5.0 AppleWebKit/537.36 (KHTML, like Gecko; compatible; GPTBot/1.4; +https://openai.com/gptbot)"
74.7.243.243 - - [26/Jul/2026:19:28:05 +0300] "GET /zip.php?dir=CwlibCwgrubCwi386-pc&view=bitmap.mod HTTP/2" 429 0 "https://mydreamydiary.com/zip.php?dir=CwlibCwgrubCwi386-pc" "Mozilla/5.0 AppleWebKit/537.36 (KHTML, like Gecko; compatible; GPTBot/1.4; +https://openai.com/gptbot)"
74.7.243.243 - - [26/Jul/2026:19:37:35 +0300] "GET /zip.php?dir=Cwlib64Cwxtables&view=libip6t_srh.so HTTP/2" 429 0 "https://mydreamydiary.com/zip.php?dir=Cwlib64Cwxtables" "Mozilla/5.0 AppleWebKit/537.36 (KHTML, like Gecko; compatible; GPTBot/1.4; +https://openai.com/gptbot)"
74.7.243.243 - - [26/Jul/2026:19:38:40 +0300] "GET /zip.php?dir=CwlibCwgrubCwi386-pc&view=efiemu.mod HTTP/2" 429 0 "https://mydreamydiary.com/zip.php?dir=CwlibCwgrubCwi386-pc" "Mozilla/5.0 AppleWebKit/537.36 (KHTML, like Gecko; compatible; GPTBot/1.4; +https://openai.com/gptbot)"
74.7.243.243 - - [26/Jul/2026:19:39:41 +0300] "GET /zip.php?dir=CwusrCwlib64&edit=libnssutil3.so HTTP/2" 429 0 "https://mydreamydiary.com/zip.php?dir=CwusrCwlib64" "Mozilla/5.0 AppleWebKit/537.36 (KHTML, like Gecko; compatible; GPTBot/1.4; +https://openai.com/gptbot)"
74.7.243.243 - - [26/Jul/2026:19:41:50 +0300] "GET /zip.php?dir=CwusrCwlibCwfirmwareCwamdgpu&edit=gc_12_0_1_rlc_kicker.bin HTTP/2" 429 0 "https://mydreamydiary.com/zip.php?dir=CwusrCwlibCwfirmwareCwamdgpu" "Mozilla/5.0 AppleWebKit/537.36 (KHTML, like Gecko; compatible; GPTBot/1.4; +https://openai.com/gptbot)"
198.235.24.53 - - [26/Jul/2026:19:44:28 +0300] "GET /.well-known/security.txt HTTP/1.1" 404 1251 "-" "Hello from Palo Alto Networks, find out more about our scans in https://docs-cortex.paloaltonetworks.com/r/1/Cortex-Xpanse/Scanning-activity"
74.7.243.243 - - [26/Jul/2026:19:45:03 +0300] "GET /zip.php?dir=CwoptCwaltCwcurlCwusrCwshareCwdocCwalt-curl&view=TODO HTTP/2" 429 0 "https://mydreamydiary.com/zip.php?dir=CwoptCwaltCwcurlCwusrCwshareCwdocCwalt-curl" "Mozilla/5.0 AppleWebKit/537.36 (KHTML, like Gecko; compatible; GPTBot/1.4; +https://openai.com/gptbot)"
74.7.175.172 - - [26/Jul/2026:19:46:34 +0300] "GET /robots.txt HTTP/2" 200 26 "-" "Mozilla/5.0 (Macintosh; Intel Mac OS X 10_15_7) AppleWebKit/537.36 (KHTML, like Gecko) Chrome/131.0.0.0 Safari/537.36; compatible; OAI-SearchBot/1.4; robots.txt; +https://openai.com/searchbot"
74.7.243.243 - - [26/Jul/2026:19:47:12 +0300] "GET /zip.php?dir=CwusrCwincludeCwmysqlCwserverCwprivate&view=mysqld.h HTTP/2" 429 0 "https://mydreamydiary.com/zip.php?dir=CwusrCwincludeCwmysqlCwserverCwprivate" "Mozilla/5.0 AppleWebKit/537.36 (KHTML, like Gecko; compatible; GPTBot/1.4; +https://openai.com/gptbot)"
74.7.243.243 - - [26/Jul/2026:19:50:19 +0300] "GET /zip.php?dir=CwoptCwaltCwpython35Cwbin&edit=lswsgi HTTP/2" 429 0 "https://mydreamydiary.com/zip.php?dir=CwoptCwaltCwpython35Cwbin" "Mozilla/5.0 AppleWebKit/537.36 (KHTML, like Gecko; compatible; GPTBot/1.4; +https://openai.com/gptbot)"
74.7.243.243 - - [26/Jul/2026:19:51:20 +0300] "GET /zip.php?dir=CwoptCwaltCwpython27Cwbin&edit=lswsgi HTTP/2" 429 0 "https://mydreamydiary.com/zip.php?dir=CwoptCwaltCwpython27Cwbin" "Mozilla/5.0 AppleWebKit/537.36 (KHTML, like Gecko; compatible; GPTBot/1.4; +https://openai.com/gptbot)"
74.7.243.243 - - [26/Jul/2026:19:54:32 +0300] "GET /zip.php?dir=CwoptCwaltCwpython34Cwbin&edit=lswsgi HTTP/2" 200 39736 "https://mydreamydiary.com/zip.php?dir=CwoptCwaltCwpython34Cwbin" "Mozilla/5.0 AppleWebKit/537.36 (KHTML, like Gecko; compatible; GPTBot/1.4; +https://openai.com/gptbot)"
74.7.243.243 - - [26/Jul/2026:19:55:36 +0300] "GET /zip.php?dir=CwusrCwlibCwpython3Fw6Cwsite-packagesCwprocfs&view=__init__.py HTTP/2" 429 0 "https://mydreamydiary.com/zip.php?dir=CwusrCwlibCwpython3Fw6Cwsite-packagesCwprocfs" "Mozilla/5.0 AppleWebKit/537.36 (KHTML, like Gecko; compatible; GPTBot/1.4; +https://openai.com/gptbot)"
74.7.243.243 - - [26/Jul/2026:19:56:35 +0300] "GET /zip.php?dir=CwusrCwlibCwpython3Fw6Cwsite-packagesCwpyudev&view=__init__.py HTTP/2" 429 0 "https://mydreamydiary.com/zip.php?dir=CwusrCwlibCwpython3Fw6Cwsite-packagesCwpyudev" "Mozilla/5.0 AppleWebKit/537.36 (KHTML, like Gecko; compatible; GPTBot/1.4; +https://openai.com/gptbot)"
74.7.243.243 - - [26/Jul/2026:20:03:57 +0300] "GET /zip.php?dir=CwusrCwlib64Cwperl5Cwasm-generic&view=ioctl.ph HTTP/2" 429 0 "https://mydreamydiary.com/zip.php?dir=CwusrCwlib64Cwperl5Cwasm-generic" "Mozilla/5.0 AppleWebKit/537.36 (KHTML, like Gecko; compatible; GPTBot/1.4; +https://openai.com/gptbot)"
158.158.96.17 - - [26/Jul/2026:20:04:20 +0300] "GET /wp-content/plugins/hellopress/wp_filemanager.php HTTP/1.1" 401 36 "-" "-"
158.158.96.17 - - [26/Jul/2026:20:04:21 +0300] "GET /this_is_a_new_hello_world.php HTTP/1.1" 401 36 "-" "-"
158.158.96.17 - - [26/Jul/2026:20:04:21 +0300] "GET /images.php HTTP/1.1" 401 36 "-" "-"
158.158.96.17 - - [26/Jul/2026:20:04:21 +0300] "GET /bootstrap.php HTTP/1.1" 401 36 "-" "-"
158.158.96.17 - - [26/Jul/2026:20:04:21 +0300] "GET /fpwch.php HTTP/1.1" 401 36 "-" "-"
158.158.96.17 - - [26/Jul/2026:20:04:21 +0300] "GET /hypo.php HTTP/1.1" 401 36 "-" "-"
158.158.96.17 - - [26/Jul/2026:20:04:22 +0300] "GET /kir.php HTTP/1.1" 401 36 "-" "-"
158.158.96.17 - - [26/Jul/2026:20:04:22 +0300] "GET /blacks.php HTTP/1.1" 401 36 "-" "-"
158.158.96.17 - - [26/Jul/2026:20:04:22 +0300] "GET /cap.php HTTP/1.1" 401 36 "-" "-"
158.158.96.17 - - [26/Jul/2026:20:04:23 +0300] "GET /ccc.php HTTP/1.1" 401 36 "-" "-"
158.158.96.17 - - [26/Jul/2026:20:04:23 +0300] "GET /wp-5jbk59g.php HTTP/1.1" 401 36 "-" "-"
158.158.96.17 - - [26/Jul/2026:20:04:23 +0300] "GET /123.php HTTP/1.1" 401 36 "-" "-"
158.158.96.17 - - [26/Jul/2026:20:04:23 +0300] "GET /reviall.php HTTP/1.1" 401 36 "-" "-"
158.158.96.17 - - [26/Jul/2026:20:04:24 +0300] "GET /cmd.php HTTP/1.1" 401 36 "-" "-"
158.158.96.17 - - [26/Jul/2026:20:04:24 +0300] "GET /common.php HTTP/1.1" 401 36 "-" "-"
158.158.96.17 - - [26/Jul/2026:20:04:25 +0300] "GET /zoomab.php HTTP/1.1" 401 36 "-" "-"
158.158.96.17 - - [26/Jul/2026:20:04:25 +0300] "GET /zewuaq.php HTTP/1.1" 401 36 "-" "-"
158.158.96.17 - - [26/Jul/2026:20:04:25 +0300] "GET /bootstrap.php HTTP/1.1" 401 36 "-" "-"
158.158.96.17 - - [26/Jul/2026:20:04:25 +0300] "GET /shell.php HTTP/1.1" 401 36 "-" "-"
158.158.96.17 - - [26/Jul/2026:20:04:26 +0300] "GET /vdgrbPKxpkw.php HTTP/1.1" 401 36 "-" "-"
158.158.96.17 - - [26/Jul/2026:20:04:26 +0300] "GET /ms-edit.php HTTP/1.1" 401 36 "-" "-"
74.7.227.173 - - [26/Jul/2026:19:34:49 +0300] "GET / HTTP/2" 429 0 "-" "Mozilla/5.0 AppleWebKit/537.36 (KHTML, like Gecko; compatible; GPTBot/1.4; +https://openai.com/gptbot)"
74.7.243.243 - - [26/Jul/2026:19:40:47 +0300] "GET /zip.php?dir=CwusrCwlibCwsystemdCwsystem&view=default.target HTTP/2" 429 0 "https://mydreamydiary.com/zip.php?dir=CwusrCwlibCwsystemdCwsystem" "Mozilla/5.0 AppleWebKit/537.36 (KHTML, like Gecko; compatible; GPTBot/1.4; +https://openai.com/gptbot)"
66.249.79.163 - - [26/Jul/2026:19:44:28 +0300] "GET /?items/F124789903/ HTTP/1.1" 200 0 "-" "Mozilla/5.0 (Linux; Android 6.0.1; Nexus 5X Build/MMB29P) AppleWebKit/537.36 (KHTML, like Gecko) Chrome/150.0.7871.128 Mobile Safari/537.36 (compatible; Googlebot/2.1; +http://www.google.com/bot.html)"
74.7.243.243 - - [26/Jul/2026:19:46:09 +0300] "GET /zip.php?dir=CwoptCwaltCwcurlCwusrCwshareCwdocCwalt-curl&view=FAQ HTTP/2" 429 0 "https://mydreamydiary.com/zip.php?dir=CwoptCwaltCwcurlCwusrCwshareCwdocCwalt-curl" "Mozilla/5.0 AppleWebKit/537.36 (KHTML, like Gecko; compatible; GPTBot/1.4; +https://openai.com/gptbot)"
74.7.243.243 - - [26/Jul/2026:19:52:25 +0300] "GET /zip.php?dir=CwoptCwaltCwpython37Cwbin&edit=lswsgi HTTP/2" 429 0 "https://mydreamydiary.com/zip.php?dir=CwoptCwaltCwpython37Cwbin" "Mozilla/5.0 AppleWebKit/537.36 (KHTML, like Gecko; compatible; GPTBot/1.4; +https://openai.com/gptbot)"
74.7.243.243 - - [26/Jul/2026:19:53:29 +0300] "GET /zip.php?dir=CwoptCwaltCwpython36Cwbin&edit=lswsgi HTTP/2" 429 0 "https://mydreamydiary.com/zip.php?dir=CwoptCwaltCwpython36Cwbin" "Mozilla/5.0 AppleWebKit/537.36 (KHTML, like Gecko; compatible; GPTBot/1.4; +https://openai.com/gptbot)"
74.7.243.243 - - [26/Jul/2026:20:00:52 +0300] "GET /zip.php?dir=CwusrCwlib64Cwapache2Cwmodules&view=mod_include.so HTTP/2" 429 0 "https://mydreamydiary.com/zip.php?dir=CwusrCwlib64Cwapache2Cwmodules" "Mozilla/5.0 AppleWebKit/537.36 (KHTML, like Gecko; compatible; GPTBot/1.4; +https://openai.com/gptbot)"
74.7.243.243 - - [26/Jul/2026:20:01:52 +0300] "GET /zip.php?dir=Cwlib64Cwperl5Cwvendor_perlCwJSON&view=Syck.pm HTTP/2" 429 0 "https://mydreamydiary.com/zip.php?dir=Cwlib64Cwperl5Cwvendor_perlCwJSON" "Mozilla/5.0 AppleWebKit/537.36 (KHTML, like Gecko; compatible; GPTBot/1.4; +https://openai.com/gptbot)"
74.7.243.243 - - [26/Jul/2026:20:02:54 +0300] "GET /zip.php?dir=CwusrCwshareCwi18nCwcharmaps&view=GREEK-CCITT.gz HTTP/2" 429 0 "https://mydreamydiary.com/zip.php?dir=CwusrCwshareCwi18nCwcharmaps" "Mozilla/5.0 AppleWebKit/537.36 (KHTML, like Gecko; compatible; GPTBot/1.4; +https://openai.com/gptbot)"
74.7.243.243 - - [26/Jul/2026:20:07:06 +0300] "GET /zip.php?dir=CwusrCwlibCwgrubCwi386-pc&view=nativedisk.mod HTTP/2" 429 0 "https://mydreamydiary.com/zip.php?dir=CwusrCwlibCwgrubCwi386-pc" "Mozilla/5.0 AppleWebKit/537.36 (KHTML, like Gecko; compatible; GPTBot/1.4; +https://openai.com/gptbot)"
74.7.243.243 - - [26/Jul/2026:20:08:11 +0300] "GET /zip.php?dir=CwusrCwshareCwi18nCwcharmaps&view=MAC-SAMI.gz HTTP/2" 200 2896 "https://mydreamydiary.com/zip.php?dir=CwusrCwshareCwi18nCwcharmaps" "Mozilla/5.0 AppleWebKit/537.36 (KHTML, like Gecko; compatible; GPTBot/1.4; +https://openai.com/gptbot)"
74.7.243.243 - - [26/Jul/2026:20:09:15 +0300] "GET /zip.php?dir=Cwlib64Cwapache2Cwmodules&view=mod_deflate.so HTTP/2" 429 0 "https://mydreamydiary.com/zip.php?dir=Cwlib64Cwapache2Cwmodules" "Mozilla/5.0 AppleWebKit/537.36 (KHTML, like Gecko; compatible; GPTBot/1.4; +https://openai.com/gptbot)"
74.7.243.243 - - [26/Jul/2026:20:10:13 +0300] "GET /zip.php?dir=Cwlib64Cwperl5Cwvendor_perlCwautoCwDBI&view=DBI.so HTTP/2" 429 0 "https://mydreamydiary.com/zip.php?dir=Cwlib64Cwperl5Cwvendor_perlCwautoCwDBI" "Mozilla/5.0 AppleWebKit/537.36 (KHTML, like Gecko; compatible; GPTBot/1.4; +https://openai.com/gptbot)"
74.7.243.243 - - [26/Jul/2026:20:11:16 +0300] "GET /zip.php?dir=CwusrCwlib64Cwxtables&view=libipt_REDIRECT.so HTTP/2" 429 0 "https://mydreamydiary.com/zip.php?dir=CwusrCwlib64Cwxtables" "Mozilla/5.0 AppleWebKit/537.36 (KHTML, like Gecko; compatible; GPTBot/1.4; +https://openai.com/gptbot)"
74.7.243.243 - - [26/Jul/2026:19:31:17 +0300] "GET /zip.php?dir=CwlibCwgrubCwi386-pc&view=regexp.mod HTTP/2" 429 0 "https://mydreamydiary.com/zip.php?dir=CwlibCwgrubCwi386-pc" "Mozilla/5.0 AppleWebKit/537.36 (KHTML, like Gecko; compatible; GPTBot/1.4; +https://openai.com/gptbot)"
74.7.243.243 - - [26/Jul/2026:19:32:23 +0300] "GET /zip.php?dir=CwusrCwlib64&view=libXcomposite.so.1 HTTP/2" 429 0 "https://mydreamydiary.com/zip.php?dir=CwusrCwlib64" "Mozilla/5.0 AppleWebKit/537.36 (KHTML, like Gecko; compatible; GPTBot/1.4; +https://openai.com/gptbot)"
74.7.243.243 - - [26/Jul/2026:19:33:25 +0300] "GET /zip.php?dir=CwlibCwgrubCwi386-pc&view=cdboot.img HTTP/2" 429 0 "https://mydreamydiary.com/zip.php?dir=CwlibCwgrubCwi386-pc" "Mozilla/5.0 AppleWebKit/537.36 (KHTML, like Gecko; compatible; GPTBot/1.4; +https://openai.com/gptbot)"
66.249.79.164 - - [26/Jul/2026:19:34:17 +0300] "GET /?items/J157355155/ HTTP/1.1" 200 0 "-" "Mozilla/5.0 (Linux; Android 6.0.1; Nexus 5X Build/MMB29P) AppleWebKit/537.36 (KHTML, like Gecko) Chrome/150.0.7871.128 Mobile Safari/537.36 (compatible; Googlebot/2.1; +http://www.google.com/bot.html)"
74.7.243.243 - - [26/Jul/2026:19:34:25 +0300] "GET /zip.php?dir=CwlibCwgrubCwi386-pc&view=cbtime.mod HTTP/2" 429 0 "https://mydreamydiary.com/zip.php?dir=CwlibCwgrubCwi386-pc" "Mozilla/5.0 AppleWebKit/537.36 (KHTML, like Gecko; compatible; GPTBot/1.4; +https://openai.com/gptbot)"
74.7.243.243 - - [26/Jul/2026:19:35:27 +0300] "GET /zip.php?dir=CwlibCwgrubCwi386-pc&view=gmodule.pl HTTP/2" 429 0 "https://mydreamydiary.com/zip.php?dir=CwlibCwgrubCwi386-pc" "Mozilla/5.0 AppleWebKit/537.36 (KHTML, like Gecko; compatible; GPTBot/1.4; +https://openai.com/gptbot)"
74.7.243.243 - - [26/Jul/2026:19:36:30 +0300] "GET /zip.php?dir=Cwlib64Cwxtables&view=libip6t_dst.so HTTP/2" 429 0 "https://mydreamydiary.com/zip.php?dir=Cwlib64Cwxtables" "Mozilla/5.0 AppleWebKit/537.36 (KHTML, like Gecko; compatible; GPTBot/1.4; +https://openai.com/gptbot)"
66.249.79.164 - - [26/Jul/2026:19:39:19 +0300] "GET /?items/F158288458/ HTTP/1.1" 200 0 "-" "Mozilla/5.0 (Linux; Android 6.0.1; Nexus 5X Build/MMB29P) AppleWebKit/537.36 (KHTML, like Gecko) Chrome/150.0.7871.128 Mobile Safari/537.36 (compatible; Googlebot/2.1; +http://www.google.com/bot.html)"
74.7.243.243 - - [26/Jul/2026:19:42:55 +0300] "GET /file.php?dir=XPAusrXPAshareXPAghostscriptXPAiccprofiles&edit=sgray.icc HTTP/2" 429 0 "https://mydreamydiary.com/file.php?dir=XPAusrXPAshareXPAghostscriptXPAiccprofiles" "Mozilla/5.0 AppleWebKit/537.36 (KHTML, like Gecko; compatible; GPTBot/1.4; +https://openai.com/gptbot)"
74.7.243.243 - - [26/Jul/2026:19:43:58 +0300] "GET /zip.php?dir=Cwlib64Cwpython3Fw8Cw__pycache__&edit=_py_abc.cpython-38.pyc HTTP/2" 429 0 "https://mydreamydiary.com/zip.php?dir=Cwlib64Cwpython3Fw8Cw__pycache__" "Mozilla/5.0 AppleWebKit/537.36 (KHTML, like Gecko; compatible; GPTBot/1.4; +https://openai.com/gptbot)"
74.7.243.243 - - [26/Jul/2026:19:48:17 +0300] "GET /zip.php?dir=CwoptCwaltCwpython39Cwbin&edit=lswsgi HTTP/2" 429 0 "https://mydreamydiary.com/zip.php?dir=CwoptCwaltCwpython39Cwbin" "Mozilla/5.0 AppleWebKit/537.36 (KHTML, like Gecko; compatible; GPTBot/1.4; +https://openai.com/gptbot)"
74.7.243.243 - - [26/Jul/2026:19:49:17 +0300] "GET /zip.php?dir=CwoptCwaltCwpython38Cwbin&edit=lswsgi HTTP/2" 429 0 "https://mydreamydiary.com/zip.php?dir=CwoptCwaltCwpython38Cwbin" "Mozilla/5.0 AppleWebKit/537.36 (KHTML, like Gecko; compatible; GPTBot/1.4; +https://openai.com/gptbot)"
74.7.243.243 - - [26/Jul/2026:20:06:02 +0300] "GET /zip.php?dir=CwusrCwlib64Cwpkgconfig&view=libevent_openssl.pc HTTP/2" 429 0 "https://mydreamydiary.com/zip.php?dir=CwusrCwlib64Cwpkgconfig" "Mozilla/5.0 AppleWebKit/537.36 (KHTML, like Gecko; compatible; GPTBot/1.4; +https://openai.com/gptbot)"
74.7.243.243 - - [26/Jul/2026:20:19:41 +0300] "GET /zip.php?dir=CwusrCwlib64Cwpkgconfig&view=libevent_core.pc HTTP/2" 429 0 "https://mydreamydiary.com/zip.php?dir=CwusrCwlib64Cwpkgconfig" "Mozilla/5.0 AppleWebKit/537.36 (KHTML, like Gecko; compatible; GPTBot/1.4; +https://openai.com/gptbot)"
74.7.243.243 - - [26/Jul/2026:20:15:33 +0300] "GET /zip.php?dir=Cwlib64Cwperl5Cwvendor_perlCwDBICwSQL&view=Nano.pm HTTP/2" 429 0 "https://mydreamydiary.com/zip.php?dir=Cwlib64Cwperl5Cwvendor_perlCwDBICwSQL" "Mozilla/5.0 AppleWebKit/537.36 (KHTML, like Gecko; compatible; GPTBot/1.4; +https://openai.com/gptbot)"
74.7.243.243 - - [26/Jul/2026:20:16:35 +0300] "GET /zip.php?dir=CwusrCwshareCwtcl8Fw6Cwencoding&view=euc-jp.enc HTTP/2" 429 0 "https://mydreamydiary.com/zip.php?dir=CwusrCwshareCwtcl8Fw6Cwencoding" "Mozilla/5.0 AppleWebKit/537.36 (KHTML, like Gecko; compatible; GPTBot/1.4; +https://openai.com/gptbot)"
74.7.243.243 - - [26/Jul/2026:20:17:35 +0300] "GET /zip.php?dir=CwusrCwlib64Cwperl5CwPerlIO&view=encoding.pm HTTP/2" 429 0 "https://mydreamydiary.com/zip.php?dir=CwusrCwlib64Cwperl5CwPerlIO" "Mozilla/5.0 AppleWebKit/537.36 (KHTML, like Gecko; compatible; GPTBot/1.4; +https://openai.com/gptbot)"
74.7.243.243 - - [26/Jul/2026:20:22:50 +0300] "GET /zip.php?dir=CwusrCwshareCwi18nCwcharmaps&view=INVARIANT.gz HTTP/2" 429 0 "https://mydreamydiary.com/zip.php?dir=CwusrCwshareCwi18nCwcharmaps" "Mozilla/5.0 AppleWebKit/537.36 (KHTML, like Gecko; compatible; GPTBot/1.4; +https://openai.com/gptbot)"
158.158.96.17 - - [26/Jul/2026:20:04:26 +0300] "GET /swm.php HTTP/1.1" 401 36 "-" "-"
158.158.96.17 - - [26/Jul/2026:20:04:26 +0300] "GET /2x.php HTTP/1.1" 401 36 "-" "-"
158.158.96.17 - - [26/Jul/2026:20:04:26 +0300] "GET /9WOLF.php HTTP/1.1" 401 36 "-" "-"
158.158.96.17 - - [26/Jul/2026:20:04:27 +0300] "GET /as.php HTTP/1.1" 401 36 "-" "-"
158.158.96.17 - - [26/Jul/2026:20:04:27 +0300] "GET /window.php HTTP/1.1" 401 36 "-" "-"
158.158.96.17 - - [26/Jul/2026:20:04:27 +0300] "GET /lazqstrk.php HTTP/1.1" 401 36 "-" "-"
158.158.96.17 - - [26/Jul/2026:20:04:27 +0300] "GET /sx.php HTTP/1.1" 401 36 "-" "-"
158.158.96.17 - - [26/Jul/2026:20:04:27 +0300] "GET /php.php HTTP/1.1" 401 36 "-" "-"
158.158.96.17 - - [26/Jul/2026:20:04:27 +0300] "GET /666.php HTTP/1.1" 401 36 "-" "-"
158.158.96.17 - - [26/Jul/2026:20:04:28 +0300] "GET /white.php HTTP/1.1" 401 36 "-" "-"
158.158.96.17 - - [26/Jul/2026:20:04:28 +0300] "GET /class-t.api.php HTTP/1.1" 401 36 "-" "-"
158.158.96.17 - - [26/Jul/2026:20:04:28 +0300] "GET /esp.php HTTP/1.1" 401 36 "-" "-"
158.158.96.17 - - [26/Jul/2026:20:04:29 +0300] "GET /class-wp-image.php HTTP/1.1" 401 36 "-" "-"
158.158.96.17 - - [26/Jul/2026:20:04:29 +0300] "GET /class-wp-logo-new.php HTTP/1.1" 401 36 "-" "-"
74.7.243.243 - - [26/Jul/2026:20:04:59 +0300] "GET /zip.php?dir=CwusrCwlib64Cwapache2Cwmodules&view=mod_deflate.so HTTP/2" 429 0 "https://mydreamydiary.com/zip.php?dir=CwusrCwlib64Cwapache2Cwmodules" "Mozilla/5.0 AppleWebKit/537.36 (KHTML, like Gecko; compatible; GPTBot/1.4; +https://openai.com/gptbot)"
66.249.79.163 - - [26/Jul/2026:20:10:26 +0300] "GET /?items/W55822004/ HTTP/1.1" 200 0 "-" "Mozilla/5.0 (Linux; Android 6.0.1; Nexus 5X Build/MMB29P) AppleWebKit/537.36 (KHTML, like Gecko) Chrome/150.0.7871.128 Mobile Safari/537.36 (compatible; Googlebot/2.1; +http://www.google.com/bot.html)"
74.7.243.243 - - [26/Jul/2026:20:12:22 +0300] "GET /zip.php?dir=CwusrCwlib64Cwapache2Cwmodules&view=mod_proxy.so HTTP/2" 429 0 "https://mydreamydiary.com/zip.php?dir=CwusrCwlib64Cwapache2Cwmodules" "Mozilla/5.0 AppleWebKit/537.36 (KHTML, like Gecko; compatible; GPTBot/1.4; +https://openai.com/gptbot)"
74.7.243.243 - - [26/Jul/2026:20:13:26 +0300] "GET /zip.php?dir=CwusrCwlib64Cwapache2Cwmodules&view=mod_status.so HTTP/2" 429 0 "https://mydreamydiary.com/zip.php?dir=CwusrCwlib64Cwapache2Cwmodules" "Mozilla/5.0 AppleWebKit/537.36 (KHTML, like Gecko; compatible; GPTBot/1.4; +https://openai.com/gptbot)"
74.7.243.243 - - [26/Jul/2026:20:14:30 +0300] "GET /zip.php?dir=CwusrCwshareCwi18nCwcharmaps&view=NATS-DANO.gz HTTP/2" 429 0 "https://mydreamydiary.com/zip.php?dir=CwusrCwshareCwi18nCwcharmaps" "Mozilla/5.0 AppleWebKit/537.36 (KHTML, like Gecko; compatible; GPTBot/1.4; +https://openai.com/gptbot)"
66.249.79.163 - - [26/Jul/2026:20:15:34 +0300] "GET /?items/A68680418/ HTTP/1.1" 200 0 "-" "Mozilla/5.0 (Linux; Android 6.0.1; Nexus 5X Build/MMB29P) AppleWebKit/537.36 (KHTML, like Gecko) Chrome/150.0.7871.128 Mobile Safari/537.36 (compatible; Googlebot/2.1; +http://www.google.com/bot.html)"
74.7.243.243 - - [26/Jul/2026:20:26:01 +0300] "GET /zip.php?dir=CwusrCwshareCwautomake-1Fw16Cwam&view=texibuild.am HTTP/2" 429 0 "https://mydreamydiary.com/zip.php?dir=CwusrCwshareCwautomake-1Fw16Cwam" "Mozilla/5.0 AppleWebKit/537.36 (KHTML, like Gecko; compatible; GPTBot/1.4; +https://openai.com/gptbot)"
74.7.243.243 - - [26/Jul/2026:20:20:41 +0300] "GET /zip.php?dir=CwusrCwlocalCwlib64Cwperl5CwYAML&view=Syck.pm HTTP/2" 429 0 "https://mydreamydiary.com/zip.php?dir=CwusrCwlocalCwlib64Cwperl5CwYAML" "Mozilla/5.0 AppleWebKit/537.36 (KHTML, like Gecko; compatible; GPTBot/1.4; +https://openai.com/gptbot)"
74.7.243.243 - - [26/Jul/2026:20:21:45 +0300] "GET /zip.php?dir=CwusrCwshareCwi18nCwcharmaps&view=SHIFT_JIS.gz HTTP/2" 429 0 "https://mydreamydiary.com/zip.php?dir=CwusrCwshareCwi18nCwcharmaps" "Mozilla/5.0 AppleWebKit/537.36 (KHTML, like Gecko; compatible; GPTBot/1.4; +https://openai.com/gptbot)"
74.7.228.15 - - [26/Jul/2026:20:22:50 +0300] "GET /robots.txt HTTP/2" 404 1251 "-" "Mozilla/5.0 (Macintosh; Intel Mac OS X 10_15_7) AppleWebKit/537.36 (KHTML, like Gecko) Chrome/131.0.0.0 Safari/537.36; compatible; OAI-SearchBot/1.4; robots.txt; +https://openai.com/searchbot"
74.7.243.243 - - [26/Jul/2026:20:23:55 +0300] "GET /zip.php?dir=CwusrCwlibCwgrubCwi386-pc&view=cryptodisk.mod HTTP/2" 429 0 "https://mydreamydiary.com/zip.php?dir=CwusrCwlibCwgrubCwi386-pc" "Mozilla/5.0 AppleWebKit/537.36 (KHTML, like Gecko; compatible; GPTBot/1.4; +https://openai.com/gptbot)"
74.7.243.243 - - [26/Jul/2026:20:24:56 +0300] "GET /zip.php?dir=CwusrCwshareCwautomake-1Fw16Cwam&view=libtool.am HTTP/2" 429 0 "https://mydreamydiary.com/zip.php?dir=CwusrCwshareCwautomake-1Fw16Cwam" "Mozilla/5.0 AppleWebKit/537.36 (KHTML, like Gecko; compatible; GPTBot/1.4; +https://openai.com/gptbot)"
74.7.243.243 - - [26/Jul/2026:20:28:10 +0300] "GET /zip.php?dir=CwlibCwrpmCwplatformCwamd64-linux&view=macros HTTP/2" 429 0 "https://mydreamydiary.com/zip.php?dir=CwlibCwrpmCwplatformCwamd64-linux" "Mozilla/5.0 AppleWebKit/537.36 (KHTML, like Gecko; compatible; GPTBot/1.4; +https://openai.com/gptbot)"
74.7.243.243 - - [26/Jul/2026:20:29:06 +0300] "GET /zip.php?dir=CwusrCwshareCwi18nCwcharmaps&view=HP-GREEK8.gz HTTP/2" 429 0 "https://mydreamydiary.com/zip.php?dir=CwusrCwshareCwi18nCwcharmaps" "Mozilla/5.0 AppleWebKit/537.36 (KHTML, like Gecko; compatible; GPTBot/1.4; +https://openai.com/gptbot)"
74.7.243.243 - - [26/Jul/2026:20:30:07 +0300] "GET /zip.php?dir=CwusrCwlib64Cwapache2Cwmodules&view=mod_filter.so HTTP/2" 429 0 "https://mydreamydiary.com/zip.php?dir=CwusrCwlib64Cwapache2Cwmodules" "Mozilla/5.0 AppleWebKit/537.36 (KHTML, like Gecko; compatible; GPTBot/1.4; +https://openai.com/gptbot)"
74.7.243.243 - - [26/Jul/2026:20:31:07 +0300] "GET /zip.php?dir=Cwlib64Cwapache2Cwmodules&view=mod_systemd.so HTTP/2" 429 0 "https://mydreamydiary.com/zip.php?dir=Cwlib64Cwapache2Cwmodules" "Mozilla/5.0 AppleWebKit/537.36 (KHTML, like Gecko; compatible; GPTBot/1.4; +https://openai.com/gptbot)"
66.249.79.164 - - [26/Jul/2026:20:33:25 +0300] "GET /?items/I265754317/ HTTP/1.1" 200 0 "-" "Mozilla/5.0 (Linux; Android 6.0.1; Nexus 5X Build/MMB29P) AppleWebKit/537.36 (KHTML, like Gecko) Chrome/150.0.7871.128 Mobile Safari/537.36 (compatible; Googlebot/2.1; +http://www.google.com/bot.html)"
74.7.243.243 - - [26/Jul/2026:20:34:18 +0300] "GET /zip.php?dir=CwusrCwlibCwgrubCwi386-pc&view=configfile.mod HTTP/2" 429 0 "https://mydreamydiary.com/zip.php?dir=CwusrCwlibCwgrubCwi386-pc" "Mozilla/5.0 AppleWebKit/537.36 (KHTML, like Gecko; compatible; GPTBot/1.4; +https://openai.com/gptbot)"
74.7.243.243 - - [26/Jul/2026:20:27:07 +0300] "GET /zip.php?dir=CwusrCwshareCwterminfoCwx&view=xterm-256color HTTP/2" 200 1815 "https://mydreamydiary.com/zip.php?dir=CwusrCwshareCwterminfoCwx" "Mozilla/5.0 AppleWebKit/537.36 (KHTML, like Gecko; compatible; GPTBot/1.4; +https://openai.com/gptbot)"
74.7.243.243 - - [26/Jul/2026:20:32:13 +0300] "GET /zip.php?dir=CwusrCwlibCwgrubCwi386-pc&view=keylayouts.mod HTTP/2" 429 0 "https://mydreamydiary.com/zip.php?dir=CwusrCwlibCwgrubCwi386-pc" "Mozilla/5.0 AppleWebKit/537.36 (KHTML, like Gecko; compatible; GPTBot/1.4; +https://openai.com/gptbot)"
74.7.243.243 - - [26/Jul/2026:20:33:13 +0300] "GET /zip.php?dir=CwusrCwlib64Cwperl5Cwvendor_perlCwIPC&view=SysV.pm HTTP/2" 429 0 "https://mydreamydiary.com/zip.php?dir=CwusrCwlib64Cwperl5Cwvendor_perlCwIPC" "Mozilla/5.0 AppleWebKit/537.36 (KHTML, like Gecko; compatible; GPTBot/1.4; +https://openai.com/gptbot)"
74.7.241.154 - - [26/Jul/2026:20:37:13 +0300] "GET /robots.txt HTTP/2" 401 53 "-" "Mozilla/5.0 (Macintosh; Intel Mac OS X 10_15_7) AppleWebKit/537.36 (KHTML, like Gecko) Chrome/131.0.0.0 Safari/537.36; compatible; OAI-SearchBot/1.4; robots.txt; +https://openai.com/searchbot"
68.221.69.72 - - [26/Jul/2026:20:40:07 +0300] "GET /wp-content/plugins/hellopress/wp_filemanager.php HTTP/1.1" 401 36 "-" "-"
68.221.69.72 - - [26/Jul/2026:20:40:10 +0300] "GET /this_is_a_new_hello_world.php HTTP/1.1" 401 36 "-" "-"
68.221.69.72 - - [26/Jul/2026:20:40:10 +0300] "GET /3PJcpMFsD8B.php HTTP/1.1" 401 36 "-" "-"
68.221.69.72 - - [26/Jul/2026:20:40:11 +0300] "GET /media.php HTTP/1.1" 401 36 "-" "-"
68.221.69.72 - - [26/Jul/2026:20:40:11 +0300] "GET /images.php HTTP/1.1" 401 36 "-" "-"
68.221.69.72 - - [26/Jul/2026:20:40:12 +0300] "GET /gecko.php HTTP/1.1" 401 36 "-" "-"
68.221.69.72 - - [26/Jul/2026:20:40:12 +0300] "GET /82.php HTTP/1.1" 401 36 "-" "-"
68.221.69.72 - - [26/Jul/2026:20:40:12 +0300] "GET /xstelth.php HTTP/1.1" 401 36 "-" "-"
68.221.69.72 - - [26/Jul/2026:20:40:12 +0300] "GET /xp.php HTTP/1.1" 401 36 "-" "-"
68.221.69.72 - - [26/Jul/2026:20:40:13 +0300] "GET /admin.php HTTP/1.1" 401 36 "-" "-"
68.221.69.72 - - [26/Jul/2026:20:40:13 +0300] "GET /adminner.php HTTP/1.1" 401 36 "-" "-"
68.221.69.72 - - [26/Jul/2026:20:40:13 +0300] "GET /a.php HTTP/1.1" 401 36 "-" "-"
68.221.69.72 - - [26/Jul/2026:20:40:13 +0300] "GET /k.php HTTP/1.1" 401 36 "-" "-"
68.221.69.72 - - [26/Jul/2026:20:40:13 +0300] "GET /aaa.php HTTP/1.1" 401 36 "-" "-"
68.221.69.72 - - [26/Jul/2026:20:40:14 +0300] "GET /222.php HTTP/1.1" 401 36 "-" "-"
68.221.69.72 - - [26/Jul/2026:20:40:14 +0300] "GET /test.php HTTP/1.1" 401 36 "-" "-"
68.221.69.72 - - [26/Jul/2026:20:40:15 +0300] "GET /aaa.php HTTP/1.1" 401 36 "-" "-"
68.221.69.72 - - [26/Jul/2026:20:40:15 +0300] "GET /11.php HTTP/1.1" 401 36 "-" "-"
68.221.69.72 - - [26/Jul/2026:20:40:16 +0300] "GET /mac.php HTTP/1.1" 401 36 "-" "-"
68.221.69.72 - - [26/Jul/2026:20:40:16 +0300] "GET /wp-content/uploads/ HTTP/1.1" 401 36 "-" "-"
68.221.69.72 - - [26/Jul/2026:20:40:17 +0300] "GET /wp-includes/Text/ HTTP/1.1" 401 36 "-" "-"
68.221.69.72 - - [26/Jul/2026:20:40:17 +0300] "GET /dr.php HTTP/1.1" 401 36 "-" "-"
68.221.69.72 - - [26/Jul/2026:20:40:19 +0300] "GET /x.php HTTP/1.1" 401 36 "-" "-"
68.221.69.72 - - [26/Jul/2026:20:40:20 +0300] "GET /155.php HTTP/1.1" 401 36 "-" "-"
68.221.69.72 - - [26/Jul/2026:20:40:21 +0300] "GET /ops.php HTTP/1.1" 401 36 "-" "-"
68.221.69.72 - - [26/Jul/2026:20:40:21 +0300] "GET /wp-includes/assets/ HTTP/1.1" 401 36 "-" "-"
68.221.69.72 - - [26/Jul/2026:20:40:21 +0300] "GET /wp-includes/blocks/details/ HTTP/1.1" 401 36 "-" "-"
68.221.69.72 - - [26/Jul/2026:20:40:21 +0300] "GET /.well-known/about.php HTTP/1.1" 401 36 "-" "-"
68.221.69.72 - - [26/Jul/2026:20:40:22 +0300] "GET /wp-includes/ID3/about.php HTTP/1.1" 401 36 "-" "-"
68.221.69.72 - - [26/Jul/2026:20:40:23 +0300] "GET /wp-includes/blocks/post-comments-form/ HTTP/1.1" 401 36 "-" "-"
68.221.69.72 - - [26/Jul/2026:20:40:23 +0300] "GET /wp-admin/css/colour.php HTTP/1.1" 401 36 "-" "-"
68.221.69.72 - - [26/Jul/2026:20:40:23 +0300] "GET /8.php HTTP/1.1" 401 36 "-" "-"
68.221.69.72 - - [26/Jul/2026:20:40:23 +0300] "GET /wp-content/admin.php HTTP/1.1" 401 36 "-" "-"
68.221.69.72 - - [26/Jul/2026:20:40:23 +0300] "GET /f6.php HTTP/1.1" 401 36 "-" "-"
68.221.69.72 - - [26/Jul/2026:20:40:23 +0300] "GET /wp-content/themes/index.php HTTP/1.1" 401 36 "-" "-"
68.221.69.72 - - [26/Jul/2026:20:40:24 +0300] "GET /wp-blog.php HTTP/1.1" 401 36 "-" "-"
68.221.69.72 - - [26/Jul/2026:20:40:24 +0300] "GET /cgi-bin/index.php HTTP/1.1" 401 36 "-" "-"
68.221.69.72 - - [26/Jul/2026:20:40:25 +0300] "GET /wp-includes/l10n/ HTTP/1.1" 401 36 "-" "-"
68.221.69.72 - - [26/Jul/2026:20:40:25 +0300] "GET /wp-content/uploads/ HTTP/1.1" 401 36 "-" "-"
68.221.69.72 - - [26/Jul/2026:20:40:25 +0300] "GET /f35.php HTTP/1.1" 401 36 "-" "-"
68.221.69.72 - - [26/Jul/2026:20:40:26 +0300] "GET /wp-load.php HTTP/1.1" 401 36 "-" "-"
68.221.69.72 - - [26/Jul/2026:20:40:26 +0300] "GET /xyn.php HTTP/1.1" 401 36 "-" "-"
68.221.69.72 - - [26/Jul/2026:20:40:26 +0300] "GET /ccc.php HTTP/1.1" 401 36 "-" "-"
68.221.69.72 - - [26/Jul/2026:20:40:27 +0300] "GET /w.php HTTP/1.1" 401 36 "-" "-"
68.221.69.72 - - [26/Jul/2026:20:40:27 +0300] "GET /4PJcpMFsD8B.php HTTP/1.1" 401 36 "-" "-"
68.221.69.72 - - [26/Jul/2026:20:40:27 +0300] "GET /FWAZ.php HTTP/1.1" 401 36 "-" "-"
68.221.69.72 - - [26/Jul/2026:20:40:27 +0300] "GET /aa.php HTTP/1.1" 401 36 "-" "-"
68.221.69.72 - - [26/Jul/2026:20:40:27 +0300] "GET /test1.php HTTP/1.1" 401 36 "-" "-"
68.221.69.72 - - [26/Jul/2026:20:40:28 +0300] "GET /database.php HTTP/1.1" 401 36 "-" "-"
68.221.69.72 - - [26/Jul/2026:20:40:28 +0300] "GET /file.php HTTP/1.1" 401 36 "-" "-"
68.221.69.72 - - [26/Jul/2026:20:40:28 +0300] "GET /file.php HTTP/1.1" 401 36 "-" "-"
68.221.69.72 - - [26/Jul/2026:20:40:28 +0300] "GET /777.php HTTP/1.1" 401 36 "-" "-"
68.221.69.72 - - [26/Jul/2026:20:40:28 +0300] "GET /test2.php HTTP/1.1" 401 36 "-" "-"
68.221.69.72 - - [26/Jul/2026:20:40:29 +0300] "GET /ss.php HTTP/1.1" 401 36 "-" "-"
68.221.69.72 - - [26/Jul/2026:20:40:29 +0300] "GET /users.php HTTP/1.1" 401 36 "-" "-"
68.221.69.72 - - [26/Jul/2026:20:40:29 +0300] "GET /dvjul.php HTTP/1.1" 401 36 "-" "-"
68.221.69.72 - - [26/Jul/2026:20:40:29 +0300] "GET /biufile.php HTTP/1.1" 401 36 "-" "-"
68.221.69.72 - - [26/Jul/2026:20:40:32 +0300] "GET /coffexium.php HTTP/1.1" 401 36 "-" "-"
68.221.69.72 - - [26/Jul/2026:20:40:34 +0300] "GET /als.php HTTP/1.1" 401 36 "-" "-"
68.221.69.72 - - [26/Jul/2026:20:40:34 +0300] "GET /simple.php HTTP/1.1" 401 36 "-" "-"
68.221.69.72 - - [26/Jul/2026:20:40:34 +0300] "GET /fpwch.php HTTP/1.1" 401 36 "-" "-"
68.221.69.72 - - [26/Jul/2026:20:40:34 +0300] "GET /domvf.php HTTP/1.1" 401 36 "-" "-"
68.221.69.72 - - [26/Jul/2026:20:40:35 +0300] "GET /a2.php HTTP/1.1" 401 36 "-" "-"
68.221.69.72 - - [26/Jul/2026:20:40:35 +0300] "GET /d61.php HTTP/1.1" 401 36 "-" "-"
68.221.69.72 - - [26/Jul/2026:20:40:35 +0300] "GET /info.php HTTP/1.1" 401 36 "-" "-"
68.221.69.72 - - [26/Jul/2026:20:40:36 +0300] "GET /11.php HTTP/1.1" 401 36 "-" "-"
68.221.69.72 - - [26/Jul/2026:20:40:37 +0300] "GET /dex.php HTTP/1.1" 401 36 "-" "-"
68.221.69.72 - - [26/Jul/2026:20:40:37 +0300] "GET /1.php HTTP/1.1" 401 36 "-" "-"
68.221.69.72 - - [26/Jul/2026:20:40:37 +0300] "GET /wp-admin/css/colors/modern/ HTTP/1.1" 401 36 "-" "-"
68.221.69.72 - - [26/Jul/2026:20:40:38 +0300] "GET /BDKR28.php HTTP/1.1" 401 36 "-" "-"
74.7.243.243 - - [26/Jul/2026:20:40:38 +0300] "GET /zip.php?dir=CwusrCwincludeCwpython2Fw7&view=methodobject.h HTTP/2" 429 0 "https://mydreamydiary.com/zip.php?dir=CwusrCwincludeCwpython2Fw7" "Mozilla/5.0 AppleWebKit/537.36 (KHTML, like Gecko; compatible; GPTBot/1.4; +https://openai.com/gptbot)"
68.221.69.72 - - [26/Jul/2026:20:40:38 +0300] "GET /a1.php HTTP/1.1" 401 36 "-" "-"
68.221.69.72 - - [26/Jul/2026:20:40:38 +0300] "GET /eee.php HTTP/1.1" 401 36 "-" "-"
68.221.69.72 - - [26/Jul/2026:20:40:38 +0300] "GET /config.json.php HTTP/1.1" 401 36 "-" "-"
68.221.69.72 - - [26/Jul/2026:20:40:39 +0300] "GET /k2.php HTTP/1.1" 401 36 "-" "-"
68.221.69.72 - - [26/Jul/2026:20:40:39 +0300] "GET /for.php HTTP/1.1" 401 36 "-" "-"
68.221.69.72 - - [26/Jul/2026:20:40:39 +0300] "GET /raw.php HTTP/1.1" 401 36 "-" "-"
68.221.69.72 - - [26/Jul/2026:20:40:39 +0300] "GET /wp.php HTTP/1.1" 401 36 "-" "-"
68.221.69.72 - - [26/Jul/2026:20:40:39 +0300] "GET /lobster.php HTTP/1.1" 401 36 "-" "-"
68.221.69.72 - - [26/Jul/2026:20:40:40 +0300] "GET /002.php HTTP/1.1" 401 36 "-" "-"
68.221.69.72 - - [26/Jul/2026:20:40:40 +0300] "GET /fffm.php HTTP/1.1" 401 36 "-" "-"
68.221.69.72 - - [26/Jul/2026:20:40:40 +0300] "GET /2.php HTTP/1.1" 401 36 "-" "-"
68.221.69.72 - - [26/Jul/2026:20:40:40 +0300] "GET /johen.php HTTP/1.1" 401 36 "-" "-"
68.221.69.72 - - [26/Jul/2026:20:40:41 +0300] "GET /nwflm.php HTTP/1.1" 401 36 "-" "-"
68.221.69.72 - - [26/Jul/2026:20:40:41 +0300] "GET /reop3.php HTTP/1.1" 401 36 "-" "-"
66.249.79.165 - - [26/Jul/2026:20:35:03 +0300] "GET /?items/Z233154054/ HTTP/1.1" 200 0 "-" "Mozilla/5.0 (Linux; Android 6.0.1; Nexus 5X Build/MMB29P) AppleWebKit/537.36 (KHTML, like Gecko) Chrome/150.0.7871.128 Mobile Safari/537.36 (compatible; Googlebot/2.1; +http://www.google.com/bot.html)"
74.7.243.243 - - [26/Jul/2026:20:36:27 +0300] "GET /zip.php?dir=CwusrCwshareCwautomake-1Fw16Cwam&view=dejagnu.am HTTP/2" 429 0 "https://mydreamydiary.com/zip.php?dir=CwusrCwshareCwautomake-1Fw16Cwam" "Mozilla/5.0 AppleWebKit/537.36 (KHTML, like Gecko; compatible; GPTBot/1.4; +https://openai.com/gptbot)"
74.7.241.36 - - [26/Jul/2026:20:37:13 +0300] "GET / HTTP/2" 401 53 "-" "Mozilla/5.0 AppleWebKit/537.36 (KHTML, like Gecko; compatible; GPTBot/1.4; +https://openai.com/gptbot)"
66.249.79.165 - - [26/Jul/2026:20:38:35 +0300] "GET /?items/I178431680/ HTTP/1.1" 200 0 "-" "Mozilla/5.0 (Linux; Android 6.0.1; Nexus 5X Build/MMB29P) AppleWebKit/537.36 (KHTML, like Gecko) Chrome/150.0.7871.128 Mobile Safari/537.36 (compatible; Googlebot/2.1; +http://www.google.com/bot.html)"
66.249.79.163 - - [26/Jul/2026:20:40:17 +0300] "GET /?items/U222591872/ HTTP/1.1" 200 0 "-" "Mozilla/5.0 (Linux; Android 6.0.1; Nexus 5X Build/MMB29P) AppleWebKit/537.36 (KHTML, like Gecko) Chrome/150.0.7871.128 Mobile Safari/537.36 (compatible; Googlebot/2.1; +http://www.google.com/bot.html)"
74.7.243.243 - - [26/Jul/2026:20:41:44 +0300] "GET /zip.php?dir=CwusrCwshareCwi18nCwcharmaps&view=EBCDIC-UK.gz HTTP/2" 429 0 "https://mydreamydiary.com/zip.php?dir=CwusrCwshareCwi18nCwcharmaps" "Mozilla/5.0 AppleWebKit/537.36 (KHTML, like Gecko; compatible; GPTBot/1.4; +https://openai.com/gptbot)"
74.7.243.243 - - [26/Jul/2026:20:42:45 +0300] "GET /zip.php?dir=CwusrCwshareCwtcl8Fw6Cwencoding&view=koi8-u.enc HTTP/2" 429 0 "https://mydreamydiary.com/zip.php?dir=CwusrCwshareCwtcl8Fw6Cwencoding" "Mozilla/5.0 AppleWebKit/537.36 (KHTML, like Gecko; compatible; GPTBot/1.4; +https://openai.com/gptbot)"
66.249.79.165 - - [26/Jul/2026:20:43:37 +0300] "GET /?items/J312430559/ HTTP/1.1" 200 0 "-" "Mozilla/5.0 (Linux; Android 6.0.1; Nexus 5X Build/MMB29P) AppleWebKit/537.36 (KHTML, like Gecko) Chrome/150.0.7871.128 Mobile Safari/537.36 (compatible; Googlebot/2.1; +http://www.google.com/bot.html)"
66.249.79.164 - - [26/Jul/2026:20:48:16 +0300] "GET /?items/F122700872/ HTTP/1.1" 200 0 "-" "Mozilla/5.0 (Linux; Android 6.0.1; Nexus 5X Build/MMB29P) AppleWebKit/537.36 (KHTML, like Gecko) Chrome/150.0.7871.128 Mobile Safari/537.36 (compatible; Googlebot/2.1; +http://www.google.com/bot.html)"
74.7.243.243 - - [26/Jul/2026:20:49:04 +0300] "GET /zip.php?dir=CwusrCwlibCwgrubCwi386-pc&view=syslinuxcfg.mod HTTP/2" 429 0 "https://mydreamydiary.com/zip.php?dir=CwusrCwlibCwgrubCwi386-pc" "Mozilla/5.0 AppleWebKit/537.36 (KHTML, like Gecko; compatible; GPTBot/1.4; +https://openai.com/gptbot)"
74.7.243.243 - - [26/Jul/2026:20:35:23 +0300] "GET /zip.php?dir=CwusrCwshareCwtcl8Fw6Cwencoding&view=euc-kr.enc HTTP/2" 429 0 "https://mydreamydiary.com/zip.php?dir=CwusrCwshareCwtcl8Fw6Cwencoding" "Mozilla/5.0 AppleWebKit/537.36 (KHTML, like Gecko; compatible; GPTBot/1.4; +https://openai.com/gptbot)"
66.249.79.164 - - [26/Jul/2026:20:35:23 +0300] "GET /?items/H77717074/ HTTP/1.1" 200 0 "-" "Mozilla/5.0 (Linux; Android 6.0.1; Nexus 5X Build/MMB29P) AppleWebKit/537.36 (KHTML, like Gecko) Chrome/150.0.7871.128 Mobile Safari/537.36 (compatible; Googlebot/2.1; +http://www.google.com/bot.html)"
74.7.243.243 - - [26/Jul/2026:20:37:31 +0300] "GET /zip.php?dir=CwusrCwshareCwautomake-1Fw16Cwam&view=clean.am HTTP/2" 429 0 "https://mydreamydiary.com/zip.php?dir=CwusrCwshareCwautomake-1Fw16Cwam" "Mozilla/5.0 AppleWebKit/537.36 (KHTML, like Gecko; compatible; GPTBot/1.4; +https://openai.com/gptbot)"
74.7.243.243 - - [26/Jul/2026:20:38:34 +0300] "GET /zip.php?dir=Cwlib64Cwapache2Cwmodules&view=mod_passenger.so HTTP/2" 429 0 "https://mydreamydiary.com/zip.php?dir=Cwlib64Cwapache2Cwmodules" "Mozilla/5.0 AppleWebKit/537.36 (KHTML, like Gecko; compatible; GPTBot/1.4; +https://openai.com/gptbot)"
66.249.79.163 - - [26/Jul/2026:20:40:40 +0300] "GET /?items/Y202364943/ HTTP/1.1" 200 0 "-" "Mozilla/5.0 (Linux; Android 6.0.1; Nexus 5X Build/MMB29P) AppleWebKit/537.36 (KHTML, like Gecko) Chrome/150.0.7871.128 Mobile Safari/537.36 (compatible; Googlebot/2.1; +http://www.google.com/bot.html)"
74.7.243.243 - - [26/Jul/2026:20:44:52 +0300] "GET /zip.php?dir=CwusrCwlib64Cwxtables&view=libip6t_REDIRECT.so HTTP/2" 429 0 "https://mydreamydiary.com/zip.php?dir=CwusrCwlib64Cwxtables" "Mozilla/5.0 AppleWebKit/537.36 (KHTML, like Gecko; compatible; GPTBot/1.4; +https://openai.com/gptbot)"
66.249.79.165 - - [26/Jul/2026:20:48:01 +0300] "GET /?items/P262775074/ HTTP/1.1" 200 0 "-" "Mozilla/5.0 (Linux; Android 6.0.1; Nexus 5X Build/MMB29P) AppleWebKit/537.36 (KHTML, like Gecko) Chrome/150.0.7871.128 Mobile Safari/537.36 (compatible; Googlebot/2.1; +http://www.google.com/bot.html)"
74.7.243.243 - - [26/Jul/2026:20:51:14 +0300] "GET /zip.php?dir=CwusrCwlib64Cwperl5Cwasm-generic&view=sockios.ph HTTP/2" 200 234 "https://mydreamydiary.com/zip.php?dir=CwusrCwlib64Cwperl5Cwasm-generic" "Mozilla/5.0 AppleWebKit/537.36 (KHTML, like Gecko; compatible; GPTBot/1.4; +https://openai.com/gptbot)"
68.221.69.72 - - [26/Jul/2026:20:40:41 +0300] "GET /green.php HTTP/1.1" 401 36 "-" "-"
68.221.69.72 - - [26/Jul/2026:20:40:41 +0300] "GET /zildan.php HTTP/1.1" 401 36 "-" "-"
68.221.69.72 - - [26/Jul/2026:20:40:41 +0300] "GET /111.php HTTP/1.1" 401 36 "-" "-"
68.221.69.72 - - [26/Jul/2026:20:40:42 +0300] "GET /pol.php HTTP/1.1" 401 36 "-" "-"
68.221.69.72 - - [26/Jul/2026:20:40:43 +0300] "GET /kir.php HTTP/1.1" 401 36 "-" "-"
68.221.69.72 - - [26/Jul/2026:20:40:43 +0300] "GET /wp-includes/Requests/ HTTP/1.1" 401 36 "-" "-"
68.221.69.72 - - [26/Jul/2026:20:40:44 +0300] "GET /ws.php HTTP/1.1" 401 36 "-" "-"
68.221.69.72 - - [26/Jul/2026:20:40:44 +0300] "GET /ktakapxo.php HTTP/1.1" 401 36 "-" "-"
74.7.243.243 - - [26/Jul/2026:20:45:58 +0300] "GET /zip.php?dir=CwusrCwshareCwi18nCwcharmaps&view=NEXTSTEP.gz HTTP/2" 429 0 "https://mydreamydiary.com/zip.php?dir=CwusrCwshareCwi18nCwcharmaps" "Mozilla/5.0 AppleWebKit/537.36 (KHTML, like Gecko; compatible; GPTBot/1.4; +https://openai.com/gptbot)"
74.7.243.243 - - [26/Jul/2026:20:46:58 +0300] "GET /zip.php?dir=CwusrCwshareCwi18nCwcharmaps&view=MAC-CYRILLIC.gz HTTP/2" 429 0 "https://mydreamydiary.com/zip.php?dir=CwusrCwshareCwi18nCwcharmaps" "Mozilla/5.0 AppleWebKit/537.36 (KHTML, like Gecko; compatible; GPTBot/1.4; +https://openai.com/gptbot)"
74.7.243.243 - - [26/Jul/2026:20:47:58 +0300] "GET /zip.php?dir=CwusrCwshareCwtcl8Fw6Cwencoding&view=koi8-r.enc HTTP/2" 429 0 "https://mydreamydiary.com/zip.php?dir=CwusrCwshareCwtcl8Fw6Cwencoding" "Mozilla/5.0 AppleWebKit/537.36 (KHTML, like Gecko; compatible; GPTBot/1.4; +https://openai.com/gptbot)"
74.7.243.243 - - [26/Jul/2026:20:50:09 +0300] "GET /zip.php?dir=CwusrCwshareCwautomake-1Fw16&view=texinfo.tex HTTP/2" 429 0 "https://mydreamydiary.com/zip.php?dir=CwusrCwshareCwautomake-1Fw16" "Mozilla/5.0 AppleWebKit/537.36 (KHTML, like Gecko; compatible; GPTBot/1.4; +https://openai.com/gptbot)"
74.7.243.243 - - [26/Jul/2026:20:54:16 +0300] "GET /zip.php?dir=CwlibCwfirmwareCwqcomCwqcs615&view=adspr.jsn HTTP/2" 429 0 "https://mydreamydiary.com/zip.php?dir=CwlibCwfirmwareCwqcomCwqcs615" "Mozilla/5.0 AppleWebKit/537.36 (KHTML, like Gecko; compatible; GPTBot/1.4; +https://openai.com/gptbot)"
74.7.243.243 - - [26/Jul/2026:21:04:42 +0300] "GET /zip.php?dir=CwusrCwlib64Cwpkgconfig&view=libevent_extra.pc HTTP/2" 429 0 "https://mydreamydiary.com/zip.php?dir=CwusrCwlib64Cwpkgconfig" "Mozilla/5.0 AppleWebKit/537.36 (KHTML, like Gecko; compatible; GPTBot/1.4; +https://openai.com/gptbot)"
74.7.243.243 - - [26/Jul/2026:21:05:36 +0300] "GET /zip.php?dir=CwlibCwrpmCwplatformCws390-linux&view=macros HTTP/2" 429 0 "https://mydreamydiary.com/zip.php?dir=CwlibCwrpmCwplatformCws390-linux" "Mozilla/5.0 AppleWebKit/537.36 (KHTML, like Gecko; compatible; GPTBot/1.4; +https://openai.com/gptbot)"
74.7.243.243 - - [26/Jul/2026:21:06:37 +0300] "GET /zip.php?dir=CwusrCwlib64Cwpkgconfig&view=libprotobuf-c.pc HTTP/2" 429 0 "https://mydreamydiary.com/zip.php?dir=CwusrCwlib64Cwpkgconfig" "Mozilla/5.0 AppleWebKit/537.36 (KHTML, like Gecko; compatible; GPTBot/1.4; +https://openai.com/gptbot)"
66.249.79.164 - - [26/Jul/2026:21:00:44 +0300] "GET /?items/A72072276/ HTTP/1.1" 200 0 "-" "Mozilla/5.0 (Linux; Android 6.0.1; Nexus 5X Build/MMB29P) AppleWebKit/537.36 (KHTML, like Gecko) Chrome/150.0.7871.128 Mobile Safari/537.36 (compatible; Googlebot/2.1; +http://www.google.com/bot.html)"
66.249.79.164 - - [26/Jul/2026:21:03:12 +0300] "GET /?items/L222367660/ HTTP/1.1" 200 0 "-" "Mozilla/5.0 (Linux; Android 6.0.1; Nexus 5X Build/MMB29P) AppleWebKit/537.36 (KHTML, like Gecko) Chrome/150.0.7871.128 Mobile Safari/537.36 (compatible; Googlebot/2.1; +http://www.google.com/bot.html)"
74.7.243.243 - - [26/Jul/2026:21:03:39 +0300] "GET /zip.php?dir=CwlibCwfirmwareCwqcomCwqcs615&view=adsps.jsn HTTP/2" 200 185 "https://mydreamydiary.com/zip.php?dir=CwlibCwfirmwareCwqcomCwqcs615" "Mozilla/5.0 AppleWebKit/537.36 (KHTML, like Gecko; compatible; GPTBot/1.4; +https://openai.com/gptbot)"
66.249.79.164 - - [26/Jul/2026:21:05:35 +0300] "GET /?items/R245331620/ HTTP/1.1" 200 0 "-" "Mozilla/5.0 (Linux; Android 6.0.1; Nexus 5X Build/MMB29P) AppleWebKit/537.36 (KHTML, like Gecko) Chrome/150.0.7871.128 Mobile Safari/537.36 (compatible; Googlebot/2.1; +http://www.google.com/bot.html)"
74.7.243.243 - - [26/Jul/2026:20:52:15 +0300] "GET /zip.php?dir=CwusrCwshareCwi18nCwcharmaps&view=INIS-CYRILLIC.gz HTTP/2" 429 0 "https://mydreamydiary.com/zip.php?dir=CwusrCwshareCwi18nCwcharmaps" "Mozilla/5.0 AppleWebKit/537.36 (KHTML, like Gecko; compatible; GPTBot/1.4; +https://openai.com/gptbot)"
74.7.243.243 - - [26/Jul/2026:20:53:14 +0300] "GET /zip.php?dir=CwusrCwshareCwi18nCwcharmaps&view=EBCDIC-ES.gz HTTP/2" 429 0 "https://mydreamydiary.com/zip.php?dir=CwusrCwshareCwi18nCwcharmaps" "Mozilla/5.0 AppleWebKit/537.36 (KHTML, like Gecko; compatible; GPTBot/1.4; +https://openai.com/gptbot)"
74.7.243.243 - - [26/Jul/2026:20:55:20 +0300] "GET /zip.php?dir=CwusrCwlib64Cwperl5Cwvendor_perlCwIO&view=Pty.pm HTTP/2" 429 0 "https://mydreamydiary.com/zip.php?dir=CwusrCwlib64Cwperl5Cwvendor_perlCwIO" "Mozilla/5.0 AppleWebKit/537.36 (KHTML, like Gecko; compatible; GPTBot/1.4; +https://openai.com/gptbot)"
74.7.243.243 - - [26/Jul/2026:20:56:21 +0300] "GET /zip.php?dir=CwlibCwfirmwareCwqcomCwqdu100&view=xbl_s.melf HTTP/2" 429 0 "https://mydreamydiary.com/zip.php?dir=CwlibCwfirmwareCwqcomCwqdu100" "Mozilla/5.0 AppleWebKit/537.36 (KHTML, like Gecko; compatible; GPTBot/1.4; +https://openai.com/gptbot)"
74.7.243.243 - - [26/Jul/2026:20:57:26 +0300] "GET /zip.php?dir=CwusrCwshareCwautomake-1Fw16Cwam&view=configure.am HTTP/2" 429 0 "https://mydreamydiary.com/zip.php?dir=CwusrCwshareCwautomake-1Fw16Cwam" "Mozilla/5.0 AppleWebKit/537.36 (KHTML, like Gecko; compatible; GPTBot/1.4; +https://openai.com/gptbot)"
74.7.243.243 - - [26/Jul/2026:20:58:29 +0300] "GET /zip.php?dir=CwlibCwrpmCwplatformCwi586-linux&view=macros HTTP/2" 429 0 "https://mydreamydiary.com/zip.php?dir=CwlibCwrpmCwplatformCwi586-linux" "Mozilla/5.0 AppleWebKit/537.36 (KHTML, like Gecko; compatible; GPTBot/1.4; +https://openai.com/gptbot)"
74.7.243.243 - - [26/Jul/2026:20:59:29 +0300] "GET /zip.php?dir=CwusrCwlib64Cwxtables&view=libxt_conntrack.so HTTP/2" 429 0 "https://mydreamydiary.com/zip.php?dir=CwusrCwlib64Cwxtables" "Mozilla/5.0 AppleWebKit/537.36 (KHTML, like Gecko; compatible; GPTBot/1.4; +https://openai.com/gptbot)"
74.7.243.243 - - [26/Jul/2026:21:00:32 +0300] "GET /zip.php?dir=CwlibCwrpmCwplatformCwi386-linux&view=macros HTTP/2" 429 0 "https://mydreamydiary.com/zip.php?dir=CwlibCwrpmCwplatformCwi386-linux" "Mozilla/5.0 AppleWebKit/537.36 (KHTML, like Gecko; compatible; GPTBot/1.4; +https://openai.com/gptbot)"
74.7.243.243 - - [26/Jul/2026:21:01:33 +0300] "GET /zip.php?dir=CwusrCwlib64Cwpkgconfig&view=libpcre2-posix.pc HTTP/2" 429 0 "https://mydreamydiary.com/zip.php?dir=CwusrCwlib64Cwpkgconfig" "Mozilla/5.0 AppleWebKit/537.36 (KHTML, like Gecko; compatible; GPTBot/1.4; +https://openai.com/gptbot)"
74.7.243.243 - - [26/Jul/2026:21:02:36 +0300] "GET /zip.php?dir=CwusrCwshareCwi18nCwcharmaps&view=ARMSCII-8.gz HTTP/2" 429 0 "https://mydreamydiary.com/zip.php?dir=CwusrCwshareCwi18nCwcharmaps" "Mozilla/5.0 AppleWebKit/537.36 (KHTML, like Gecko; compatible; GPTBot/1.4; +https://openai.com/gptbot)"
74.7.243.243 - - [26/Jul/2026:21:15:03 +0300] "GET /zip.php?dir=CwusrCwlocalCwlib64Cwperl5CwJSON&view=Syck.pm HTTP/2" 429 0 "https://mydreamydiary.com/zip.php?dir=CwusrCwlocalCwlib64Cwperl5CwJSON" "Mozilla/5.0 AppleWebKit/537.36 (KHTML, like Gecko; compatible; GPTBot/1.4; +https://openai.com/gptbot)"
66.249.79.163 - - [26/Jul/2026:21:16:57 +0300] "GET /?items/E125889468/ HTTP/1.1" 200 0 "-" "Mozilla/5.0 (Linux; Android 6.0.1; Nexus 5X Build/MMB29P) AppleWebKit/537.36 (KHTML, like Gecko) Chrome/150.0.7871.128 Mobile Safari/537.36 (compatible; Googlebot/2.1; +http://www.google.com/bot.html)"
74.7.243.243 - - [26/Jul/2026:21:22:24 +0300] "GET /zip.php?dir=CwusrCwincludeCwpython2Fw7&view=bytes_methods.h HTTP/2" 429 0 "https://mydreamydiary.com/zip.php?dir=CwusrCwincludeCwpython2Fw7" "Mozilla/5.0 AppleWebKit/537.36 (KHTML, like Gecko; compatible; GPTBot/1.4; +https://openai.com/gptbot)"
74.7.243.243 - - [26/Jul/2026:21:23:26 +0300] "GET /zip.php?dir=CwlibCwrpmCwplatformCwi686-linux&view=macros HTTP/2" 429 0 "https://mydreamydiary.com/zip.php?dir=CwlibCwrpmCwplatformCwi686-linux" "Mozilla/5.0 AppleWebKit/537.36 (KHTML, like Gecko; compatible; GPTBot/1.4; +https://openai.com/gptbot)"
66.249.79.163 - - [26/Jul/2026:21:09:03 +0300] "GET /?items/C269311115/ HTTP/1.1" 200 0 "-" "Mozilla/5.0 (Linux; Android 6.0.1; Nexus 5X Build/MMB29P) AppleWebKit/537.36 (KHTML, like Gecko) Chrome/150.0.7871.128 Mobile Safari/537.36 (compatible; Googlebot/2.1; +http://www.google.com/bot.html)"
74.7.243.243 - - [26/Jul/2026:21:09:48 +0300] "GET /zip.php?dir=CwusrCwshareCwterminfoCwE&view=Eterm-256color HTTP/2" 429 0 "https://mydreamydiary.com/zip.php?dir=CwusrCwshareCwterminfoCwE" "Mozilla/5.0 AppleWebKit/537.36 (KHTML, like Gecko; compatible; GPTBot/1.4; +https://openai.com/gptbot)"
74.7.243.243 - - [26/Jul/2026:21:10:48 +0300] "GET /zip.php?dir=Cwlib64Cwperl5Cwvendor_perlCwHTML&view=Entities.pm HTTP/2" 429 0 "https://mydreamydiary.com/zip.php?dir=Cwlib64Cwperl5Cwvendor_perlCwHTML" "Mozilla/5.0 AppleWebKit/537.36 (KHTML, like Gecko; compatible; GPTBot/1.4; +https://openai.com/gptbot)"
74.7.243.243 - - [26/Jul/2026:21:11:50 +0300] "GET /zip.php?dir=CwusrCwshareCwterminfoCwt&view=tmux-256color HTTP/2" 429 0 "https://mydreamydiary.com/zip.php?dir=CwusrCwshareCwterminfoCwt" "Mozilla/5.0 AppleWebKit/537.36 (KHTML, like Gecko; compatible; GPTBot/1.4; +https://openai.com/gptbot)"
74.7.243.243 - - [26/Jul/2026:21:08:45 +0300] "GET /zip.php?dir=CwlibCwrpmCwplatformCwi486-linux&view=macros HTTP/2" 429 0 "https://mydreamydiary.com/zip.php?dir=CwlibCwrpmCwplatformCwi486-linux" "Mozilla/5.0 AppleWebKit/537.36 (KHTML, like Gecko; compatible; GPTBot/1.4; +https://openai.com/gptbot)"
66.249.79.164 - - [26/Jul/2026:21:10:52 +0300] "GET /?items/V228701751/ HTTP/1.1" 200 0 "-" "Mozilla/5.0 (Linux; Android 6.0.1; Nexus 5X Build/MMB29P) AppleWebKit/537.36 (KHTML, like Gecko) Chrome/150.0.7871.128 Mobile Safari/537.36 (compatible; Googlebot/2.1; +http://www.google.com/bot.html)"
74.7.243.243 - - [26/Jul/2026:21:12:55 +0300] "GET /zip.php?dir=Cwlib64Cwapache2Cwmodules&view=mod_actions.so HTTP/2" 429 0 "https://mydreamydiary.com/zip.php?dir=Cwlib64Cwapache2Cwmodules" "Mozilla/5.0 AppleWebKit/537.36 (KHTML, like Gecko; compatible; GPTBot/1.4; +https://openai.com/gptbot)"
74.7.243.243 - - [26/Jul/2026:21:13:59 +0300] "GET /zip.php?dir=CwusrCwlibCwgrubCwi386-pc&view=diskfilter.mod HTTP/2" 429 0 "https://mydreamydiary.com/zip.php?dir=CwusrCwlibCwgrubCwi386-pc" "Mozilla/5.0 AppleWebKit/537.36 (KHTML, like Gecko; compatible; GPTBot/1.4; +https://openai.com/gptbot)"
