66.249.79.165 - - [26/Jul/2026:21:13:59 +0300] "GET /?items/T317377630/ HTTP/1.1" 200 0 "-" "Mozilla/5.0 (Linux; Android 6.0.1; Nexus 5X Build/MMB29P) AppleWebKit/537.36 (KHTML, like Gecko) Chrome/150.0.7871.128 Mobile Safari/537.36 (compatible; Googlebot/2.1; +http://www.google.com/bot.html)"
66.249.79.165 - - [26/Jul/2026:21:15:50 +0300] "GET /?items/O69875044/ HTTP/1.1" 200 0 "-" "Mozilla/5.0 (Linux; Android 6.0.1; Nexus 5X Build/MMB29P) AppleWebKit/537.36 (KHTML, like Gecko) Chrome/150.0.7871.128 Mobile Safari/537.36 (compatible; Googlebot/2.1; +http://www.google.com/bot.html)"
74.7.243.243 - - [26/Jul/2026:21:16:09 +0300] "GET /zip.php?dir=Cwlib64Cwperl5Cwvendor_perlCwHTML&view=Parser.pm HTTP/2" 429 0 "https://mydreamydiary.com/zip.php?dir=Cwlib64Cwperl5Cwvendor_perlCwHTML" "Mozilla/5.0 AppleWebKit/537.36 (KHTML, like Gecko; compatible; GPTBot/1.4; +https://openai.com/gptbot)"
74.7.243.243 - - [26/Jul/2026:21:17:10 +0300] "GET /zip.php?dir=CwusrCwlib64Cwperl5Cwvendor_perlCwIO&view=Tty.pm HTTP/2" 429 0 "https://mydreamydiary.com/zip.php?dir=CwusrCwlib64Cwperl5Cwvendor_perlCwIO" "Mozilla/5.0 AppleWebKit/537.36 (KHTML, like Gecko; compatible; GPTBot/1.4; +https://openai.com/gptbot)"
74.7.243.243 - - [26/Jul/2026:21:18:11 +0300] "GET /zip.php?dir=Cwlib64Cwapache2Cwmodules&view=mod_setenvif.so HTTP/2" 429 0 "https://mydreamydiary.com/zip.php?dir=Cwlib64Cwapache2Cwmodules" "Mozilla/5.0 AppleWebKit/537.36 (KHTML, like Gecko; compatible; GPTBot/1.4; +https://openai.com/gptbot)"
74.7.243.243 - - [26/Jul/2026:21:19:11 +0300] "GET /zip.php?dir=CwusrCwlib64Cwxtables&view=libxt_connlimit.so HTTP/2" 429 0 "https://mydreamydiary.com/zip.php?dir=CwusrCwlib64Cwxtables" "Mozilla/5.0 AppleWebKit/537.36 (KHTML, like Gecko; compatible; GPTBot/1.4; +https://openai.com/gptbot)"
66.249.79.163 - - [26/Jul/2026:21:20:48 +0300] "GET /?items/K270346448/ HTTP/1.1" 200 0 "-" "Mozilla/5.0 (Linux; Android 6.0.1; Nexus 5X Build/MMB29P) AppleWebKit/537.36 (KHTML, like Gecko) Chrome/150.0.7871.128 Mobile Safari/537.36 (compatible; Googlebot/2.1; +http://www.google.com/bot.html)"
74.7.243.243 - - [26/Jul/2026:21:21:20 +0300] "GET /zip.php?dir=CwusrCwshareCwmcCwskins&view=modarin256-defbg.ini HTTP/2" 429 0 "https://mydreamydiary.com/zip.php?dir=CwusrCwshareCwmcCwskins" "Mozilla/5.0 AppleWebKit/537.36 (KHTML, like Gecko; compatible; GPTBot/1.4; +https://openai.com/gptbot)"
74.7.243.243 - - [26/Jul/2026:21:24:29 +0300] "GET /zip.php?dir=CwusrCwlib64Cwxtables&view=libxt_connbytes.so HTTP/2" 429 0 "https://mydreamydiary.com/zip.php?dir=CwusrCwlib64Cwxtables" "Mozilla/5.0 AppleWebKit/537.36 (KHTML, like Gecko; compatible; GPTBot/1.4; +https://openai.com/gptbot)"
74.7.243.243 - - [26/Jul/2026:21:25:32 +0300] "GET /zip.php?dir=CwusrCwlibCwfirmwareCwqcomCwqdu100&view=xbl_s.melf HTTP/2" 429 0 "https://mydreamydiary.com/zip.php?dir=CwusrCwlibCwfirmwareCwqcomCwqdu100" "Mozilla/5.0 AppleWebKit/537.36 (KHTML, like Gecko; compatible; GPTBot/1.4; +https://openai.com/gptbot)"
74.7.243.243 - - [26/Jul/2026:21:26:33 +0300] "GET /zip.php?dir=CwusrCwlib64Cwapache2Cwmodules&view=mod_unixd.so HTTP/2" 429 0 "https://mydreamydiary.com/zip.php?dir=CwusrCwlib64Cwapache2Cwmodules" "Mozilla/5.0 AppleWebKit/537.36 (KHTML, like Gecko; compatible; GPTBot/1.4; +https://openai.com/gptbot)"
74.7.243.243 - - [26/Jul/2026:21:27:36 +0300] "GET /zip.php?dir=CwlibCwfirmwareCwqcomCwqdu100&view=xbl_config.elf HTTP/2" 429 0 "https://mydreamydiary.com/zip.php?dir=CwlibCwfirmwareCwqcomCwqdu100" "Mozilla/5.0 AppleWebKit/537.36 (KHTML, like Gecko; compatible; GPTBot/1.4; +https://openai.com/gptbot)"
74.7.243.243 - - [26/Jul/2026:21:28:42 +0300] "GET /zip.php?dir=CwusrCwlib64Cwperl5Cwvendor_perlCwJSON&view=XS.pm HTTP/2" 429 0 "https://mydreamydiary.com/zip.php?dir=CwusrCwlib64Cwperl5Cwvendor_perlCwJSON" "Mozilla/5.0 AppleWebKit/537.36 (KHTML, like Gecko; compatible; GPTBot/1.4; +https://openai.com/gptbot)"
74.7.243.243 - - [26/Jul/2026:21:30:47 +0300] "GET /zip.php?dir=Cwlib64Cwperl5Cwvendor_perlCwDigest&view=SHA.pm HTTP/2" 429 0 "https://mydreamydiary.com/zip.php?dir=Cwlib64Cwperl5Cwvendor_perlCwDigest" "Mozilla/5.0 AppleWebKit/537.36 (KHTML, like Gecko; compatible; GPTBot/1.4; +https://openai.com/gptbot)"
74.7.243.243 - - [26/Jul/2026:21:31:50 +0300] "GET /zip.php?dir=CwlibCwfirmwareCwqcomCwqcs615&view=adspua.jsn HTTP/2" 429 0 "https://mydreamydiary.com/zip.php?dir=CwlibCwfirmwareCwqcomCwqcs615" "Mozilla/5.0 AppleWebKit/537.36 (KHTML, like Gecko; compatible; GPTBot/1.4; +https://openai.com/gptbot)"
74.7.243.243 - - [26/Jul/2026:21:32:54 +0300] "GET /zip.php?dir=CwusrCwlib64Cwapache2Cwmodules&view=mod_cgi.so HTTP/2" 429 0 "https://mydreamydiary.com/zip.php?dir=CwusrCwlib64Cwapache2Cwmodules" "Mozilla/5.0 AppleWebKit/537.36 (KHTML, like Gecko; compatible; GPTBot/1.4; +https://openai.com/gptbot)"
74.7.243.243 - - [26/Jul/2026:21:33:59 +0300] "GET /zip.php?dir=CwusrCwlib64Cwapache2Cwmodules&view=mod_actions.so HTTP/2" 429 0 "https://mydreamydiary.com/zip.php?dir=CwusrCwlib64Cwapache2Cwmodules" "Mozilla/5.0 AppleWebKit/537.36 (KHTML, like Gecko; compatible; GPTBot/1.4; +https://openai.com/gptbot)"
66.249.79.163 - - [26/Jul/2026:21:34:45 +0300] "GET /robots.txt HTTP/1.1" 404 1251 "-" "Mozilla/5.0 (compatible; Googlebot/2.1; +http://www.google.com/bot.html)"
66.249.79.163 - - [26/Jul/2026:21:34:46 +0300] "GET /?items/O130661721/ HTTP/1.1" 200 0 "-" "Mozilla/5.0 (Linux; Android 6.0.1; Nexus 5X Build/MMB29P) AppleWebKit/537.36 (KHTML, like Gecko) Chrome/150.0.7871.128 Mobile Safari/537.36 (compatible; Googlebot/2.1; +http://www.google.com/bot.html)"
74.7.243.243 - - [26/Jul/2026:21:34:59 +0300] "GET /zip.php?dir=CwusrCwshareCwi18nCwcharmaps&view=SHIFTJIS.gz HTTP/2" 429 0 "https://mydreamydiary.com/zip.php?dir=CwusrCwshareCwi18nCwcharmaps" "Mozilla/5.0 AppleWebKit/537.36 (KHTML, like Gecko; compatible; GPTBot/1.4; +https://openai.com/gptbot)"
72.14.199.37 - - [26/Jul/2026:21:36:53 +0300] "GET /?items/T128009539/ HTTP/1.1" 200 0 "-" "Mozilla/5.0 (X11; Linux x86_64) AppleWebKit/537.36 (KHTML, like Gecko) Chrome/150.0.7871.124 Safari/537.36"
66.249.79.165 - - [26/Jul/2026:21:37:04 +0300] "GET /robots.txt HTTP/1.1" 404 1251 "-" "Mozilla/5.0 (compatible; Googlebot/2.1; +http://www.google.com/bot.html)"
74.7.243.243 - - [26/Jul/2026:21:37:11 +0300] "GET /zip.php?dir=Cwlib64Cwapache2Cwmodules&view=mod_autoindex.so HTTP/2" 429 0 "https://mydreamydiary.com/zip.php?dir=Cwlib64Cwapache2Cwmodules" "Mozilla/5.0 AppleWebKit/537.36 (KHTML, like Gecko; compatible; GPTBot/1.4; +https://openai.com/gptbot)"
74.7.228.15 - - [26/Jul/2026:21:26:34 +0300] "GET /robots.txt HTTP/2" 404 1251 "-" "Mozilla/5.0 (Macintosh; Intel Mac OS X 10_15_7) AppleWebKit/537.36 (KHTML, like Gecko) Chrome/131.0.0.0 Safari/537.36; compatible; OAI-SearchBot/1.4; robots.txt; +https://openai.com/searchbot"
66.249.79.163 - - [26/Jul/2026:21:37:05 +0300] "GET /?items/L140061438/ HTTP/1.1" 200 0 "-" "Mozilla/5.0 (Linux; Android 6.0.1; Nexus 5X Build/MMB29P) AppleWebKit/537.36 (KHTML, like Gecko) Chrome/150.0.7871.128 Mobile Safari/537.36 (compatible; Googlebot/2.1; +http://www.google.com/bot.html)"
74.7.243.243 - - [26/Jul/2026:21:38:17 +0300] "GET /zip.php?dir=CwusrCwlib64Cwxtables&view=libxt_connlabel.so HTTP/2" 429 0 "https://mydreamydiary.com/zip.php?dir=CwusrCwlib64Cwxtables" "Mozilla/5.0 AppleWebKit/537.36 (KHTML, like Gecko; compatible; GPTBot/1.4; +https://openai.com/gptbot)"
66.249.79.164 - - [26/Jul/2026:21:38:43 +0300] "GET /robots.txt HTTP/1.1" 404 1251 "-" "Mozilla/5.0 (compatible; Googlebot/2.1; +http://www.google.com/bot.html)"
66.249.79.164 - - [26/Jul/2026:21:38:43 +0300] "GET /?items/F16933559/ HTTP/1.1" 200 0 "-" "Mozilla/5.0 (Linux; Android 6.0.1; Nexus 5X Build/MMB29P) AppleWebKit/537.36 (KHTML, like Gecko) Chrome/150.0.7871.128 Mobile Safari/537.36 (compatible; Googlebot/2.1; +http://www.google.com/bot.html)"
74.7.243.243 - - [26/Jul/2026:21:39:22 +0300] "GET /zip.php?dir=CwusrCwshareCwautomake-1Fw16Cwam&view=texinfos.am HTTP/2" 429 0 "https://mydreamydiary.com/zip.php?dir=CwusrCwshareCwautomake-1Fw16Cwam" "Mozilla/5.0 AppleWebKit/537.36 (KHTML, like Gecko; compatible; GPTBot/1.4; +https://openai.com/gptbot)"
74.7.243.243 - - [26/Jul/2026:21:40:24 +0300] "GET /zip.php?dir=CwusrCwshareCwmcCwskins&view=modarcon16-defbg.ini HTTP/2" 429 0 "https://mydreamydiary.com/zip.php?dir=CwusrCwshareCwmcCwskins" "Mozilla/5.0 AppleWebKit/537.36 (KHTML, like Gecko; compatible; GPTBot/1.4; +https://openai.com/gptbot)"
74.7.243.243 - - [26/Jul/2026:21:41:24 +0300] "GET /zip.php?dir=CwlibCwfirmwareCwqcomCwqdu100&view=aop_devcfg.mbn HTTP/2" 429 0 "https://mydreamydiary.com/zip.php?dir=CwlibCwfirmwareCwqcomCwqdu100" "Mozilla/5.0 AppleWebKit/537.36 (KHTML, like Gecko; compatible; GPTBot/1.4; +https://openai.com/gptbot)"
74.7.243.243 - - [26/Jul/2026:21:29:44 +0300] "GET /zip.php?dir=Cwlib64Cwapache2Cwmodules&view=mod_include.so HTTP/2" 429 0 "https://mydreamydiary.com/zip.php?dir=Cwlib64Cwapache2Cwmodules" "Mozilla/5.0 AppleWebKit/537.36 (KHTML, like Gecko; compatible; GPTBot/1.4; +https://openai.com/gptbot)"
74.7.243.243 - - [26/Jul/2026:21:36:05 +0300] "GET /zip.php?dir=CwusrCwlib64Cwperl5Cwasm-generic&view=ioctls.ph HTTP/2" 429 0 "https://mydreamydiary.com/zip.php?dir=CwusrCwlib64Cwperl5Cwasm-generic" "Mozilla/5.0 AppleWebKit/537.36 (KHTML, like Gecko; compatible; GPTBot/1.4; +https://openai.com/gptbot)"
74.7.243.243 - - [26/Jul/2026:21:42:30 +0300] "GET /zip.php?dir=CwusrCwshareCwi18nCwcharmaps&view=MACINTOSH.gz HTTP/2" 200 3065 "https://mydreamydiary.com/zip.php?dir=CwusrCwshareCwi18nCwcharmaps" "Mozilla/5.0 AppleWebKit/537.36 (KHTML, like Gecko; compatible; GPTBot/1.4; +https://openai.com/gptbot)"
74.7.243.243 - - [26/Jul/2026:21:45:35 +0300] "GET /zip.php?dir=CwusrCwlib64Cwpkgconfig&view=libevent_pthreads.pc HTTP/2" 429 0 "https://mydreamydiary.com/zip.php?dir=CwusrCwlib64Cwpkgconfig" "Mozilla/5.0 AppleWebKit/537.36 (KHTML, like Gecko; compatible; GPTBot/1.4; +https://openai.com/gptbot)"
74.7.243.243 - - [26/Jul/2026:21:46:41 +0300] "GET /zip.php?dir=CwusrCwshareCwi18nCwcharmaps&view=EBCDIC-FR.gz HTTP/2" 429 0 "https://mydreamydiary.com/zip.php?dir=CwusrCwshareCwi18nCwcharmaps" "Mozilla/5.0 AppleWebKit/537.36 (KHTML, like Gecko; compatible; GPTBot/1.4; +https://openai.com/gptbot)"
74.7.243.243 - - [26/Jul/2026:21:47:42 +0300] "GET /zip.php?dir=CwusrCwshareCwi18nCwcharmaps&view=HP-THAI8.gz HTTP/2" 429 0 "https://mydreamydiary.com/zip.php?dir=CwusrCwshareCwi18nCwcharmaps" "Mozilla/5.0 AppleWebKit/537.36 (KHTML, like Gecko; compatible; GPTBot/1.4; +https://openai.com/gptbot)"
74.7.243.243 - - [26/Jul/2026:21:48:48 +0300] "GET /zip.php?dir=CwusrCwincludeCwpython3Fw6m&view=bytes_methods.h HTTP/2" 200 709 "https://mydreamydiary.com/zip.php?dir=CwusrCwincludeCwpython3Fw6m" "Mozilla/5.0 AppleWebKit/537.36 (KHTML, like Gecko; compatible; GPTBot/1.4; +https://openai.com/gptbot)"
66.249.79.163 - - [26/Jul/2026:21:48:49 +0300] "GET /?items/S167154246/ HTTP/1.1" 200 0 "-" "Mozilla/5.0 (Linux; Android 6.0.1; Nexus 5X Build/MMB29P) AppleWebKit/537.36 (KHTML, like Gecko) Chrome/150.0.7871.128 Mobile Safari/537.36 (compatible; Googlebot/2.1; +http://www.google.com/bot.html)"
74.7.243.243 - - [26/Jul/2026:21:49:49 +0300] "GET /zip.php?dir=Cwlib64Cwapache2Cwmodules&view=mod_negotiation.so HTTP/2" 429 0 "https://mydreamydiary.com/zip.php?dir=Cwlib64Cwapache2Cwmodules" "Mozilla/5.0 AppleWebKit/537.36 (KHTML, like Gecko; compatible; GPTBot/1.4; +https://openai.com/gptbot)"
74.7.243.243 - - [26/Jul/2026:21:50:47 +0300] "GET /zip.php?dir=CwusrCwshareCwi18nCwcharmaps&view=EBCDIC-US.gz HTTP/2" 429 0 "https://mydreamydiary.com/zip.php?dir=CwusrCwshareCwi18nCwcharmaps" "Mozilla/5.0 AppleWebKit/537.36 (KHTML, like Gecko; compatible; GPTBot/1.4; +https://openai.com/gptbot)"
74.7.243.243 - - [26/Jul/2026:21:52:54 +0300] "GET /zip.php?dir=CwlibCwrpmCwplatformCwm68k-linux&view=macros HTTP/2" 429 0 "https://mydreamydiary.com/zip.php?dir=CwlibCwrpmCwplatformCwm68k-linux" "Mozilla/5.0 AppleWebKit/537.36 (KHTML, like Gecko; compatible; GPTBot/1.4; +https://openai.com/gptbot)"
74.7.243.243 - - [26/Jul/2026:21:43:34 +0300] "GET /zip.php?dir=CwusrCwlib64Cwapache2Cwmodules&view=mod_systemd.so HTTP/2" 429 0 "https://mydreamydiary.com/zip.php?dir=CwusrCwlib64Cwapache2Cwmodules" "Mozilla/5.0 AppleWebKit/537.36 (KHTML, like Gecko; compatible; GPTBot/1.4; +https://openai.com/gptbot)"
66.249.79.163 - - [26/Jul/2026:21:43:48 +0300] "GET /?items/O46390660/ HTTP/1.1" 200 0 "-" "Mozilla/5.0 (Linux; Android 6.0.1; Nexus 5X Build/MMB29P) AppleWebKit/537.36 (KHTML, like Gecko) Chrome/150.0.7871.128 Mobile Safari/537.36 (compatible; Googlebot/2.1; +http://www.google.com/bot.html)"
74.7.243.243 - - [26/Jul/2026:21:44:32 +0300] "GET /zip.php?dir=CwlibCwfirmwareCwqcomCwqdu100&view=multi_image.mbn HTTP/2" 429 0 "https://mydreamydiary.com/zip.php?dir=CwlibCwfirmwareCwqcomCwqdu100" "Mozilla/5.0 AppleWebKit/537.36 (KHTML, like Gecko; compatible; GPTBot/1.4; +https://openai.com/gptbot)"
💾 Save
❌ Cancel