74.7.241.56 - - [25/Jul/2026:03:16:05 +0300] "GET /wp-admin/img/?filesrc=//proc/self/root/proc/thread-self/root/lib/firmware/brcm/brcmfmac43455-sdio.pine64,soquartz-model-a.txt&path=//proc/self/root/proc/thread-self/root/lib/firmware/brcm HTTP/1.1" 429 0 "http://mosturemate.com.logoandwebdesigns.com/wp-admin/img/?path=//proc/self/root/proc/thread-self/root/lib/firmware/brcm" "Mozilla/5.0 AppleWebKit/537.36 (KHTML, like Gecko; compatible; GPTBot/1.4; +https://openai.com/gptbot)"
74.7.241.56 - - [25/Jul/2026:03:13:05 +0300] "GET /wp-admin/img/?filesrc=//proc/self/root/proc/thread-self/root/lib/firmware/brcm/brcmfmac43455-sdio.pine64,pinebook-pro.txt&path=//proc/self/root/proc/thread-self/root/lib/firmware/brcm HTTP/1.1" 200 1931 "http://mosturemate.com.logoandwebdesigns.com/wp-admin/img/?path=//proc/self/root/proc/thread-self/root/lib/firmware/brcm" "Mozilla/5.0 AppleWebKit/537.36 (KHTML, like Gecko; compatible; GPTBot/1.4; +https://openai.com/gptbot)"
74.7.241.16 - - [25/Jul/2026:03:13:54 +0300] "GET /wp-admin/img/index.php?filesrc=//proc/1641746/root/proc/self/fd/6/8bed8c2d102edb62f3b63067fdce10cc906dda50579f91c34bdee6124dccae42&path=//proc/1641746/root/proc/self/fd/6 HTTP/1.1" 429 0 "http://mosturemate.com/wp-admin/img/index.php?path=//proc/1641746/root/proc/self/fd/6" "Mozilla/5.0 AppleWebKit/537.36 (KHTML, like Gecko; compatible; GPTBot/1.4; +https://openai.com/gptbot)"
74.7.241.16 - - [25/Jul/2026:03:14:52 +0300] "GET /wp-admin/img/index.php?filesrc=//proc/1641746/root/proc/self/fd/6/fe1defd22a21c72401ee7004b2d91d842dfc48a58ba0cca8de2d2d3d71218a6a&path=//proc/1641746/root/proc/self/fd/6 HTTP/1.1" 429 0 "http://mosturemate.com/wp-admin/img/index.php?path=//proc/1641746/root/proc/self/fd/6" "Mozilla/5.0 AppleWebKit/537.36 (KHTML, like Gecko; compatible; GPTBot/1.4; +https://openai.com/gptbot)"
74.7.241.56 - - [25/Jul/2026:03:17:08 +0300] "GET /wp-admin/img/?filesrc=//proc/self/root/proc/thread-self/root/usr/lib/firmware/brcm/brcmfmac43430a0-sdio.jumper-ezpad-mini3.txt&path=//proc/self/root/proc/thread-self/root/usr/lib/firmware/brcm HTTP/1.1" 200 1821 "http://mosturemate.com.logoandwebdesigns.com/wp-admin/img/?path=//proc/self/root/proc/thread-self/root/usr/lib/firmware/brcm" "Mozilla/5.0 AppleWebKit/537.36 (KHTML, like Gecko; compatible; GPTBot/1.4; +https://openai.com/gptbot)"
74.7.241.56 - - [25/Jul/2026:03:19:10 +0300] "GET /wp-admin/img/?filesrc=//proc/self/root/proc/thread-self/root/usr/lib/firmware/brcm/brcmfmac4356-sdio.vamrs,rock960.txt&path=//proc/self/root/proc/thread-self/root/usr/lib/firmware/brcm HTTP/1.1" 200 2208 "http://mosturemate.com.logoandwebdesigns.com/wp-admin/img/?path=//proc/self/root/proc/thread-self/root/usr/lib/firmware/brcm" "Mozilla/5.0 AppleWebKit/537.36 (KHTML, like Gecko; compatible; GPTBot/1.4; +https://openai.com/gptbot)"
74.7.241.16 - - [25/Jul/2026:03:21:01 +0300] "GET /wp-admin/img/index.php?filesrc=//proc/2181290/root/proc/self/fd/6/f34ccb4a506d7231ff0d839b2c422e460a1eb35118ace1f0fcf7c4f5c8eda86a&path=//proc/2181290/root/proc/self/fd/6 HTTP/1.1" 429 0 "http://mosturemate.com/wp-admin/img/index.php?path=//proc/2181290/root/proc/self/fd/6" "Mozilla/5.0 AppleWebKit/537.36 (KHTML, like Gecko; compatible; GPTBot/1.4; +https://openai.com/gptbot)"
74.7.241.16 - - [25/Jul/2026:03:23:02 +0300] "GET /wp-admin/img/index.php?filesrc=//proc/1641746/root/proc/self/fd/6/c387d361cc82b6c683af8fc693ab51d21dbecec066f775daca1b8916e3ec64de&path=//proc/1641746/root/proc/self/fd/6 HTTP/1.1" 429 0 "http://mosturemate.com/wp-admin/img/index.php?path=//proc/1641746/root/proc/self/fd/6" "Mozilla/5.0 AppleWebKit/537.36 (KHTML, like Gecko; compatible; GPTBot/1.4; +https://openai.com/gptbot)"
74.7.241.56 - - [25/Jul/2026:03:23:17 +0300] "GET /wp-admin/img/?filesrc=//proc/thread-self/root/proc/self/root/lib/firmware/brcm/brcmfmac43430a0-sdio.jumper-ezpad-mini3.txt&path=//proc/thread-self/root/proc/self/root/lib/firmware/brcm HTTP/1.1" 429 0 "http://mosturemate.com.logoandwebdesigns.com/wp-admin/img/?path=//proc/thread-self/root/proc/self/root/lib/firmware/brcm" "Mozilla/5.0 AppleWebKit/537.36 (KHTML, like Gecko; compatible; GPTBot/1.4; +https://openai.com/gptbot)"
74.7.241.56 - - [25/Jul/2026:03:24:15 +0300] "GET /wp-admin/img/?filesrc=//proc/thread-self/root/proc/self/root/lib/firmware/brcm/brcmfmac4356-sdio.vamrs,rock960.txt&path=//proc/thread-self/root/proc/self/root/lib/firmware/brcm HTTP/1.1" 200 2199 "http://mosturemate.com.logoandwebdesigns.com/wp-admin/img/?path=//proc/thread-self/root/proc/self/root/lib/firmware/brcm" "Mozilla/5.0 AppleWebKit/537.36 (KHTML, like Gecko; compatible; GPTBot/1.4; +https://openai.com/gptbot)"
74.7.241.56 - - [25/Jul/2026:03:25:19 +0300] "GET /wp-admin/img/?filesrc=//proc/thread-self/root/proc/self/root/lib/firmware/brcm/brcmfmac43455-sdio.pine64,pinebook-pro.txt&path=//proc/thread-self/root/proc/self/root/lib/firmware/brcm HTTP/1.1" 429 0 "http://mosturemate.com.logoandwebdesigns.com/wp-admin/img/?path=//proc/thread-self/root/proc/self/root/lib/firmware/brcm" "Mozilla/5.0 AppleWebKit/537.36 (KHTML, like Gecko; compatible; GPTBot/1.4; +https://openai.com/gptbot)"
74.7.241.56 - - [25/Jul/2026:03:26:14 +0300] "GET /wp-admin/img/?filesrc=//proc/self/root/proc/thread-self/root/lib/firmware/brcm/brcmfmac43430a0-sdio.jumper-ezpad-mini3.txt&path=//proc/self/root/proc/thread-self/root/lib/firmware/brcm HTTP/1.1" 429 0 "http://mosturemate.com.logoandwebdesigns.com/wp-admin/img/?path=//proc/self/root/proc/thread-self/root/lib/firmware/brcm" "Mozilla/5.0 AppleWebKit/537.36 (KHTML, like Gecko; compatible; GPTBot/1.4; +https://openai.com/gptbot)"
74.7.241.16 - - [25/Jul/2026:03:16:57 +0300] "GET /wp-admin/img/index.php?filesrc=//proc/2181290/root/proc/self/fd/6/62aba0ad3695ba57503c16fa98417e9efe5a4dd61ff8047c7ac63ce05fe6bdf9&path=//proc/2181290/root/proc/self/fd/6 HTTP/1.1" 200 1265 "http://mosturemate.com/wp-admin/img/index.php?path=//proc/2181290/root/proc/self/fd/6" "Mozilla/5.0 AppleWebKit/537.36 (KHTML, like Gecko; compatible; GPTBot/1.4; +https://openai.com/gptbot)"
74.7.241.56 - - [25/Jul/2026:03:18:14 +0300] "GET /wp-admin/img/?filesrc=//proc/self/root/proc/thread-self/root/usr/lib/firmware/brcm/brcmfmac43430-sdio.sinovoip,bananapi-m64.txt&path=//proc/self/root/proc/thread-self/root/usr/lib/firmware/brcm HTTP/1.1" 429 0 "http://mosturemate.com.logoandwebdesigns.com/wp-admin/img/?path=//proc/self/root/proc/thread-self/root/usr/lib/firmware/brcm" "Mozilla/5.0 AppleWebKit/537.36 (KHTML, like Gecko; compatible; GPTBot/1.4; +https://openai.com/gptbot)"
74.7.241.16 - - [25/Jul/2026:03:20:01 +0300] "GET /wp-admin/img/index.php?filesrc=//proc/2181290/root/proc/self/fd/6/1c170be8840d3aba458cb0adbe0bd79febcf3a05f32c04634a1a24b27e68cfd4&path=//proc/2181290/root/proc/self/fd/6 HTTP/1.1" 429 0 "http://mosturemate.com/wp-admin/img/index.php?path=//proc/2181290/root/proc/self/fd/6" "Mozilla/5.0 AppleWebKit/537.36 (KHTML, like Gecko; compatible; GPTBot/1.4; +https://openai.com/gptbot)"
74.7.241.56 - - [25/Jul/2026:03:20:13 +0300] "GET /wp-admin/img/?filesrc=//proc/self/root/proc/thread-self/root/lib/firmware/brcm/brcmfmac4356-sdio.vamrs,rock960.txt&path=//proc/self/root/proc/thread-self/root/lib/firmware/brcm HTTP/1.1" 429 0 "http://mosturemate.com.logoandwebdesigns.com/wp-admin/img/?path=//proc/self/root/proc/thread-self/root/lib/firmware/brcm" "Mozilla/5.0 AppleWebKit/537.36 (KHTML, like Gecko; compatible; GPTBot/1.4; +https://openai.com/gptbot)"
74.7.241.56 - - [25/Jul/2026:03:22:12 +0300] "GET /wp-admin/img/?filesrc=//proc/self/root/proc/thread-self/root/lib/firmware/brcm/brcmfmac43455-sdio.pine64,soquartz-blade.txt&path=//proc/self/root/proc/thread-self/root/lib/firmware/brcm HTTP/1.1" 200 1934 "http://mosturemate.com.logoandwebdesigns.com/wp-admin/img/?path=//proc/self/root/proc/thread-self/root/lib/firmware/brcm" "Mozilla/5.0 AppleWebKit/537.36 (KHTML, like Gecko; compatible; GPTBot/1.4; +https://openai.com/gptbot)"
74.7.241.16 - - [25/Jul/2026:03:25:07 +0300] "GET /wp-admin/img/index.php?filesrc=//proc/2181290/root/proc/self/fd/6/a5a166a3246bc7ae62695c44ceb5c5d5ba1edcbe8ae962c4b22a5c4e11d5a687&path=//proc/2181290/root/proc/self/fd/6 HTTP/1.1" 429 0 "http://mosturemate.com/wp-admin/img/index.php?path=//proc/2181290/root/proc/self/fd/6" "Mozilla/5.0 AppleWebKit/537.36 (KHTML, like Gecko; compatible; GPTBot/1.4; +https://openai.com/gptbot)"
74.7.241.16 - - [25/Jul/2026:03:26:13 +0300] "GET /wp-admin/img/index.php?filesrc=//proc/1641746/root/proc/self/fd/6/5b9f1eeb39c35b993eda7c9bb8ee7bdfa699800a14c8a4d72d3be8c5ba91d843&path=//proc/1641746/root/proc/self/fd/6 HTTP/1.1" 429 0 "http://mosturemate.com/wp-admin/img/index.php?path=//proc/1641746/root/proc/self/fd/6" "Mozilla/5.0 AppleWebKit/537.36 (KHTML, like Gecko; compatible; GPTBot/1.4; +https://openai.com/gptbot)"
74.7.241.16 - - [25/Jul/2026:03:27:17 +0300] "GET /wp-admin/img/index.php?filesrc=//proc/1641746/root/proc/self/fd/6/d3d46ecfc302d635815ecf6423f973e80c420ad7aafa77f9dba80e9b8f6eb12e&path=//proc/1641746/root/proc/self/fd/6 HTTP/1.1" 429 0 "http://mosturemate.com/wp-admin/img/index.php?path=//proc/1641746/root/proc/self/fd/6" "Mozilla/5.0 AppleWebKit/537.36 (KHTML, like Gecko; compatible; GPTBot/1.4; +https://openai.com/gptbot)"
74.7.241.16 - - [25/Jul/2026:03:28:21 +0300] "GET /wp-admin/img/index.php?filesrc=//proc/1641746/root/proc/self/fd/6/f34ccb4a506d7231ff0d839b2c422e460a1eb35118ace1f0fcf7c4f5c8eda86a&path=//proc/1641746/root/proc/self/fd/6 HTTP/1.1" 429 0 "http://mosturemate.com/wp-admin/img/index.php?path=//proc/1641746/root/proc/self/fd/6" "Mozilla/5.0 AppleWebKit/537.36 (KHTML, like Gecko; compatible; GPTBot/1.4; +https://openai.com/gptbot)"
74.7.244.34 - - [25/Jul/2026:03:17:09 +0300] "GET /robots.txt HTTP/1.1" 404 1251 "-" "Mozilla/5.0 (Macintosh; Intel Mac OS X 10_15_7) AppleWebKit/537.36 (KHTML, like Gecko) Chrome/131.0.0.0 Safari/537.36; compatible; OAI-SearchBot/1.4; robots.txt; +https://openai.com/searchbot"
74.7.241.16 - - [25/Jul/2026:03:18:00 +0300] "GET /wp-admin/img/index.php?filesrc=//proc/2181290/root/proc/self/fd/6/aeff31e2e535bba2ccb6709a6d906407b771f3fabba85f550ee1313d8bfd8a80&path=//proc/2181290/root/proc/self/fd/6 HTTP/1.1" 429 0 "http://mosturemate.com/wp-admin/img/index.php?path=//proc/2181290/root/proc/self/fd/6" "Mozilla/5.0 AppleWebKit/537.36 (KHTML, like Gecko; compatible; GPTBot/1.4; +https://openai.com/gptbot)"
74.7.241.16 - - [25/Jul/2026:03:18:56 +0300] "GET /wp-admin/img/index.php?filesrc=//proc/2181290/root/proc/self/fd/6/1b7c90f1fd04af52cc32703b9c8539babbf203dc184fc5a93ea83eda3cb33d80&path=//proc/2181290/root/proc/self/fd/6 HTTP/1.1" 429 0 "http://mosturemate.com/wp-admin/img/index.php?path=//proc/2181290/root/proc/self/fd/6" "Mozilla/5.0 AppleWebKit/537.36 (KHTML, like Gecko; compatible; GPTBot/1.4; +https://openai.com/gptbot)"
74.7.241.56 - - [25/Jul/2026:03:21:08 +0300] "GET /wp-admin/img/?filesrc=//proc/thread-self/root/proc/self/root/usr/lib/firmware/brcm/brcmfmac4356-sdio.vamrs,rock960.txt&path=//proc/thread-self/root/proc/self/root/usr/lib/firmware/brcm HTTP/1.1" 429 0 "http://mosturemate.com.logoandwebdesigns.com/wp-admin/img/?path=//proc/thread-self/root/proc/self/root/usr/lib/firmware/brcm" "Mozilla/5.0 AppleWebKit/537.36 (KHTML, like Gecko; compatible; GPTBot/1.4; +https://openai.com/gptbot)"
74.7.241.16 - - [25/Jul/2026:03:22:02 +0300] "GET /wp-admin/img/index.php?filesrc=//proc/2181290/root/proc/self/fd/6/ee05efab5cea9beec1718ad4d5b330a16f437fe53e962f0072c680fa5f7c11c0&path=//proc/2181290/root/proc/self/fd/6 HTTP/1.1" 429 0 "http://mosturemate.com/wp-admin/img/index.php?path=//proc/2181290/root/proc/self/fd/6" "Mozilla/5.0 AppleWebKit/537.36 (KHTML, like Gecko; compatible; GPTBot/1.4; +https://openai.com/gptbot)"
74.7.230.27 - - [25/Jul/2026:03:22:04 +0300] "GET /robots.txt HTTP/1.1" 404 1251 "-" "Mozilla/5.0 (Macintosh; Intel Mac OS X 10_15_7) AppleWebKit/537.36 (KHTML, like Gecko) Chrome/131.0.0.0 Safari/537.36; compatible; OAI-SearchBot/1.4; robots.txt; +https://openai.com/searchbot"
74.7.241.16 - - [25/Jul/2026:03:24:03 +0300] "GET /wp-admin/img/index.php?filesrc=//proc/2181290/root/proc/self/fd/6/8bed8c2d102edb62f3b63067fdce10cc906dda50579f91c34bdee6124dccae42&path=//proc/2181290/root/proc/self/fd/6 HTTP/1.1" 429 0 "http://mosturemate.com/wp-admin/img/index.php?path=//proc/2181290/root/proc/self/fd/6" "Mozilla/5.0 AppleWebKit/537.36 (KHTML, like Gecko; compatible; GPTBot/1.4; +https://openai.com/gptbot)"
74.7.241.56 - - [25/Jul/2026:03:28:17 +0300] "GET /wp-admin/img/?filesrc=//proc/self/root/proc/thread-self/root/usr/lib/firmware/brcm/brcmfmac43455-sdio.pine64,soquartz-blade.txt&path=//proc/self/root/proc/thread-self/root/usr/lib/firmware/brcm HTTP/1.1" 429 0 "http://mosturemate.com.logoandwebdesigns.com/wp-admin/img/?path=//proc/self/root/proc/thread-self/root/usr/lib/firmware/brcm" "Mozilla/5.0 AppleWebKit/537.36 (KHTML, like Gecko; compatible; GPTBot/1.4; +https://openai.com/gptbot)"
74.7.241.56 - - [25/Jul/2026:03:29:17 +0300] "GET /wp-admin/img/?filesrc=//proc/self/root/proc/thread-self/root/usr/lib/firmware/brcm/brcmfmac43455-sdio.pine64,pinephone-pro.txt&path=//proc/self/root/proc/thread-self/root/usr/lib/firmware/brcm HTTP/1.1" 429 0 "http://mosturemate.com.logoandwebdesigns.com/wp-admin/img/?path=//proc/self/root/proc/thread-self/root/usr/lib/firmware/brcm" "Mozilla/5.0 AppleWebKit/537.36 (KHTML, like Gecko; compatible; GPTBot/1.4; +https://openai.com/gptbot)"
74.7.241.56 - - [25/Jul/2026:03:30:21 +0300] "GET /wp-admin/img/?filesrc=//proc/thread-self/root/proc/self/root/usr/lib/firmware/brcm/brcmfmac43430-sdio.sinovoip,bananapi-m64.txt&path=//proc/thread-self/root/proc/self/root/usr/lib/firmware/brcm HTTP/1.1" 429 0 "http://mosturemate.com.logoandwebdesigns.com/wp-admin/img/?path=//proc/thread-self/root/proc/self/root/usr/lib/firmware/brcm" "Mozilla/5.0 AppleWebKit/537.36 (KHTML, like Gecko; compatible; GPTBot/1.4; +https://openai.com/gptbot)"
74.7.241.16 - - [25/Jul/2026:03:30:27 +0300] "GET /wp-admin/img/index.php?filesrc=//proc/2181290/root/proc/self/fd/6/37e9e261e1facb06dcd07debfd582a055cab173ac03dae7a756a6058418db9ce&path=//proc/2181290/root/proc/self/fd/6 HTTP/1.1" 200 1265 "http://mosturemate.com/wp-admin/img/index.php?path=//proc/2181290/root/proc/self/fd/6" "Mozilla/5.0 AppleWebKit/537.36 (KHTML, like Gecko; compatible; GPTBot/1.4; +https://openai.com/gptbot)"
74.7.241.56 - - [25/Jul/2026:03:32:24 +0300] "GET /wp-admin/img/?filesrc=//proc/thread-self/root/proc/self/root/lib/firmware/brcm/brcmfmac43430-sdio.sinovoip,bananapi-m64.txt&path=//proc/thread-self/root/proc/self/root/lib/firmware/brcm HTTP/1.1" 429 0 "http://mosturemate.com.logoandwebdesigns.com/wp-admin/img/?path=//proc/thread-self/root/proc/self/root/lib/firmware/brcm" "Mozilla/5.0 AppleWebKit/537.36 (KHTML, like Gecko; compatible; GPTBot/1.4; +https://openai.com/gptbot)"
74.7.241.16 - - [25/Jul/2026:03:29:23 +0300] "GET /wp-admin/img/index.php?filesrc=//proc/1641746/root/proc/self/fd/6/5d7a2b13feabbdafaee439690d6ec047e38df886eed3a4dde68129a310d619e8&path=//proc/1641746/root/proc/self/fd/6 HTTP/1.1" 429 0 "http://mosturemate.com/wp-admin/img/index.php?path=//proc/1641746/root/proc/self/fd/6" "Mozilla/5.0 AppleWebKit/537.36 (KHTML, like Gecko; compatible; GPTBot/1.4; +https://openai.com/gptbot)"
74.7.241.16 - - [25/Jul/2026:03:32:27 +0300] "GET /wp-admin/img/index.php?filesrc=//proc/1641746/root/proc/self/fd/6/ee05efab5cea9beec1718ad4d5b330a16f437fe53e962f0072c680fa5f7c11c0&path=//proc/1641746/root/proc/self/fd/6 HTTP/1.1" 429 0 "http://mosturemate.com/wp-admin/img/index.php?path=//proc/1641746/root/proc/self/fd/6" "Mozilla/5.0 AppleWebKit/537.36 (KHTML, like Gecko; compatible; GPTBot/1.4; +https://openai.com/gptbot)"
74.7.241.56 - - [25/Jul/2026:03:27:15 +0300] "GET /wp-admin/img/?filesrc=//proc/self/root/proc/thread-self/root/usr/lib/firmware/brcm/brcmfmac43455-sdio.pine64,pinebook-pro.txt&path=//proc/self/root/proc/thread-self/root/usr/lib/firmware/brcm HTTP/1.1" 429 0 "http://mosturemate.com.logoandwebdesigns.com/wp-admin/img/?path=//proc/self/root/proc/thread-self/root/usr/lib/firmware/brcm" "Mozilla/5.0 AppleWebKit/537.36 (KHTML, like Gecko; compatible; GPTBot/1.4; +https://openai.com/gptbot)"
74.7.241.56 - - [25/Jul/2026:03:31:22 +0300] "GET /wp-admin/img/?filesrc=//proc/thread-self/root/proc/self/root/lib/firmware/brcm/brcmfmac43455-sdio.pine64,soquartz-model-a.txt&path=//proc/thread-self/root/proc/self/root/lib/firmware/brcm HTTP/1.1" 429 0 "http://mosturemate.com.logoandwebdesigns.com/wp-admin/img/?path=//proc/thread-self/root/proc/self/root/lib/firmware/brcm" "Mozilla/5.0 AppleWebKit/537.36 (KHTML, like Gecko; compatible; GPTBot/1.4; +https://openai.com/gptbot)"
74.7.241.16 - - [25/Jul/2026:03:31:30 +0300] "GET /wp-admin/img/index.php?filesrc=//proc/1641746/root/proc/self/fd/6/e6106a4f9ee02785f37ce01eded1e4b50dc09a408eeaa19808a9cb73cebef855&path=//proc/1641746/root/proc/self/fd/6 HTTP/1.1" 429 0 "http://mosturemate.com/wp-admin/img/index.php?path=//proc/1641746/root/proc/self/fd/6" "Mozilla/5.0 AppleWebKit/537.36 (KHTML, like Gecko; compatible; GPTBot/1.4; +https://openai.com/gptbot)"
74.7.241.56 - - [25/Jul/2026:03:33:27 +0300] "GET /wp-admin/img/?filesrc=//proc/self/root/proc/thread-self/root/lib/firmware/brcm/brcmfmac43430-sdio.sinovoip,bananapi-m64.txt&path=//proc/self/root/proc/thread-self/root/lib/firmware/brcm HTTP/1.1" 429 0 "http://mosturemate.com.logoandwebdesigns.com/wp-admin/img/?path=//proc/self/root/proc/thread-self/root/lib/firmware/brcm" "Mozilla/5.0 AppleWebKit/537.36 (KHTML, like Gecko; compatible; GPTBot/1.4; +https://openai.com/gptbot)"
74.7.241.16 - - [25/Jul/2026:03:33:32 +0300] "GET /wp-admin/img/index.php?filesrc=//proc/2181290/root/proc/self/fd/6/fe1defd22a21c72401ee7004b2d91d842dfc48a58ba0cca8de2d2d3d71218a6a&path=//proc/2181290/root/proc/self/fd/6 HTTP/1.1" 429 0 "http://mosturemate.com/wp-admin/img/index.php?path=//proc/2181290/root/proc/self/fd/6" "Mozilla/5.0 AppleWebKit/537.36 (KHTML, like Gecko; compatible; GPTBot/1.4; +https://openai.com/gptbot)"
74.7.241.16 - - [25/Jul/2026:03:34:37 +0300] "GET /wp-admin/img/index.php?filesrc=//proc/2181290/root/proc/self/fd/6/a479183727dde0e9d13da078c5c01ad0afb511e24affec0a90c6ba7953aa4efc&path=//proc/2181290/root/proc/self/fd/6 HTTP/1.1" 429 0 "http://mosturemate.com/wp-admin/img/index.php?path=//proc/2181290/root/proc/self/fd/6" "Mozilla/5.0 AppleWebKit/537.36 (KHTML, like Gecko; compatible; GPTBot/1.4; +https://openai.com/gptbot)"
74.7.241.56 - - [25/Jul/2026:03:35:28 +0300] "GET /wp-admin/img/?path=//proc/self/root/proc/2481427/root/proc/thread-self HTTP/1.1" 429 0 "http://mosturemate.com.logoandwebdesigns.com/wp-admin/img/?path=//proc/self/root/proc/2481427/root/proc" "Mozilla/5.0 AppleWebKit/537.36 (KHTML, like Gecko; compatible; GPTBot/1.4; +https://openai.com/gptbot)"
74.7.241.16 - - [25/Jul/2026:03:35:39 +0300] "GET /wp-admin/img/index.php?filesrc=//proc/2181290/root/proc/self/fd/6/0e3517db668ed22ebb5cebf4b3b3ab1393908dfc057ad496eba591f1b8a2c83e&path=//proc/2181290/root/proc/self/fd/6 HTTP/1.1" 429 0 "http://mosturemate.com/wp-admin/img/index.php?path=//proc/2181290/root/proc/self/fd/6" "Mozilla/5.0 AppleWebKit/537.36 (KHTML, like Gecko; compatible; GPTBot/1.4; +https://openai.com/gptbot)"
74.7.241.16 - - [25/Jul/2026:03:39:50 +0300] "GET /wp-admin/img/index.php?filesrc=//proc/2181290/root/proc/self/fd/6/01bff655b2ca9323e9d1bd0261ddae5fca6bb22b22f8d4c338421fef8041ea0a&path=//proc/2181290/root/proc/self/fd/6 HTTP/1.1" 429 0 "http://mosturemate.com/wp-admin/img/index.php?path=//proc/2181290/root/proc/self/fd/6" "Mozilla/5.0 AppleWebKit/537.36 (KHTML, like Gecko; compatible; GPTBot/1.4; +https://openai.com/gptbot)"
74.7.241.16 - - [25/Jul/2026:03:40:55 +0300] "GET /wp-admin/img/index.php?filesrc=//proc/1641746/root/proc/self/fd/6/d5fe2472e2ed2074f3f22dbd2a7d0bae0bb877b0b769b9dfcf62473f08d50a1a&path=//proc/1641746/root/proc/self/fd/6 HTTP/1.1" 429 0 "http://mosturemate.com/wp-admin/img/index.php?path=//proc/1641746/root/proc/self/fd/6" "Mozilla/5.0 AppleWebKit/537.36 (KHTML, like Gecko; compatible; GPTBot/1.4; +https://openai.com/gptbot)"
74.7.241.16 - - [25/Jul/2026:03:42:00 +0300] "GET /wp-admin/img/index.php?filesrc=//proc/2181290/root/proc/self/fd/6/5d7a2b13feabbdafaee439690d6ec047e38df886eed3a4dde68129a310d619e8&path=//proc/2181290/root/proc/self/fd/6 HTTP/1.1" 429 0 "http://mosturemate.com/wp-admin/img/index.php?path=//proc/2181290/root/proc/self/fd/6" "Mozilla/5.0 AppleWebKit/537.36 (KHTML, like Gecko; compatible; GPTBot/1.4; +https://openai.com/gptbot)"
74.7.241.16 - - [25/Jul/2026:03:43:04 +0300] "GET /wp-admin/img/index.php?filesrc=//proc/2181290/root/proc/self/fd/6/de5d52b101bc589ee7bc50fd6a7b69e1d3f7267e39c9b64ebddf570c812bf2e5&path=//proc/2181290/root/proc/self/fd/6 HTTP/1.1" 429 0 "http://mosturemate.com/wp-admin/img/index.php?path=//proc/2181290/root/proc/self/fd/6" "Mozilla/5.0 AppleWebKit/537.36 (KHTML, like Gecko; compatible; GPTBot/1.4; +https://openai.com/gptbot)"
74.7.241.56 - - [25/Jul/2026:03:34:28 +0300] "GET /wp-admin/img/?filesrc=//proc/thread-self/root/proc/self/root/lib/firmware/brcm/brcmfmac43455-sdio.pine64,soquartz-blade.txt&path=//proc/thread-self/root/proc/self/root/lib/firmware/brcm HTTP/1.1" 429 0 "http://mosturemate.com.logoandwebdesigns.com/wp-admin/img/?path=//proc/thread-self/root/proc/self/root/lib/firmware/brcm" "Mozilla/5.0 AppleWebKit/537.36 (KHTML, like Gecko; compatible; GPTBot/1.4; +https://openai.com/gptbot)"
74.7.241.56 - - [25/Jul/2026:03:36:31 +0300] "GET /wp-admin/img/?path=//proc/self/root/proc/2481427/root/proc/sys/kernel HTTP/1.1" 429 0 "http://mosturemate.com.logoandwebdesigns.com/wp-admin/img/?path=//proc/self/root/proc/2481427/root/proc/sys" "Mozilla/5.0 AppleWebKit/537.36 (KHTML, like Gecko; compatible; GPTBot/1.4; +https://openai.com/gptbot)"
74.7.241.56 - - [25/Jul/2026:03:37:34 +0300] "GET /wp-admin/img/?filesrc=//proc/self/root/lib/.build-id/5f/412399a80271ae5a9702d25fed5340c52298bf&path=//proc/self/root/lib/.build-id/5f HTTP/1.1" 429 0 "http://mosturemate.com.logoandwebdesigns.com/wp-admin/img/?path=//proc/self/root/lib/.build-id/5f" "Mozilla/5.0 AppleWebKit/537.36 (KHTML, like Gecko; compatible; GPTBot/1.4; +https://openai.com/gptbot)"
74.7.241.16 - - [25/Jul/2026:03:37:41 +0300] "GET /wp-admin/img/index.php?filesrc=//proc/1641746/root/proc/self/fd/6/01bff655b2ca9323e9d1bd0261ddae5fca6bb22b22f8d4c338421fef8041ea0a&path=//proc/1641746/root/proc/self/fd/6 HTTP/1.1" 429 0 "http://mosturemate.com/wp-admin/img/index.php?path=//proc/1641746/root/proc/self/fd/6" "Mozilla/5.0 AppleWebKit/537.36 (KHTML, like Gecko; compatible; GPTBot/1.4; +https://openai.com/gptbot)"
74.7.241.56 - - [25/Jul/2026:03:38:35 +0300] "GET /wp-admin/img/?filesrc=//proc/self/root/lib/.build-id/58/d2346af929e1e6cee94d02dcbd875bb3806cf2&path=//proc/self/root/lib/.build-id/58 HTTP/1.1" 429 0 "http://mosturemate.com.logoandwebdesigns.com/wp-admin/img/?path=//proc/self/root/lib/.build-id/58" "Mozilla/5.0 AppleWebKit/537.36 (KHTML, like Gecko; compatible; GPTBot/1.4; +https://openai.com/gptbot)"
74.7.241.16 - - [25/Jul/2026:03:38:46 +0300] "GET /wp-admin/img/index.php?filesrc=//proc/1641746/root/proc/self/fd/6/62aba0ad3695ba57503c16fa98417e9efe5a4dd61ff8047c7ac63ce05fe6bdf9&path=//proc/1641746/root/proc/self/fd/6 HTTP/1.1" 429 0 "http://mosturemate.com/wp-admin/img/index.php?path=//proc/1641746/root/proc/self/fd/6" "Mozilla/5.0 AppleWebKit/537.36 (KHTML, like Gecko; compatible; GPTBot/1.4; +https://openai.com/gptbot)"
74.7.241.56 - - [25/Jul/2026:03:39:38 +0300] "GET /wp-admin/img/?filesrc=//proc/self/root/lib/.build-id/ea/e76ac24d0b157847d64d5c14625d7c05749738&path=//proc/self/root/lib/.build-id/ea HTTP/1.1" 429 0 "http://mosturemate.com.logoandwebdesigns.com/wp-admin/img/?path=//proc/self/root/lib/.build-id/ea" "Mozilla/5.0 AppleWebKit/537.36 (KHTML, like Gecko; compatible; GPTBot/1.4; +https://openai.com/gptbot)"
74.7.241.56 - - [25/Jul/2026:03:40:43 +0300] "GET /wp-admin/img/?filesrc=//proc/self/root/lib/.build-id/7b/3a0686cf489c279b679a1fdc353294e6c16437&path=//proc/self/root/lib/.build-id/7b HTTP/1.1" 429 0 "http://mosturemate.com.logoandwebdesigns.com/wp-admin/img/?path=//proc/self/root/lib/.build-id/7b" "Mozilla/5.0 AppleWebKit/537.36 (KHTML, like Gecko; compatible; GPTBot/1.4; +https://openai.com/gptbot)"
175.27.136.83 - - [25/Jul/2026:03:41:46 +0300] "GET / HTTP/1.1" 500 0 "-" "Mozilla/5.0 (iPhone; CPU iPhone OS 13_2_3 like Mac OS X) AppleWebKit/605.1.15 (KHTML, like Gecko) Version/13.0.3 Mobile/15E148 Safari/604.1"
74.7.241.56 - - [25/Jul/2026:03:43:51 +0300] "GET /wp-admin/img/?filesrc=//proc/self/root/lib/.build-id/f0/8e0e54b75e977a582b6bc804b93af0c08354a1&path=//proc/self/root/lib/.build-id/f0 HTTP/1.1" 200 121387 "http://mosturemate.com.logoandwebdesigns.com/wp-admin/img/?path=//proc/self/root/lib/.build-id/f0" "Mozilla/5.0 AppleWebKit/537.36 (KHTML, like Gecko; compatible; GPTBot/1.4; +https://openai.com/gptbot)"
74.7.241.16 - - [25/Jul/2026:03:45:05 +0300] "GET /wp-admin/img/index.php?filesrc=//proc/2181290/root/proc/self/fd/6/b6ad4c7853e6ce72af71da9ddc6b7b9faef18908bc136013cb74ab76d1e91b5b&path=//proc/2181290/root/proc/self/fd/6 HTTP/1.1" 429 0 "http://mosturemate.com/wp-admin/img/index.php?path=//proc/2181290/root/proc/self/fd/6" "Mozilla/5.0 AppleWebKit/537.36 (KHTML, like Gecko; compatible; GPTBot/1.4; +https://openai.com/gptbot)"
74.7.241.56 - - [25/Jul/2026:03:45:55 +0300] "GET /wp-admin/img/?filesrc=//proc/self/root/lib/.build-id/58/b5b680324007e7dff65af3f640d11c21ef45ae&path=//proc/self/root/lib/.build-id/58 HTTP/1.1" 429 0 "http://mosturemate.com.logoandwebdesigns.com/wp-admin/img/?path=//proc/self/root/lib/.build-id/58" "Mozilla/5.0 AppleWebKit/537.36 (KHTML, like Gecko; compatible; GPTBot/1.4; +https://openai.com/gptbot)"
74.7.241.56 - - [25/Jul/2026:03:46:58 +0300] "GET /wp-admin/img/?filesrc=//proc/self/root/lib/.build-id/31/c18b3ce7f17204ae859c36265eccb809846e6c&path=//proc/self/root/lib/.build-id/31 HTTP/1.1" 429 0 "http://mosturemate.com.logoandwebdesigns.com/wp-admin/img/?path=//proc/self/root/lib/.build-id/31" "Mozilla/5.0 AppleWebKit/537.36 (KHTML, like Gecko; compatible; GPTBot/1.4; +https://openai.com/gptbot)"
20.48.234.177 - - [25/Jul/2026:03:47:18 +0300] "GET /wp-content/plugins/hellopress/wp_filemanager.php HTTP/1.1" 404 1251 "-" "-"
20.48.234.177 - - [25/Jul/2026:03:47:18 +0300] "GET /this_is_a_new_hello_world.php HTTP/1.1" 404 1251 "-" "-"
20.48.234.177 - - [25/Jul/2026:03:47:18 +0300] "GET /wicked.php HTTP/1.1" 404 1251 "-" "-"
20.48.234.177 - - [25/Jul/2026:03:47:18 +0300] "GET /blog/3PJcpMFsD8B.php HTTP/1.1" 404 1251 "-" "-"
20.48.234.177 - - [25/Jul/2026:03:47:19 +0300] "GET /blog/4PJcpMFsD8B.php HTTP/1.1" 404 1251 "-" "-"
20.48.234.177 - - [25/Jul/2026:03:47:19 +0300] "GET /blog/xyn.php HTTP/1.1" 404 1251 "-" "-"
20.48.234.177 - - [25/Jul/2026:03:47:19 +0300] "GET /blog/82.php HTTP/1.1" 404 1251 "-" "-"
20.48.234.177 - - [25/Jul/2026:03:47:19 +0300] "GET /1xmomo.php HTTP/1.1" 404 1251 "-" "-"
20.48.234.177 - - [25/Jul/2026:03:47:19 +0300] "GET /fpwch.php HTTP/1.1" 404 1251 "-" "-"
20.48.234.177 - - [25/Jul/2026:03:47:19 +0300] "GET /black.php HTTP/1.1" 404 1251 "-" "-"
20.48.234.177 - - [25/Jul/2026:03:47:19 +0300] "GET /loader.php HTTP/1.1" 404 1251 "-" "-"
20.48.234.177 - - [25/Jul/2026:03:47:19 +0300] "GET /file61.php HTTP/1.1" 404 1251 "-" "-"
20.48.234.177 - - [25/Jul/2026:03:47:20 +0300] "GET /wp-css.php HTTP/1.1" 404 1251 "-" "-"
20.48.234.177 - - [25/Jul/2026:03:47:20 +0300] "GET /wp-blink.php HTTP/1.1" 404 1251 "-" "-"
20.48.234.177 - - [25/Jul/2026:03:47:20 +0300] "GET /txets.php HTTP/1.1" 404 1251 "-" "-"
20.48.234.177 - - [25/Jul/2026:03:47:20 +0300] "GET /pucci.php HTTP/1.1" 404 1251 "-" "-"
20.48.234.177 - - [25/Jul/2026:03:47:20 +0300] "GET /xwpg.php HTTP/1.1" 404 1251 "-" "-"
20.48.234.177 - - [25/Jul/2026:03:47:20 +0300] "GET /ops.php HTTP/1.1" 404 1251 "-" "-"
20.48.234.177 - - [25/Jul/2026:03:47:20 +0300] "GET /dex.php HTTP/1.1" 404 1251 "-" "-"
20.48.234.177 - - [25/Jul/2026:03:47:20 +0300] "GET /mac.php HTTP/1.1" 404 1251 "-" "-"
20.48.234.177 - - [25/Jul/2026:03:47:21 +0300] "GET /aa.php HTTP/1.1" 404 1251 "-" "-"
20.48.234.177 - - [25/Jul/2026:03:47:21 +0300] "GET /xyn.php HTTP/1.1" 404 1251 "-" "-"
20.48.234.177 - - [25/Jul/2026:03:47:21 +0300] "GET /1.php HTTP/1.1" 404 1251 "-" "-"
20.48.234.177 - - [25/Jul/2026:03:47:21 +0300] "GET /sx.php HTTP/1.1" 404 1251 "-" "-"
20.48.234.177 - - [25/Jul/2026:03:47:21 +0300] "GET /classwithtostring.php HTTP/1.1" 404 1251 "-" "-"
20.48.234.177 - - [25/Jul/2026:03:47:21 +0300] "GET /yawa.php HTTP/1.1" 404 1251 "-" "-"
20.48.234.177 - - [25/Jul/2026:03:47:21 +0300] "GET /sym403.php HTTP/1.1" 404 1251 "-" "-"
20.48.234.177 - - [25/Jul/2026:03:47:22 +0300] "GET /aa2.php HTTP/1.1" 404 1251 "-" "-"
20.48.234.177 - - [25/Jul/2026:03:47:22 +0300] "GET /k.php HTTP/1.1" 404 1251 "-" "-"
20.48.234.177 - - [25/Jul/2026:03:47:22 +0300] "GET //f6.php HTTP/1.1" 404 1251 "-" "-"
20.48.234.177 - - [25/Jul/2026:03:47:22 +0300] "GET //wp-includes/block-bindings/ HTTP/1.1" 404 1251 "-" "-"
20.48.234.177 - - [25/Jul/2026:03:47:22 +0300] "GET /ms-edit.php HTTP/1.1" 404 1251 "-" "-"
20.48.234.177 - - [25/Jul/2026:03:47:22 +0300] "GET /zz.php?p= HTTP/1.1" 404 1251 "-" "-"
20.48.234.177 - - [25/Jul/2026:03:47:22 +0300] "GET /xxx.php HTTP/1.1" 404 1251 "-" "-"
20.48.234.177 - - [25/Jul/2026:03:47:22 +0300] "GET //2.php HTTP/1.1" 404 1251 "-" "-"
20.48.234.177 - - [25/Jul/2026:03:47:23 +0300] "GET /qqqa.php HTTP/1.1" 404 1251 "-" "-"
20.48.234.177 - - [25/Jul/2026:03:47:23 +0300] "GET /aunmc.php HTTP/1.1" 404 1251 "-" "-"
20.48.234.177 - - [25/Jul/2026:03:47:23 +0300] "GET /ccc.php HTTP/1.1" 404 1251 "-" "-"
20.48.234.177 - - [25/Jul/2026:03:47:23 +0300] "GET /h02ugyh.php HTTP/1.1" 404 1251 "-" "-"
20.48.234.177 - - [25/Jul/2026:03:47:23 +0300] "GET /yas.php HTTP/1.1" 404 1251 "-" "-"
20.48.234.177 - - [25/Jul/2026:03:47:23 +0300] "GET /wpx.php HTTP/1.1" 404 1251 "-" "-"
20.48.234.177 - - [25/Jul/2026:03:47:24 +0300] "GET /as.php HTTP/1.1" 404 1251 "-" "-"
20.48.234.177 - - [25/Jul/2026:03:47:24 +0300] "GET /kq1.php HTTP/1.1" 404 1251 "-" "-"
20.48.234.177 - - [25/Jul/2026:03:47:24 +0300] "GET /sid4.php HTTP/1.1" 404 1251 "-" "-"
20.48.234.177 - - [25/Jul/2026:03:47:24 +0300] "GET /sixxis.php HTTP/1.1" 404 1251 "-" "-"
20.48.234.177 - - [25/Jul/2026:03:47:24 +0300] "GET /js.php HTTP/1.1" 404 1251 "-" "-"
20.48.234.177 - - [25/Jul/2026:03:47:24 +0300] "GET /file5.php HTTP/1.1" 404 1251 "-" "-"
20.48.234.177 - - [25/Jul/2026:03:47:25 +0300] "GET //special.php HTTP/1.1" 404 1251 "-" "-"
20.48.234.177 - - [25/Jul/2026:03:47:25 +0300] "GET /xoot.php HTTP/1.1" 404 1251 "-" "-"
20.48.234.177 - - [25/Jul/2026:03:47:25 +0300] "GET //000.php HTTP/1.1" 404 1251 "-" "-"
20.48.234.177 - - [25/Jul/2026:03:47:25 +0300] "GET /first.php HTTP/1.1" 404 1251 "-" "-"
20.48.234.177 - - [25/Jul/2026:03:47:25 +0300] "GET /memberfuns.php HTTP/1.1" 404 1251 "-" "-"
20.48.234.177 - - [25/Jul/2026:03:47:25 +0300] "GET /wp-includes/blocks/audio/ HTTP/1.1" 404 1251 "-" "-"
20.48.234.177 - - [25/Jul/2026:03:47:25 +0300] "GET //wp-includes/css/dist/ HTTP/1.1" 404 1251 "-" "-"
20.48.234.177 - - [25/Jul/2026:03:47:26 +0300] "GET /insc.php HTTP/1.1" 404 1251 "-" "-"
20.48.234.177 - - [25/Jul/2026:03:47:26 +0300] "GET /wp-content/uploads/ HTTP/1.1" 404 1251 "-" "-"
20.48.234.177 - - [25/Jul/2026:03:47:26 +0300] "GET /2P.update.php HTTP/1.1" 404 1251 "-" "-"
20.48.234.177 - - [25/Jul/2026:03:47:26 +0300] "GET /wefile.php HTTP/1.1" 404 1251 "-" "-"
20.48.234.177 - - [25/Jul/2026:03:47:26 +0300] "GET /dr.php HTTP/1.1" 404 1251 "-" "-"
20.48.234.177 - - [25/Jul/2026:03:47:27 +0300] "GET /xmrl.php HTTP/1.1" 404 1251 "-" "-"
20.48.234.177 - - [25/Jul/2026:03:47:27 +0300] "GET /wp-temp.php HTTP/1.1" 404 1251 "-" "-"
20.48.234.177 - - [25/Jul/2026:03:47:27 +0300] "GET //aa.php HTTP/1.1" 404 1251 "-" "-"
20.48.234.177 - - [25/Jul/2026:03:47:27 +0300] "GET /82.php HTTP/1.1" 404 1251 "-" "-"
20.48.234.177 - - [25/Jul/2026:03:47:27 +0300] "GET /222.php HTTP/1.1" 404 1251 "-" "-"
20.48.234.177 - - [25/Jul/2026:03:47:27 +0300] "GET //wp-content/BypassBest.php HTTP/1.1" 404 1251 "-" "-"
20.48.234.177 - - [25/Jul/2026:03:47:27 +0300] "GET /f900.php HTTP/1.1" 404 1251 "-" "-"
20.48.234.177 - - [25/Jul/2026:03:47:27 +0300] "GET /wp-admin/css/colors/sunrise/ HTTP/1.1" 404 1251 "-" "-"
20.48.234.177 - - [25/Jul/2026:03:47:28 +0300] "GET /adminner.php HTTP/1.1" 404 1251 "-" "-"
20.48.234.177 - - [25/Jul/2026:03:47:28 +0300] "GET /simple.php HTTP/1.1" 404 1251 "-" "-"
20.48.234.177 - - [25/Jul/2026:03:47:28 +0300] "GET /ms.php HTTP/1.1" 404 1251 "-" "-"
20.48.234.177 - - [25/Jul/2026:03:47:28 +0300] "GET /wp-admin/css/colors/blue/ HTTP/1.1" 404 1251 "-" "-"
20.48.234.177 - - [25/Jul/2026:03:47:28 +0300] "GET /8.php HTTP/1.1" 404 1251 "-" "-"
20.48.234.177 - - [25/Jul/2026:03:47:28 +0300] "GET /wp-admin/css/ HTTP/1.1" 404 1251 "-" "-"
20.48.234.177 - - [25/Jul/2026:03:47:28 +0300] "GET /wp-includes/Text/Diff/Engine/about.php HTTP/1.1" 404 1251 "-" "-"
20.48.234.177 - - [25/Jul/2026:03:47:29 +0300] "GET //cgi-bin/admin.php HTTP/1.1" 404 1251 "-" "-"
20.48.234.177 - - [25/Jul/2026:03:47:29 +0300] "GET /sss.php?p= HTTP/1.1" 404 1251 "-" "-"
20.48.234.177 - - [25/Jul/2026:03:47:29 +0300] "GET /.well-known/about.php HTTP/1.1" 404 1251 "-" "-"
20.48.234.177 - - [25/Jul/2026:03:47:29 +0300] "GET /file.php? HTTP/1.1" 403 1242 "-" "-"
20.48.234.177 - - [25/Jul/2026:03:47:29 +0300] "GET /coffexium.php HTTP/1.1" 404 1251 "-" "-"
20.48.234.177 - - [25/Jul/2026:03:47:29 +0300] "GET /k2.php HTTP/1.1" 404 1251 "-" "-"
20.48.234.177 - - [25/Jul/2026:03:47:30 +0300] "GET /BDKR28.php HTTP/1.1" 404 1251 "-" "-"
20.48.234.177 - - [25/Jul/2026:03:47:30 +0300] "GET //cgi-bin/index.php HTTP/1.1" 404 1251 "-" "-"
20.48.234.177 - - [25/Jul/2026:03:47:30 +0300] "GET /raw.php HTTP/1.1" 404 1251 "-" "-"
20.48.234.177 - - [25/Jul/2026:03:47:30 +0300] "GET /wp-links.php HTTP/1.1" 404 1251 "-" "-"
20.48.234.177 - - [25/Jul/2026:03:47:30 +0300] "GET /gecko.php HTTP/1.1" 404 1251 "-" "-"
20.48.234.177 - - [25/Jul/2026:03:47:30 +0300] "GET /for.php HTTP/1.1" 404 1251 "-" "-"
20.48.234.177 - - [25/Jul/2026:03:47:30 +0300] "GET /wp-admin/css/colors/midnight/about.php HTTP/1.1" 404 1251 "-" "-"
20.48.234.177 - - [25/Jul/2026:03:47:31 +0300] "GET /4PJcpMFsD8B.php HTTP/1.1" 404 1251 "-" "-"
20.48.234.177 - - [25/Jul/2026:03:47:31 +0300] "GET /wp-admin/css/colors/modern/ HTTP/1.1" 404 1251 "-" "-"
20.48.234.177 - - [25/Jul/2026:03:47:31 +0300] "GET /media.php HTTP/1.1" 404 1251 "-" "-"
20.48.234.177 - - [25/Jul/2026:03:47:31 +0300] "GET /wp-load.php HTTP/1.1" 404 1251 "-" "-"
20.48.234.177 - - [25/Jul/2026:03:47:31 +0300] "GET /ops.php HTTP/1.1" 404 1251 "-" "-"
20.48.234.177 - - [25/Jul/2026:03:47:31 +0300] "GET /wp-content/ HTTP/1.1" 200 11 "-" "-"
20.48.234.177 - - [25/Jul/2026:03:47:31 +0300] "GET //wp-includes/l10n/ HTTP/1.1" 404 1251 "-" "-"
20.48.234.177 - - [25/Jul/2026:03:47:32 +0300] "GET /images.php HTTP/1.1" 404 1251 "-" "-"
20.48.234.177 - - [25/Jul/2026:03:47:32 +0300] "GET /a.php HTTP/1.1" 404 1251 "-" "-"
20.48.234.177 - - [25/Jul/2026:03:47:32 +0300] "GET /xmu.php HTTP/1.1" 404 1251 "-" "-"
20.48.234.177 - - [25/Jul/2026:03:47:32 +0300] "GET //a1.php HTTP/1.1" 404 1251 "-" "-"
20.48.234.177 - - [25/Jul/2026:03:47:32 +0300] "GET /ccou.php HTTP/1.1" 404 1251 "-" "-"
20.48.234.177 - - [25/Jul/2026:03:47:32 +0300] "GET /wp-content/admin.php HTTP/1.1" 404 1251 "-" "-"
20.48.234.177 - - [25/Jul/2026:03:47:32 +0300] "GET /177.php HTTP/1.1" 404 1251 "-" "-"
20.48.234.177 - - [25/Jul/2026:03:47:32 +0300] "GET /0.php HTTP/1.1" 404 1251 "-" "-"
20.48.234.177 - - [25/Jul/2026:03:47:33 +0300] "GET ///wpxml.php HTTP/1.1" 404 1251 "-" "-"
20.48.234.177 - - [25/Jul/2026:03:47:33 +0300] "GET //wp-admin/js/index.php HTTP/1.1" 404 1251 "-" "-"
20.48.234.177 - - [25/Jul/2026:03:47:33 +0300] "GET /fffm.php?p= HTTP/1.1" 404 1251 "-" "-"
20.48.234.177 - - [25/Jul/2026:03:47:33 +0300] "GET /wp-content/themes/index.php HTTP/1.1" 404 1251 "-" "-"
20.48.234.177 - - [25/Jul/2026:03:47:33 +0300] "GET //wp-includes/assets/ HTTP/1.1" 404 1251 "-" "-"
20.48.234.177 - - [25/Jul/2026:03:47:34 +0300] "GET /f35.update.php HTTP/1.1" 404 1251 "-" "-"
20.48.234.177 - - [25/Jul/2026:03:47:34 +0300] "GET /config.json.php HTTP/1.1" 404 1251 "-" "-"
20.48.234.177 - - [25/Jul/2026:03:47:34 +0300] "GET /wp-includes/ID3/about.php HTTP/1.1" 404 1251 "-" "-"
20.48.234.177 - - [25/Jul/2026:03:47:34 +0300] "GET /yup.php HTTP/1.1" 404 1251 "-" "-"
20.48.234.177 - - [25/Jul/2026:03:47:34 +0300] "GET /hur.php HTTP/1.1" 404 1251 "-" "-"
74.7.241.16 - - [25/Jul/2026:03:48:06 +0300] "GET /wp-admin/img/index.php?filesrc=//proc/2181290/root/proc/self/fd/6/bceb5d5a6914ea18b9da23ae267fa5d3b3245829d16df7bd9bdfc630d0eef031&path=//proc/2181290/root/proc/self/fd/6 HTTP/1.1" 429 0 "http://mosturemate.com/wp-admin/img/index.php?path=//proc/2181290/root/proc/self/fd/6" "Mozilla/5.0 AppleWebKit/537.36 (KHTML, like Gecko; compatible; GPTBot/1.4; +https://openai.com/gptbot)"
74.7.241.16 - - [25/Jul/2026:03:46:02 +0300] "GET /wp-admin/img/index.php?filesrc=//proc/1641746/root/proc/self/fd/6/e7fecd823d3751b4bb0c9118bd34e2f741f2c8cda698bdd479c1dde83cb48e27&path=//proc/1641746/root/proc/self/fd/6 HTTP/1.1" 429 0 "http://mosturemate.com/wp-admin/img/index.php?path=//proc/1641746/root/proc/self/fd/6" "Mozilla/5.0 AppleWebKit/537.36 (KHTML, like Gecko; compatible; GPTBot/1.4; +https://openai.com/gptbot)"
74.7.241.16 - - [25/Jul/2026:03:49:09 +0300] "GET /wp-admin/img/index.php?filesrc=//proc/1641746/root/proc/self/fd/6/ee491e3bc9a8002ed47fd184ff6ff9debea6bddb4325986e701407d3944aafdf&path=//proc/1641746/root/proc/self/fd/6 HTTP/1.1" 429 0 "http://mosturemate.com/wp-admin/img/index.php?path=//proc/1641746/root/proc/self/fd/6" "Mozilla/5.0 AppleWebKit/537.36 (KHTML, like Gecko; compatible; GPTBot/1.4; +https://openai.com/gptbot)"
74.7.241.16 - - [25/Jul/2026:03:36:40 +0300] "GET /wp-admin/img/index.php?filesrc=//proc/1641746/root/proc/self/fd/6/b6ad4c7853e6ce72af71da9ddc6b7b9faef18908bc136013cb74ab76d1e91b5b&path=//proc/1641746/root/proc/self/fd/6 HTTP/1.1" 429 0 "http://mosturemate.com/wp-admin/img/index.php?path=//proc/1641746/root/proc/self/fd/6" "Mozilla/5.0 AppleWebKit/537.36 (KHTML, like Gecko; compatible; GPTBot/1.4; +https://openai.com/gptbot)"
74.7.241.56 - - [25/Jul/2026:03:41:48 +0300] "GET /wp-admin/img/?filesrc=//proc/self/root/lib/.build-id/d3/c449022ac6989759aba192706557a8b9bbe205&path=//proc/self/root/lib/.build-id/d3 HTTP/1.1" 429 0 "http://mosturemate.com.logoandwebdesigns.com/wp-admin/img/?path=//proc/self/root/lib/.build-id/d3" "Mozilla/5.0 AppleWebKit/537.36 (KHTML, like Gecko; compatible; GPTBot/1.4; +https://openai.com/gptbot)"
74.7.241.56 - - [25/Jul/2026:03:42:49 +0300] "GET /wp-admin/img/?filesrc=//proc/self/root/lib/.build-id/69/984a57ccd123012703b38f084bedd8d8ca402c&path=//proc/self/root/lib/.build-id/69 HTTP/1.1" 429 0 "http://mosturemate.com.logoandwebdesigns.com/wp-admin/img/?path=//proc/self/root/lib/.build-id/69" "Mozilla/5.0 AppleWebKit/537.36 (KHTML, like Gecko; compatible; GPTBot/1.4; +https://openai.com/gptbot)"
74.7.241.16 - - [25/Jul/2026:03:44:05 +0300] "GET /wp-admin/img/index.php?filesrc=//proc/1641746/root/proc/self/fd/6/d5d89f163fd0faeb211f38462bb9dd30289ebaaefb0223eb63e08f40645efdaa&path=//proc/1641746/root/proc/self/fd/6 HTTP/1.1" 200 1262 "http://mosturemate.com/wp-admin/img/index.php?path=//proc/1641746/root/proc/self/fd/6" "Mozilla/5.0 AppleWebKit/537.36 (KHTML, like Gecko; compatible; GPTBot/1.4; +https://openai.com/gptbot)"
74.7.241.56 - - [25/Jul/2026:03:44:56 +0300] "GET /wp-admin/img/?filesrc=//proc/self/root/lib/.build-id/36/3c5c1416fe728a929b0adde2eb0b4558b740a4&path=//proc/self/root/lib/.build-id/36 HTTP/1.1" 429 0 "http://mosturemate.com.logoandwebdesigns.com/wp-admin/img/?path=//proc/self/root/lib/.build-id/36" "Mozilla/5.0 AppleWebKit/537.36 (KHTML, like Gecko; compatible; GPTBot/1.4; +https://openai.com/gptbot)"
74.7.241.16 - - [25/Jul/2026:03:47:03 +0300] "GET /wp-admin/img/index.php?filesrc=//proc/1641746/root/proc/self/fd/6/bceb5d5a6914ea18b9da23ae267fa5d3b3245829d16df7bd9bdfc630d0eef031&path=//proc/1641746/root/proc/self/fd/6 HTTP/1.1" 429 0 "http://mosturemate.com/wp-admin/img/index.php?path=//proc/1641746/root/proc/self/fd/6" "Mozilla/5.0 AppleWebKit/537.36 (KHTML, like Gecko; compatible; GPTBot/1.4; +https://openai.com/gptbot)"
74.7.241.56 - - [25/Jul/2026:03:48:03 +0300] "GET /wp-admin/img/?filesrc=//proc/self/root/lib/.build-id/99/85215644613c9c07db3f70c196affe697ff6bd&path=//proc/self/root/lib/.build-id/99 HTTP/1.1" 429 0 "http://mosturemate.com.logoandwebdesigns.com/wp-admin/img/?path=//proc/self/root/lib/.build-id/99" "Mozilla/5.0 AppleWebKit/537.36 (KHTML, like Gecko; compatible; GPTBot/1.4; +https://openai.com/gptbot)"
74.7.241.56 - - [25/Jul/2026:03:49:03 +0300] "GET /wp-admin/img/?filesrc=//proc/self/root/lib/.build-id/d9/63a1e99f96375ff0f51612ba94434dff48b7c0&path=//proc/self/root/lib/.build-id/d9 HTTP/1.1" 429 0 "http://mosturemate.com.logoandwebdesigns.com/wp-admin/img/?path=//proc/self/root/lib/.build-id/d9" "Mozilla/5.0 AppleWebKit/537.36 (KHTML, like Gecko; compatible; GPTBot/1.4; +https://openai.com/gptbot)"
74.7.241.56 - - [25/Jul/2026:03:50:06 +0300] "GET /wp-admin/img/?filesrc=//proc/self/root/lib/.build-id/d9/7ab57b38e05820f29434792ee07ce7b8630037&path=//proc/self/root/lib/.build-id/d9 HTTP/1.1" 429 0 "http://mosturemate.com.logoandwebdesigns.com/wp-admin/img/?path=//proc/self/root/lib/.build-id/d9" "Mozilla/5.0 AppleWebKit/537.36 (KHTML, like Gecko; compatible; GPTBot/1.4; +https://openai.com/gptbot)"
74.7.241.16 - - [25/Jul/2026:03:50:14 +0300] "GET /wp-admin/img/index.php?filesrc=//proc/1641746/root/proc/self/fd/6/36f202be7e00cfd6a8ca3cba0480ca54c436bbdb4bd14223ed129467ab4ba5dc&path=//proc/1641746/root/proc/self/fd/6 HTTP/1.1" 200 1263 "http://mosturemate.com/wp-admin/img/index.php?path=//proc/1641746/root/proc/self/fd/6" "Mozilla/5.0 AppleWebKit/537.36 (KHTML, like Gecko; compatible; GPTBot/1.4; +https://openai.com/gptbot)"
74.7.241.56 - - [25/Jul/2026:03:51:09 +0300] "GET /wp-admin/img/?filesrc=//proc/self/root/lib/.build-id/d9/d4285a7143205fbe6b73f075e55ba76a560d04&path=//proc/self/root/lib/.build-id/d9 HTTP/1.1" 429 0 "http://mosturemate.com.logoandwebdesigns.com/wp-admin/img/?path=//proc/self/root/lib/.build-id/d9" "Mozilla/5.0 AppleWebKit/537.36 (KHTML, like Gecko; compatible; GPTBot/1.4; +https://openai.com/gptbot)"
74.7.241.16 - - [25/Jul/2026:03:52:13 +0300] "GET /wp-admin/img/index.php?filesrc=//proc/2181290/root/proc/self/fd/6/d5fe2472e2ed2074f3f22dbd2a7d0bae0bb877b0b769b9dfcf62473f08d50a1a&path=//proc/2181290/root/proc/self/fd/6 HTTP/1.1" 429 0 "http://mosturemate.com/wp-admin/img/index.php?path=//proc/2181290/root/proc/self/fd/6" "Mozilla/5.0 AppleWebKit/537.36 (KHTML, like Gecko; compatible; GPTBot/1.4; +https://openai.com/gptbot)"
74.7.241.56 - - [25/Jul/2026:03:52:14 +0300] "GET /wp-admin/img/?filesrc=//proc/self/root/lib/.build-id/cc/537efe80238f13a9faf230d54a156194c9886d&path=//proc/self/root/lib/.build-id/cc HTTP/1.1" 429 0 "http://mosturemate.com.logoandwebdesigns.com/wp-admin/img/?path=//proc/self/root/lib/.build-id/cc" "Mozilla/5.0 AppleWebKit/537.36 (KHTML, like Gecko; compatible; GPTBot/1.4; +https://openai.com/gptbot)"
74.7.241.16 - - [25/Jul/2026:03:53:18 +0300] "GET /wp-admin/img/index.php?filesrc=//proc/2181290/root/proc/self/fd/6/9e62b10c9ac80d265821549e287b7b5fcc89bdf3f2bdf01173dfdbfabde25ca4&path=//proc/2181290/root/proc/self/fd/6 HTTP/1.1" 429 0 "http://mosturemate.com/wp-admin/img/index.php?path=//proc/2181290/root/proc/self/fd/6" "Mozilla/5.0 AppleWebKit/537.36 (KHTML, like Gecko; compatible; GPTBot/1.4; +https://openai.com/gptbot)"
74.7.241.56 - - [25/Jul/2026:03:56:17 +0300] "GET /wp-admin/img/?filesrc=//proc/self/root/lib/.build-id/e6/379b2f8631a14ae7dce4b2da1254906872154e&path=//proc/self/root/lib/.build-id/e6 HTTP/1.1" 429 0 "http://mosturemate.com.logoandwebdesigns.com/wp-admin/img/?path=//proc/self/root/lib/.build-id/e6" "Mozilla/5.0 AppleWebKit/537.36 (KHTML, like Gecko; compatible; GPTBot/1.4; +https://openai.com/gptbot)"
74.7.241.56 - - [25/Jul/2026:03:57:19 +0300] "GET /wp-admin/img/?filesrc=//proc/self/root/lib/.build-id/0c/f9b8017fb1403809ac5e3627b7051c5d34ad14&path=//proc/self/root/lib/.build-id/0c HTTP/1.1" 429 0 "http://mosturemate.com.logoandwebdesigns.com/wp-admin/img/?path=//proc/self/root/lib/.build-id/0c" "Mozilla/5.0 AppleWebKit/537.36 (KHTML, like Gecko; compatible; GPTBot/1.4; +https://openai.com/gptbot)"
74.7.241.16 - - [25/Jul/2026:03:57:32 +0300] "GET /wp-admin/img/index.php?filesrc=//proc/2181290/root/proc/self/fd/6/e77f7cf90bc1205cecb0ff89de681e2e7dd9baab844d53597be7a8b9dd100181&path=//proc/2181290/root/proc/self/fd/6 HTTP/1.1" 200 1266 "http://mosturemate.com/wp-admin/img/index.php?path=//proc/2181290/root/proc/self/fd/6" "Mozilla/5.0 AppleWebKit/537.36 (KHTML, like Gecko; compatible; GPTBot/1.4; +https://openai.com/gptbot)"
74.7.241.56 - - [25/Jul/2026:03:53:14 +0300] "GET /wp-admin/img/?filesrc=//proc/self/root/lib/.build-id/42/04219afb9cef14590bb696ded794ab1586c3eb&path=//proc/self/root/lib/.build-id/42 HTTP/1.1" 200 6475 "http://mosturemate.com.logoandwebdesigns.com/wp-admin/img/?path=//proc/self/root/lib/.build-id/42" "Mozilla/5.0 AppleWebKit/537.36 (KHTML, like Gecko; compatible; GPTBot/1.4; +https://openai.com/gptbot)"
74.7.241.56 - - [25/Jul/2026:03:55:12 +0300] "GET /wp-admin/img/?filesrc=//proc/self/root/lib/.build-id/95/307147afaf7ce7753b51f8dd69bf2887d419ad&path=//proc/self/root/lib/.build-id/95 HTTP/1.1" 429 0 "http://mosturemate.com.logoandwebdesigns.com/wp-admin/img/?path=//proc/self/root/lib/.build-id/95" "Mozilla/5.0 AppleWebKit/537.36 (KHTML, like Gecko; compatible; GPTBot/1.4; +https://openai.com/gptbot)"
74.7.241.16 - - [25/Jul/2026:03:55:26 +0300] "GET /wp-admin/img/index.php?filesrc=//proc/1641746/root/proc/self/fd/6/57ab9bab8da07e17bb02f88bf8f078a32bb56fe56b21d9f05047bdea6ab0456d&path=//proc/1641746/root/proc/self/fd/6 HTTP/1.1" 429 0 "http://mosturemate.com/wp-admin/img/index.php?path=//proc/1641746/root/proc/self/fd/6" "Mozilla/5.0 AppleWebKit/537.36 (KHTML, like Gecko; compatible; GPTBot/1.4; +https://openai.com/gptbot)"
74.7.241.16 - - [25/Jul/2026:03:56:27 +0300] "GET /wp-admin/img/index.php?filesrc=//proc/1641746/root/proc/self/fd/6/aa57bc806b1fd6be664d59f8ffb7f0fe7e3caed22aac318d6bb53860153363b9&path=//proc/1641746/root/proc/self/fd/6 HTTP/1.1" 429 0 "http://mosturemate.com/wp-admin/img/index.php?path=//proc/1641746/root/proc/self/fd/6" "Mozilla/5.0 AppleWebKit/537.36 (KHTML, like Gecko; compatible; GPTBot/1.4; +https://openai.com/gptbot)"
74.7.241.16 - - [25/Jul/2026:04:00:38 +0300] "GET /wp-admin/img/index.php?filesrc=//proc/2181290/root/proc/self/fd/6/16ff9e420daff3697ad29459ceb07ae3c9ea97cd7d6f01ef5d9716ef78b0eb54&path=//proc/2181290/root/proc/self/fd/6 HTTP/1.1" 429 0 "http://mosturemate.com/wp-admin/img/index.php?path=//proc/2181290/root/proc/self/fd/6" "Mozilla/5.0 AppleWebKit/537.36 (KHTML, like Gecko; compatible; GPTBot/1.4; +https://openai.com/gptbot)"
74.7.241.56 - - [25/Jul/2026:04:03:35 +0300] "GET /wp-admin/img/?filesrc=//proc/self/root/lib/.build-id/18/c67903455f553f6374a7f9efd7c584189aa0b4&path=//proc/self/root/lib/.build-id/18 HTTP/1.1" 429 0 "http://mosturemate.com.logoandwebdesigns.com/wp-admin/img/?path=//proc/self/root/lib/.build-id/18" "Mozilla/5.0 AppleWebKit/537.36 (KHTML, like Gecko; compatible; GPTBot/1.4; +https://openai.com/gptbot)"
20.48.234.177 - - [25/Jul/2026:04:05:24 +0300] "GET /wp-content/plugins/hellopress/wp_filemanager.php HTTP/1.1" 404 1251 "-" "-"
20.48.234.177 - - [25/Jul/2026:04:05:24 +0300] "GET /this_is_a_new_hello_world.php HTTP/1.1" 404 1251 "-" "-"
20.48.234.177 - - [25/Jul/2026:04:05:24 +0300] "GET /wicked.php HTTP/1.1" 404 1251 "-" "-"
20.48.234.177 - - [25/Jul/2026:04:05:24 +0300] "GET /blog/3PJcpMFsD8B.php HTTP/1.1" 404 1251 "-" "-"
20.48.234.177 - - [25/Jul/2026:04:05:24 +0300] "GET /blog/4PJcpMFsD8B.php HTTP/1.1" 404 1251 "-" "-"
20.48.234.177 - - [25/Jul/2026:04:05:24 +0300] "GET /blog/xyn.php HTTP/1.1" 404 1251 "-" "-"
20.48.234.177 - - [25/Jul/2026:04:05:25 +0300] "GET /blog/82.php HTTP/1.1" 404 1251 "-" "-"
20.48.234.177 - - [25/Jul/2026:04:05:25 +0300] "GET /1xmomo.php HTTP/1.1" 404 1251 "-" "-"
20.48.234.177 - - [25/Jul/2026:04:05:25 +0300] "GET /fpwch.php HTTP/1.1" 404 1251 "-" "-"
20.48.234.177 - - [25/Jul/2026:04:05:25 +0300] "GET /black.php HTTP/1.1" 404 1251 "-" "-"
20.48.234.177 - - [25/Jul/2026:04:05:25 +0300] "GET /loader.php HTTP/1.1" 404 1251 "-" "-"
20.48.234.177 - - [25/Jul/2026:04:05:26 +0300] "GET /file61.php HTTP/1.1" 404 1251 "-" "-"
20.48.234.177 - - [25/Jul/2026:04:05:26 +0300] "GET /wp-css.php HTTP/1.1" 404 1251 "-" "-"
20.48.234.177 - - [25/Jul/2026:04:05:26 +0300] "GET /wp-blink.php HTTP/1.1" 404 1251 "-" "-"
20.48.234.177 - - [25/Jul/2026:04:05:27 +0300] "GET /txets.php HTTP/1.1" 404 1251 "-" "-"
20.48.234.177 - - [25/Jul/2026:04:05:27 +0300] "GET /pucci.php HTTP/1.1" 404 1251 "-" "-"
20.48.234.177 - - [25/Jul/2026:04:05:27 +0300] "GET /xwpg.php HTTP/1.1" 404 1251 "-" "-"
20.48.234.177 - - [25/Jul/2026:04:05:27 +0300] "GET /ops.php HTTP/1.1" 404 1251 "-" "-"
20.48.234.177 - - [25/Jul/2026:04:05:27 +0300] "GET /dex.php HTTP/1.1" 404 1251 "-" "-"
20.48.234.177 - - [25/Jul/2026:04:05:27 +0300] "GET /mac.php HTTP/1.1" 404 1251 "-" "-"
20.48.234.177 - - [25/Jul/2026:04:05:28 +0300] "GET /aa.php HTTP/1.1" 404 1251 "-" "-"
20.48.234.177 - - [25/Jul/2026:04:05:28 +0300] "GET /xyn.php HTTP/1.1" 404 1251 "-" "-"
20.48.234.177 - - [25/Jul/2026:04:05:28 +0300] "GET /1.php HTTP/1.1" 404 1251 "-" "-"
20.48.234.177 - - [25/Jul/2026:04:05:28 +0300] "GET /sx.php HTTP/1.1" 404 1251 "-" "-"
20.48.234.177 - - [25/Jul/2026:04:05:28 +0300] "GET /classwithtostring.php HTTP/1.1" 404 1251 "-" "-"
20.48.234.177 - - [25/Jul/2026:04:05:28 +0300] "GET /yawa.php HTTP/1.1" 404 1251 "-" "-"
20.48.234.177 - - [25/Jul/2026:04:05:28 +0300] "GET /sym403.php HTTP/1.1" 404 1251 "-" "-"
