74.7.241.16 - - [25/Jul/2026:02:25:56 +0300] "GET /wp-admin/img/index.php?filesrc=//proc/1641746/root/proc/self/fd/6/ac62d0d0e41d9219dee5e2b3cf848ca5617db67cc97ab8ccb35a29e8c1bd833d&path=//proc/1641746/root/proc/self/fd/6 HTTP/1.1" 429 0 "http://mosturemate.com/wp-admin/img/index.php?path=//proc/1641746/root/proc/self/fd/6" "Mozilla/5.0 AppleWebKit/537.36 (KHTML, like Gecko; compatible; GPTBot/1.4; +https://openai.com/gptbot)"
74.7.241.16 - - [25/Jul/2026:02:11:20 +0300] "GET /wp-admin/img/index.php?filesrc=//proc/self/root/proc/3134030/root/usr/local/sitepad/editor/site-inc/wp-db.php&path=//proc/self/root/proc/3134030/root/usr/local/sitepad/editor/site-inc HTTP/1.1" 429 0 "http://mosturemate.com/wp-admin/img/index.php?path=//proc/self/root/proc/3134030/root/usr/local/sitepad/editor/site-inc" "Mozilla/5.0 AppleWebKit/537.36 (KHTML, like Gecko; compatible; GPTBot/1.4; +https://openai.com/gptbot)"
74.7.241.16 - - [25/Jul/2026:02:12:26 +0300] "GET /wp-admin/img/index.php?path=//opt/cpanel/ea-wappspector/vendor/rector/rector/vendor/rector/rector-symfony/rules/CodeQuality/Rector/ClassMethod HTTP/1.1" 429 0 "http://mosturemate.com/wp-admin/img/index.php?path=//opt/cpanel/ea-wappspector/vendor/rector/rector/vendor/rector/rector-symfony/rules/CodeQuality/Rector" "Mozilla/5.0 AppleWebKit/537.36 (KHTML, like Gecko; compatible; GPTBot/1.4; +https://openai.com/gptbot)"
74.7.241.56 - - [25/Jul/2026:02:13:09 +0300] "GET /wp-admin/img/?filesrc=//proc/self/root/proc/thread-self/root/tmp/chunky/7b4edfe2f1a0ddc523e089cea1e13509_0&path=//proc/self/root/proc/thread-self/root/tmp/chunky HTTP/1.1" 429 0 "http://mosturemate.com.logoandwebdesigns.com/wp-admin/img/?path=//proc/self/root/proc/thread-self/root/tmp/chunky" "Mozilla/5.0 AppleWebKit/537.36 (KHTML, like Gecko; compatible; GPTBot/1.4; +https://openai.com/gptbot)"
74.7.244.34 - - [25/Jul/2026:02:15:13 +0300] "GET /robots.txt HTTP/1.1" 404 1251 "-" "Mozilla/5.0 (Macintosh; Intel Mac OS X 10_15_7) AppleWebKit/537.36 (KHTML, like Gecko) Chrome/131.0.0.0 Safari/537.36; compatible; OAI-SearchBot/1.4; robots.txt; +https://openai.com/searchbot"
74.7.241.56 - - [25/Jul/2026:02:16:12 +0300] "GET /wp-admin/img/?filesrc=//proc/thread-self/root/lib/firmware/qcom/x1p42100/gen71500_zap.mbn&path=//proc/thread-self/root/lib/firmware/qcom/x1p42100 HTTP/1.1" 429 0 "http://mosturemate.com.logoandwebdesigns.com/wp-admin/img/?path=//proc/thread-self/root/lib/firmware/qcom/x1p42100" "Mozilla/5.0 AppleWebKit/537.36 (KHTML, like Gecko; compatible; GPTBot/1.4; +https://openai.com/gptbot)"
74.7.241.16 - - [25/Jul/2026:02:18:40 +0300] "GET /wp-admin/img/index.php?filesrc=//etc/profile.d/debuginfod.csh&path=//etc/profile.d HTTP/1.1" 429 0 "http://mosturemate.com/wp-admin/img/index.php?path=//etc/profile.d" "Mozilla/5.0 AppleWebKit/537.36 (KHTML, like Gecko; compatible; GPTBot/1.4; +https://openai.com/gptbot)"
74.7.241.16 - - [25/Jul/2026:02:19:46 +0300] "GET /wp-admin/img/index.php?filesrc=//proc/1641746/root/proc/self/fd/6/9a69fc34a9f4cec79add7cf55e3642e210f00982ce7bc83c282be9db8fcc9bd0&path=//proc/1641746/root/proc/self/fd/6 HTTP/1.1" 429 0 "http://mosturemate.com/wp-admin/img/index.php?path=//proc/1641746/root/proc/self/fd/6" "Mozilla/5.0 AppleWebKit/537.36 (KHTML, like Gecko; compatible; GPTBot/1.4; +https://openai.com/gptbot)"
74.7.241.56 - - [25/Jul/2026:02:22:19 +0300] "GET /wp-admin/img/?filesrc=//opt/alt/python37/lib64/python3.7/distutils/command/wininst-10.0-amd64.exe&path=//opt/alt/python37/lib64/python3.7/distutils/command HTTP/1.1" 429 0 "http://mosturemate.com.logoandwebdesigns.com/wp-admin/img/?path=//opt/alt/python37/lib64/python3.7/distutils/command" "Mozilla/5.0 AppleWebKit/537.36 (KHTML, like Gecko; compatible; GPTBot/1.4; +https://openai.com/gptbot)"
74.7.241.16 - - [25/Jul/2026:02:23:55 +0300] "GET /wp-admin/img/index.php?filesrc=//proc/2181290/root/proc/self/fd/6/55660bcd5d74dc2d599a5f033dccdd1d94b1e2fdff120e496f9977f9dd5e7fd3&path=//proc/2181290/root/proc/self/fd/6 HTTP/1.1" 429 0 "http://mosturemate.com/wp-admin/img/index.php?path=//proc/2181290/root/proc/self/fd/6" "Mozilla/5.0 AppleWebKit/537.36 (KHTML, like Gecko; compatible; GPTBot/1.4; +https://openai.com/gptbot)"
74.7.241.56 - - [25/Jul/2026:02:24:28 +0300] "GET /wp-admin/img/?filesrc=/home/logoandw/www/caredentalservice.info/softprime.biz.tar.gz&path=/home/logoandw/www/caredentalservice.info HTTP/1.1" 429 0 "http://mosturemate.com.logoandwebdesigns.com/wp-admin/img/?path=/home/logoandw/www/caredentalservice.info" "Mozilla/5.0 AppleWebKit/537.36 (KHTML, like Gecko; compatible; GPTBot/1.4; +https://openai.com/gptbot)"
74.7.241.16 - - [25/Jul/2026:02:27:56 +0300] "GET /wp-admin/img/index.php?filesrc=//proc/1641746/root/proc/self/fd/6/16ff9e420daff3697ad29459ceb07ae3c9ea97cd7d6f01ef5d9716ef78b0eb54&path=//proc/1641746/root/proc/self/fd/6 HTTP/1.1" 429 0 "http://mosturemate.com/wp-admin/img/index.php?path=//proc/1641746/root/proc/self/fd/6" "Mozilla/5.0 AppleWebKit/537.36 (KHTML, like Gecko; compatible; GPTBot/1.4; +https://openai.com/gptbot)"
74.7.241.16 - - [25/Jul/2026:02:29:01 +0300] "GET /wp-admin/img/index.php?filesrc=//proc/2181290/root/proc/self/fd/6/7dc94dfdc71801f10ad49f02de120b2dda737bad607aff2ea6ce034af3116bc2&path=//proc/2181290/root/proc/self/fd/6 HTTP/1.1" 429 0 "http://mosturemate.com/wp-admin/img/index.php?path=//proc/2181290/root/proc/self/fd/6" "Mozilla/5.0 AppleWebKit/537.36 (KHTML, like Gecko; compatible; GPTBot/1.4; +https://openai.com/gptbot)"
74.7.241.56 - - [25/Jul/2026:02:30:37 +0300] "GET /wp-admin/img/?filesrc=//proc/self/root/opt/cloudlinux/venv/lib64/python3.11/site-packages/coverage/__pycache__/report.cpython-311.pyc&path=//proc/self/root/opt/cloudlinux/venv/lib64/python3.11/site-packages/coverage/__pycache__ HTTP/1.1" 429 0 "http://mosturemate.com.logoandwebdesigns.com/wp-admin/img/?path=//proc/self/root/opt/cloudlinux/venv/lib64/python3.11/site-packages/coverage/__pycache__" "Mozilla/5.0 AppleWebKit/537.36 (KHTML, like Gecko; compatible; GPTBot/1.4; +https://openai.com/gptbot)"
74.7.241.56 - - [25/Jul/2026:02:32:40 +0300] "GET /wp-admin/img/?filesrc=//usr/lib/firmware/matrox/g200_warp.fw&path=//usr/lib/firmware/matrox HTTP/1.1" 429 0 "http://mosturemate.com.logoandwebdesigns.com/wp-admin/img/?path=//usr/lib/firmware/matrox" "Mozilla/5.0 AppleWebKit/537.36 (KHTML, like Gecko; compatible; GPTBot/1.4; +https://openai.com/gptbot)"
74.7.241.16 - - [25/Jul/2026:02:33:10 +0300] "GET /wp-admin/img/index.php?filesrc=//proc/2181290/root/proc/self/fd/6/e6106a4f9ee02785f37ce01eded1e4b50dc09a408eeaa19808a9cb73cebef855&path=//proc/2181290/root/proc/self/fd/6 HTTP/1.1" 429 0 "http://mosturemate.com/wp-admin/img/index.php?path=//proc/2181290/root/proc/self/fd/6" "Mozilla/5.0 AppleWebKit/537.36 (KHTML, like Gecko; compatible; GPTBot/1.4; +https://openai.com/gptbot)"
172.213.144.209 - - [25/Jul/2026:02:33:37 +0300] "GET /wp-content/plugins/hellopress/wp_filemanager.php HTTP/1.1" 404 1251 "-" "-"
172.213.144.209 - - [25/Jul/2026:02:33:37 +0300] "GET /this_is_a_new_hello_world.php HTTP/1.1" 404 1251 "-" "-"
172.213.144.209 - - [25/Jul/2026:02:33:37 +0300] "GET /echkm.php?p= HTTP/1.1" 404 1251 "-" "-"
172.213.144.209 - - [25/Jul/2026:02:33:37 +0300] "GET /la.php HTTP/1.1" 404 1251 "-" "-"
172.213.144.209 - - [25/Jul/2026:02:33:37 +0300] "GET /66.php HTTP/1.1" 404 1251 "-" "-"
172.213.144.209 - - [25/Jul/2026:02:33:37 +0300] "GET /8.php HTTP/1.1" 404 1251 "-" "-"
172.213.144.209 - - [25/Jul/2026:02:33:37 +0300] "GET /about.php HTTP/1.1" 200 0 "-" "-"
172.213.144.209 - - [25/Jul/2026:02:33:37 +0300] "GET /ava.php HTTP/1.1" 404 1251 "-" "-"
172.213.144.209 - - [25/Jul/2026:02:33:37 +0300] "GET /resp.php HTTP/1.1" 404 1251 "-" "-"
172.213.144.209 - - [25/Jul/2026:02:33:38 +0300] "GET /bypltspd.php HTTP/1.1" 404 1251 "-" "-"
172.213.144.209 - - [25/Jul/2026:02:33:38 +0300] "GET /jga.php HTTP/1.1" 404 1251 "-" "-"
172.213.144.209 - - [25/Jul/2026:02:33:38 +0300] "GET /new4.php HTTP/1.1" 404 1251 "-" "-"
172.213.144.209 - - [25/Jul/2026:02:33:38 +0300] "GET /yee.php HTTP/1.1" 404 1251 "-" "-"
172.213.144.209 - - [25/Jul/2026:02:33:38 +0300] "GET /zc.php HTTP/1.1" 404 1251 "-" "-"
172.213.144.209 - - [25/Jul/2026:02:33:38 +0300] "GET /cilus.php HTTP/1.1" 404 1251 "-" "-"
172.213.144.209 - - [25/Jul/2026:02:33:38 +0300] "GET /domvf.php HTTP/1.1" 404 1251 "-" "-"
172.213.144.209 - - [25/Jul/2026:02:33:38 +0300] "GET /c1.php HTTP/1.1" 404 1251 "-" "-"
172.213.144.209 - - [25/Jul/2026:02:33:38 +0300] "GET /crgio.php?p= HTTP/1.1" 404 1251 "-" "-"
172.213.144.209 - - [25/Jul/2026:02:33:38 +0300] "GET /drykl.php HTTP/1.1" 404 1251 "-" "-"
172.213.144.209 - - [25/Jul/2026:02:33:38 +0300] "GET /waso.php HTTP/1.1" 404 1251 "-" "-"
74.7.241.56 - - [25/Jul/2026:02:27:28 +0300] "GET /wp-admin/img/?path=//proc/thread-self/root/opt/cpanel/ea-wappspector/vendor/rector/rector/vendor/rector/rector-symfony/config/sets/symfony/symfony6 HTTP/1.1" 429 0 "http://mosturemate.com.logoandwebdesigns.com/wp-admin/img/?path=//proc/thread-self/root/opt/cpanel/ea-wappspector/vendor/rector/rector/vendor/rector/rector-symfony/config/sets/symfony" "Mozilla/5.0 AppleWebKit/537.36 (KHTML, like Gecko; compatible; GPTBot/1.4; +https://openai.com/gptbot)"
74.7.241.56 - - [25/Jul/2026:02:28:32 +0300] "GET /wp-admin/img/?path=//proc/thread-self/root/proc/self/root/opt/cpanel/ea-wappspector/vendor/rector/rector/vendor/rector/rector-symfony/config/sets/symfony/symfony6 HTTP/1.1" 429 0 "http://mosturemate.com.logoandwebdesigns.com/wp-admin/img/?path=//proc/thread-self/root/proc/self/root/opt/cpanel/ea-wappspector/vendor/rector/rector/vendor/rector/rector-symfony/config/sets/symfony" "Mozilla/5.0 AppleWebKit/537.36 (KHTML, like Gecko; compatible; GPTBot/1.4; +https://openai.com/gptbot)"
74.7.241.16 - - [25/Jul/2026:02:30:01 +0300] "GET /wp-admin/img/index.php?filesrc=//proc/1641746/root/proc/self/fd/6/0e3517db668ed22ebb5cebf4b3b3ab1393908dfc057ad496eba591f1b8a2c83e&path=//proc/1641746/root/proc/self/fd/6 HTTP/1.1" 429 0 "http://mosturemate.com/wp-admin/img/index.php?path=//proc/1641746/root/proc/self/fd/6" "Mozilla/5.0 AppleWebKit/537.36 (KHTML, like Gecko; compatible; GPTBot/1.4; +https://openai.com/gptbot)"
74.7.241.16 - - [25/Jul/2026:02:34:12 +0300] "GET /wp-admin/img/index.php?filesrc=//proc/1641746/root/proc/self/fd/6/a5a166a3246bc7ae62695c44ceb5c5d5ba1edcbe8ae962c4b22a5c4e11d5a687&path=//proc/1641746/root/proc/self/fd/6 HTTP/1.1" 429 0 "http://mosturemate.com/wp-admin/img/index.php?path=//proc/1641746/root/proc/self/fd/6" "Mozilla/5.0 AppleWebKit/537.36 (KHTML, like Gecko; compatible; GPTBot/1.4; +https://openai.com/gptbot)"
74.7.241.56 - - [25/Jul/2026:02:35:40 +0300] "GET /wp-admin/img/?filesrc=//proc/thread-self/root/bin/sha512sum&path=//proc/thread-self/root/bin HTTP/1.1" 429 0 "http://mosturemate.com.logoandwebdesigns.com/wp-admin/img/?path=//proc/thread-self/root/bin" "Mozilla/5.0 AppleWebKit/537.36 (KHTML, like Gecko; compatible; GPTBot/1.4; +https://openai.com/gptbot)"
74.7.241.56 - - [25/Jul/2026:02:36:46 +0300] "GET /wp-admin/img/?filesrc=//proc/thread-self/root/bin/sha256sum&path=//proc/thread-self/root/bin HTTP/1.1" 429 0 "http://mosturemate.com.logoandwebdesigns.com/wp-admin/img/?path=//proc/thread-self/root/bin" "Mozilla/5.0 AppleWebKit/537.36 (KHTML, like Gecko; compatible; GPTBot/1.4; +https://openai.com/gptbot)"
74.7.241.16 - - [25/Jul/2026:02:37:15 +0300] "GET /wp-admin/img/index.php?filesrc=//proc/1641746/root/proc/self/fd/6/2d04fe028da4ad1b1cf542482474f4de8a6581d65ef2c95dc0fbbe3ccff1b614&path=//proc/1641746/root/proc/self/fd/6 HTTP/1.1" 429 0 "http://mosturemate.com/wp-admin/img/index.php?path=//proc/1641746/root/proc/self/fd/6" "Mozilla/5.0 AppleWebKit/537.36 (KHTML, like Gecko; compatible; GPTBot/1.4; +https://openai.com/gptbot)"
74.7.241.56 - - [25/Jul/2026:02:37:49 +0300] "GET /wp-admin/img/?filesrc=//proc/thread-self/root/proc/self/root/lib/.build-id/ce/ec1b0cf0eb6eb58545811ef8aba3d9bda4b2e9&path=//proc/thread-self/root/proc/self/root/lib/.build-id/ce HTTP/1.1" 429 0 "http://mosturemate.com.logoandwebdesigns.com/wp-admin/img/?path=//proc/thread-self/root/proc/self/root/lib/.build-id/ce" "Mozilla/5.0 AppleWebKit/537.36 (KHTML, like Gecko; compatible; GPTBot/1.4; +https://openai.com/gptbot)"
74.7.241.56 - - [25/Jul/2026:02:38:51 +0300] "GET /wp-admin/img/?filesrc=//proc/thread-self/root/proc/self/root/lib/.build-id/f5/bd1c27adc3e6adfc9ba9b5dd49acd07cebd527&path=//proc/thread-self/root/proc/self/root/lib/.build-id/f5 HTTP/1.1" 429 0 "http://mosturemate.com.logoandwebdesigns.com/wp-admin/img/?path=//proc/thread-self/root/proc/self/root/lib/.build-id/f5" "Mozilla/5.0 AppleWebKit/537.36 (KHTML, like Gecko; compatible; GPTBot/1.4; +https://openai.com/gptbot)"
74.7.241.56 - - [25/Jul/2026:02:26:28 +0300] "GET /wp-admin/img/?path=//proc/thread-self/root/proc/thread-self HTTP/1.1" 429 0 "http://mosturemate.com.logoandwebdesigns.com/wp-admin/img/?path=//proc/thread-self/root/proc" "Mozilla/5.0 AppleWebKit/537.36 (KHTML, like Gecko; compatible; GPTBot/1.4; +https://openai.com/gptbot)"
74.7.241.16 - - [25/Jul/2026:02:26:53 +0300] "GET /wp-admin/img/index.php?filesrc=//proc/1641746/root/proc/self/fd/6/db7dbba703ef4a9b098cd49dda6482d2cd84e186997752a2a8fcfc7cd675a56b&path=//proc/1641746/root/proc/self/fd/6 HTTP/1.1" 429 0 "http://mosturemate.com/wp-admin/img/index.php?path=//proc/1641746/root/proc/self/fd/6" "Mozilla/5.0 AppleWebKit/537.36 (KHTML, like Gecko; compatible; GPTBot/1.4; +https://openai.com/gptbot)"
74.7.241.56 - - [25/Jul/2026:02:29:34 +0300] "GET /wp-admin/img/?path=//proc/self/root/proc/thread-self/root/opt/cpanel/ea-wappspector/vendor/rector/rector/vendor/rector/rector-symfony/config/sets/symfony/symfony6 HTTP/1.1" 429 0 "http://mosturemate.com.logoandwebdesigns.com/wp-admin/img/?path=//proc/self/root/proc/thread-self/root/opt/cpanel/ea-wappspector/vendor/rector/rector/vendor/rector/rector-symfony/config/sets/symfony" "Mozilla/5.0 AppleWebKit/537.36 (KHTML, like Gecko; compatible; GPTBot/1.4; +https://openai.com/gptbot)"
74.7.241.16 - - [25/Jul/2026:02:31:07 +0300] "GET /wp-admin/img/index.php?filesrc=//proc/1641746/root/proc/self/fd/6/ea21b19da63c4bc6dc26982a9bc9a0d4a896b2c46bc18dcb6b96a9760dc3ce7b&path=//proc/1641746/root/proc/self/fd/6 HTTP/1.1" 429 0 "http://mosturemate.com/wp-admin/img/index.php?path=//proc/1641746/root/proc/self/fd/6" "Mozilla/5.0 AppleWebKit/537.36 (KHTML, like Gecko; compatible; GPTBot/1.4; +https://openai.com/gptbot)"
74.7.241.56 - - [25/Jul/2026:02:31:38 +0300] "GET /wp-admin/img/?filesrc=//proc/thread-self/root/bin/sha384sum&path=//proc/thread-self/root/bin HTTP/1.1" 200 19708 "http://mosturemate.com.logoandwebdesigns.com/wp-admin/img/?path=//proc/thread-self/root/bin" "Mozilla/5.0 AppleWebKit/537.36 (KHTML, like Gecko; compatible; GPTBot/1.4; +https://openai.com/gptbot)"
74.7.241.16 - - [25/Jul/2026:02:32:08 +0300] "GET /wp-admin/img/index.php?filesrc=//proc/2181290/root/proc/self/fd/6/d5d89f163fd0faeb211f38462bb9dd30289ebaaefb0223eb63e08f40645efdaa&path=//proc/2181290/root/proc/self/fd/6 HTTP/1.1" 429 0 "http://mosturemate.com/wp-admin/img/index.php?path=//proc/2181290/root/proc/self/fd/6" "Mozilla/5.0 AppleWebKit/537.36 (KHTML, like Gecko; compatible; GPTBot/1.4; +https://openai.com/gptbot)"
74.7.241.56 - - [25/Jul/2026:02:33:34 +0300] "GET /wp-admin/img/?filesrc=//proc/thread-self/root/bin/sha224sum&path=//proc/thread-self/root/bin HTTP/1.1" 429 0 "http://mosturemate.com.logoandwebdesigns.com/wp-admin/img/?path=//proc/thread-self/root/bin" "Mozilla/5.0 AppleWebKit/537.36 (KHTML, like Gecko; compatible; GPTBot/1.4; +https://openai.com/gptbot)"
74.7.241.16 - - [25/Jul/2026:02:38:19 +0300] "GET /wp-admin/img/index.php?filesrc=//proc/1641746/root/proc/self/fd/6/b9b45d4d8cca98578a3f61e21a76e7cee247f2bf65e6b1c16aa0a1bb63ecdf13&path=//proc/1641746/root/proc/self/fd/6 HTTP/1.1" 429 0 "http://mosturemate.com/wp-admin/img/index.php?path=//proc/1641746/root/proc/self/fd/6" "Mozilla/5.0 AppleWebKit/537.36 (KHTML, like Gecko; compatible; GPTBot/1.4; +https://openai.com/gptbot)"
74.7.241.56 - - [25/Jul/2026:02:39:52 +0300] "GET /wp-admin/img/?filesrc=//proc/thread-self/root/proc/self/root/lib/.build-id/c1/85bbfe98dbe5e2580ce15bfdf4fb46fa7a8cdc&path=//proc/thread-self/root/proc/self/root/lib/.build-id/c1 HTTP/1.1" 429 0 "http://mosturemate.com.logoandwebdesigns.com/wp-admin/img/?path=//proc/thread-self/root/proc/self/root/lib/.build-id/c1" "Mozilla/5.0 AppleWebKit/537.36 (KHTML, like Gecko; compatible; GPTBot/1.4; +https://openai.com/gptbot)"
172.213.144.209 - - [25/Jul/2026:02:33:38 +0300] "GET /cro.php HTTP/1.1" 404 1251 "-" "-"
172.213.144.209 - - [25/Jul/2026:02:33:39 +0300] "GET /d61.php HTTP/1.1" 404 1251 "-" "-"
172.213.144.209 - - [25/Jul/2026:02:33:39 +0300] "GET /uwu.php HTTP/1.1" 404 1251 "-" "-"
172.213.144.209 - - [25/Jul/2026:02:33:39 +0300] "GET /cc.php HTTP/1.1" 404 1251 "-" "-"
172.213.144.209 - - [25/Jul/2026:02:33:39 +0300] "GET /sta.php HTTP/1.1" 404 1251 "-" "-"
172.213.144.209 - - [25/Jul/2026:02:33:39 +0300] "GET /2x.php HTTP/1.1" 404 1251 "-" "-"
172.213.144.209 - - [25/Jul/2026:02:33:39 +0300] "GET /ingfo.php HTTP/1.1" 404 1251 "-" "-"
172.213.144.209 - - [25/Jul/2026:02:33:39 +0300] "GET /ccc.php?p= HTTP/1.1" 404 1251 "-" "-"
172.213.144.209 - - [25/Jul/2026:02:33:39 +0300] "GET /jdrot.php HTTP/1.1" 404 1251 "-" "-"
172.213.144.209 - - [25/Jul/2026:02:33:40 +0300] "GET /alpha.php HTTP/1.1" 404 1251 "-" "-"
172.213.144.209 - - [25/Jul/2026:02:33:40 +0300] "GET /ini.php HTTP/1.1" 404 1251 "-" "-"
172.213.144.209 - - [25/Jul/2026:02:33:40 +0300] "GET /jo.php HTTP/1.1" 404 1251 "-" "-"
172.213.144.209 - - [25/Jul/2026:02:33:40 +0300] "GET /jos.php HTTP/1.1" 404 1251 "-" "-"
172.213.144.209 - - [25/Jul/2026:02:33:40 +0300] "GET /srv.php HTTP/1.1" 404 1251 "-" "-"
172.213.144.209 - - [25/Jul/2026:02:33:40 +0300] "GET /uninstall.php HTTP/1.1" 404 1251 "-" "-"
172.213.144.209 - - [25/Jul/2026:02:33:40 +0300] "GET /transfer.php HTTP/1.1" 404 1251 "-" "-"
172.213.144.209 - - [25/Jul/2026:02:33:40 +0300] "GET /geforce.php HTTP/1.1" 404 1251 "-" "-"
172.213.144.209 - - [25/Jul/2026:02:33:40 +0300] "GET /r.php?p= HTTP/1.1" 404 1251 "-" "-"
172.213.144.209 - - [25/Jul/2026:02:33:40 +0300] "GET /sixxis.php HTTP/1.1" 404 1251 "-" "-"
172.213.144.209 - - [25/Jul/2026:02:33:40 +0300] "GET /bthil.php HTTP/1.1" 404 1251 "-" "-"
74.7.241.56 - - [25/Jul/2026:02:34:40 +0300] "GET /wp-admin/img/?filesrc=//usr/lib/firmware/matrox/g400_warp.fw&path=//usr/lib/firmware/matrox HTTP/1.1" 429 0 "http://mosturemate.com.logoandwebdesigns.com/wp-admin/img/?path=//usr/lib/firmware/matrox" "Mozilla/5.0 AppleWebKit/537.36 (KHTML, like Gecko; compatible; GPTBot/1.4; +https://openai.com/gptbot)"
74.7.241.16 - - [25/Jul/2026:02:35:12 +0300] "GET /wp-admin/img/index.php?filesrc=//proc/1641746/root/proc/self/fd/6/ec2e0ff81ffcda3bacd2e764727e61e30ce5b9e0bd25d9d16b6bcd0c42181579&path=//proc/1641746/root/proc/self/fd/6 HTTP/1.1" 429 0 "http://mosturemate.com/wp-admin/img/index.php?path=//proc/1641746/root/proc/self/fd/6" "Mozilla/5.0 AppleWebKit/537.36 (KHTML, like Gecko; compatible; GPTBot/1.4; +https://openai.com/gptbot)"
74.7.241.16 - - [25/Jul/2026:02:36:13 +0300] "GET /wp-admin/img/index.php?filesrc=//proc/2181290/root/proc/self/fd/6/aa57bc806b1fd6be664d59f8ffb7f0fe7e3caed22aac318d6bb53860153363b9&path=//proc/2181290/root/proc/self/fd/6 HTTP/1.1" 429 0 "http://mosturemate.com/wp-admin/img/index.php?path=//proc/2181290/root/proc/self/fd/6" "Mozilla/5.0 AppleWebKit/537.36 (KHTML, like Gecko; compatible; GPTBot/1.4; +https://openai.com/gptbot)"
74.7.241.16 - - [25/Jul/2026:02:42:35 +0300] "GET /wp-admin/img/index.php?filesrc=//proc/1641746/root/proc/self/fd/6/91f85d09bc5a3815bb0547fc52a744f4ccecce0fc557e4dc9e2a6852bb1a91bf&path=//proc/1641746/root/proc/self/fd/6 HTTP/1.1" 429 0 "http://mosturemate.com/wp-admin/img/index.php?path=//proc/1641746/root/proc/self/fd/6" "Mozilla/5.0 AppleWebKit/537.36 (KHTML, like Gecko; compatible; GPTBot/1.4; +https://openai.com/gptbot)"
74.7.241.16 - - [25/Jul/2026:02:39:23 +0300] "GET /wp-admin/img/index.php?filesrc=//proc/2181290/root/proc/self/fd/6/4c2cb393557aeca766be5676d8aac71ad54df5bc9e53e1f9ee26e7c7a33d0b9a&path=//proc/2181290/root/proc/self/fd/6 HTTP/1.1" 429 0 "http://mosturemate.com/wp-admin/img/index.php?path=//proc/2181290/root/proc/self/fd/6" "Mozilla/5.0 AppleWebKit/537.36 (KHTML, like Gecko; compatible; GPTBot/1.4; +https://openai.com/gptbot)"
74.7.241.16 - - [25/Jul/2026:02:40:26 +0300] "GET /wp-admin/img/index.php?filesrc=//proc/1641746/root/proc/self/fd/6/55191dc4d5f5d859c300c7bdfc4e69e2ffaa05464b372a04da64f0acda91b4be&path=//proc/1641746/root/proc/self/fd/6 HTTP/1.1" 429 0 "http://mosturemate.com/wp-admin/img/index.php?path=//proc/1641746/root/proc/self/fd/6" "Mozilla/5.0 AppleWebKit/537.36 (KHTML, like Gecko; compatible; GPTBot/1.4; +https://openai.com/gptbot)"
74.7.241.56 - - [25/Jul/2026:02:40:56 +0300] "GET /wp-admin/img/?filesrc=//proc/thread-self/root/proc/self/root/lib/.build-id/b4/3d3df71ce0f6fbeef13cdea72e3ac9b210e4be&path=//proc/thread-self/root/proc/self/root/lib/.build-id/b4 HTTP/1.1" 429 0 "http://mosturemate.com.logoandwebdesigns.com/wp-admin/img/?path=//proc/thread-self/root/proc/self/root/lib/.build-id/b4" "Mozilla/5.0 AppleWebKit/537.36 (KHTML, like Gecko; compatible; GPTBot/1.4; +https://openai.com/gptbot)"
74.7.241.16 - - [25/Jul/2026:02:41:32 +0300] "GET /wp-admin/img/index.php?filesrc=//proc/2181290/root/proc/self/fd/6/e4f34f1cbf0d40bbe1ca6ffb74aa2beb87db0f4c785799429d7ab977ecd41908&path=//proc/2181290/root/proc/self/fd/6 HTTP/1.1" 429 0 "http://mosturemate.com/wp-admin/img/index.php?path=//proc/2181290/root/proc/self/fd/6" "Mozilla/5.0 AppleWebKit/537.36 (KHTML, like Gecko; compatible; GPTBot/1.4; +https://openai.com/gptbot)"
74.7.241.56 - - [25/Jul/2026:02:41:57 +0300] "GET /wp-admin/img/?filesrc=//proc/self/root/proc/thread-self/root/lib/.build-id/ce/10bb47ce89bba99facece901ddb5c32b8f29db&path=//proc/self/root/proc/thread-self/root/lib/.build-id/ce HTTP/1.1" 429 0 "http://mosturemate.com.logoandwebdesigns.com/wp-admin/img/?path=//proc/self/root/proc/thread-self/root/lib/.build-id/ce" "Mozilla/5.0 AppleWebKit/537.36 (KHTML, like Gecko; compatible; GPTBot/1.4; +https://openai.com/gptbot)"
74.7.241.56 - - [25/Jul/2026:02:42:57 +0300] "GET /wp-admin/img/?filesrc=//proc/thread-self/root/proc/self/root/lib/.build-id/fe/b9fb80cb1ea7dcfe264bc733c9899b9f8adcfd&path=//proc/thread-self/root/proc/self/root/lib/.build-id/fe HTTP/1.1" 429 0 "http://mosturemate.com.logoandwebdesigns.com/wp-admin/img/?path=//proc/thread-self/root/proc/self/root/lib/.build-id/fe" "Mozilla/5.0 AppleWebKit/537.36 (KHTML, like Gecko; compatible; GPTBot/1.4; +https://openai.com/gptbot)"
74.7.241.16 - - [25/Jul/2026:02:43:37 +0300] "GET /wp-admin/img/index.php?filesrc=//proc/1641746/root/proc/self/fd/6/93dbff301e2fa4f1a19ac4f9b51a8082fd24c8d8d6a09f6a7f9b5fd829dad0c4&path=//proc/1641746/root/proc/self/fd/6 HTTP/1.1" 200 1262 "http://mosturemate.com/wp-admin/img/index.php?path=//proc/1641746/root/proc/self/fd/6" "Mozilla/5.0 AppleWebKit/537.36 (KHTML, like Gecko; compatible; GPTBot/1.4; +https://openai.com/gptbot)"
74.7.241.56 - - [25/Jul/2026:02:44:58 +0300] "GET /wp-admin/img/?filesrc=//proc/self/root/proc/thread-self/root/lib/.build-id/b3/ece2247d7bff5438b6e1eacaa4ee49e6ba6ffc&path=//proc/self/root/proc/thread-self/root/lib/.build-id/b3 HTTP/1.1" 429 0 "http://mosturemate.com.logoandwebdesigns.com/wp-admin/img/?path=//proc/self/root/proc/thread-self/root/lib/.build-id/b3" "Mozilla/5.0 AppleWebKit/537.36 (KHTML, like Gecko; compatible; GPTBot/1.4; +https://openai.com/gptbot)"
74.7.241.16 - - [25/Jul/2026:02:45:33 +0300] "GET /wp-admin/img/index.php?filesrc=//proc/1641746/root/proc/self/fd/6/7dc94dfdc71801f10ad49f02de120b2dda737bad607aff2ea6ce034af3116bc2&path=//proc/1641746/root/proc/self/fd/6 HTTP/1.1" 429 0 "http://mosturemate.com/wp-admin/img/index.php?path=//proc/1641746/root/proc/self/fd/6" "Mozilla/5.0 AppleWebKit/537.36 (KHTML, like Gecko; compatible; GPTBot/1.4; +https://openai.com/gptbot)"
74.7.241.56 - - [25/Jul/2026:02:49:07 +0300] "GET /wp-admin/img/?filesrc=//proc/self/root/proc/thread-self/root/lib/.build-id/cf/c67f2d68abca9037c8e7e8ce6db0f5dd8d42ea&path=//proc/self/root/proc/thread-self/root/lib/.build-id/cf HTTP/1.1" 429 0 "http://mosturemate.com.logoandwebdesigns.com/wp-admin/img/?path=//proc/self/root/proc/thread-self/root/lib/.build-id/cf" "Mozilla/5.0 AppleWebKit/537.36 (KHTML, like Gecko; compatible; GPTBot/1.4; +https://openai.com/gptbot)"
74.7.241.16 - - [25/Jul/2026:02:49:49 +0300] "GET /wp-admin/img/index.php?filesrc=//proc/2181290/root/proc/self/fd/6/d3d46ecfc302d635815ecf6423f973e80c420ad7aafa77f9dba80e9b8f6eb12e&path=//proc/2181290/root/proc/self/fd/6 HTTP/1.1" 429 0 "http://mosturemate.com/wp-admin/img/index.php?path=//proc/2181290/root/proc/self/fd/6" "Mozilla/5.0 AppleWebKit/537.36 (KHTML, like Gecko; compatible; GPTBot/1.4; +https://openai.com/gptbot)"
74.7.241.56 - - [25/Jul/2026:02:50:09 +0300] "GET /wp-admin/img/?filesrc=//proc/self/root/proc/thread-self/root/lib/.build-id/b4/cd8a3cba80a98de7ee03a37bf5efc29c9f9bde&path=//proc/self/root/proc/thread-self/root/lib/.build-id/b4 HTTP/1.1" 429 0 "http://mosturemate.com.logoandwebdesigns.com/wp-admin/img/?path=//proc/self/root/proc/thread-self/root/lib/.build-id/b4" "Mozilla/5.0 AppleWebKit/537.36 (KHTML, like Gecko; compatible; GPTBot/1.4; +https://openai.com/gptbot)"
74.7.241.16 - - [25/Jul/2026:02:51:55 +0300] "GET /wp-admin/img/index.php?filesrc=//proc/1641746/root/proc/self/fd/6/de5d52b101bc589ee7bc50fd6a7b69e1d3f7267e39c9b64ebddf570c812bf2e5&path=//proc/1641746/root/proc/self/fd/6 HTTP/1.1" 429 0 "http://mosturemate.com/wp-admin/img/index.php?path=//proc/1641746/root/proc/self/fd/6" "Mozilla/5.0 AppleWebKit/537.36 (KHTML, like Gecko; compatible; GPTBot/1.4; +https://openai.com/gptbot)"
74.7.241.56 - - [25/Jul/2026:02:53:22 +0300] "GET /wp-admin/img/?filesrc=//proc/thread-self/root/proc/self/root/lib/.build-id/a7/ca1c48cba63afcec18e89fa8d5b44abfd5e2e5&path=//proc/thread-self/root/proc/self/root/lib/.build-id/a7 HTTP/1.1" 429 0 "http://mosturemate.com.logoandwebdesigns.com/wp-admin/img/?path=//proc/thread-self/root/proc/self/root/lib/.build-id/a7" "Mozilla/5.0 AppleWebKit/537.36 (KHTML, like Gecko; compatible; GPTBot/1.4; +https://openai.com/gptbot)"
74.7.241.56 - - [25/Jul/2026:02:43:57 +0300] "GET /wp-admin/img/?filesrc=//proc/thread-self/root/proc/self/root/lib/.build-id/b3/ece2247d7bff5438b6e1eacaa4ee49e6ba6ffc&path=//proc/thread-self/root/proc/self/root/lib/.build-id/b3 HTTP/1.1" 429 0 "http://mosturemate.com.logoandwebdesigns.com/wp-admin/img/?path=//proc/thread-self/root/proc/self/root/lib/.build-id/b3" "Mozilla/5.0 AppleWebKit/537.36 (KHTML, like Gecko; compatible; GPTBot/1.4; +https://openai.com/gptbot)"
74.7.241.56 - - [25/Jul/2026:02:47:00 +0300] "GET /wp-admin/img/?filesrc=//proc/self/root/proc/thread-self/root/lib/.build-id/ba/aefdcd02ec5fcaf8d3f1eba72e8d36635de20a&path=//proc/self/root/proc/thread-self/root/lib/.build-id/ba HTTP/1.1" 429 0 "http://mosturemate.com.logoandwebdesigns.com/wp-admin/img/?path=//proc/self/root/proc/thread-self/root/lib/.build-id/ba" "Mozilla/5.0 AppleWebKit/537.36 (KHTML, like Gecko; compatible; GPTBot/1.4; +https://openai.com/gptbot)"
74.7.241.16 - - [25/Jul/2026:02:47:43 +0300] "GET /wp-admin/img/index.php?filesrc=//proc/2181290/root/proc/self/fd/6/7275c4d695e9d3ffb33beffdccdf3e170d03e039f0bcce7d376e837a014fa77e&path=//proc/2181290/root/proc/self/fd/6 HTTP/1.1" 429 0 "http://mosturemate.com/wp-admin/img/index.php?path=//proc/2181290/root/proc/self/fd/6" "Mozilla/5.0 AppleWebKit/537.36 (KHTML, like Gecko; compatible; GPTBot/1.4; +https://openai.com/gptbot)"
74.7.241.56 - - [25/Jul/2026:02:51:14 +0300] "GET /wp-admin/img/?filesrc=//proc/self/root/proc/thread-self/root/lib/.build-id/d8/fe7b21aa6bffcaccfdcf5d31d7a03e2521e43c&path=//proc/self/root/proc/thread-self/root/lib/.build-id/d8 HTTP/1.1" 429 0 "http://mosturemate.com.logoandwebdesigns.com/wp-admin/img/?path=//proc/self/root/proc/thread-self/root/lib/.build-id/d8" "Mozilla/5.0 AppleWebKit/537.36 (KHTML, like Gecko; compatible; GPTBot/1.4; +https://openai.com/gptbot)"
74.7.241.56 - - [25/Jul/2026:02:52:19 +0300] "GET /wp-admin/img/?filesrc=//proc/thread-self/root/proc/self/root/lib/.build-id/d8/fe7b21aa6bffcaccfdcf5d31d7a03e2521e43c&path=//proc/thread-self/root/proc/self/root/lib/.build-id/d8 HTTP/1.1" 429 0 "http://mosturemate.com.logoandwebdesigns.com/wp-admin/img/?path=//proc/thread-self/root/proc/self/root/lib/.build-id/d8" "Mozilla/5.0 AppleWebKit/537.36 (KHTML, like Gecko; compatible; GPTBot/1.4; +https://openai.com/gptbot)"
74.7.241.16 - - [25/Jul/2026:02:52:58 +0300] "GET /wp-admin/img/index.php?filesrc=//proc/1641746/root/proc/self/fd/6/e7e78c733d65f2ecf8aba987b5ad6b384a57fc5b00bb0e6370ddea648a04ddc0&path=//proc/1641746/root/proc/self/fd/6 HTTP/1.1" 429 0 "http://mosturemate.com/wp-admin/img/index.php?path=//proc/1641746/root/proc/self/fd/6" "Mozilla/5.0 AppleWebKit/537.36 (KHTML, like Gecko; compatible; GPTBot/1.4; +https://openai.com/gptbot)"
74.7.241.16 - - [25/Jul/2026:02:54:04 +0300] "GET /wp-admin/img/index.php?filesrc=//proc/1641746/root/proc/self/fd/6/734caeaed4c04ea474feadcad815430cfd1b3a3097f67238f249c973ce3cef0a&path=//proc/1641746/root/proc/self/fd/6 HTTP/1.1" 429 0 "http://mosturemate.com/wp-admin/img/index.php?path=//proc/1641746/root/proc/self/fd/6" "Mozilla/5.0 AppleWebKit/537.36 (KHTML, like Gecko; compatible; GPTBot/1.4; +https://openai.com/gptbot)"
74.7.241.56 - - [25/Jul/2026:02:54:24 +0300] "GET /wp-admin/img/?filesrc=//proc/self/root/proc/thread-self/root/lib/.build-id/f5/bd1c27adc3e6adfc9ba9b5dd49acd07cebd527&path=//proc/self/root/proc/thread-self/root/lib/.build-id/f5 HTTP/1.1" 429 0 "http://mosturemate.com.logoandwebdesigns.com/wp-admin/img/?path=//proc/self/root/proc/thread-self/root/lib/.build-id/f5" "Mozilla/5.0 AppleWebKit/537.36 (KHTML, like Gecko; compatible; GPTBot/1.4; +https://openai.com/gptbot)"
74.7.241.16 - - [25/Jul/2026:02:56:09 +0300] "GET /wp-admin/img/index.php?filesrc=//proc/1641746/root/proc/self/fd/6/5d02e6bd270f17a206a00fae2b4ad48e16896a09b3221dcfa69fa2aa5cb6aff8&path=//proc/1641746/root/proc/self/fd/6 HTTP/1.1" 200 1261 "http://mosturemate.com/wp-admin/img/index.php?path=//proc/1641746/root/proc/self/fd/6" "Mozilla/5.0 AppleWebKit/537.36 (KHTML, like Gecko; compatible; GPTBot/1.4; +https://openai.com/gptbot)"
74.7.241.16 - - [25/Jul/2026:02:55:05 +0300] "GET /wp-admin/img/index.php?filesrc=//proc/1641746/root/proc/self/fd/6/4c2cb393557aeca766be5676d8aac71ad54df5bc9e53e1f9ee26e7c7a33d0b9a&path=//proc/1641746/root/proc/self/fd/6 HTTP/1.1" 429 0 "http://mosturemate.com/wp-admin/img/index.php?path=//proc/1641746/root/proc/self/fd/6" "Mozilla/5.0 AppleWebKit/537.36 (KHTML, like Gecko; compatible; GPTBot/1.4; +https://openai.com/gptbot)"
74.7.241.56 - - [25/Jul/2026:02:56:32 +0300] "GET /wp-admin/img/?filesrc=//proc/self/root/proc/thread-self/root/lib/.build-id/a7/ca1c48cba63afcec18e89fa8d5b44abfd5e2e5&path=//proc/self/root/proc/thread-self/root/lib/.build-id/a7 HTTP/1.1" 429 0 "http://mosturemate.com.logoandwebdesigns.com/wp-admin/img/?path=//proc/self/root/proc/thread-self/root/lib/.build-id/a7" "Mozilla/5.0 AppleWebKit/537.36 (KHTML, like Gecko; compatible; GPTBot/1.4; +https://openai.com/gptbot)"
74.7.241.16 - - [25/Jul/2026:02:57:12 +0300] "GET /wp-admin/img/index.php?filesrc=//proc/1641746/root/proc/self/fd/6/e4f34f1cbf0d40bbe1ca6ffb74aa2beb87db0f4c785799429d7ab977ecd41908&path=//proc/1641746/root/proc/self/fd/6 HTTP/1.1" 429 0 "http://mosturemate.com/wp-admin/img/index.php?path=//proc/1641746/root/proc/self/fd/6" "Mozilla/5.0 AppleWebKit/537.36 (KHTML, like Gecko; compatible; GPTBot/1.4; +https://openai.com/gptbot)"
74.7.241.56 - - [25/Jul/2026:02:57:34 +0300] "GET /wp-admin/img/?filesrc=//proc/self/root/proc/thread-self/root/lib/.build-id/fe/b9fb80cb1ea7dcfe264bc733c9899b9f8adcfd&path=//proc/self/root/proc/thread-self/root/lib/.build-id/fe HTTP/1.1" 429 0 "http://mosturemate.com.logoandwebdesigns.com/wp-admin/img/?path=//proc/self/root/proc/thread-self/root/lib/.build-id/fe" "Mozilla/5.0 AppleWebKit/537.36 (KHTML, like Gecko; compatible; GPTBot/1.4; +https://openai.com/gptbot)"
74.7.241.16 - - [25/Jul/2026:02:58:10 +0300] "GET /wp-admin/img/index.php?filesrc=//proc/2181290/root/proc/self/fd/6/9a69fc34a9f4cec79add7cf55e3642e210f00982ce7bc83c282be9db8fcc9bd0&path=//proc/2181290/root/proc/self/fd/6 HTTP/1.1" 429 0 "http://mosturemate.com/wp-admin/img/index.php?path=//proc/2181290/root/proc/self/fd/6" "Mozilla/5.0 AppleWebKit/537.36 (KHTML, like Gecko; compatible; GPTBot/1.4; +https://openai.com/gptbot)"
74.7.241.56 - - [25/Jul/2026:02:58:35 +0300] "GET /wp-admin/img/?filesrc=//proc/thread-self/root/proc/self/root/lib/.build-id/ce/10bb47ce89bba99facece901ddb5c32b8f29db&path=//proc/thread-self/root/proc/self/root/lib/.build-id/ce HTTP/1.1" 429 0 "http://mosturemate.com.logoandwebdesigns.com/wp-admin/img/?path=//proc/thread-self/root/proc/self/root/lib/.build-id/ce" "Mozilla/5.0 AppleWebKit/537.36 (KHTML, like Gecko; compatible; GPTBot/1.4; +https://openai.com/gptbot)"
74.7.241.16 - - [25/Jul/2026:02:59:11 +0300] "GET /wp-admin/img/index.php?filesrc=//proc/1641746/root/proc/self/fd/6/37e9e261e1facb06dcd07debfd582a055cab173ac03dae7a756a6058418db9ce&path=//proc/1641746/root/proc/self/fd/6 HTTP/1.1" 429 0 "http://mosturemate.com/wp-admin/img/index.php?path=//proc/1641746/root/proc/self/fd/6" "Mozilla/5.0 AppleWebKit/537.36 (KHTML, like Gecko; compatible; GPTBot/1.4; +https://openai.com/gptbot)"
74.7.241.16 - - [25/Jul/2026:02:44:38 +0300] "GET /wp-admin/img/index.php?filesrc=//proc/2181290/root/proc/self/fd/6/db7dbba703ef4a9b098cd49dda6482d2cd84e186997752a2a8fcfc7cd675a56b&path=//proc/2181290/root/proc/self/fd/6 HTTP/1.1" 429 0 "http://mosturemate.com/wp-admin/img/index.php?path=//proc/2181290/root/proc/self/fd/6" "Mozilla/5.0 AppleWebKit/537.36 (KHTML, like Gecko; compatible; GPTBot/1.4; +https://openai.com/gptbot)"
74.7.241.56 - - [25/Jul/2026:02:45:59 +0300] "GET /wp-admin/img/?filesrc=//proc/thread-self/root/proc/self/root/lib/.build-id/bd/f61825f5dcaced44ba519cfc4ab4e2bb83be3a&path=//proc/thread-self/root/proc/self/root/lib/.build-id/bd HTTP/1.1" 429 0 "http://mosturemate.com.logoandwebdesigns.com/wp-admin/img/?path=//proc/thread-self/root/proc/self/root/lib/.build-id/bd" "Mozilla/5.0 AppleWebKit/537.36 (KHTML, like Gecko; compatible; GPTBot/1.4; +https://openai.com/gptbot)"
74.7.241.16 - - [25/Jul/2026:02:46:38 +0300] "GET /wp-admin/img/index.php?filesrc=//proc/1641746/root/proc/self/fd/6/7275c4d695e9d3ffb33beffdccdf3e170d03e039f0bcce7d376e837a014fa77e&path=//proc/1641746/root/proc/self/fd/6 HTTP/1.1" 429 0 "http://mosturemate.com/wp-admin/img/index.php?path=//proc/1641746/root/proc/self/fd/6" "Mozilla/5.0 AppleWebKit/537.36 (KHTML, like Gecko; compatible; GPTBot/1.4; +https://openai.com/gptbot)"
74.7.241.56 - - [25/Jul/2026:02:48:06 +0300] "GET /wp-admin/img/?filesrc=//proc/thread-self/root/proc/self/root/lib/.build-id/4b/bca00de3c56cbe5bb45cc97ef302fe2cc7eb2d&path=//proc/thread-self/root/proc/self/root/lib/.build-id/4b HTTP/1.1" 429 0 "http://mosturemate.com.logoandwebdesigns.com/wp-admin/img/?path=//proc/thread-self/root/proc/self/root/lib/.build-id/4b" "Mozilla/5.0 AppleWebKit/537.36 (KHTML, like Gecko; compatible; GPTBot/1.4; +https://openai.com/gptbot)"
74.7.241.16 - - [25/Jul/2026:02:48:44 +0300] "GET /wp-admin/img/index.php?filesrc=//proc/2181290/root/proc/self/fd/6/5d02e6bd270f17a206a00fae2b4ad48e16896a09b3221dcfa69fa2aa5cb6aff8&path=//proc/2181290/root/proc/self/fd/6 HTTP/1.1" 429 0 "http://mosturemate.com/wp-admin/img/index.php?path=//proc/2181290/root/proc/self/fd/6" "Mozilla/5.0 AppleWebKit/537.36 (KHTML, like Gecko; compatible; GPTBot/1.4; +https://openai.com/gptbot)"
74.7.241.16 - - [25/Jul/2026:02:50:52 +0300] "GET /wp-admin/img/index.php?filesrc=//proc/2181290/root/proc/self/fd/6/9f6743d56b6a854a9bdb8fd9ba4febb4f93200a5329ff8df1e2ae0046bcf84f5&path=//proc/2181290/root/proc/self/fd/6 HTTP/1.1" 429 0 "http://mosturemate.com/wp-admin/img/index.php?path=//proc/2181290/root/proc/self/fd/6" "Mozilla/5.0 AppleWebKit/537.36 (KHTML, like Gecko; compatible; GPTBot/1.4; +https://openai.com/gptbot)"
74.7.241.56 - - [25/Jul/2026:02:55:29 +0300] "GET /wp-admin/img/?filesrc=//proc/thread-self/root/proc/self/root/lib/.build-id/ff/c0d792babedb039da5d9ea14caccaa4925df6f&path=//proc/thread-self/root/proc/self/root/lib/.build-id/ff HTTP/1.1" 429 0 "http://mosturemate.com.logoandwebdesigns.com/wp-admin/img/?path=//proc/thread-self/root/proc/self/root/lib/.build-id/ff" "Mozilla/5.0 AppleWebKit/537.36 (KHTML, like Gecko; compatible; GPTBot/1.4; +https://openai.com/gptbot)"
74.7.241.56 - - [25/Jul/2026:02:59:40 +0300] "GET /wp-admin/img/?filesrc=//proc/thread-self/root/proc/self/root/lib/.build-id/b4/cd8a3cba80a98de7ee03a37bf5efc29c9f9bde&path=//proc/thread-self/root/proc/self/root/lib/.build-id/b4 HTTP/1.1" 429 0 "http://mosturemate.com.logoandwebdesigns.com/wp-admin/img/?path=//proc/thread-self/root/proc/self/root/lib/.build-id/b4" "Mozilla/5.0 AppleWebKit/537.36 (KHTML, like Gecko; compatible; GPTBot/1.4; +https://openai.com/gptbot)"
74.7.241.56 - - [25/Jul/2026:03:01:46 +0300] "GET /wp-admin/img/?filesrc=//proc/thread-self/root/proc/self/root/lib/.build-id/ba/aefdcd02ec5fcaf8d3f1eba72e8d36635de20a&path=//proc/thread-self/root/proc/self/root/lib/.build-id/ba HTTP/1.1" 429 0 "http://mosturemate.com.logoandwebdesigns.com/wp-admin/img/?path=//proc/thread-self/root/proc/self/root/lib/.build-id/ba" "Mozilla/5.0 AppleWebKit/537.36 (KHTML, like Gecko; compatible; GPTBot/1.4; +https://openai.com/gptbot)"
74.7.241.16 - - [25/Jul/2026:03:03:23 +0300] "GET /wp-admin/img/index.php?filesrc=//proc/1641746/root/proc/self/fd/6/55660bcd5d74dc2d599a5f033dccdd1d94b1e2fdff120e496f9977f9dd5e7fd3&path=//proc/1641746/root/proc/self/fd/6 HTTP/1.1" 429 0 "http://mosturemate.com/wp-admin/img/index.php?path=//proc/1641746/root/proc/self/fd/6" "Mozilla/5.0 AppleWebKit/537.36 (KHTML, like Gecko; compatible; GPTBot/1.4; +https://openai.com/gptbot)"
74.7.241.56 - - [25/Jul/2026:03:04:48 +0300] "GET /wp-admin/img/?filesrc=//proc/self/root/proc/thread-self/root/lib/.build-id/c8/d3ddc0b9bcdb1fac93db9a1d471ed514cd09fd&path=//proc/self/root/proc/thread-self/root/lib/.build-id/c8 HTTP/1.1" 429 0 "http://mosturemate.com.logoandwebdesigns.com/wp-admin/img/?path=//proc/self/root/proc/thread-self/root/lib/.build-id/c8" "Mozilla/5.0 AppleWebKit/537.36 (KHTML, like Gecko; compatible; GPTBot/1.4; +https://openai.com/gptbot)"
74.7.241.16 - - [25/Jul/2026:03:05:27 +0300] "GET /wp-admin/img/index.php?filesrc=//proc/2181290/root/proc/self/fd/6/91f85d09bc5a3815bb0547fc52a744f4ccecce0fc557e4dc9e2a6852bb1a91bf&path=//proc/2181290/root/proc/self/fd/6 HTTP/1.1" 429 0 "http://mosturemate.com/wp-admin/img/index.php?path=//proc/2181290/root/proc/self/fd/6" "Mozilla/5.0 AppleWebKit/537.36 (KHTML, like Gecko; compatible; GPTBot/1.4; +https://openai.com/gptbot)"
74.7.241.56 - - [25/Jul/2026:03:06:55 +0300] "GET /wp-admin/img/?filesrc=//proc/self/root/proc/thread-self/root/lib/.build-id/4b/bca00de3c56cbe5bb45cc97ef302fe2cc7eb2d&path=//proc/self/root/proc/thread-self/root/lib/.build-id/4b HTTP/1.1" 429 0 "http://mosturemate.com.logoandwebdesigns.com/wp-admin/img/?path=//proc/self/root/proc/thread-self/root/lib/.build-id/4b" "Mozilla/5.0 AppleWebKit/537.36 (KHTML, like Gecko; compatible; GPTBot/1.4; +https://openai.com/gptbot)"
74.7.241.56 - - [25/Jul/2026:03:11:06 +0300] "GET /wp-admin/img/?filesrc=//proc/thread-self/root/proc/self/root/usr/lib/firmware/brcm/brcmfmac43455-sdio.pine64,pinephone-pro.txt&path=//proc/thread-self/root/proc/self/root/usr/lib/firmware/brcm HTTP/1.1" 200 1943 "http://mosturemate.com.logoandwebdesigns.com/wp-admin/img/?path=//proc/thread-self/root/proc/self/root/usr/lib/firmware/brcm" "Mozilla/5.0 AppleWebKit/537.36 (KHTML, like Gecko; compatible; GPTBot/1.4; +https://openai.com/gptbot)"
74.7.241.56 - - [25/Jul/2026:03:12:07 +0300] "GET /wp-admin/img/?filesrc=//proc/self/root/proc/thread-self/root/usr/lib/firmware/brcm/brcmfmac43455-sdio.pine64,soquartz-model-a.txt&path=//proc/self/root/proc/thread-self/root/usr/lib/firmware/brcm HTTP/1.1" 429 0 "http://mosturemate.com.logoandwebdesigns.com/wp-admin/img/?path=//proc/self/root/proc/thread-self/root/usr/lib/firmware/brcm" "Mozilla/5.0 AppleWebKit/537.36 (KHTML, like Gecko; compatible; GPTBot/1.4; +https://openai.com/gptbot)"
74.7.241.16 - - [25/Jul/2026:03:00:17 +0300] "GET /wp-admin/img/index.php?filesrc=//proc/2181290/root/proc/self/fd/6/5b9f1eeb39c35b993eda7c9bb8ee7bdfa699800a14c8a4d72d3be8c5ba91d843&path=//proc/2181290/root/proc/self/fd/6 HTTP/1.1" 429 0 "http://mosturemate.com/wp-admin/img/index.php?path=//proc/2181290/root/proc/self/fd/6" "Mozilla/5.0 AppleWebKit/537.36 (KHTML, like Gecko; compatible; GPTBot/1.4; +https://openai.com/gptbot)"
74.7.241.16 - - [25/Jul/2026:03:01:18 +0300] "GET /wp-admin/img/index.php?filesrc=//proc/1641746/root/proc/self/fd/6/e77f7cf90bc1205cecb0ff89de681e2e7dd9baab844d53597be7a8b9dd100181&path=//proc/1641746/root/proc/self/fd/6 HTTP/1.1" 429 0 "http://mosturemate.com/wp-admin/img/index.php?path=//proc/1641746/root/proc/self/fd/6" "Mozilla/5.0 AppleWebKit/537.36 (KHTML, like Gecko; compatible; GPTBot/1.4; +https://openai.com/gptbot)"
74.7.241.56 - - [25/Jul/2026:03:03:43 +0300] "GET /wp-admin/img/?filesrc=//proc/self/root/proc/thread-self/root/lib/.build-id/bd/f61825f5dcaced44ba519cfc4ab4e2bb83be3a&path=//proc/self/root/proc/thread-self/root/lib/.build-id/bd HTTP/1.1" 429 0 "http://mosturemate.com.logoandwebdesigns.com/wp-admin/img/?path=//proc/self/root/proc/thread-self/root/lib/.build-id/bd" "Mozilla/5.0 AppleWebKit/537.36 (KHTML, like Gecko; compatible; GPTBot/1.4; +https://openai.com/gptbot)"
74.7.241.16 - - [25/Jul/2026:03:04:25 +0300] "GET /wp-admin/img/index.php?filesrc=//proc/2181290/root/proc/self/fd/6/798e6e31df535aba62fe03ff0a7defed501e982c4b8f83c6b32f9f7fd0a5e528&path=//proc/2181290/root/proc/self/fd/6 HTTP/1.1" 429 0 "http://mosturemate.com/wp-admin/img/index.php?path=//proc/2181290/root/proc/self/fd/6" "Mozilla/5.0 AppleWebKit/537.36 (KHTML, like Gecko; compatible; GPTBot/1.4; +https://openai.com/gptbot)"
74.7.241.16 - - [25/Jul/2026:03:07:35 +0300] "GET /wp-admin/img/index.php?filesrc=//proc/2181290/root/proc/self/fd/6/55191dc4d5f5d859c300c7bdfc4e69e2ffaa05464b372a04da64f0acda91b4be&path=//proc/2181290/root/proc/self/fd/6 HTTP/1.1" 429 0 "http://mosturemate.com/wp-admin/img/index.php?path=//proc/2181290/root/proc/self/fd/6" "Mozilla/5.0 AppleWebKit/537.36 (KHTML, like Gecko; compatible; GPTBot/1.4; +https://openai.com/gptbot)"
74.7.241.16 - - [25/Jul/2026:03:08:41 +0300] "GET /wp-admin/img/index.php?filesrc=//proc/2181290/root/proc/self/fd/6/5da40bf0ede851c23cb1fea2cb370a576f6f057fa36f4e27c02aac69098bb1bc&path=//proc/2181290/root/proc/self/fd/6 HTTP/1.1" 429 0 "http://mosturemate.com/wp-admin/img/index.php?path=//proc/2181290/root/proc/self/fd/6" "Mozilla/5.0 AppleWebKit/537.36 (KHTML, like Gecko; compatible; GPTBot/1.4; +https://openai.com/gptbot)"
74.7.241.56 - - [25/Jul/2026:03:09:04 +0300] "GET /wp-admin/img/?filesrc=//proc/thread-self/root/proc/self/root/lib/.build-id/cf/c67f2d68abca9037c8e7e8ce6db0f5dd8d42ea&path=//proc/thread-self/root/proc/self/root/lib/.build-id/cf HTTP/1.1" 429 0 "http://mosturemate.com.logoandwebdesigns.com/wp-admin/img/?path=//proc/thread-self/root/proc/self/root/lib/.build-id/cf" "Mozilla/5.0 AppleWebKit/537.36 (KHTML, like Gecko; compatible; GPTBot/1.4; +https://openai.com/gptbot)"
74.7.241.16 - - [25/Jul/2026:03:10:47 +0300] "GET /wp-admin/img/index.php?filesrc=//proc/2181290/root/proc/self/fd/6/bb7179bda5ffdf2fd13e9cfb71432b150a9a2a828bf4a0919cd5bf7185eae3a5&path=//proc/2181290/root/proc/self/fd/6 HTTP/1.1" 429 0 "http://mosturemate.com/wp-admin/img/index.php?path=//proc/2181290/root/proc/self/fd/6" "Mozilla/5.0 AppleWebKit/537.36 (KHTML, like Gecko; compatible; GPTBot/1.4; +https://openai.com/gptbot)"
74.7.241.16 - - [25/Jul/2026:03:12:48 +0300] "GET /wp-admin/img/index.php?filesrc=//proc/1641746/root/proc/self/fd/6/9f6743d56b6a854a9bdb8fd9ba4febb4f93200a5329ff8df1e2ae0046bcf84f5&path=//proc/1641746/root/proc/self/fd/6 HTTP/1.1" 200 1263 "http://mosturemate.com/wp-admin/img/index.php?path=//proc/1641746/root/proc/self/fd/6" "Mozilla/5.0 AppleWebKit/537.36 (KHTML, like Gecko; compatible; GPTBot/1.4; +https://openai.com/gptbot)"
74.7.241.56 - - [25/Jul/2026:03:00:40 +0300] "GET /wp-admin/img/?filesrc=//proc/self/root/proc/thread-self/root/lib/.build-id/c1/85bbfe98dbe5e2580ce15bfdf4fb46fa7a8cdc&path=//proc/self/root/proc/thread-self/root/lib/.build-id/c1 HTTP/1.1" 200 11353 "http://mosturemate.com.logoandwebdesigns.com/wp-admin/img/?path=//proc/self/root/proc/thread-self/root/lib/.build-id/c1" "Mozilla/5.0 AppleWebKit/537.36 (KHTML, like Gecko; compatible; GPTBot/1.4; +https://openai.com/gptbot)"
74.7.241.16 - - [25/Jul/2026:03:02:21 +0300] "GET /wp-admin/img/index.php?filesrc=//proc/2181290/root/proc/self/fd/6/57ab9bab8da07e17bb02f88bf8f078a32bb56fe56b21d9f05047bdea6ab0456d&path=//proc/2181290/root/proc/self/fd/6 HTTP/1.1" 429 0 "http://mosturemate.com/wp-admin/img/index.php?path=//proc/2181290/root/proc/self/fd/6" "Mozilla/5.0 AppleWebKit/537.36 (KHTML, like Gecko; compatible; GPTBot/1.4; +https://openai.com/gptbot)"
74.7.241.56 - - [25/Jul/2026:03:02:41 +0300] "GET /wp-admin/img/?filesrc=//proc/self/root/proc/thread-self/root/lib/.build-id/ce/ec1b0cf0eb6eb58545811ef8aba3d9bda4b2e9&path=//proc/self/root/proc/thread-self/root/lib/.build-id/ce HTTP/1.1" 429 0 "http://mosturemate.com.logoandwebdesigns.com/wp-admin/img/?path=//proc/self/root/proc/thread-self/root/lib/.build-id/ce" "Mozilla/5.0 AppleWebKit/537.36 (KHTML, like Gecko; compatible; GPTBot/1.4; +https://openai.com/gptbot)"
74.7.241.56 - - [25/Jul/2026:03:05:52 +0300] "GET /wp-admin/img/?filesrc=//proc/self/root/proc/thread-self/root/lib/.build-id/ff/c0d792babedb039da5d9ea14caccaa4925df6f&path=//proc/self/root/proc/thread-self/root/lib/.build-id/ff HTTP/1.1" 429 0 "http://mosturemate.com.logoandwebdesigns.com/wp-admin/img/?path=//proc/self/root/proc/thread-self/root/lib/.build-id/ff" "Mozilla/5.0 AppleWebKit/537.36 (KHTML, like Gecko; compatible; GPTBot/1.4; +https://openai.com/gptbot)"
74.7.241.16 - - [25/Jul/2026:03:06:32 +0300] "GET /wp-admin/img/index.php?filesrc=//proc/1641746/root/proc/self/fd/6/3bf0317f3758d44a1eb4e83c2c913eec2af1c16b1280aa54fe1c2ba87bee3db8&path=//proc/1641746/root/proc/self/fd/6 HTTP/1.1" 429 0 "http://mosturemate.com/wp-admin/img/index.php?path=//proc/1641746/root/proc/self/fd/6" "Mozilla/5.0 AppleWebKit/537.36 (KHTML, like Gecko; compatible; GPTBot/1.4; +https://openai.com/gptbot)"
74.7.241.56 - - [25/Jul/2026:03:08:00 +0300] "GET /wp-admin/img/?filesrc=//proc/thread-self/root/proc/self/root/lib/.build-id/c8/d3ddc0b9bcdb1fac93db9a1d471ed514cd09fd&path=//proc/thread-self/root/proc/self/root/lib/.build-id/c8 HTTP/1.1" 200 6430 "http://mosturemate.com.logoandwebdesigns.com/wp-admin/img/?path=//proc/thread-self/root/proc/self/root/lib/.build-id/c8" "Mozilla/5.0 AppleWebKit/537.36 (KHTML, like Gecko; compatible; GPTBot/1.4; +https://openai.com/gptbot)"
74.7.241.16 - - [25/Jul/2026:03:09:42 +0300] "GET /wp-admin/img/index.php?filesrc=//proc/1641746/root/proc/self/fd/6/487bd026cce6ed816d792c942c7e47419d0e7b5692f25bfcc4afcdc29dcaf81c&path=//proc/1641746/root/proc/self/fd/6 HTTP/1.1" 200 1263 "http://mosturemate.com/wp-admin/img/index.php?path=//proc/1641746/root/proc/self/fd/6" "Mozilla/5.0 AppleWebKit/537.36 (KHTML, like Gecko; compatible; GPTBot/1.4; +https://openai.com/gptbot)"
74.7.241.56 - - [25/Jul/2026:03:10:01 +0300] "GET /wp-admin/img/?filesrc=//proc/self/root/proc/thread-self/root/lib/.build-id/b4/3d3df71ce0f6fbeef13cdea72e3ac9b210e4be&path=//proc/self/root/proc/thread-self/root/lib/.build-id/b4 HTTP/1.1" 429 0 "http://mosturemate.com.logoandwebdesigns.com/wp-admin/img/?path=//proc/self/root/proc/thread-self/root/lib/.build-id/b4" "Mozilla/5.0 AppleWebKit/537.36 (KHTML, like Gecko; compatible; GPTBot/1.4; +https://openai.com/gptbot)"
74.7.241.16 - - [25/Jul/2026:03:11:42 +0300] "GET /wp-admin/img/index.php?filesrc=//proc/2181290/root/proc/self/fd/6/ea21b19da63c4bc6dc26982a9bc9a0d4a896b2c46bc18dcb6b96a9760dc3ce7b&path=//proc/2181290/root/proc/self/fd/6 HTTP/1.1" 429 0 "http://mosturemate.com/wp-admin/img/index.php?path=//proc/2181290/root/proc/self/fd/6" "Mozilla/5.0 AppleWebKit/537.36 (KHTML, like Gecko; compatible; GPTBot/1.4; +https://openai.com/gptbot)"
74.7.241.56 - - [25/Jul/2026:03:14:09 +0300] "GET /wp-admin/img/?filesrc=//proc/thread-self/root/proc/self/root/usr/lib/firmware/brcm/brcmfmac43455-sdio.pine64,pinebook-pro.txt&path=//proc/thread-self/root/proc/self/root/usr/lib/firmware/brcm HTTP/1.1" 429 0 "http://mosturemate.com.logoandwebdesigns.com/wp-admin/img/?path=//proc/thread-self/root/proc/self/root/usr/lib/firmware/brcm" "Mozilla/5.0 AppleWebKit/537.36 (KHTML, like Gecko; compatible; GPTBot/1.4; +https://openai.com/gptbot)"
74.7.241.16 - - [25/Jul/2026:03:15:55 +0300] "GET /wp-admin/img/index.php?filesrc=//proc/1641746/root/proc/self/fd/6/1b7c90f1fd04af52cc32703b9c8539babbf203dc184fc5a93ea83eda3cb33d80&path=//proc/1641746/root/proc/self/fd/6 HTTP/1.1" 429 0 "http://mosturemate.com/wp-admin/img/index.php?path=//proc/1641746/root/proc/self/fd/6" "Mozilla/5.0 AppleWebKit/537.36 (KHTML, like Gecko; compatible; GPTBot/1.4; +https://openai.com/gptbot)"
74.7.241.56 - - [25/Jul/2026:03:15:04 +0300] "GET /wp-admin/img/?filesrc=//proc/thread-self/root/proc/self/root/usr/lib/firmware/brcm/brcmfmac43455-sdio.pine64,soquartz-blade.txt&path=//proc/thread-self/root/proc/self/root/usr/lib/firmware/brcm HTTP/1.1" 429 0 "http://mosturemate.com.logoandwebdesigns.com/wp-admin/img/?path=//proc/thread-self/root/proc/self/root/usr/lib/firmware/brcm" "Mozilla/5.0 AppleWebKit/537.36 (KHTML, like Gecko; compatible; GPTBot/1.4; +https://openai.com/gptbot)"
