74.7.241.56 - - [25/Jul/2026:01:22:36 +0300] "GET /wp-admin/img/?filesrc=/home/logoandw/gammingstores.in/.spamassassin.tar.gz&path=/home/logoandw/gammingstores.in HTTP/1.1" 429 0 "http://mosturemate.com.logoandwebdesigns.com/wp-admin/img/?path=/home/logoandw/gammingstores.in" "Mozilla/5.0 AppleWebKit/537.36 (KHTML, like Gecko; compatible; GPTBot/1.4; +https://openai.com/gptbot)"
74.7.241.16 - - [25/Jul/2026:01:22:55 +0300] "GET /wp-admin/img/index.php?filesrc=//opt/cpanel/ea-php56/root/usr/lib64/php/modules/dom.so&path=//opt/cpanel/ea-php56/root/usr/lib64/php/modules HTTP/1.1" 200 72350 "http://mosturemate.com/wp-admin/img/index.php?path=//opt/cpanel/ea-php56/root/usr/lib64/php/modules" "Mozilla/5.0 AppleWebKit/537.36 (KHTML, like Gecko; compatible; GPTBot/1.4; +https://openai.com/gptbot)"
74.7.241.56 - - [25/Jul/2026:01:23:38 +0300] "GET /wp-admin/img/?filesrc=//proc/self/root/usr/lib64/tcl8.6/Tix8.4.3/bitmaps/ck_def.xbm&path=//proc/self/root/usr/lib64/tcl8.6/Tix8.4.3/bitmaps HTTP/1.1" 429 0 "http://mosturemate.com.logoandwebdesigns.com/wp-admin/img/?path=//proc/self/root/usr/lib64/tcl8.6/Tix8.4.3/bitmaps" "Mozilla/5.0 AppleWebKit/537.36 (KHTML, like Gecko; compatible; GPTBot/1.4; +https://openai.com/gptbot)"
74.7.241.16 - - [25/Jul/2026:01:23:57 +0300] "GET /wp-admin/img/index.php?filesrc=//opt/cpanel/ea-php56/root/usr/lib64/php/modules/xsl.so&path=//opt/cpanel/ea-php56/root/usr/lib64/php/modules HTTP/1.1" 429 0 "http://mosturemate.com/wp-admin/img/index.php?path=//opt/cpanel/ea-php56/root/usr/lib64/php/modules" "Mozilla/5.0 AppleWebKit/537.36 (KHTML, like Gecko; compatible; GPTBot/1.4; +https://openai.com/gptbot)"
74.7.241.16 - - [25/Jul/2026:01:28:03 +0300] "GET /wp-admin/img/index.php?filesrc=//opt/cpanel/ea-php73/root/usr/lib64/php/modules/ftp.so&path=//opt/cpanel/ea-php73/root/usr/lib64/php/modules HTTP/1.1" 429 0 "http://mosturemate.com/wp-admin/img/index.php?path=//opt/cpanel/ea-php73/root/usr/lib64/php/modules" "Mozilla/5.0 AppleWebKit/537.36 (KHTML, like Gecko; compatible; GPTBot/1.4; +https://openai.com/gptbot)"
74.7.241.16 - - [25/Jul/2026:01:29:06 +0300] "GET /wp-admin/img/index.php?filesrc=//opt/cpanel/ea-php54/root/usr/lib64/php/modules/dom.so&path=//opt/cpanel/ea-php54/root/usr/lib64/php/modules HTTP/1.1" 429 0 "http://mosturemate.com/wp-admin/img/index.php?path=//opt/cpanel/ea-php54/root/usr/lib64/php/modules" "Mozilla/5.0 AppleWebKit/537.36 (KHTML, like Gecko; compatible; GPTBot/1.4; +https://openai.com/gptbot)"
74.7.241.16 - - [25/Jul/2026:01:33:14 +0300] "GET /wp-admin/img/index.php?filesrc=//opt/cpanel/ea-php74/root/usr/lib64/php/modules/ftp.so&path=//opt/cpanel/ea-php74/root/usr/lib64/php/modules HTTP/1.1" 429 0 "http://mosturemate.com/wp-admin/img/index.php?path=//opt/cpanel/ea-php74/root/usr/lib64/php/modules" "Mozilla/5.0 AppleWebKit/537.36 (KHTML, like Gecko; compatible; GPTBot/1.4; +https://openai.com/gptbot)"
74.7.241.16 - - [25/Jul/2026:01:20:54 +0300] "GET /wp-admin/img/index.php?filesrc=//opt/cpanel/ea-php55/root/usr/lib64/php/modules/dom.so&path=//opt/cpanel/ea-php55/root/usr/lib64/php/modules HTTP/1.1" 200 71721 "http://mosturemate.com/wp-admin/img/index.php?path=//opt/cpanel/ea-php55/root/usr/lib64/php/modules" "Mozilla/5.0 AppleWebKit/537.36 (KHTML, like Gecko; compatible; GPTBot/1.4; +https://openai.com/gptbot)"
74.7.241.16 - - [25/Jul/2026:01:22:00 +0300] "GET /wp-admin/img/index.php?filesrc=//opt/cpanel/ea-php74/root/usr/lib64/php/modules/dom.so&path=//opt/cpanel/ea-php74/root/usr/lib64/php/modules HTTP/1.1" 429 0 "http://mosturemate.com/wp-admin/img/index.php?path=//opt/cpanel/ea-php74/root/usr/lib64/php/modules" "Mozilla/5.0 AppleWebKit/537.36 (KHTML, like Gecko; compatible; GPTBot/1.4; +https://openai.com/gptbot)"
74.7.241.56 - - [25/Jul/2026:01:24:42 +0300] "GET /wp-admin/img/?path=//lib64/perl5/vendor_perl/Digest HTTP/1.1" 429 0 "http://mosturemate.com.logoandwebdesigns.com/wp-admin/img/?path=//lib64/perl5/vendor_perl" "Mozilla/5.0 AppleWebKit/537.36 (KHTML, like Gecko; compatible; GPTBot/1.4; +https://openai.com/gptbot)"
74.7.241.16 - - [25/Jul/2026:01:25:54 +0300] "GET /wp-admin/img/index.php?filesrc=//opt/cpanel/ea-php52/root/usr/lib64/php/modules/dom.so&path=//opt/cpanel/ea-php52/root/usr/lib64/php/modules HTTP/1.1" 429 0 "http://mosturemate.com/wp-admin/img/index.php?path=//opt/cpanel/ea-php52/root/usr/lib64/php/modules" "Mozilla/5.0 AppleWebKit/537.36 (KHTML, like Gecko; compatible; GPTBot/1.4; +https://openai.com/gptbot)"
74.7.241.16 - - [25/Jul/2026:01:26:59 +0300] "GET /wp-admin/img/index.php?filesrc=//opt/cpanel/ea-php70/root/usr/lib64/php/modules/pdo.so&path=//opt/cpanel/ea-php70/root/usr/lib64/php/modules HTTP/1.1" 429 0 "http://mosturemate.com/wp-admin/img/index.php?path=//opt/cpanel/ea-php70/root/usr/lib64/php/modules" "Mozilla/5.0 AppleWebKit/537.36 (KHTML, like Gecko; compatible; GPTBot/1.4; +https://openai.com/gptbot)"
74.7.241.56 - - [25/Jul/2026:01:28:52 +0300] "GET /wp-admin/img/?filesrc=//proc/thread-self/root/proc/self/root/usr/lib/firmware/intel/ibt-11-5.ddc&path=//proc/thread-self/root/proc/self/root/usr/lib/firmware/intel HTTP/1.1" 429 0 "http://mosturemate.com.logoandwebdesigns.com/wp-admin/img/?path=//proc/thread-self/root/proc/self/root/usr/lib/firmware/intel" "Mozilla/5.0 AppleWebKit/537.36 (KHTML, like Gecko; compatible; GPTBot/1.4; +https://openai.com/gptbot)"
74.7.241.56 - - [25/Jul/2026:01:30:55 +0300] "GET /wp-admin/img/?filesrc=//proc/self/root/proc/thread-self/root/usr/lib/firmware/intel/ibt-11-5.sfi&path=//proc/self/root/proc/thread-self/root/usr/lib/firmware/intel HTTP/1.1" 429 0 "http://mosturemate.com.logoandwebdesigns.com/wp-admin/img/?path=//proc/self/root/proc/thread-self/root/usr/lib/firmware/intel" "Mozilla/5.0 AppleWebKit/537.36 (KHTML, like Gecko; compatible; GPTBot/1.4; +https://openai.com/gptbot)"
74.7.241.56 - - [25/Jul/2026:01:31:58 +0300] "GET /wp-admin/img/?filesrc=//proc/self/root/proc/thread-self/root/usr/lib/firmware/intel/ibt-17-2.sfi&path=//proc/self/root/proc/thread-self/root/usr/lib/firmware/intel HTTP/1.1" 200 422216 "http://mosturemate.com.logoandwebdesigns.com/wp-admin/img/?path=//proc/self/root/proc/thread-self/root/usr/lib/firmware/intel" "Mozilla/5.0 AppleWebKit/537.36 (KHTML, like Gecko; compatible; GPTBot/1.4; +https://openai.com/gptbot)"
74.7.241.56 - - [25/Jul/2026:01:34:45 +0300] "GET /wp-admin/img/?filesrc=//proc/thread-self/root/proc/self/root/usr/lib/firmware/intel/ibt-18-2.sfi&path=//proc/thread-self/root/proc/self/root/usr/lib/firmware/intel HTTP/1.1" 429 0 "http://mosturemate.com.logoandwebdesigns.com/wp-admin/img/?path=//proc/thread-self/root/proc/self/root/usr/lib/firmware/intel" "Mozilla/5.0 AppleWebKit/537.36 (KHTML, like Gecko; compatible; GPTBot/1.4; +https://openai.com/gptbot)"
74.7.241.16 - - [25/Jul/2026:01:35:13 +0300] "GET /wp-admin/img/index.php?filesrc=//opt/cpanel/ea-php53/root/usr/lib64/php/modules/pdo.so&path=//opt/cpanel/ea-php53/root/usr/lib64/php/modules HTTP/1.1" 429 0 "http://mosturemate.com/wp-admin/img/index.php?path=//opt/cpanel/ea-php53/root/usr/lib64/php/modules" "Mozilla/5.0 AppleWebKit/537.36 (KHTML, like Gecko; compatible; GPTBot/1.4; +https://openai.com/gptbot)"
74.7.241.56 - - [25/Jul/2026:01:33:00 +0300] "GET /wp-admin/img/?filesrc=//proc/thread-self/root/proc/self/root/usr/lib/firmware/intel/ibt-17-1.ddc&path=//proc/thread-self/root/proc/self/root/usr/lib/firmware/intel HTTP/1.1" 200 1290 "http://mosturemate.com.logoandwebdesigns.com/wp-admin/img/?path=//proc/thread-self/root/proc/self/root/usr/lib/firmware/intel" "Mozilla/5.0 AppleWebKit/537.36 (KHTML, like Gecko; compatible; GPTBot/1.4; +https://openai.com/gptbot)"
74.7.241.56 - - [25/Jul/2026:01:33:55 +0300] "GET /wp-admin/img/?filesrc=//proc/self/root/proc/thread-self/root/usr/lib/firmware/intel/ibt-18-1.ddc&path=//proc/self/root/proc/thread-self/root/usr/lib/firmware/intel HTTP/1.1" 429 0 "http://mosturemate.com.logoandwebdesigns.com/wp-admin/img/?path=//proc/self/root/proc/thread-self/root/usr/lib/firmware/intel" "Mozilla/5.0 AppleWebKit/537.36 (KHTML, like Gecko; compatible; GPTBot/1.4; +https://openai.com/gptbot)"
74.7.241.16 - - [25/Jul/2026:01:34:09 +0300] "GET /wp-admin/img/index.php?filesrc=//opt/cpanel/ea-php52/root/usr/lib64/php/modules/ftp.so&path=//opt/cpanel/ea-php52/root/usr/lib64/php/modules HTTP/1.1" 429 0 "http://mosturemate.com/wp-admin/img/index.php?path=//opt/cpanel/ea-php52/root/usr/lib64/php/modules" "Mozilla/5.0 AppleWebKit/537.36 (KHTML, like Gecko; compatible; GPTBot/1.4; +https://openai.com/gptbot)"
74.7.241.16 - - [25/Jul/2026:01:38:19 +0300] "GET /wp-admin/img/index.php?filesrc=//opt/cpanel/ea-wappspector/vendor/rector/rector/rules/Php72/Rector/While_/WhileEachToForeachRector.php&path=//opt/cpanel/ea-wappspector/vendor/rector/rector/rules/Php72/Rector/While_ HTTP/1.1" 429 0 "http://mosturemate.com/wp-admin/img/index.php?path=//opt/cpanel/ea-wappspector/vendor/rector/rector/rules/Php72/Rector/While_" "Mozilla/5.0 AppleWebKit/537.36 (KHTML, like Gecko; compatible; GPTBot/1.4; +https://openai.com/gptbot)"
74.7.241.56 - - [25/Jul/2026:01:38:52 +0300] "GET /wp-admin/img/?filesrc=//proc/thread-self/root/proc/self/root/usr/lib/firmware/intel/ibt-17-1.sfi&path=//proc/thread-self/root/proc/self/root/usr/lib/firmware/intel HTTP/1.1" 429 0 "http://mosturemate.com.logoandwebdesigns.com/wp-admin/img/?path=//proc/thread-self/root/proc/self/root/usr/lib/firmware/intel" "Mozilla/5.0 AppleWebKit/537.36 (KHTML, like Gecko; compatible; GPTBot/1.4; +https://openai.com/gptbot)"
74.7.241.16 - - [25/Jul/2026:01:40:29 +0300] "GET /wp-admin/img/index.php?filesrc=//opt/cpanel/ea-wappspector/vendor/rector/rector/rules/Php81/Rector/Array_/FirstClassCallableRector.php&path=//opt/cpanel/ea-wappspector/vendor/rector/rector/rules/Php81/Rector/Array_ HTTP/1.1" 200 2773 "http://mosturemate.com/wp-admin/img/index.php?path=//opt/cpanel/ea-wappspector/vendor/rector/rector/rules/Php81/Rector/Array_" "Mozilla/5.0 AppleWebKit/537.36 (KHTML, like Gecko; compatible; GPTBot/1.4; +https://openai.com/gptbot)"
74.7.241.56 - - [25/Jul/2026:01:41:00 +0300] "GET /wp-admin/img/?filesrc=//proc/self/root/proc/thread-self/root/usr/lib/firmware/intel/ibt-18-2.sfi&path=//proc/self/root/proc/thread-self/root/usr/lib/firmware/intel HTTP/1.1" 429 0 "http://mosturemate.com.logoandwebdesigns.com/wp-admin/img/?path=//proc/self/root/proc/thread-self/root/usr/lib/firmware/intel" "Mozilla/5.0 AppleWebKit/537.36 (KHTML, like Gecko; compatible; GPTBot/1.4; +https://openai.com/gptbot)"
74.7.241.16 - - [25/Jul/2026:01:41:33 +0300] "GET /wp-admin/img/index.php?filesrc=//opt/cpanel/ea-wappspector/vendor/rector/rector/rules/Php80/Rector/Class_/AnnotationToAttributeRector.php&path=//opt/cpanel/ea-wappspector/vendor/rector/rector/rules/Php80/Rector/Class_ HTTP/1.1" 429 0 "http://mosturemate.com/wp-admin/img/index.php?path=//opt/cpanel/ea-wappspector/vendor/rector/rector/rules/Php80/Rector/Class_" "Mozilla/5.0 AppleWebKit/537.36 (KHTML, like Gecko; compatible; GPTBot/1.4; +https://openai.com/gptbot)"
74.7.241.16 - - [25/Jul/2026:01:43:37 +0300] "GET /wp-admin/img/index.php?filesrc=//opt/cpanel/ea-wappspector/vendor/rector/rector/rules/Php71/Rector/List_/ListToArrayDestructRector.php&path=//opt/cpanel/ea-wappspector/vendor/rector/rector/rules/Php71/Rector/List_ HTTP/1.1" 429 0 "http://mosturemate.com/wp-admin/img/index.php?path=//opt/cpanel/ea-wappspector/vendor/rector/rector/rules/Php71/Rector/List_" "Mozilla/5.0 AppleWebKit/537.36 (KHTML, like Gecko; compatible; GPTBot/1.4; +https://openai.com/gptbot)"
74.7.241.56 - - [25/Jul/2026:01:44:04 +0300] "GET /wp-admin/img/?filesrc=//proc/thread-self/root/proc/self/root/usr/lib/firmware/intel/ibt-11-5.sfi&path=//proc/thread-self/root/proc/self/root/usr/lib/firmware/intel HTTP/1.1" 429 0 "http://mosturemate.com.logoandwebdesigns.com/wp-admin/img/?path=//proc/thread-self/root/proc/self/root/usr/lib/firmware/intel" "Mozilla/5.0 AppleWebKit/537.36 (KHTML, like Gecko; compatible; GPTBot/1.4; +https://openai.com/gptbot)"
74.7.241.16 - - [25/Jul/2026:01:44:38 +0300] "GET /wp-admin/img/index.php?filesrc=//proc/self/root/proc/1184719/root/opt/cpanel/ea-wappspector/vendor/sebastian/type/src/type/TrueType.php&path=//proc/self/root/proc/1184719/root/opt/cpanel/ea-wappspector/vendor/sebastian/type/src/type HTTP/1.1" 429 0 "http://mosturemate.com/wp-admin/img/index.php?path=//proc/self/root/proc/1184719/root/opt/cpanel/ea-wappspector/vendor/sebastian/type/src/type" "Mozilla/5.0 AppleWebKit/537.36 (KHTML, like Gecko; compatible; GPTBot/1.4; +https://openai.com/gptbot)"
74.7.241.56 - - [25/Jul/2026:01:35:46 +0300] "GET /wp-admin/img/?filesrc=//proc/thread-self/root/proc/self/root/usr/lib/firmware/intel/ibt-18-1.sfi&path=//proc/thread-self/root/proc/self/root/usr/lib/firmware/intel HTTP/1.1" 429 0 "http://mosturemate.com.logoandwebdesigns.com/wp-admin/img/?path=//proc/thread-self/root/proc/self/root/usr/lib/firmware/intel" "Mozilla/5.0 AppleWebKit/537.36 (KHTML, like Gecko; compatible; GPTBot/1.4; +https://openai.com/gptbot)"
74.7.241.56 - - [25/Jul/2026:01:36:48 +0300] "GET /wp-admin/img/?filesrc=//lib64/perl5/auto/PerlIO/scalar/scalar.so&path=//lib64/perl5/auto/PerlIO/scalar HTTP/1.1" 429 0 "http://mosturemate.com.logoandwebdesigns.com/wp-admin/img/?path=//lib64/perl5/auto/PerlIO/scalar" "Mozilla/5.0 AppleWebKit/537.36 (KHTML, like Gecko; compatible; GPTBot/1.4; +https://openai.com/gptbot)"
74.7.241.56 - - [25/Jul/2026:01:37:50 +0300] "GET /wp-admin/img/?filesrc=//proc/self/root/proc/thread-self/root/usr/lib/firmware/intel/ibt-18-1.sfi&path=//proc/self/root/proc/thread-self/root/usr/lib/firmware/intel HTTP/1.1" 429 0 "http://mosturemate.com.logoandwebdesigns.com/wp-admin/img/?path=//proc/self/root/proc/thread-self/root/usr/lib/firmware/intel" "Mozilla/5.0 AppleWebKit/537.36 (KHTML, like Gecko; compatible; GPTBot/1.4; +https://openai.com/gptbot)"
74.7.241.16 - - [25/Jul/2026:01:39:24 +0300] "GET /wp-admin/img/index.php?filesrc=//opt/cpanel/ea-wappspector/vendor/rector/rector/rules/Php73/Rector/String_/SensitiveHereNowDocRector.php&path=//opt/cpanel/ea-wappspector/vendor/rector/rector/rules/Php73/Rector/String_ HTTP/1.1" 429 0 "http://mosturemate.com/wp-admin/img/index.php?path=//opt/cpanel/ea-wappspector/vendor/rector/rector/rules/Php73/Rector/String_" "Mozilla/5.0 AppleWebKit/537.36 (KHTML, like Gecko; compatible; GPTBot/1.4; +https://openai.com/gptbot)"
74.7.241.56 - - [25/Jul/2026:01:39:56 +0300] "GET /wp-admin/img/?filesrc=//proc/thread-self/root/proc/self/root/usr/lib/firmware/intel/ibt-17-2.sfi&path=//proc/thread-self/root/proc/self/root/usr/lib/firmware/intel HTTP/1.1" 429 0 "http://mosturemate.com.logoandwebdesigns.com/wp-admin/img/?path=//proc/thread-self/root/proc/self/root/usr/lib/firmware/intel" "Mozilla/5.0 AppleWebKit/537.36 (KHTML, like Gecko; compatible; GPTBot/1.4; +https://openai.com/gptbot)"
74.7.241.16 - - [25/Jul/2026:01:42:32 +0300] "GET /wp-admin/img/index.php?filesrc=//opt/cpanel/ea-wappspector/vendor/rector/rector/rules/Php80/Rector/Class_/StringableForToStringRector.php&path=//opt/cpanel/ea-wappspector/vendor/rector/rector/rules/Php80/Rector/Class_ HTTP/1.1" 429 0 "http://mosturemate.com/wp-admin/img/index.php?path=//opt/cpanel/ea-wappspector/vendor/rector/rector/rules/Php80/Rector/Class_" "Mozilla/5.0 AppleWebKit/537.36 (KHTML, like Gecko; compatible; GPTBot/1.4; +https://openai.com/gptbot)"
74.7.241.56 - - [25/Jul/2026:01:43:05 +0300] "GET /wp-admin/img/?filesrc=//proc/thread-self/root/proc/self/root/usr/lib/firmware/intel/ibt-18-1.ddc&path=//proc/thread-self/root/proc/self/root/usr/lib/firmware/intel HTTP/1.1" 429 0 "http://mosturemate.com.logoandwebdesigns.com/wp-admin/img/?path=//proc/thread-self/root/proc/self/root/usr/lib/firmware/intel" "Mozilla/5.0 AppleWebKit/537.36 (KHTML, like Gecko; compatible; GPTBot/1.4; +https://openai.com/gptbot)"
74.7.241.16 - - [25/Jul/2026:01:45:40 +0300] "GET /wp-admin/img/index.php?filesrc=//proc/self/root/proc/1184719/root/opt/cpanel/ea-wappspector/vendor/sebastian/type/src/type/UnknownType.php&path=//proc/self/root/proc/1184719/root/opt/cpanel/ea-wappspector/vendor/sebastian/type/src/type HTTP/1.1" 429 0 "http://mosturemate.com/wp-admin/img/index.php?path=//proc/self/root/proc/1184719/root/opt/cpanel/ea-wappspector/vendor/sebastian/type/src/type" "Mozilla/5.0 AppleWebKit/537.36 (KHTML, like Gecko; compatible; GPTBot/1.4; +https://openai.com/gptbot)"
74.7.241.16 - - [25/Jul/2026:01:46:41 +0300] "GET /wp-admin/img/index.php?filesrc=//proc/self/root/proc/3134030/root/opt/cpanel/ea-wappspector/vendor/sebastian/type/src/type/ObjectType.php&path=//proc/self/root/proc/3134030/root/opt/cpanel/ea-wappspector/vendor/sebastian/type/src/type HTTP/1.1" 429 0 "http://mosturemate.com/wp-admin/img/index.php?path=//proc/self/root/proc/3134030/root/opt/cpanel/ea-wappspector/vendor/sebastian/type/src/type" "Mozilla/5.0 AppleWebKit/537.36 (KHTML, like Gecko; compatible; GPTBot/1.4; +https://openai.com/gptbot)"
74.7.241.56 - - [25/Jul/2026:01:47:20 +0300] "GET /wp-admin/img/?filesrc=//proc/thread-self/root/proc/self/root/lib/firmware/mellanox/mlxsw_spectrum2-29.2000.2714.mfa2&path=//proc/thread-self/root/proc/self/root/lib/firmware/mellanox HTTP/1.1" 429 0 "http://mosturemate.com.logoandwebdesigns.com/wp-admin/img/?path=//proc/thread-self/root/proc/self/root/lib/firmware/mellanox" "Mozilla/5.0 AppleWebKit/537.36 (KHTML, like Gecko; compatible; GPTBot/1.4; +https://openai.com/gptbot)"
74.7.241.16 - - [25/Jul/2026:01:47:41 +0300] "GET /wp-admin/img/index.php?filesrc=//proc/self/root/proc/3134030/root/opt/cpanel/ea-wappspector/vendor/sebastian/type/src/type/NullType.php&path=//proc/self/root/proc/3134030/root/opt/cpanel/ea-wappspector/vendor/sebastian/type/src/type HTTP/1.1" 429 0 "http://mosturemate.com/wp-admin/img/index.php?path=//proc/self/root/proc/3134030/root/opt/cpanel/ea-wappspector/vendor/sebastian/type/src/type" "Mozilla/5.0 AppleWebKit/537.36 (KHTML, like Gecko; compatible; GPTBot/1.4; +https://openai.com/gptbot)"
74.7.241.56 - - [25/Jul/2026:01:49:26 +0300] "GET /wp-admin/img/?filesrc=//proc/thread-self/root/proc/self/root/lib/firmware/mellanox/mlxsw_spectrum2-29.2000.2308.mfa2&path=//proc/thread-self/root/proc/self/root/lib/firmware/mellanox HTTP/1.1" 429 0 "http://mosturemate.com.logoandwebdesigns.com/wp-admin/img/?path=//proc/thread-self/root/proc/self/root/lib/firmware/mellanox" "Mozilla/5.0 AppleWebKit/537.36 (KHTML, like Gecko; compatible; GPTBot/1.4; +https://openai.com/gptbot)"
74.7.241.16 - - [25/Jul/2026:01:36:15 +0300] "GET /wp-admin/img/index.php?filesrc=//opt/cpanel/ea-php82/root/usr/lib64/php/modules/pdo.so&path=//opt/cpanel/ea-php82/root/usr/lib64/php/modules HTTP/1.1" 429 0 "http://mosturemate.com/wp-admin/img/index.php?path=//opt/cpanel/ea-php82/root/usr/lib64/php/modules" "Mozilla/5.0 AppleWebKit/537.36 (KHTML, like Gecko; compatible; GPTBot/1.4; +https://openai.com/gptbot)"
74.7.241.16 - - [25/Jul/2026:01:37:18 +0300] "GET /wp-admin/img/index.php?filesrc=//opt/cpanel/ea-php72/root/usr/lib64/php/modules/ftp.so&path=//opt/cpanel/ea-php72/root/usr/lib64/php/modules HTTP/1.1" 429 0 "http://mosturemate.com/wp-admin/img/index.php?path=//opt/cpanel/ea-php72/root/usr/lib64/php/modules" "Mozilla/5.0 AppleWebKit/537.36 (KHTML, like Gecko; compatible; GPTBot/1.4; +https://openai.com/gptbot)"
74.7.241.56 - - [25/Jul/2026:01:42:02 +0300] "GET /wp-admin/img/?filesrc=//proc/self/root/proc/thread-self/root/usr/lib/firmware/intel/ibt-11-5.ddc&path=//proc/self/root/proc/thread-self/root/usr/lib/firmware/intel HTTP/1.1" 200 1298 "http://mosturemate.com.logoandwebdesigns.com/wp-admin/img/?path=//proc/self/root/proc/thread-self/root/usr/lib/firmware/intel" "Mozilla/5.0 AppleWebKit/537.36 (KHTML, like Gecko; compatible; GPTBot/1.4; +https://openai.com/gptbot)"
43.165.167.69 - - [25/Jul/2026:01:42:07 +0300] "GET / HTTP/1.1" 500 0 "-" "Mozilla/5.0 (iPhone; CPU iPhone OS 13_2_3 like Mac OS X) AppleWebKit/605.1.15 (KHTML, like Gecko) Version/13.0.3 Mobile/15E148 Safari/604.1"
74.7.241.56 - - [25/Jul/2026:01:46:15 +0300] "GET /wp-admin/img/?path=//lib/tuned/cloudlinux-latency-performance-base HTTP/1.1" 429 0 "http://mosturemate.com.logoandwebdesigns.com/wp-admin/img/?path=//lib/tuned" "Mozilla/5.0 AppleWebKit/537.36 (KHTML, like Gecko; compatible; GPTBot/1.4; +https://openai.com/gptbot)"
74.7.241.16 - - [25/Jul/2026:01:50:48 +0300] "GET /wp-admin/img/index.php?filesrc=//proc/self/root/proc/3134030/root/opt/cpanel/ea-wappspector/vendor/sebastian/type/src/TypeName.php&path=//proc/self/root/proc/3134030/root/opt/cpanel/ea-wappspector/vendor/sebastian/type/src HTTP/1.1" 429 0 "http://mosturemate.com/wp-admin/img/index.php?path=//proc/self/root/proc/3134030/root/opt/cpanel/ea-wappspector/vendor/sebastian/type/src" "Mozilla/5.0 AppleWebKit/537.36 (KHTML, like Gecko; compatible; GPTBot/1.4; +https://openai.com/gptbot)"
74.7.241.16 - - [25/Jul/2026:01:51:42 +0300] "GET /wp-admin/img/index.php?filesrc=//proc/self/root/proc/1184719/root/opt/cpanel/ea-wappspector/vendor/sebastian/type/src/TypeName.php&path=//proc/self/root/proc/1184719/root/opt/cpanel/ea-wappspector/vendor/sebastian/type/src HTTP/1.1" 429 0 "http://mosturemate.com/wp-admin/img/index.php?path=//proc/self/root/proc/1184719/root/opt/cpanel/ea-wappspector/vendor/sebastian/type/src" "Mozilla/5.0 AppleWebKit/537.36 (KHTML, like Gecko; compatible; GPTBot/1.4; +https://openai.com/gptbot)"
74.7.241.56 - - [25/Jul/2026:01:45:10 +0300] "GET /wp-admin/img/?filesrc=//proc/self/root/proc/thread-self/root/usr/lib/firmware/intel/ibt-17-1.ddc&path=//proc/self/root/proc/thread-self/root/usr/lib/firmware/intel HTTP/1.1" 429 0 "http://mosturemate.com.logoandwebdesigns.com/wp-admin/img/?path=//proc/self/root/proc/thread-self/root/usr/lib/firmware/intel" "Mozilla/5.0 AppleWebKit/537.36 (KHTML, like Gecko; compatible; GPTBot/1.4; +https://openai.com/gptbot)"
74.7.241.56 - - [25/Jul/2026:01:48:22 +0300] "GET /wp-admin/img/?filesrc=//proc/thread-self/root/proc/self/root/lib/firmware/mellanox/mlxsw_spectrum-13.2000.2308.mfa2&path=//proc/thread-self/root/proc/self/root/lib/firmware/mellanox HTTP/1.1" 200 880214 "http://mosturemate.com.logoandwebdesigns.com/wp-admin/img/?path=//proc/thread-self/root/proc/self/root/lib/firmware/mellanox" "Mozilla/5.0 AppleWebKit/537.36 (KHTML, like Gecko; compatible; GPTBot/1.4; +https://openai.com/gptbot)"
74.7.241.16 - - [25/Jul/2026:01:48:43 +0300] "GET /wp-admin/img/index.php?filesrc=//proc/self/root/proc/1184719/root/opt/cpanel/ea-wappspector/vendor/sebastian/type/src/type/CallableType.php&path=//proc/self/root/proc/1184719/root/opt/cpanel/ea-wappspector/vendor/sebastian/type/src/type HTTP/1.1" 429 0 "http://mosturemate.com/wp-admin/img/index.php?path=//proc/self/root/proc/1184719/root/opt/cpanel/ea-wappspector/vendor/sebastian/type/src/type" "Mozilla/5.0 AppleWebKit/537.36 (KHTML, like Gecko; compatible; GPTBot/1.4; +https://openai.com/gptbot)"
74.7.241.16 - - [25/Jul/2026:01:49:46 +0300] "GET /wp-admin/img/index.php?filesrc=//proc/self/root/proc/1184719/root/opt/cpanel/ea-wappspector/vendor/sebastian/type/src/type/NullType.php&path=//proc/self/root/proc/1184719/root/opt/cpanel/ea-wappspector/vendor/sebastian/type/src/type HTTP/1.1" 200 1304 "http://mosturemate.com/wp-admin/img/index.php?path=//proc/self/root/proc/1184719/root/opt/cpanel/ea-wappspector/vendor/sebastian/type/src/type" "Mozilla/5.0 AppleWebKit/537.36 (KHTML, like Gecko; compatible; GPTBot/1.4; +https://openai.com/gptbot)"
74.7.241.56 - - [25/Jul/2026:01:50:25 +0300] "GET /wp-admin/img/?filesrc=//proc/self/root/proc/thread-self/root/lib/firmware/mellanox/mlxsw_spectrum-13.2000.2308.mfa2&path=//proc/self/root/proc/thread-self/root/lib/firmware/mellanox HTTP/1.1" 429 0 "http://mosturemate.com.logoandwebdesigns.com/wp-admin/img/?path=//proc/self/root/proc/thread-self/root/lib/firmware/mellanox" "Mozilla/5.0 AppleWebKit/537.36 (KHTML, like Gecko; compatible; GPTBot/1.4; +https://openai.com/gptbot)"
74.7.241.56 - - [25/Jul/2026:01:51:27 +0300] "GET /wp-admin/img/?filesrc=//proc/thread-self/root/proc/self/root/lib/firmware/mellanox/mlxsw_spectrum-13.2000.1122.mfa2&path=//proc/thread-self/root/proc/self/root/lib/firmware/mellanox HTTP/1.1" 429 0 "http://mosturemate.com.logoandwebdesigns.com/wp-admin/img/?path=//proc/thread-self/root/proc/self/root/lib/firmware/mellanox" "Mozilla/5.0 AppleWebKit/537.36 (KHTML, like Gecko; compatible; GPTBot/1.4; +https://openai.com/gptbot)"
74.7.241.16 - - [25/Jul/2026:01:53:49 +0300] "GET /wp-admin/img/index.php?filesrc=//proc/self/root/proc/1184719/root/opt/cpanel/ea-wappspector/vendor/sebastian/type/src/type/MixedType.php&path=//proc/self/root/proc/1184719/root/opt/cpanel/ea-wappspector/vendor/sebastian/type/src/type HTTP/1.1" 429 0 "http://mosturemate.com/wp-admin/img/index.php?path=//proc/self/root/proc/1184719/root/opt/cpanel/ea-wappspector/vendor/sebastian/type/src/type" "Mozilla/5.0 AppleWebKit/537.36 (KHTML, like Gecko; compatible; GPTBot/1.4; +https://openai.com/gptbot)"
74.7.241.16 - - [25/Jul/2026:01:54:52 +0300] "GET /wp-admin/img/index.php?filesrc=//proc/self/root/proc/1184719/root/opt/cpanel/ea-wappspector/vendor/sebastian/type/src/type/VoidType.php&path=//proc/self/root/proc/1184719/root/opt/cpanel/ea-wappspector/vendor/sebastian/type/src/type HTTP/1.1" 429 0 "http://mosturemate.com/wp-admin/img/index.php?path=//proc/self/root/proc/1184719/root/opt/cpanel/ea-wappspector/vendor/sebastian/type/src/type" "Mozilla/5.0 AppleWebKit/537.36 (KHTML, like Gecko; compatible; GPTBot/1.4; +https://openai.com/gptbot)"
74.7.241.56 - - [25/Jul/2026:01:55:30 +0300] "GET /wp-admin/img/?filesrc=//proc/thread-self/root/proc/self/root/lib/firmware/mellanox/mlxsw_spectrum-13.2000.2714.mfa2&path=//proc/thread-self/root/proc/self/root/lib/firmware/mellanox HTTP/1.1" 429 0 "http://mosturemate.com.logoandwebdesigns.com/wp-admin/img/?path=//proc/thread-self/root/proc/self/root/lib/firmware/mellanox" "Mozilla/5.0 AppleWebKit/537.36 (KHTML, like Gecko; compatible; GPTBot/1.4; +https://openai.com/gptbot)"
74.7.241.56 - - [25/Jul/2026:01:56:32 +0300] "GET /wp-admin/img/?filesrc=//proc/thread-self/root/proc/self/root/lib/firmware/mellanox/mlxsw_spectrum-13.2000.1886.mfa2&path=//proc/thread-self/root/proc/self/root/lib/firmware/mellanox HTTP/1.1" 429 0 "http://mosturemate.com.logoandwebdesigns.com/wp-admin/img/?path=//proc/thread-self/root/proc/self/root/lib/firmware/mellanox" "Mozilla/5.0 AppleWebKit/537.36 (KHTML, like Gecko; compatible; GPTBot/1.4; +https://openai.com/gptbot)"
74.7.241.16 - - [25/Jul/2026:01:57:56 +0300] "GET /wp-admin/img/index.php?filesrc=//proc/self/root/proc/1184719/root/opt/cpanel/ea-wappspector/vendor/league/flysystem/src/UnableToCheckExistence.php&path=//proc/self/root/proc/1184719/root/opt/cpanel/ea-wappspector/vendor/league/flysystem/src HTTP/1.1" 200 1312 "http://mosturemate.com/wp-admin/img/index.php?path=//proc/self/root/proc/1184719/root/opt/cpanel/ea-wappspector/vendor/league/flysystem/src" "Mozilla/5.0 AppleWebKit/537.36 (KHTML, like Gecko; compatible; GPTBot/1.4; +https://openai.com/gptbot)"
74.7.241.56 - - [25/Jul/2026:01:52:31 +0300] "GET /wp-admin/img/?filesrc=//proc/self/root/proc/thread-self/root/lib/firmware/mellanox/mlxsw_spectrum-13.2000.1122.mfa2&path=//proc/self/root/proc/thread-self/root/lib/firmware/mellanox HTTP/1.1" 200 833184 "http://mosturemate.com.logoandwebdesigns.com/wp-admin/img/?path=//proc/self/root/proc/thread-self/root/lib/firmware/mellanox" "Mozilla/5.0 AppleWebKit/537.36 (KHTML, like Gecko; compatible; GPTBot/1.4; +https://openai.com/gptbot)"
74.7.241.16 - - [25/Jul/2026:01:52:46 +0300] "GET /wp-admin/img/index.php?filesrc=//proc/self/root/proc/1184719/root/opt/cpanel/ea-wappspector/vendor/sebastian/type/src/type/SimpleType.php&path=//proc/self/root/proc/1184719/root/opt/cpanel/ea-wappspector/vendor/sebastian/type/src/type HTTP/1.1" 429 0 "http://mosturemate.com/wp-admin/img/index.php?path=//proc/self/root/proc/1184719/root/opt/cpanel/ea-wappspector/vendor/sebastian/type/src/type" "Mozilla/5.0 AppleWebKit/537.36 (KHTML, like Gecko; compatible; GPTBot/1.4; +https://openai.com/gptbot)"
74.7.241.16 - - [25/Jul/2026:01:55:55 +0300] "GET /wp-admin/img/index.php?filesrc=//proc/self/root/proc/1184719/root/opt/cpanel/ea-wappspector/vendor/sebastian/type/src/type/ObjectType.php&path=//proc/self/root/proc/1184719/root/opt/cpanel/ea-wappspector/vendor/sebastian/type/src/type HTTP/1.1" 200 1307 "http://mosturemate.com/wp-admin/img/index.php?path=//proc/self/root/proc/1184719/root/opt/cpanel/ea-wappspector/vendor/sebastian/type/src/type" "Mozilla/5.0 AppleWebKit/537.36 (KHTML, like Gecko; compatible; GPTBot/1.4; +https://openai.com/gptbot)"
74.7.241.16 - - [25/Jul/2026:01:56:59 +0300] "GET /wp-admin/img/index.php?filesrc=//proc/self/root/proc/3134030/root/opt/cpanel/ea-wappspector/vendor/sebastian/type/src/type/UnknownType.php&path=//proc/self/root/proc/3134030/root/opt/cpanel/ea-wappspector/vendor/sebastian/type/src/type HTTP/1.1" 429 0 "http://mosturemate.com/wp-admin/img/index.php?path=//proc/self/root/proc/3134030/root/opt/cpanel/ea-wappspector/vendor/sebastian/type/src/type" "Mozilla/5.0 AppleWebKit/537.36 (KHTML, like Gecko; compatible; GPTBot/1.4; +https://openai.com/gptbot)"
74.7.241.56 - - [25/Jul/2026:01:57:36 +0300] "GET /wp-admin/img/?filesrc=//proc/self/root/proc/thread-self/root/lib/firmware/mellanox/mlxsw_spectrum-13.2000.2714.mfa2&path=//proc/self/root/proc/thread-self/root/lib/firmware/mellanox HTTP/1.1" 429 0 "http://mosturemate.com.logoandwebdesigns.com/wp-admin/img/?path=//proc/self/root/proc/thread-self/root/lib/firmware/mellanox" "Mozilla/5.0 AppleWebKit/537.36 (KHTML, like Gecko; compatible; GPTBot/1.4; +https://openai.com/gptbot)"
74.7.241.16 - - [25/Jul/2026:01:59:54 +0300] "GET /wp-admin/img/index.php?filesrc=//usr/lib/kernel/install.d/20-grub.install&path=//usr/lib/kernel/install.d HTTP/1.1" 429 0 "http://mosturemate.com/wp-admin/img/index.php?path=//usr/lib/kernel/install.d" "Mozilla/5.0 AppleWebKit/537.36 (KHTML, like Gecko; compatible; GPTBot/1.4; +https://openai.com/gptbot)"
74.7.241.56 - - [25/Jul/2026:01:53:32 +0300] "GET /wp-admin/img/?filesrc=//proc/self/root/proc/thread-self/root/lib/firmware/mellanox/mlxsw_spectrum2-29.2000.2714.mfa2&path=//proc/self/root/proc/thread-self/root/lib/firmware/mellanox HTTP/1.1" 429 0 "http://mosturemate.com.logoandwebdesigns.com/wp-admin/img/?path=//proc/self/root/proc/thread-self/root/lib/firmware/mellanox" "Mozilla/5.0 AppleWebKit/537.36 (KHTML, like Gecko; compatible; GPTBot/1.4; +https://openai.com/gptbot)"
74.7.241.56 - - [25/Jul/2026:01:54:27 +0300] "GET /wp-admin/img/?filesrc=//proc/self/root/proc/thread-self/root/lib/firmware/mellanox/mlxsw_spectrum-13.2000.1886.mfa2&path=//proc/self/root/proc/thread-self/root/lib/firmware/mellanox HTTP/1.1" 429 0 "http://mosturemate.com.logoandwebdesigns.com/wp-admin/img/?path=//proc/self/root/proc/thread-self/root/lib/firmware/mellanox" "Mozilla/5.0 AppleWebKit/537.36 (KHTML, like Gecko; compatible; GPTBot/1.4; +https://openai.com/gptbot)"
74.7.241.56 - - [25/Jul/2026:01:58:39 +0300] "GET /wp-admin/img/?filesrc=//proc/self/root/proc/thread-self/root/lib/firmware/mellanox/mlxsw_spectrum2-29.2000.2308.mfa2&path=//proc/self/root/proc/thread-self/root/lib/firmware/mellanox HTTP/1.1" 429 0 "http://mosturemate.com.logoandwebdesigns.com/wp-admin/img/?path=//proc/self/root/proc/thread-self/root/lib/firmware/mellanox" "Mozilla/5.0 AppleWebKit/537.36 (KHTML, like Gecko; compatible; GPTBot/1.4; +https://openai.com/gptbot)"
74.7.241.16 - - [25/Jul/2026:01:58:58 +0300] "GET /wp-admin/img/index.php?filesrc=//proc/self/root/proc/1184719/root/opt/cpanel/ea-wappspector/vendor/league/flysystem/src/UnableToProvideChecksum.php&path=//proc/self/root/proc/1184719/root/opt/cpanel/ea-wappspector/vendor/league/flysystem/src HTTP/1.1" 429 0 "http://mosturemate.com/wp-admin/img/index.php?path=//proc/self/root/proc/1184719/root/opt/cpanel/ea-wappspector/vendor/league/flysystem/src" "Mozilla/5.0 AppleWebKit/537.36 (KHTML, like Gecko; compatible; GPTBot/1.4; +https://openai.com/gptbot)"
74.7.241.56 - - [25/Jul/2026:01:59:44 +0300] "GET /wp-admin/img/?filesrc=//proc/thread-self/root/lib64/python2.7/encodings/iso2022_jp_2004.pyc&path=//proc/thread-self/root/lib64/python2.7/encodings HTTP/1.1" 429 0 "http://mosturemate.com.logoandwebdesigns.com/wp-admin/img/?path=//proc/thread-self/root/lib64/python2.7/encodings" "Mozilla/5.0 AppleWebKit/537.36 (KHTML, like Gecko; compatible; GPTBot/1.4; +https://openai.com/gptbot)"
74.7.241.16 - - [25/Jul/2026:02:00:56 +0300] "GET /wp-admin/img/index.php?filesrc=//usr/lib64/python2.7/idlelib/help.html&path=//usr/lib64/python2.7/idlelib HTTP/1.1" 429 0 "http://mosturemate.com/wp-admin/img/index.php?path=//usr/lib64/python2.7/idlelib" "Mozilla/5.0 AppleWebKit/537.36 (KHTML, like Gecko; compatible; GPTBot/1.4; +https://openai.com/gptbot)"
74.7.241.56 - - [25/Jul/2026:02:01:53 +0300] "GET /wp-admin/img/?filesrc=//opt/alt/python37/lib64/python3.7/distutils/command/wininst-14.0-amd64.exe&path=//opt/alt/python37/lib64/python3.7/distutils/command HTTP/1.1" 429 0 "http://mosturemate.com.logoandwebdesigns.com/wp-admin/img/?path=//opt/alt/python37/lib64/python3.7/distutils/command" "Mozilla/5.0 AppleWebKit/537.36 (KHTML, like Gecko; compatible; GPTBot/1.4; +https://openai.com/gptbot)"
74.7.241.16 - - [25/Jul/2026:02:03:06 +0300] "GET /wp-admin/img/index.php?filesrc=//opt/cpanel/ea-ruby27/src/passenger-release-6.1.2/src/cxx_supportlib/oxt/implementation.cpp&path=//opt/cpanel/ea-ruby27/src/passenger-release-6.1.2/src/cxx_supportlib/oxt HTTP/1.1" 429 0 "http://mosturemate.com/wp-admin/img/index.php?path=//opt/cpanel/ea-ruby27/src/passenger-release-6.1.2/src/cxx_supportlib/oxt" "Mozilla/5.0 AppleWebKit/537.36 (KHTML, like Gecko; compatible; GPTBot/1.4; +https://openai.com/gptbot)"
74.7.241.56 - - [25/Jul/2026:02:03:51 +0300] "GET /wp-admin/img/?filesrc=//opt/imunify360/venv/lib64/python3.11/site-packages/distro.py&path=//opt/imunify360/venv/lib64/python3.11/site-packages HTTP/1.1" 429 0 "http://mosturemate.com.logoandwebdesigns.com/wp-admin/img/?path=//opt/imunify360/venv/lib64/python3.11/site-packages" "Mozilla/5.0 AppleWebKit/537.36 (KHTML, like Gecko; compatible; GPTBot/1.4; +https://openai.com/gptbot)"
74.7.241.56 - - [25/Jul/2026:02:06:00 +0300] "GET /wp-admin/img/?filesrc=//proc/thread-self/root/usr/lib/firmware/qcom/x1e80100/gen70500_zap.mbn&path=//proc/thread-self/root/usr/lib/firmware/qcom/x1e80100 HTTP/1.1" 429 0 "http://mosturemate.com.logoandwebdesigns.com/wp-admin/img/?path=//proc/thread-self/root/usr/lib/firmware/qcom/x1e80100" "Mozilla/5.0 AppleWebKit/537.36 (KHTML, like Gecko; compatible; GPTBot/1.4; +https://openai.com/gptbot)"
74.7.241.16 - - [25/Jul/2026:02:07:12 +0300] "GET /wp-admin/img/index.php?path=/home/logoandw/tmp/analog/ssl/mydreamydiary.com.logoandwebdesigns.com HTTP/1.1" 429 0 "http://mosturemate.com/wp-admin/img/index.php?path=/home/logoandw/tmp/analog/ssl" "Mozilla/5.0 AppleWebKit/537.36 (KHTML, like Gecko; compatible; GPTBot/1.4; +https://openai.com/gptbot)"
74.7.241.56 - - [25/Jul/2026:02:08:07 +0300] "GET /wp-admin/img/?filesrc=//opt/alt/python35/lib64/python3.5/distutils/command/wininst-9.0-amd64.exe&path=//opt/alt/python35/lib64/python3.5/distutils/command HTTP/1.1" 200 108739 "http://mosturemate.com.logoandwebdesigns.com/wp-admin/img/?path=//opt/alt/python35/lib64/python3.5/distutils/command" "Mozilla/5.0 AppleWebKit/537.36 (KHTML, like Gecko; compatible; GPTBot/1.4; +https://openai.com/gptbot)"
74.7.241.16 - - [25/Jul/2026:02:02:00 +0300] "GET /wp-admin/img/index.php?filesrc=//opt/cpanel/ea-ruby27/src/passenger-release-6.1.2/src/cxx_supportlib/oxt/tracable_exception.hpp&path=//opt/cpanel/ea-ruby27/src/passenger-release-6.1.2/src/cxx_supportlib/oxt HTTP/1.1" 429 0 "http://mosturemate.com/wp-admin/img/index.php?path=//opt/cpanel/ea-ruby27/src/passenger-release-6.1.2/src/cxx_supportlib/oxt" "Mozilla/5.0 AppleWebKit/537.36 (KHTML, like Gecko; compatible; GPTBot/1.4; +https://openai.com/gptbot)"
74.7.241.16 - - [25/Jul/2026:02:04:08 +0300] "GET /wp-admin/img/index.php?filesrc=//opt/cpanel/ea-ruby27/src/passenger-release-6.1.2/src/ruby_supportlib/phusion_passenger.rb&path=//opt/cpanel/ea-ruby27/src/passenger-release-6.1.2/src/ruby_supportlib HTTP/1.1" 429 0 "http://mosturemate.com/wp-admin/img/index.php?path=//opt/cpanel/ea-ruby27/src/passenger-release-6.1.2/src/ruby_supportlib" "Mozilla/5.0 AppleWebKit/537.36 (KHTML, like Gecko; compatible; GPTBot/1.4; +https://openai.com/gptbot)"
74.7.241.56 - - [25/Jul/2026:02:04:56 +0300] "GET /wp-admin/img/?filesrc=//opt/imunify360/venv/lib64/python3.11/site-packages/secureio.py&path=//opt/imunify360/venv/lib64/python3.11/site-packages HTTP/1.1" 429 0 "http://mosturemate.com.logoandwebdesigns.com/wp-admin/img/?path=//opt/imunify360/venv/lib64/python3.11/site-packages" "Mozilla/5.0 AppleWebKit/537.36 (KHTML, like Gecko; compatible; GPTBot/1.4; +https://openai.com/gptbot)"
74.7.241.16 - - [25/Jul/2026:02:05:11 +0300] "GET /wp-admin/img/index.php?filesrc=//opt/cpanel/ea-ruby27/src/passenger-release-6.1.2/resources/update_check_server_pubkey.pem&path=//opt/cpanel/ea-ruby27/src/passenger-release-6.1.2/resources HTTP/1.1" 429 0 "http://mosturemate.com/wp-admin/img/index.php?path=//opt/cpanel/ea-ruby27/src/passenger-release-6.1.2/resources" "Mozilla/5.0 AppleWebKit/537.36 (KHTML, like Gecko; compatible; GPTBot/1.4; +https://openai.com/gptbot)"
74.7.241.16 - - [25/Jul/2026:02:06:11 +0300] "GET /wp-admin/img/index.php?filesrc=//opt/cloudlinux/venv/lib64/python3.11/site-packages/virtualenv/create/via_global_ref/builtin/pypy/__pycache__/__init__.cpython-311.pyc&path=//opt/cloudlinux/venv/lib64/python3.11/site-packages/virtualenv/create/via_global_ref/builtin/pypy/__pycache__ HTTP/1.1" 429 0 "http://mosturemate.com/wp-admin/img/index.php?path=//opt/cloudlinux/venv/lib64/python3.11/site-packages/virtualenv/create/via_global_ref/builtin/pypy/__pycache__" "Mozilla/5.0 AppleWebKit/537.36 (KHTML, like Gecko; compatible; GPTBot/1.4; +https://openai.com/gptbot)"
74.7.241.56 - - [25/Jul/2026:02:07:01 +0300] "GET /wp-admin/img/?filesrc=//opt/alt/python35/lib64/python3.5/distutils/command/wininst-14.0-amd64.exe&path=//opt/alt/python35/lib64/python3.5/distutils/command HTTP/1.1" 429 0 "http://mosturemate.com.logoandwebdesigns.com/wp-admin/img/?path=//opt/alt/python35/lib64/python3.5/distutils/command" "Mozilla/5.0 AppleWebKit/537.36 (KHTML, like Gecko; compatible; GPTBot/1.4; +https://openai.com/gptbot)"
74.7.241.56 - - [25/Jul/2026:02:09:07 +0300] "GET /wp-admin/img/?filesrc=//opt/alt/python35/lib64/python3.5/distutils/command/wininst-10.0-amd64.exe&path=//opt/alt/python35/lib64/python3.5/distutils/command HTTP/1.1" 429 0 "http://mosturemate.com.logoandwebdesigns.com/wp-admin/img/?path=//opt/alt/python35/lib64/python3.5/distutils/command" "Mozilla/5.0 AppleWebKit/537.36 (KHTML, like Gecko; compatible; GPTBot/1.4; +https://openai.com/gptbot)"
74.7.241.56 - - [25/Jul/2026:02:00:50 +0300] "GET /wp-admin/img/?filesrc=//proc/thread-self/root/lib64/python2.7/encodings/iso2022_jp_2004.pyo&path=//proc/thread-self/root/lib64/python2.7/encodings HTTP/1.1" 200 1908 "http://mosturemate.com.logoandwebdesigns.com/wp-admin/img/?path=//proc/thread-self/root/lib64/python2.7/encodings" "Mozilla/5.0 AppleWebKit/537.36 (KHTML, like Gecko; compatible; GPTBot/1.4; +https://openai.com/gptbot)"
74.7.241.56 - - [25/Jul/2026:02:02:48 +0300] "GET /wp-admin/img/?filesrc=//opt/imunify360/venv/lib64/python3.11/site-packages/typing_extensions.py&path=//opt/imunify360/venv/lib64/python3.11/site-packages HTTP/1.1" 429 0 "http://mosturemate.com.logoandwebdesigns.com/wp-admin/img/?path=//opt/imunify360/venv/lib64/python3.11/site-packages" "Mozilla/5.0 AppleWebKit/537.36 (KHTML, like Gecko; compatible; GPTBot/1.4; +https://openai.com/gptbot)"
74.7.241.16 - - [25/Jul/2026:02:08:15 +0300] "GET /wp-admin/img/index.php?path=/home/logoandw/tmp/analog/ssl/innovativeech.com.logoandwebdesigns.com HTTP/1.1" 429 0 "http://mosturemate.com/wp-admin/img/index.php?path=/home/logoandw/tmp/analog/ssl" "Mozilla/5.0 AppleWebKit/537.36 (KHTML, like Gecko; compatible; GPTBot/1.4; +https://openai.com/gptbot)"
74.7.241.16 - - [25/Jul/2026:02:09:19 +0300] "GET /wp-admin/img/index.php?path=//proc/self/root/lib64/php/modules/sw-engine HTTP/1.1" 429 0 "http://mosturemate.com/wp-admin/img/index.php?path=//proc/self/root/lib64/php/modules" "Mozilla/5.0 AppleWebKit/537.36 (KHTML, like Gecko; compatible; GPTBot/1.4; +https://openai.com/gptbot)"
74.7.241.16 - - [25/Jul/2026:02:10:20 +0300] "GET /wp-admin/img/index.php?filesrc=//proc/self/root/proc/1188128/root/usr/local/sitepad/editor/site-inc/wp-db.php&path=//proc/self/root/proc/1188128/root/usr/local/sitepad/editor/site-inc HTTP/1.1" 429 0 "http://mosturemate.com/wp-admin/img/index.php?path=//proc/self/root/proc/1188128/root/usr/local/sitepad/editor/site-inc" "Mozilla/5.0 AppleWebKit/537.36 (KHTML, like Gecko; compatible; GPTBot/1.4; +https://openai.com/gptbot)"
74.7.241.56 - - [25/Jul/2026:02:11:02 +0300] "GET /wp-admin/img/?filesrc=//opt/alt/python27/lib64/python2.7/distutils/command/wininst-9.0-amd64.exe&path=//opt/alt/python27/lib64/python2.7/distutils/command HTTP/1.1" 429 0 "http://mosturemate.com.logoandwebdesigns.com/wp-admin/img/?path=//opt/alt/python27/lib64/python2.7/distutils/command" "Mozilla/5.0 AppleWebKit/537.36 (KHTML, like Gecko; compatible; GPTBot/1.4; +https://openai.com/gptbot)"
74.7.241.56 - - [25/Jul/2026:02:14:06 +0300] "GET /wp-admin/img/?filesrc=//proc/thread-self/root/usr/lib/firmware/qcom/x1p42100/gen71500_zap.mbn&path=//proc/thread-self/root/usr/lib/firmware/qcom/x1p42100 HTTP/1.1" 429 0 "http://mosturemate.com.logoandwebdesigns.com/wp-admin/img/?path=//proc/thread-self/root/usr/lib/firmware/qcom/x1p42100" "Mozilla/5.0 AppleWebKit/537.36 (KHTML, like Gecko; compatible; GPTBot/1.4; +https://openai.com/gptbot)"
74.7.241.16 - - [25/Jul/2026:02:14:32 +0300] "GET /wp-admin/img/index.php?filesrc=//etc/profile.d/colorsysstat.csh&path=//etc/profile.d HTTP/1.1" 429 0 "http://mosturemate.com/wp-admin/img/index.php?path=//etc/profile.d" "Mozilla/5.0 AppleWebKit/537.36 (KHTML, like Gecko; compatible; GPTBot/1.4; +https://openai.com/gptbot)"
74.7.241.16 - - [25/Jul/2026:02:15:32 +0300] "GET /wp-admin/img/index.php?filesrc=//etc/profile.d/colorsysstat.sh&path=//etc/profile.d HTTP/1.1" 429 0 "http://mosturemate.com/wp-admin/img/index.php?path=//etc/profile.d" "Mozilla/5.0 AppleWebKit/537.36 (KHTML, like Gecko; compatible; GPTBot/1.4; +https://openai.com/gptbot)"
74.7.241.56 - - [25/Jul/2026:02:17:09 +0300] "GET /wp-admin/img/?filesrc=//opt/imunify360/venv/lib64/python3.11/site-packages/speaklater.py&path=//opt/imunify360/venv/lib64/python3.11/site-packages HTTP/1.1" 429 0 "http://mosturemate.com.logoandwebdesigns.com/wp-admin/img/?path=//opt/imunify360/venv/lib64/python3.11/site-packages" "Mozilla/5.0 AppleWebKit/537.36 (KHTML, like Gecko; compatible; GPTBot/1.4; +https://openai.com/gptbot)"
74.7.241.56 - - [25/Jul/2026:02:19:16 +0300] "GET /wp-admin/img/?filesrc=//proc/thread-self/root/proc/self/root/tmp/chunky/7b4edfe2f1a0ddc523e089cea1e13509_0&path=//proc/thread-self/root/proc/self/root/tmp/chunky HTTP/1.1" 429 0 "http://mosturemate.com.logoandwebdesigns.com/wp-admin/img/?path=//proc/thread-self/root/proc/self/root/tmp/chunky" "Mozilla/5.0 AppleWebKit/537.36 (KHTML, like Gecko; compatible; GPTBot/1.4; +https://openai.com/gptbot)"
74.7.241.56 - - [25/Jul/2026:02:20:18 +0300] "GET /wp-admin/img/?filesrc=//proc/thread-self/root/lib/firmware/qcom/x1e80100/gen70500_zap.mbn&path=//proc/thread-self/root/lib/firmware/qcom/x1e80100 HTTP/1.1" 429 0 "http://mosturemate.com.logoandwebdesigns.com/wp-admin/img/?path=//proc/thread-self/root/lib/firmware/qcom/x1e80100" "Mozilla/5.0 AppleWebKit/537.36 (KHTML, like Gecko; compatible; GPTBot/1.4; +https://openai.com/gptbot)"
74.7.241.56 - - [25/Jul/2026:02:21:18 +0300] "GET /wp-admin/img/?filesrc=//opt/imunify360/venv/lib64/python3.11/site-packages/distutils-precedence.pth&path=//opt/imunify360/venv/lib64/python3.11/site-packages HTTP/1.1" 429 0 "http://mosturemate.com.logoandwebdesigns.com/wp-admin/img/?path=//opt/imunify360/venv/lib64/python3.11/site-packages" "Mozilla/5.0 AppleWebKit/537.36 (KHTML, like Gecko; compatible; GPTBot/1.4; +https://openai.com/gptbot)"
74.7.241.56 - - [25/Jul/2026:02:10:01 +0300] "GET /wp-admin/img/?filesrc=//opt/imunify360/venv/lib64/python3.11/site-packages/phpserialize.py&path=//opt/imunify360/venv/lib64/python3.11/site-packages HTTP/1.1" 429 0 "http://mosturemate.com.logoandwebdesigns.com/wp-admin/img/?path=//opt/imunify360/venv/lib64/python3.11/site-packages" "Mozilla/5.0 AppleWebKit/537.36 (KHTML, like Gecko; compatible; GPTBot/1.4; +https://openai.com/gptbot)"
74.7.241.56 - - [25/Jul/2026:02:12:06 +0300] "GET /wp-admin/img/?filesrc=//opt/imunify360/venv/lib64/python3.11/site-packages/_pyrsistent_version.py&path=//opt/imunify360/venv/lib64/python3.11/site-packages HTTP/1.1" 200 1262 "http://mosturemate.com.logoandwebdesigns.com/wp-admin/img/?path=//opt/imunify360/venv/lib64/python3.11/site-packages" "Mozilla/5.0 AppleWebKit/537.36 (KHTML, like Gecko; compatible; GPTBot/1.4; +https://openai.com/gptbot)"
74.7.241.16 - - [25/Jul/2026:02:13:32 +0300] "GET /wp-admin/img/index.php?path=//opt/cpanel/ea-wappspector/vendor/rector/rector/vendor/rector/rector-symfony/rules/SwiftMailer/Rector/ClassMethod HTTP/1.1" 429 0 "http://mosturemate.com/wp-admin/img/index.php?path=//opt/cpanel/ea-wappspector/vendor/rector/rector/vendor/rector/rector-symfony/rules/SwiftMailer/Rector" "Mozilla/5.0 AppleWebKit/537.36 (KHTML, like Gecko; compatible; GPTBot/1.4; +https://openai.com/gptbot)"
74.7.241.56 - - [25/Jul/2026:02:15:11 +0300] "GET /wp-admin/img/?filesrc=//opt/alt/python37/lib64/python3.7/distutils/command/wininst-9.0-amd64.exe&path=//opt/alt/python37/lib64/python3.7/distutils/command HTTP/1.1" 200 108739 "http://mosturemate.com.logoandwebdesigns.com/wp-admin/img/?path=//opt/alt/python37/lib64/python3.7/distutils/command" "Mozilla/5.0 AppleWebKit/537.36 (KHTML, like Gecko; compatible; GPTBot/1.4; +https://openai.com/gptbot)"
74.7.241.16 - - [25/Jul/2026:02:16:33 +0300] "GET /wp-admin/img/index.php?filesrc=//etc/profile.d/colorxzgrep.sh&path=//etc/profile.d HTTP/1.1" 429 0 "http://mosturemate.com/wp-admin/img/index.php?path=//etc/profile.d" "Mozilla/5.0 AppleWebKit/537.36 (KHTML, like Gecko; compatible; GPTBot/1.4; +https://openai.com/gptbot)"
74.7.241.16 - - [25/Jul/2026:02:17:35 +0300] "GET /wp-admin/img/index.php?filesrc=//etc/profile.d/debuginfod.sh&path=//etc/profile.d HTTP/1.1" 429 0 "http://mosturemate.com/wp-admin/img/index.php?path=//etc/profile.d" "Mozilla/5.0 AppleWebKit/537.36 (KHTML, like Gecko; compatible; GPTBot/1.4; +https://openai.com/gptbot)"
74.7.241.56 - - [25/Jul/2026:02:18:12 +0300] "GET /wp-admin/img/?filesrc=//opt/imunify360/venv/lib64/python3.11/site-packages/peewee.py&path=//opt/imunify360/venv/lib64/python3.11/site-packages HTTP/1.1" 429 0 "http://mosturemate.com.logoandwebdesigns.com/wp-admin/img/?path=//opt/imunify360/venv/lib64/python3.11/site-packages" "Mozilla/5.0 AppleWebKit/537.36 (KHTML, like Gecko; compatible; GPTBot/1.4; +https://openai.com/gptbot)"
74.7.230.27 - - [25/Jul/2026:02:19:46 +0300] "GET /robots.txt HTTP/1.1" 404 1251 "-" "Mozilla/5.0 (Macintosh; Intel Mac OS X 10_15_7) AppleWebKit/537.36 (KHTML, like Gecko) Chrome/131.0.0.0 Safari/537.36; compatible; OAI-SearchBot/1.4; robots.txt; +https://openai.com/searchbot"
74.7.241.16 - - [25/Jul/2026:02:20:50 +0300] "GET /wp-admin/img/index.php?filesrc=//proc/2181290/root/proc/self/fd/6/93dbff301e2fa4f1a19ac4f9b51a8082fd24c8d8d6a09f6a7f9b5fd829dad0c4&path=//proc/2181290/root/proc/self/fd/6 HTTP/1.1" 429 0 "http://mosturemate.com/wp-admin/img/index.php?path=//proc/2181290/root/proc/self/fd/6" "Mozilla/5.0 AppleWebKit/537.36 (KHTML, like Gecko; compatible; GPTBot/1.4; +https://openai.com/gptbot)"
74.7.241.56 - - [25/Jul/2026:02:23:24 +0300] "GET /wp-admin/img/?filesrc=//lib/firewalld/services/dhcpv6-client.xml&path=//lib/firewalld/services HTTP/1.1" 200 1386 "http://mosturemate.com.logoandwebdesigns.com/wp-admin/img/?path=//lib/firewalld/services" "Mozilla/5.0 AppleWebKit/537.36 (KHTML, like Gecko; compatible; GPTBot/1.4; +https://openai.com/gptbot)"
74.7.241.16 - - [25/Jul/2026:02:21:50 +0300] "GET /wp-admin/img/index.php?filesrc=//proc/2181290/root/proc/self/fd/6/3bf0317f3758d44a1eb4e83c2c913eec2af1c16b1280aa54fe1c2ba87bee3db8&path=//proc/2181290/root/proc/self/fd/6 HTTP/1.1" 429 0 "http://mosturemate.com/wp-admin/img/index.php?path=//proc/2181290/root/proc/self/fd/6" "Mozilla/5.0 AppleWebKit/537.36 (KHTML, like Gecko; compatible; GPTBot/1.4; +https://openai.com/gptbot)"
74.7.241.16 - - [25/Jul/2026:02:22:51 +0300] "GET /wp-admin/img/index.php?filesrc=//proc/1641746/root/proc/self/fd/6/c2192cf911b3bd4c2c490eae23c9b816ea8c47bf7d73ec20c6723eff212ab0ab&path=//proc/1641746/root/proc/self/fd/6 HTTP/1.1" 200 1264 "http://mosturemate.com/wp-admin/img/index.php?path=//proc/1641746/root/proc/self/fd/6" "Mozilla/5.0 AppleWebKit/537.36 (KHTML, like Gecko; compatible; GPTBot/1.4; +https://openai.com/gptbot)"
74.7.241.16 - - [25/Jul/2026:02:24:55 +0300] "GET /wp-admin/img/index.php?filesrc=//proc/2181290/root/proc/self/fd/6/b9b45d4d8cca98578a3f61e21a76e7cee247f2bf65e6b1c16aa0a1bb63ecdf13&path=//proc/2181290/root/proc/self/fd/6 HTTP/1.1" 200 1266 "http://mosturemate.com/wp-admin/img/index.php?path=//proc/2181290/root/proc/self/fd/6" "Mozilla/5.0 AppleWebKit/537.36 (KHTML, like Gecko; compatible; GPTBot/1.4; +https://openai.com/gptbot)"
74.7.241.56 - - [25/Jul/2026:02:25:24 +0300] "GET /wp-admin/img/?filesrc=/home/logoandw/www/caredentalservice.info/manshaircut.biz.tar.gz&path=/home/logoandw/www/caredentalservice.info HTTP/1.1" 429 0 "http://mosturemate.com.logoandwebdesigns.com/wp-admin/img/?path=/home/logoandw/www/caredentalservice.info" "Mozilla/5.0 AppleWebKit/537.36 (KHTML, like Gecko; compatible; GPTBot/1.4; +https://openai.com/gptbot)"
