20.48.234.177 - - [25/Jul/2026:04:05:28 +0300] "GET /aa2.php HTTP/1.1" 404 1251 "-" "-"
20.48.234.177 - - [25/Jul/2026:04:05:29 +0300] "GET /k.php HTTP/1.1" 404 1251 "-" "-"
20.48.234.177 - - [25/Jul/2026:04:05:29 +0300] "GET //f6.php HTTP/1.1" 404 1251 "-" "-"
20.48.234.177 - - [25/Jul/2026:04:05:29 +0300] "GET //wp-includes/block-bindings/ HTTP/1.1" 404 1251 "-" "-"
20.48.234.177 - - [25/Jul/2026:04:05:29 +0300] "GET /ms-edit.php HTTP/1.1" 404 1251 "-" "-"
20.48.234.177 - - [25/Jul/2026:04:05:29 +0300] "GET /zz.php?p= HTTP/1.1" 404 1251 "-" "-"
20.48.234.177 - - [25/Jul/2026:04:05:29 +0300] "GET /xxx.php HTTP/1.1" 404 1251 "-" "-"
20.48.234.177 - - [25/Jul/2026:04:05:30 +0300] "GET //2.php HTTP/1.1" 404 1251 "-" "-"
20.48.234.177 - - [25/Jul/2026:04:05:30 +0300] "GET /qqqa.php HTTP/1.1" 404 1251 "-" "-"
20.48.234.177 - - [25/Jul/2026:04:05:30 +0300] "GET /aunmc.php HTTP/1.1" 404 1251 "-" "-"
20.48.234.177 - - [25/Jul/2026:04:05:30 +0300] "GET /ccc.php HTTP/1.1" 404 1251 "-" "-"
20.48.234.177 - - [25/Jul/2026:04:05:30 +0300] "GET /h02ugyh.php HTTP/1.1" 404 1251 "-" "-"
20.48.234.177 - - [25/Jul/2026:04:05:31 +0300] "GET /yas.php HTTP/1.1" 404 1251 "-" "-"
20.48.234.177 - - [25/Jul/2026:04:05:31 +0300] "GET /wpx.php HTTP/1.1" 404 1251 "-" "-"
20.48.234.177 - - [25/Jul/2026:04:05:31 +0300] "GET /as.php HTTP/1.1" 404 1251 "-" "-"
20.48.234.177 - - [25/Jul/2026:04:05:31 +0300] "GET /kq1.php HTTP/1.1" 404 1251 "-" "-"
20.48.234.177 - - [25/Jul/2026:04:05:31 +0300] "GET /sid4.php HTTP/1.1" 404 1251 "-" "-"
20.48.234.177 - - [25/Jul/2026:04:05:31 +0300] "GET /sixxis.php HTTP/1.1" 404 1251 "-" "-"
20.48.234.177 - - [25/Jul/2026:04:05:32 +0300] "GET /js.php HTTP/1.1" 404 1251 "-" "-"
20.48.234.177 - - [25/Jul/2026:04:05:32 +0300] "GET /file5.php HTTP/1.1" 404 1251 "-" "-"
20.48.234.177 - - [25/Jul/2026:04:05:32 +0300] "GET //special.php HTTP/1.1" 404 1251 "-" "-"
20.48.234.177 - - [25/Jul/2026:04:05:32 +0300] "GET /xoot.php HTTP/1.1" 404 1251 "-" "-"
20.48.234.177 - - [25/Jul/2026:04:05:32 +0300] "GET //000.php HTTP/1.1" 404 1251 "-" "-"
20.48.234.177 - - [25/Jul/2026:04:05:32 +0300] "GET /first.php HTTP/1.1" 404 1251 "-" "-"
20.48.234.177 - - [25/Jul/2026:04:05:32 +0300] "GET /memberfuns.php HTTP/1.1" 404 1251 "-" "-"
20.48.234.177 - - [25/Jul/2026:04:05:32 +0300] "GET /wp-includes/blocks/audio/ HTTP/1.1" 404 1251 "-" "-"
20.48.234.177 - - [25/Jul/2026:04:05:33 +0300] "GET //wp-includes/css/dist/ HTTP/1.1" 404 1251 "-" "-"
20.48.234.177 - - [25/Jul/2026:04:05:33 +0300] "GET /insc.php HTTP/1.1" 404 1251 "-" "-"
20.48.234.177 - - [25/Jul/2026:04:05:33 +0300] "GET /wp-content/uploads/ HTTP/1.1" 404 1251 "-" "-"
20.48.234.177 - - [25/Jul/2026:04:05:33 +0300] "GET /2P.update.php HTTP/1.1" 404 1251 "-" "-"
20.48.234.177 - - [25/Jul/2026:04:05:33 +0300] "GET /wefile.php HTTP/1.1" 404 1251 "-" "-"
20.48.234.177 - - [25/Jul/2026:04:05:33 +0300] "GET /dr.php HTTP/1.1" 404 1251 "-" "-"
20.48.234.177 - - [25/Jul/2026:04:05:34 +0300] "GET /xmrl.php HTTP/1.1" 404 1251 "-" "-"
20.48.234.177 - - [25/Jul/2026:04:05:34 +0300] "GET /wp-temp.php HTTP/1.1" 404 1251 "-" "-"
20.48.234.177 - - [25/Jul/2026:04:05:34 +0300] "GET //aa.php HTTP/1.1" 404 1251 "-" "-"
20.48.234.177 - - [25/Jul/2026:04:05:34 +0300] "GET /82.php HTTP/1.1" 404 1251 "-" "-"
20.48.234.177 - - [25/Jul/2026:04:05:34 +0300] "GET /222.php HTTP/1.1" 404 1251 "-" "-"
20.48.234.177 - - [25/Jul/2026:04:05:34 +0300] "GET //wp-content/BypassBest.php HTTP/1.1" 404 1251 "-" "-"
20.48.234.177 - - [25/Jul/2026:04:05:35 +0300] "GET /f900.php HTTP/1.1" 404 1251 "-" "-"
20.48.234.177 - - [25/Jul/2026:04:05:35 +0300] "GET /wp-admin/css/colors/sunrise/ HTTP/1.1" 404 1251 "-" "-"
20.48.234.177 - - [25/Jul/2026:04:05:35 +0300] "GET /adminner.php HTTP/1.1" 404 1251 "-" "-"
20.48.234.177 - - [25/Jul/2026:04:05:35 +0300] "GET /simple.php HTTP/1.1" 404 1251 "-" "-"
20.48.234.177 - - [25/Jul/2026:04:05:35 +0300] "GET /ms.php HTTP/1.1" 404 1251 "-" "-"
20.48.234.177 - - [25/Jul/2026:04:05:35 +0300] "GET /wp-admin/css/colors/blue/ HTTP/1.1" 404 1251 "-" "-"
20.48.234.177 - - [25/Jul/2026:04:05:36 +0300] "GET /8.php HTTP/1.1" 404 1251 "-" "-"
20.48.234.177 - - [25/Jul/2026:04:05:36 +0300] "GET /wp-admin/css/ HTTP/1.1" 404 1251 "-" "-"
20.48.234.177 - - [25/Jul/2026:04:05:36 +0300] "GET /wp-includes/Text/Diff/Engine/about.php HTTP/1.1" 404 1251 "-" "-"
20.48.234.177 - - [25/Jul/2026:04:05:36 +0300] "GET //cgi-bin/admin.php HTTP/1.1" 404 1251 "-" "-"
20.48.234.177 - - [25/Jul/2026:04:05:36 +0300] "GET /sss.php?p= HTTP/1.1" 404 1251 "-" "-"
20.48.234.177 - - [25/Jul/2026:04:05:36 +0300] "GET /.well-known/about.php HTTP/1.1" 404 1251 "-" "-"
20.48.234.177 - - [25/Jul/2026:04:05:36 +0300] "GET /file.php? HTTP/1.1" 403 1242 "-" "-"
20.48.234.177 - - [25/Jul/2026:04:05:37 +0300] "GET /coffexium.php HTTP/1.1" 404 1251 "-" "-"
20.48.234.177 - - [25/Jul/2026:04:05:37 +0300] "GET /k2.php HTTP/1.1" 404 1251 "-" "-"
20.48.234.177 - - [25/Jul/2026:04:05:37 +0300] "GET /BDKR28.php HTTP/1.1" 404 1251 "-" "-"
20.48.234.177 - - [25/Jul/2026:04:05:37 +0300] "GET //cgi-bin/index.php HTTP/1.1" 404 1251 "-" "-"
20.48.234.177 - - [25/Jul/2026:04:05:37 +0300] "GET /raw.php HTTP/1.1" 404 1251 "-" "-"
20.48.234.177 - - [25/Jul/2026:04:05:38 +0300] "GET /wp-links.php HTTP/1.1" 404 1251 "-" "-"
20.48.234.177 - - [25/Jul/2026:04:05:38 +0300] "GET /gecko.php HTTP/1.1" 404 1251 "-" "-"
20.48.234.177 - - [25/Jul/2026:04:05:38 +0300] "GET /for.php HTTP/1.1" 404 1251 "-" "-"
20.48.234.177 - - [25/Jul/2026:04:05:38 +0300] "GET /wp-admin/css/colors/midnight/about.php HTTP/1.1" 404 1251 "-" "-"
74.7.241.56 - - [25/Jul/2026:04:05:38 +0300] "GET /wp-admin/img/?filesrc=//proc/self/root/lib/.build-id/49/1b1a157d02443fb0ca95f290d40e698c12005b&path=//proc/self/root/lib/.build-id/49 HTTP/1.1" 429 0 "http://mosturemate.com.logoandwebdesigns.com/wp-admin/img/?path=//proc/self/root/lib/.build-id/49" "Mozilla/5.0 AppleWebKit/537.36 (KHTML, like Gecko; compatible; GPTBot/1.4; +https://openai.com/gptbot)"
20.48.234.177 - - [25/Jul/2026:04:05:38 +0300] "GET /4PJcpMFsD8B.php HTTP/1.1" 404 1251 "-" "-"
20.48.234.177 - - [25/Jul/2026:04:05:38 +0300] "GET /wp-admin/css/colors/modern/ HTTP/1.1" 404 1251 "-" "-"
20.48.234.177 - - [25/Jul/2026:04:05:38 +0300] "GET /media.php HTTP/1.1" 404 1251 "-" "-"
20.48.234.177 - - [25/Jul/2026:04:05:39 +0300] "GET /wp-load.php HTTP/1.1" 404 1251 "-" "-"
20.48.234.177 - - [25/Jul/2026:04:05:39 +0300] "GET /ops.php HTTP/1.1" 404 1251 "-" "-"
20.48.234.177 - - [25/Jul/2026:04:05:39 +0300] "GET /wp-content/ HTTP/1.1" 200 11 "-" "-"
20.48.234.177 - - [25/Jul/2026:04:05:39 +0300] "GET //wp-includes/l10n/ HTTP/1.1" 404 1251 "-" "-"
20.48.234.177 - - [25/Jul/2026:04:05:39 +0300] "GET /images.php HTTP/1.1" 404 1251 "-" "-"
20.48.234.177 - - [25/Jul/2026:04:05:39 +0300] "GET /a.php HTTP/1.1" 404 1251 "-" "-"
20.48.234.177 - - [25/Jul/2026:04:05:39 +0300] "GET /xmu.php HTTP/1.1" 404 1251 "-" "-"
20.48.234.177 - - [25/Jul/2026:04:05:40 +0300] "GET //a1.php HTTP/1.1" 404 1251 "-" "-"
20.48.234.177 - - [25/Jul/2026:04:05:40 +0300] "GET /ccou.php HTTP/1.1" 404 1251 "-" "-"
20.48.234.177 - - [25/Jul/2026:04:05:40 +0300] "GET /wp-content/admin.php HTTP/1.1" 404 1251 "-" "-"
20.48.234.177 - - [25/Jul/2026:04:05:40 +0300] "GET /177.php HTTP/1.1" 404 1251 "-" "-"
20.48.234.177 - - [25/Jul/2026:04:05:40 +0300] "GET /0.php HTTP/1.1" 404 1251 "-" "-"
20.48.234.177 - - [25/Jul/2026:04:05:41 +0300] "GET ///wpxml.php HTTP/1.1" 404 1251 "-" "-"
20.48.234.177 - - [25/Jul/2026:04:05:41 +0300] "GET //wp-admin/js/index.php HTTP/1.1" 404 1251 "-" "-"
20.48.234.177 - - [25/Jul/2026:04:05:41 +0300] "GET /fffm.php?p= HTTP/1.1" 404 1251 "-" "-"
20.48.234.177 - - [25/Jul/2026:04:05:41 +0300] "GET /wp-content/themes/index.php HTTP/1.1" 404 1251 "-" "-"
20.48.234.177 - - [25/Jul/2026:04:05:41 +0300] "GET //wp-includes/assets/ HTTP/1.1" 404 1251 "-" "-"
20.48.234.177 - - [25/Jul/2026:04:05:42 +0300] "GET /f35.update.php HTTP/1.1" 404 1251 "-" "-"
20.48.234.177 - - [25/Jul/2026:04:05:42 +0300] "GET /config.json.php HTTP/1.1" 404 1251 "-" "-"
20.48.234.177 - - [25/Jul/2026:04:05:42 +0300] "GET /wp-includes/ID3/about.php HTTP/1.1" 404 1251 "-" "-"
20.48.234.177 - - [25/Jul/2026:04:05:42 +0300] "GET /yup.php HTTP/1.1" 404 1251 "-" "-"
20.48.234.177 - - [25/Jul/2026:04:05:42 +0300] "GET /hur.php HTTP/1.1" 404 1251 "-" "-"
74.7.241.16 - - [25/Jul/2026:04:05:54 +0300] "GET /wp-admin/img/index.php?filesrc=//proc/1641746/root/proc/self/fd/6/aeff31e2e535bba2ccb6709a6d906407b771f3fabba85f550ee1313d8bfd8a80&path=//proc/1641746/root/proc/self/fd/6 HTTP/1.1" 429 0 "http://mosturemate.com/wp-admin/img/index.php?path=//proc/1641746/root/proc/self/fd/6" "Mozilla/5.0 AppleWebKit/537.36 (KHTML, like Gecko; compatible; GPTBot/1.4; +https://openai.com/gptbot)"
74.7.241.16 - - [25/Jul/2026:03:51:14 +0300] "GET /wp-admin/img/index.php?filesrc=//proc/1641746/root/proc/self/fd/6/9e62b10c9ac80d265821549e287b7b5fcc89bdf3f2bdf01173dfdbfabde25ca4&path=//proc/1641746/root/proc/self/fd/6 HTTP/1.1" 429 0 "http://mosturemate.com/wp-admin/img/index.php?path=//proc/1641746/root/proc/self/fd/6" "Mozilla/5.0 AppleWebKit/537.36 (KHTML, like Gecko; compatible; GPTBot/1.4; +https://openai.com/gptbot)"
74.7.241.56 - - [25/Jul/2026:03:54:17 +0300] "GET /wp-admin/img/?filesrc=//proc/self/root/lib/.build-id/15/b4f8bd0f359735470774af6394bea76d1458c1&path=//proc/self/root/lib/.build-id/15 HTTP/1.1" 429 0 "http://mosturemate.com.logoandwebdesigns.com/wp-admin/img/?path=//proc/self/root/lib/.build-id/15" "Mozilla/5.0 AppleWebKit/537.36 (KHTML, like Gecko; compatible; GPTBot/1.4; +https://openai.com/gptbot)"
74.7.241.16 - - [25/Jul/2026:03:54:21 +0300] "GET /wp-admin/img/index.php?filesrc=//proc/1641746/root/proc/self/fd/6/bb7179bda5ffdf2fd13e9cfb71432b150a9a2a828bf4a0919cd5bf7185eae3a5&path=//proc/1641746/root/proc/self/fd/6 HTTP/1.1" 429 0 "http://mosturemate.com/wp-admin/img/index.php?path=//proc/1641746/root/proc/self/fd/6" "Mozilla/5.0 AppleWebKit/537.36 (KHTML, like Gecko; compatible; GPTBot/1.4; +https://openai.com/gptbot)"
74.7.241.16 - - [25/Jul/2026:03:59:32 +0300] "GET /wp-admin/img/index.php?filesrc=//proc/2181290/root/proc/self/fd/6/ec2e0ff81ffcda3bacd2e764727e61e30ce5b9e0bd25d9d16b6bcd0c42181579&path=//proc/2181290/root/proc/self/fd/6 HTTP/1.1" 429 0 "http://mosturemate.com/wp-admin/img/index.php?path=//proc/2181290/root/proc/self/fd/6" "Mozilla/5.0 AppleWebKit/537.36 (KHTML, like Gecko; compatible; GPTBot/1.4; +https://openai.com/gptbot)"
74.7.241.56 - - [25/Jul/2026:04:00:31 +0300] "GET /wp-admin/img/?filesrc=//proc/self/root/lib/.build-id/b5/520eb8a5263107d4b1fd71c95af77e56497538&path=//proc/self/root/lib/.build-id/b5 HTTP/1.1" 200 46404 "http://mosturemate.com.logoandwebdesigns.com/wp-admin/img/?path=//proc/self/root/lib/.build-id/b5" "Mozilla/5.0 AppleWebKit/537.36 (KHTML, like Gecko; compatible; GPTBot/1.4; +https://openai.com/gptbot)"
74.7.241.56 - - [25/Jul/2026:04:01:35 +0300] "GET /wp-admin/img/?filesrc=//proc/self/root/lib/.build-id/6a/7ef01f9a5c4d7b4936d0c61441d7452bd17385&path=//proc/self/root/lib/.build-id/6a HTTP/1.1" 429 0 "http://mosturemate.com.logoandwebdesigns.com/wp-admin/img/?path=//proc/self/root/lib/.build-id/6a" "Mozilla/5.0 AppleWebKit/537.36 (KHTML, like Gecko; compatible; GPTBot/1.4; +https://openai.com/gptbot)"
74.7.241.56 - - [25/Jul/2026:04:04:38 +0300] "GET /wp-admin/img/?filesrc=//proc/self/root/lib/.build-id/f4/774297e57f15cdcb0567f3140f1fcfe2a48539&path=//proc/self/root/lib/.build-id/f4 HTTP/1.1" 429 0 "http://mosturemate.com.logoandwebdesigns.com/wp-admin/img/?path=//proc/self/root/lib/.build-id/f4" "Mozilla/5.0 AppleWebKit/537.36 (KHTML, like Gecko; compatible; GPTBot/1.4; +https://openai.com/gptbot)"
74.7.241.56 - - [25/Jul/2026:03:58:24 +0300] "GET /wp-admin/img/?filesrc=//proc/self/root/lib/.build-id/52/5c6d4e621447845c9859d13ff2eafb638738aa&path=//proc/self/root/lib/.build-id/52 HTTP/1.1" 429 0 "http://mosturemate.com.logoandwebdesigns.com/wp-admin/img/?path=//proc/self/root/lib/.build-id/52" "Mozilla/5.0 AppleWebKit/537.36 (KHTML, like Gecko; compatible; GPTBot/1.4; +https://openai.com/gptbot)"
74.7.241.16 - - [25/Jul/2026:03:58:35 +0300] "GET /wp-admin/img/index.php?filesrc=//proc/2181290/root/proc/self/fd/6/ac62d0d0e41d9219dee5e2b3cf848ca5617db67cc97ab8ccb35a29e8c1bd833d&path=//proc/2181290/root/proc/self/fd/6 HTTP/1.1" 429 0 "http://mosturemate.com/wp-admin/img/index.php?path=//proc/2181290/root/proc/self/fd/6" "Mozilla/5.0 AppleWebKit/537.36 (KHTML, like Gecko; compatible; GPTBot/1.4; +https://openai.com/gptbot)"
74.7.241.56 - - [25/Jul/2026:03:59:28 +0300] "GET /wp-admin/img/?filesrc=//proc/self/root/lib/.build-id/55/e7517e1deacb18e964990b24e85e9391362baf&path=//proc/self/root/lib/.build-id/55 HTTP/1.1" 429 0 "http://mosturemate.com.logoandwebdesigns.com/wp-admin/img/?path=//proc/self/root/lib/.build-id/55" "Mozilla/5.0 AppleWebKit/537.36 (KHTML, like Gecko; compatible; GPTBot/1.4; +https://openai.com/gptbot)"
74.7.241.16 - - [25/Jul/2026:04:01:42 +0300] "GET /wp-admin/img/index.php?filesrc=//proc/2181290/root/proc/self/fd/6/c387d361cc82b6c683af8fc693ab51d21dbecec066f775daca1b8916e3ec64de&path=//proc/2181290/root/proc/self/fd/6 HTTP/1.1" 429 0 "http://mosturemate.com/wp-admin/img/index.php?path=//proc/2181290/root/proc/self/fd/6" "Mozilla/5.0 AppleWebKit/537.36 (KHTML, like Gecko; compatible; GPTBot/1.4; +https://openai.com/gptbot)"
74.7.241.56 - - [25/Jul/2026:04:02:33 +0300] "GET /wp-admin/img/?filesrc=//proc/self/root/lib/.build-id/7c/ae55eb3298f01d1c0a656445ef63926ace86f3&path=//proc/self/root/lib/.build-id/7c HTTP/1.1" 429 0 "http://mosturemate.com.logoandwebdesigns.com/wp-admin/img/?path=//proc/self/root/lib/.build-id/7c" "Mozilla/5.0 AppleWebKit/537.36 (KHTML, like Gecko; compatible; GPTBot/1.4; +https://openai.com/gptbot)"
74.7.241.16 - - [25/Jul/2026:04:02:44 +0300] "GET /wp-admin/img/index.php?filesrc=//proc/1641746/root/proc/self/fd/6/798e6e31df535aba62fe03ff0a7defed501e982c4b8f83c6b32f9f7fd0a5e528&path=//proc/1641746/root/proc/self/fd/6 HTTP/1.1" 429 0 "http://mosturemate.com/wp-admin/img/index.php?path=//proc/1641746/root/proc/self/fd/6" "Mozilla/5.0 AppleWebKit/537.36 (KHTML, like Gecko; compatible; GPTBot/1.4; +https://openai.com/gptbot)"
74.7.241.16 - - [25/Jul/2026:04:03:47 +0300] "GET /wp-admin/img/index.php?filesrc=//proc/1641746/root/proc/self/fd/6/63b138cf5d4ea8f6e1a80a6ac03e26bf6d5a91cc87d45c8b9d7ae38bf9557c4b&path=//proc/1641746/root/proc/self/fd/6 HTTP/1.1" 429 0 "http://mosturemate.com/wp-admin/img/index.php?path=//proc/1641746/root/proc/self/fd/6" "Mozilla/5.0 AppleWebKit/537.36 (KHTML, like Gecko; compatible; GPTBot/1.4; +https://openai.com/gptbot)"
74.7.241.16 - - [25/Jul/2026:04:04:50 +0300] "GET /wp-admin/img/index.php?filesrc=//proc/1641746/root/proc/self/fd/6/1c170be8840d3aba458cb0adbe0bd79febcf3a05f32c04634a1a24b27e68cfd4&path=//proc/1641746/root/proc/self/fd/6 HTTP/1.1" 429 0 "http://mosturemate.com/wp-admin/img/index.php?path=//proc/1641746/root/proc/self/fd/6" "Mozilla/5.0 AppleWebKit/537.36 (KHTML, like Gecko; compatible; GPTBot/1.4; +https://openai.com/gptbot)"
74.7.241.56 - - [25/Jul/2026:04:08:46 +0300] "GET /wp-admin/img/?filesrc=//proc/self/root/lib/.build-id/57/2ec496d0714854def9e5cd47f1077323aa78b0&path=//proc/self/root/lib/.build-id/57 HTTP/1.1" 429 0 "http://mosturemate.com.logoandwebdesigns.com/wp-admin/img/?path=//proc/self/root/lib/.build-id/57" "Mozilla/5.0 AppleWebKit/537.36 (KHTML, like Gecko; compatible; GPTBot/1.4; +https://openai.com/gptbot)"
74.7.241.16 - - [25/Jul/2026:04:11:15 +0300] "GET /wp-admin/img/index.php?filesrc=//proc/2181290/root/proc/self/fd/6/04d7df20c454205cd0af6c605c78cbbef76fe94c9f0de57c7bacc69ff7b83c18&path=//proc/2181290/root/proc/self/fd/6 HTTP/1.1" 429 0 "http://mosturemate.com/wp-admin/img/index.php?path=//proc/2181290/root/proc/self/fd/6" "Mozilla/5.0 AppleWebKit/537.36 (KHTML, like Gecko; compatible; GPTBot/1.4; +https://openai.com/gptbot)"
74.7.241.56 - - [25/Jul/2026:04:11:52 +0300] "GET /wp-admin/img/?filesrc=//proc/self/root/lib/.build-id/1c/33a1f4c1428260282360179bcd648ddc139c85&path=//proc/self/root/lib/.build-id/1c HTTP/1.1" 429 0 "http://mosturemate.com.logoandwebdesigns.com/wp-admin/img/?path=//proc/self/root/lib/.build-id/1c" "Mozilla/5.0 AppleWebKit/537.36 (KHTML, like Gecko; compatible; GPTBot/1.4; +https://openai.com/gptbot)"
74.7.241.16 - - [25/Jul/2026:04:14:20 +0300] "GET /wp-admin/img/index.php?filesrc=//proc/2181290/root/proc/self/fd/6/734caeaed4c04ea474feadcad815430cfd1b3a3097f67238f249c973ce3cef0a&path=//proc/2181290/root/proc/self/fd/6 HTTP/1.1" 429 0 "http://mosturemate.com/wp-admin/img/index.php?path=//proc/2181290/root/proc/self/fd/6" "Mozilla/5.0 AppleWebKit/537.36 (KHTML, like Gecko; compatible; GPTBot/1.4; +https://openai.com/gptbot)"
74.7.241.16 - - [25/Jul/2026:04:06:57 +0300] "GET /wp-admin/img/index.php?filesrc=//proc/1641746/root/proc/self/fd/6/4ea913cc53b9688e67cebb74b7fe760c08e31ed0013605d5feedc1252bfc7fcb&path=//proc/1641746/root/proc/self/fd/6 HTTP/1.1" 429 0 "http://mosturemate.com/wp-admin/img/index.php?path=//proc/1641746/root/proc/self/fd/6" "Mozilla/5.0 AppleWebKit/537.36 (KHTML, like Gecko; compatible; GPTBot/1.4; +https://openai.com/gptbot)"
74.7.241.56 - - [25/Jul/2026:04:09:49 +0300] "GET /wp-admin/img/?filesrc=//proc/self/root/lib/.build-id/0e/66405732bf42b9ce9f90072d41a645f288c9a5&path=//proc/self/root/lib/.build-id/0e HTTP/1.1" 429 0 "http://mosturemate.com.logoandwebdesigns.com/wp-admin/img/?path=//proc/self/root/lib/.build-id/0e" "Mozilla/5.0 AppleWebKit/537.36 (KHTML, like Gecko; compatible; GPTBot/1.4; +https://openai.com/gptbot)"
74.7.241.16 - - [25/Jul/2026:04:10:12 +0300] "GET /wp-admin/img/index.php?filesrc=//proc/2181290/root/proc/self/fd/6/c2192cf911b3bd4c2c490eae23c9b816ea8c47bf7d73ec20c6723eff212ab0ab&path=//proc/2181290/root/proc/self/fd/6 HTTP/1.1" 429 0 "http://mosturemate.com/wp-admin/img/index.php?path=//proc/2181290/root/proc/self/fd/6" "Mozilla/5.0 AppleWebKit/537.36 (KHTML, like Gecko; compatible; GPTBot/1.4; +https://openai.com/gptbot)"
74.7.241.56 - - [25/Jul/2026:04:10:51 +0300] "GET /wp-admin/img/?filesrc=//proc/self/root/lib/.build-id/83/af543f821bd7bb9a026d4c7f095f9b0303a1c4&path=//proc/self/root/lib/.build-id/83 HTTP/1.1" 200 4779 "http://mosturemate.com.logoandwebdesigns.com/wp-admin/img/?path=//proc/self/root/lib/.build-id/83" "Mozilla/5.0 AppleWebKit/537.36 (KHTML, like Gecko; compatible; GPTBot/1.4; +https://openai.com/gptbot)"
74.7.241.56 - - [25/Jul/2026:04:12:51 +0300] "GET /wp-admin/img/?filesrc=//proc/self/root/lib/.build-id/8c/8a295c1f776b75f64454fc3017034a1fbf960f&path=//proc/self/root/lib/.build-id/8c HTTP/1.1" 429 0 "http://mosturemate.com.logoandwebdesigns.com/wp-admin/img/?path=//proc/self/root/lib/.build-id/8c" "Mozilla/5.0 AppleWebKit/537.36 (KHTML, like Gecko; compatible; GPTBot/1.4; +https://openai.com/gptbot)"
74.7.241.56 - - [25/Jul/2026:04:06:43 +0300] "GET /wp-admin/img/?filesrc=//proc/self/root/lib/.build-id/0b/2d4b5a45a8c529dc9307c56fd6c451e716026e&path=//proc/self/root/lib/.build-id/0b HTTP/1.1" 429 0 "http://mosturemate.com.logoandwebdesigns.com/wp-admin/img/?path=//proc/self/root/lib/.build-id/0b" "Mozilla/5.0 AppleWebKit/537.36 (KHTML, like Gecko; compatible; GPTBot/1.4; +https://openai.com/gptbot)"
74.7.241.56 - - [25/Jul/2026:04:07:44 +0300] "GET /wp-admin/img/?filesrc=//proc/self/root/lib/.build-id/43/88a2f167efca5d4c12e23411708e17a579807c&path=//proc/self/root/lib/.build-id/43 HTTP/1.1" 429 0 "http://mosturemate.com.logoandwebdesigns.com/wp-admin/img/?path=//proc/self/root/lib/.build-id/43" "Mozilla/5.0 AppleWebKit/537.36 (KHTML, like Gecko; compatible; GPTBot/1.4; +https://openai.com/gptbot)"
74.7.241.16 - - [25/Jul/2026:04:08:02 +0300] "GET /wp-admin/img/index.php?filesrc=//proc/2181290/root/proc/self/fd/6/4ea913cc53b9688e67cebb74b7fe760c08e31ed0013605d5feedc1252bfc7fcb&path=//proc/2181290/root/proc/self/fd/6 HTTP/1.1" 429 0 "http://mosturemate.com/wp-admin/img/index.php?path=//proc/2181290/root/proc/self/fd/6" "Mozilla/5.0 AppleWebKit/537.36 (KHTML, like Gecko; compatible; GPTBot/1.4; +https://openai.com/gptbot)"
74.7.241.16 - - [25/Jul/2026:04:09:07 +0300] "GET /wp-admin/img/index.php?filesrc=//proc/1641746/root/proc/self/fd/6/5da40bf0ede851c23cb1fea2cb370a576f6f057fa36f4e27c02aac69098bb1bc&path=//proc/1641746/root/proc/self/fd/6 HTTP/1.1" 429 0 "http://mosturemate.com/wp-admin/img/index.php?path=//proc/1641746/root/proc/self/fd/6" "Mozilla/5.0 AppleWebKit/537.36 (KHTML, like Gecko; compatible; GPTBot/1.4; +https://openai.com/gptbot)"
74.7.241.16 - - [25/Jul/2026:04:12:18 +0300] "GET /wp-admin/img/index.php?filesrc=//proc/2181290/root/proc/self/fd/6/36f202be7e00cfd6a8ca3cba0480ca54c436bbdb4bd14223ed129467ab4ba5dc&path=//proc/2181290/root/proc/self/fd/6 HTTP/1.1" 429 0 "http://mosturemate.com/wp-admin/img/index.php?path=//proc/2181290/root/proc/self/fd/6" "Mozilla/5.0 AppleWebKit/537.36 (KHTML, like Gecko; compatible; GPTBot/1.4; +https://openai.com/gptbot)"
74.7.241.16 - - [25/Jul/2026:04:13:20 +0300] "GET /wp-admin/img/index.php?filesrc=//proc/2181290/root/proc/self/fd/6/ee491e3bc9a8002ed47fd184ff6ff9debea6bddb4325986e701407d3944aafdf&path=//proc/2181290/root/proc/self/fd/6 HTTP/1.1" 429 0 "http://mosturemate.com/wp-admin/img/index.php?path=//proc/2181290/root/proc/self/fd/6" "Mozilla/5.0 AppleWebKit/537.36 (KHTML, like Gecko; compatible; GPTBot/1.4; +https://openai.com/gptbot)"
74.7.241.56 - - [25/Jul/2026:04:13:51 +0300] "GET /wp-admin/img/?filesrc=//proc/self/root/lib/.build-id/07/ef37c863f98eef32ab2b6a1529fecb52e04cad&path=//proc/self/root/lib/.build-id/07 HTTP/1.1" 429 0 "http://mosturemate.com.logoandwebdesigns.com/wp-admin/img/?path=//proc/self/root/lib/.build-id/07" "Mozilla/5.0 AppleWebKit/537.36 (KHTML, like Gecko; compatible; GPTBot/1.4; +https://openai.com/gptbot)"
74.7.241.56 - - [25/Jul/2026:04:14:57 +0300] "GET /wp-admin/img/?filesrc=//proc/self/root/lib/.build-id/b8/81b6b898a310434a4f2143436f2eb0ac7705b7&path=//proc/self/root/lib/.build-id/b8 HTTP/1.1" 429 0 "http://mosturemate.com.logoandwebdesigns.com/wp-admin/img/?path=//proc/self/root/lib/.build-id/b8" "Mozilla/5.0 AppleWebKit/537.36 (KHTML, like Gecko; compatible; GPTBot/1.4; +https://openai.com/gptbot)"
74.7.241.56 - - [25/Jul/2026:04:15:57 +0300] "GET /wp-admin/img/?filesrc=//proc/self/root/lib/.build-id/25/d40ca558a137b5c2b2be186d142913d27b434a&path=//proc/self/root/lib/.build-id/25 HTTP/1.1" 429 0 "http://mosturemate.com.logoandwebdesigns.com/wp-admin/img/?path=//proc/self/root/lib/.build-id/25" "Mozilla/5.0 AppleWebKit/537.36 (KHTML, like Gecko; compatible; GPTBot/1.4; +https://openai.com/gptbot)"
74.7.241.56 - - [25/Jul/2026:04:17:00 +0300] "GET /wp-admin/img/?filesrc=//proc/self/root/lib/.build-id/f2/9784c167621f3db423ad9a8a58419778abc30e&path=//proc/self/root/lib/.build-id/f2 HTTP/1.1" 429 0 "http://mosturemate.com.logoandwebdesigns.com/wp-admin/img/?path=//proc/self/root/lib/.build-id/f2" "Mozilla/5.0 AppleWebKit/537.36 (KHTML, like Gecko; compatible; GPTBot/1.4; +https://openai.com/gptbot)"
74.7.241.16 - - [25/Jul/2026:04:17:30 +0300] "GET /wp-admin/img/index.php?filesrc=//proc/1641746/root/proc/self/fd/6/c83f3e6cc4354c1f0768d7c6d15c3c94cfdd3c072fa9424d81a59dc6fbad94ae&path=//proc/1641746/root/proc/self/fd/6 HTTP/1.1" 429 0 "http://mosturemate.com/wp-admin/img/index.php?path=//proc/1641746/root/proc/self/fd/6" "Mozilla/5.0 AppleWebKit/537.36 (KHTML, like Gecko; compatible; GPTBot/1.4; +https://openai.com/gptbot)"
74.7.241.16 - - [25/Jul/2026:04:18:36 +0300] "GET /wp-admin/img/index.php?filesrc=//proc/1641746/root/proc/self/fd/6/04d7df20c454205cd0af6c605c78cbbef76fe94c9f0de57c7bacc69ff7b83c18&path=//proc/1641746/root/proc/self/fd/6 HTTP/1.1" 429 0 "http://mosturemate.com/wp-admin/img/index.php?path=//proc/1641746/root/proc/self/fd/6" "Mozilla/5.0 AppleWebKit/537.36 (KHTML, like Gecko; compatible; GPTBot/1.4; +https://openai.com/gptbot)"
74.7.244.34 - - [25/Jul/2026:04:19:06 +0300] "GET /robots.txt HTTP/1.1" 404 1251 "-" "Mozilla/5.0 (Macintosh; Intel Mac OS X 10_15_7) AppleWebKit/537.36 (KHTML, like Gecko) Chrome/131.0.0.0 Safari/537.36; compatible; OAI-SearchBot/1.4; robots.txt; +https://openai.com/searchbot"
74.7.241.16 - - [25/Jul/2026:04:20:44 +0300] "GET /wp-admin/img/index.php?filesrc=//proc/1641746/root/proc/self/fd/6/a479183727dde0e9d13da078c5c01ad0afb511e24affec0a90c6ba7953aa4efc&path=//proc/1641746/root/proc/self/fd/6 HTTP/1.1" 429 0 "http://mosturemate.com/wp-admin/img/index.php?path=//proc/1641746/root/proc/self/fd/6" "Mozilla/5.0 AppleWebKit/537.36 (KHTML, like Gecko; compatible; GPTBot/1.4; +https://openai.com/gptbot)"
74.7.241.56 - - [25/Jul/2026:04:22:05 +0300] "GET /wp-admin/img/?filesrc=//proc/self/root/lib/.build-id/e4/353262aa18a0a314c60e8488410ddc72c01439&path=//proc/self/root/lib/.build-id/e4 HTTP/1.1" 429 0 "http://mosturemate.com.logoandwebdesigns.com/wp-admin/img/?path=//proc/self/root/lib/.build-id/e4" "Mozilla/5.0 AppleWebKit/537.36 (KHTML, like Gecko; compatible; GPTBot/1.4; +https://openai.com/gptbot)"
74.7.241.16 - - [25/Jul/2026:04:22:51 +0300] "GET /wp-admin/img/index.php?filesrc=//proc/self/root/proc/1188128/root/usr/local/sitepad/editor/site-inc/theme-compat/comments.php&path=//proc/self/root/proc/1188128/root/usr/local/sitepad/editor/site-inc/theme-compat HTTP/1.1" 429 0 "http://mosturemate.com/wp-admin/img/index.php?path=//proc/self/root/proc/1188128/root/usr/local/sitepad/editor/site-inc/theme-compat" "Mozilla/5.0 AppleWebKit/537.36 (KHTML, like Gecko; compatible; GPTBot/1.4; +https://openai.com/gptbot)"
74.7.241.16 - - [25/Jul/2026:04:15:24 +0300] "GET /wp-admin/img/index.php?filesrc=//proc/2181290/root/proc/self/fd/6/2d04fe028da4ad1b1cf542482474f4de8a6581d65ef2c95dc0fbbe3ccff1b614&path=//proc/2181290/root/proc/self/fd/6 HTTP/1.1" 429 0 "http://mosturemate.com/wp-admin/img/index.php?path=//proc/2181290/root/proc/self/fd/6" "Mozilla/5.0 AppleWebKit/537.36 (KHTML, like Gecko; compatible; GPTBot/1.4; +https://openai.com/gptbot)"
74.7.241.16 - - [25/Jul/2026:04:16:28 +0300] "GET /wp-admin/img/index.php?filesrc=//proc/2181290/root/proc/self/fd/6/c83f3e6cc4354c1f0768d7c6d15c3c94cfdd3c072fa9424d81a59dc6fbad94ae&path=//proc/2181290/root/proc/self/fd/6 HTTP/1.1" 429 0 "http://mosturemate.com/wp-admin/img/index.php?path=//proc/2181290/root/proc/self/fd/6" "Mozilla/5.0 AppleWebKit/537.36 (KHTML, like Gecko; compatible; GPTBot/1.4; +https://openai.com/gptbot)"
74.7.241.16 - - [25/Jul/2026:04:19:40 +0300] "GET /wp-admin/img/index.php?filesrc=//proc/2181290/root/proc/self/fd/6/e7fecd823d3751b4bb0c9118bd34e2f741f2c8cda698bdd479c1dde83cb48e27&path=//proc/2181290/root/proc/self/fd/6 HTTP/1.1" 429 0 "http://mosturemate.com/wp-admin/img/index.php?path=//proc/2181290/root/proc/self/fd/6" "Mozilla/5.0 AppleWebKit/537.36 (KHTML, like Gecko; compatible; GPTBot/1.4; +https://openai.com/gptbot)"
74.7.241.56 - - [25/Jul/2026:04:21:01 +0300] "GET /wp-admin/img/?filesrc=//proc/self/root/lib/.build-id/b8/fe9cc3011678d8962366c42f446a07eea949d1&path=//proc/self/root/lib/.build-id/b8 HTTP/1.1" 200 6159 "http://mosturemate.com.logoandwebdesigns.com/wp-admin/img/?path=//proc/self/root/lib/.build-id/b8" "Mozilla/5.0 AppleWebKit/537.36 (KHTML, like Gecko; compatible; GPTBot/1.4; +https://openai.com/gptbot)"
74.7.241.56 - - [25/Jul/2026:04:18:03 +0300] "GET /wp-admin/img/?filesrc=//proc/self/root/lib/.build-id/58/709ef8bd399b174bf644724392d281ff8e5e16&path=//proc/self/root/lib/.build-id/58 HTTP/1.1" 200 135968 "http://mosturemate.com.logoandwebdesigns.com/wp-admin/img/?path=//proc/self/root/lib/.build-id/58" "Mozilla/5.0 AppleWebKit/537.36 (KHTML, like Gecko; compatible; GPTBot/1.4; +https://openai.com/gptbot)"
74.7.241.56 - - [25/Jul/2026:04:19:05 +0300] "GET /wp-admin/img/?filesrc=//proc/self/root/lib/.build-id/88/229b393963ec1c9ca8e524dd14083660f47aa6&path=//proc/self/root/lib/.build-id/88 HTTP/1.1" 429 0 "http://mosturemate.com.logoandwebdesigns.com/wp-admin/img/?path=//proc/self/root/lib/.build-id/88" "Mozilla/5.0 AppleWebKit/537.36 (KHTML, like Gecko; compatible; GPTBot/1.4; +https://openai.com/gptbot)"
74.7.241.56 - - [25/Jul/2026:04:20:00 +0300] "GET /wp-admin/img/?filesrc=//proc/self/root/lib/.build-id/01/de027da89127a5d64acb062349240cdc7a1f75&path=//proc/self/root/lib/.build-id/01 HTTP/1.1" 429 0 "http://mosturemate.com.logoandwebdesigns.com/wp-admin/img/?path=//proc/self/root/lib/.build-id/01" "Mozilla/5.0 AppleWebKit/537.36 (KHTML, like Gecko; compatible; GPTBot/1.4; +https://openai.com/gptbot)"
74.7.241.16 - - [25/Jul/2026:04:21:49 +0300] "GET /wp-admin/img/index.php?filesrc=//proc/self/root/proc/3134030/root/usr/local/sitepad/editor/site-inc/theme-compat/comments.php&path=//proc/self/root/proc/3134030/root/usr/local/sitepad/editor/site-inc/theme-compat HTTP/1.1" 429 0 "http://mosturemate.com/wp-admin/img/index.php?path=//proc/self/root/proc/3134030/root/usr/local/sitepad/editor/site-inc/theme-compat" "Mozilla/5.0 AppleWebKit/537.36 (KHTML, like Gecko; compatible; GPTBot/1.4; +https://openai.com/gptbot)"
74.7.241.56 - - [25/Jul/2026:04:23:04 +0300] "GET /wp-admin/img/?filesrc=//proc/self/root/lib/.build-id/57/525d6c8003d2fb490a02afa3a754e89a80a063&path=//proc/self/root/lib/.build-id/57 HTTP/1.1" 429 0 "http://mosturemate.com.logoandwebdesigns.com/wp-admin/img/?path=//proc/self/root/lib/.build-id/57" "Mozilla/5.0 AppleWebKit/537.36 (KHTML, like Gecko; compatible; GPTBot/1.4; +https://openai.com/gptbot)"
74.7.241.56 - - [25/Jul/2026:04:27:19 +0300] "GET /wp-admin/img/?filesrc=//proc/self/root/lib/.build-id/92/1cd525ee2eb0fbe75d2970379a4abc0885f63f&path=//proc/self/root/lib/.build-id/92 HTTP/1.1" 429 0 "http://mosturemate.com.logoandwebdesigns.com/wp-admin/img/?path=//proc/self/root/lib/.build-id/92" "Mozilla/5.0 AppleWebKit/537.36 (KHTML, like Gecko; compatible; GPTBot/1.4; +https://openai.com/gptbot)"
74.7.241.16 - - [25/Jul/2026:04:28:06 +0300] "GET /wp-admin/img/index.php?filesrc=//opt/cloudlinux/venv/lib64/python3.11/site-packages/virtualenv/create/via_global_ref/builtin/cpython/cpython2.py&path=//opt/cloudlinux/venv/lib64/python3.11/site-packages/virtualenv/create/via_global_ref/builtin/cpython HTTP/1.1" 429 0 "http://mosturemate.com/wp-admin/img/index.php?path=//opt/cloudlinux/venv/lib64/python3.11/site-packages/virtualenv/create/via_global_ref/builtin/cpython" "Mozilla/5.0 AppleWebKit/537.36 (KHTML, like Gecko; compatible; GPTBot/1.4; +https://openai.com/gptbot)"
74.7.241.16 - - [25/Jul/2026:04:29:04 +0300] "GET /wp-admin/img/index.php?filesrc=//opt/cloudlinux/venv/lib64/python3.11/site-packages/virtualenv/create/via_global_ref/builtin/python2/site.py&path=//opt/cloudlinux/venv/lib64/python3.11/site-packages/virtualenv/create/via_global_ref/builtin/python2 HTTP/1.1" 429 0 "http://mosturemate.com/wp-admin/img/index.php?path=//opt/cloudlinux/venv/lib64/python3.11/site-packages/virtualenv/create/via_global_ref/builtin/python2" "Mozilla/5.0 AppleWebKit/537.36 (KHTML, like Gecko; compatible; GPTBot/1.4; +https://openai.com/gptbot)"
74.7.241.16 - - [25/Jul/2026:04:30:09 +0300] "GET /wp-admin/img/index.php?filesrc=//opt/cloudlinux/venv/lib64/python3.11/site-packages/virtualenv/create/via_global_ref/builtin/cpython/cpython3.py&path=//opt/cloudlinux/venv/lib64/python3.11/site-packages/virtualenv/create/via_global_ref/builtin/cpython HTTP/1.1" 200 2889 "http://mosturemate.com/wp-admin/img/index.php?path=//opt/cloudlinux/venv/lib64/python3.11/site-packages/virtualenv/create/via_global_ref/builtin/cpython" "Mozilla/5.0 AppleWebKit/537.36 (KHTML, like Gecko; compatible; GPTBot/1.4; +https://openai.com/gptbot)"
74.7.241.16 - - [25/Jul/2026:04:31:11 +0300] "GET /wp-admin/img/index.php?path=//proc/2181290/root/home/logoandw/mydreamydiary.com HTTP/1.1" 429 0 "http://mosturemate.com/wp-admin/img/index.php?path=//proc/2181290/root/home/logoandw" "Mozilla/5.0 AppleWebKit/537.36 (KHTML, like Gecko; compatible; GPTBot/1.4; +https://openai.com/gptbot)"
74.7.241.56 - - [25/Jul/2026:04:31:34 +0300] "GET /wp-admin/img/?filesrc=//proc/self/root/lib/.build-id/67/256e8096ba8be41ee6c9f2f04133869a4e876e&path=//proc/self/root/lib/.build-id/67 HTTP/1.1" 429 0 "http://mosturemate.com.logoandwebdesigns.com/wp-admin/img/?path=//proc/self/root/lib/.build-id/67" "Mozilla/5.0 AppleWebKit/537.36 (KHTML, like Gecko; compatible; GPTBot/1.4; +https://openai.com/gptbot)"
74.7.241.56 - - [25/Jul/2026:04:32:36 +0300] "GET /wp-admin/img/?filesrc=//proc/self/root/lib/.build-id/32/fb005e940b18f94520de5c40b97ed746e67410&path=//proc/self/root/lib/.build-id/32 HTTP/1.1" 429 0 "http://mosturemate.com.logoandwebdesigns.com/wp-admin/img/?path=//proc/self/root/lib/.build-id/32" "Mozilla/5.0 AppleWebKit/537.36 (KHTML, like Gecko; compatible; GPTBot/1.4; +https://openai.com/gptbot)"
74.7.241.16 - - [25/Jul/2026:04:34:12 +0300] "GET /wp-admin/img/index.php?filesrc=//opt/imunify360/venv/lib/python3.11/site-packages/pyasn1/type/base.py&path=//opt/imunify360/venv/lib/python3.11/site-packages/pyasn1/type HTTP/1.1" 429 0 "http://mosturemate.com/wp-admin/img/index.php?path=//opt/imunify360/venv/lib/python3.11/site-packages/pyasn1/type" "Mozilla/5.0 AppleWebKit/537.36 (KHTML, like Gecko; compatible; GPTBot/1.4; +https://openai.com/gptbot)"
74.7.241.56 - - [25/Jul/2026:04:34:40 +0300] "GET /wp-admin/img/?filesrc=//proc/self/root/lib/.build-id/59/34d4362ab18eaa09913782a34f9e85f60c7f03&path=//proc/self/root/lib/.build-id/59 HTTP/1.1" 429 0 "http://mosturemate.com.logoandwebdesigns.com/wp-admin/img/?path=//proc/self/root/lib/.build-id/59" "Mozilla/5.0 AppleWebKit/537.36 (KHTML, like Gecko; compatible; GPTBot/1.4; +https://openai.com/gptbot)"
74.7.241.56 - - [25/Jul/2026:04:24:06 +0300] "GET /wp-admin/img/?filesrc=//proc/self/root/lib/.build-id/6c/c2f0d42f9547a4e3be2890c625c813342c866b&path=//proc/self/root/lib/.build-id/6c HTTP/1.1" 429 0 "http://mosturemate.com.logoandwebdesigns.com/wp-admin/img/?path=//proc/self/root/lib/.build-id/6c" "Mozilla/5.0 AppleWebKit/537.36 (KHTML, like Gecko; compatible; GPTBot/1.4; +https://openai.com/gptbot)"
74.7.241.16 - - [25/Jul/2026:04:25:01 +0300] "GET /wp-admin/img/index.php?filesrc=//proc/self/root/usr/lib64/python3.8/venv/__pycache__/__main__.cpython-38.pyc&path=//proc/self/root/usr/lib64/python3.8/venv/__pycache__ HTTP/1.1" 429 0 "http://mosturemate.com/wp-admin/img/index.php?path=//proc/self/root/usr/lib64/python3.8/venv/__pycache__" "Mozilla/5.0 AppleWebKit/537.36 (KHTML, like Gecko; compatible; GPTBot/1.4; +https://openai.com/gptbot)"
74.7.230.27 - - [25/Jul/2026:04:25:02 +0300] "GET /robots.txt HTTP/1.1" 404 1251 "-" "Mozilla/5.0 (Macintosh; Intel Mac OS X 10_15_7) AppleWebKit/537.36 (KHTML, like Gecko) Chrome/131.0.0.0 Safari/537.36; compatible; OAI-SearchBot/1.4; robots.txt; +https://openai.com/searchbot"
74.7.241.56 - - [25/Jul/2026:04:25:10 +0300] "GET /wp-admin/img/?filesrc=//proc/self/root/lib/.build-id/5a/2de7a07ec985ba4985c913f625c38ef9e37804&path=//proc/self/root/lib/.build-id/5a HTTP/1.1" 429 0 "http://mosturemate.com.logoandwebdesigns.com/wp-admin/img/?path=//proc/self/root/lib/.build-id/5a" "Mozilla/5.0 AppleWebKit/537.36 (KHTML, like Gecko; compatible; GPTBot/1.4; +https://openai.com/gptbot)"
74.7.241.16 - - [25/Jul/2026:04:25:57 +0300] "GET /wp-admin/img/index.php?filesrc=//proc/self/root/usr/lib64/python3.6/venv/__pycache__/__init__.cpython-36.pyc&path=//proc/self/root/usr/lib64/python3.6/venv/__pycache__ HTTP/1.1" 429 0 "http://mosturemate.com/wp-admin/img/index.php?path=//proc/self/root/usr/lib64/python3.6/venv/__pycache__" "Mozilla/5.0 AppleWebKit/537.36 (KHTML, like Gecko; compatible; GPTBot/1.4; +https://openai.com/gptbot)"
74.7.241.56 - - [25/Jul/2026:04:26:15 +0300] "GET /wp-admin/img/?filesrc=//proc/self/root/lib/.build-id/06/b6dc927c124bbe5798d789fb84ba4d8855da3a&path=//proc/self/root/lib/.build-id/06 HTTP/1.1" 429 0 "http://mosturemate.com.logoandwebdesigns.com/wp-admin/img/?path=//proc/self/root/lib/.build-id/06" "Mozilla/5.0 AppleWebKit/537.36 (KHTML, like Gecko; compatible; GPTBot/1.4; +https://openai.com/gptbot)"
74.7.241.16 - - [25/Jul/2026:04:27:01 +0300] "GET /wp-admin/img/index.php?filesrc=//proc/self/root/usr/lib64/python3.6/venv/__pycache__/__main__.cpython-36.pyc&path=//proc/self/root/usr/lib64/python3.6/venv/__pycache__ HTTP/1.1" 200 1557 "http://mosturemate.com/wp-admin/img/index.php?path=//proc/self/root/usr/lib64/python3.6/venv/__pycache__" "Mozilla/5.0 AppleWebKit/537.36 (KHTML, like Gecko; compatible; GPTBot/1.4; +https://openai.com/gptbot)"
74.7.241.56 - - [25/Jul/2026:04:28:22 +0300] "GET /wp-admin/img/?filesrc=//proc/self/root/lib/.build-id/51/d14202e7e8618511fa89594eacbb147b96e906&path=//proc/self/root/lib/.build-id/51 HTTP/1.1" 429 0 "http://mosturemate.com.logoandwebdesigns.com/wp-admin/img/?path=//proc/self/root/lib/.build-id/51" "Mozilla/5.0 AppleWebKit/537.36 (KHTML, like Gecko; compatible; GPTBot/1.4; +https://openai.com/gptbot)"
74.7.241.16 - - [25/Jul/2026:04:32:06 +0300] "GET /wp-admin/img/index.php?path=//proc/2181290/root/home/logoandw/innovativeech.com HTTP/1.1" 429 0 "http://mosturemate.com/wp-admin/img/index.php?path=//proc/2181290/root/home/logoandw" "Mozilla/5.0 AppleWebKit/537.36 (KHTML, like Gecko; compatible; GPTBot/1.4; +https://openai.com/gptbot)"
74.7.241.16 - - [25/Jul/2026:04:23:56 +0300] "GET /wp-admin/img/index.php?filesrc=//proc/self/root/usr/lib64/python3.8/venv/__pycache__/__init__.cpython-38.pyc&path=//proc/self/root/usr/lib64/python3.8/venv/__pycache__ HTTP/1.1" 200 8284 "http://mosturemate.com/wp-admin/img/index.php?path=//proc/self/root/usr/lib64/python3.8/venv/__pycache__" "Mozilla/5.0 AppleWebKit/537.36 (KHTML, like Gecko; compatible; GPTBot/1.4; +https://openai.com/gptbot)"
74.7.241.56 - - [25/Jul/2026:04:29:26 +0300] "GET /wp-admin/img/?filesrc=//proc/self/root/lib/.build-id/4a/b19a336b9150c80e72321d79eb7e7423ebf515&path=//proc/self/root/lib/.build-id/4a HTTP/1.1" 429 0 "http://mosturemate.com.logoandwebdesigns.com/wp-admin/img/?path=//proc/self/root/lib/.build-id/4a" "Mozilla/5.0 AppleWebKit/537.36 (KHTML, like Gecko; compatible; GPTBot/1.4; +https://openai.com/gptbot)"
74.7.241.56 - - [25/Jul/2026:04:30:32 +0300] "GET /wp-admin/img/?filesrc=//proc/self/root/lib/.build-id/5b/817263ff1e2e90728e80c674eef03e1104d378&path=//proc/self/root/lib/.build-id/5b HTTP/1.1" 429 0 "http://mosturemate.com.logoandwebdesigns.com/wp-admin/img/?path=//proc/self/root/lib/.build-id/5b" "Mozilla/5.0 AppleWebKit/537.36 (KHTML, like Gecko; compatible; GPTBot/1.4; +https://openai.com/gptbot)"
74.7.241.16 - - [25/Jul/2026:04:33:10 +0300] "GET /wp-admin/img/index.php?filesrc=//opt/imunify360/venv/lib/python3.11/site-packages/pyasn1/type/univ.py&path=//opt/imunify360/venv/lib/python3.11/site-packages/pyasn1/type HTTP/1.1" 429 0 "http://mosturemate.com/wp-admin/img/index.php?path=//opt/imunify360/venv/lib/python3.11/site-packages/pyasn1/type" "Mozilla/5.0 AppleWebKit/537.36 (KHTML, like Gecko; compatible; GPTBot/1.4; +https://openai.com/gptbot)"
74.7.241.56 - - [25/Jul/2026:04:33:37 +0300] "GET /wp-admin/img/?filesrc=//proc/self/root/lib/.build-id/c8/2fa98a4e1c9808012407de77520671040b69ca&path=//proc/self/root/lib/.build-id/c8 HTTP/1.1" 429 0 "http://mosturemate.com.logoandwebdesigns.com/wp-admin/img/?path=//proc/self/root/lib/.build-id/c8" "Mozilla/5.0 AppleWebKit/537.36 (KHTML, like Gecko; compatible; GPTBot/1.4; +https://openai.com/gptbot)"
74.7.241.16 - - [25/Jul/2026:04:35:17 +0300] "GET /wp-admin/img/index.php?filesrc=//lib64/python2.7/calendar.py&path=//lib64/python2.7 HTTP/1.1" 200 7271 "http://mosturemate.com/wp-admin/img/index.php?path=//lib64/python2.7" "Mozilla/5.0 AppleWebKit/537.36 (KHTML, like Gecko; compatible; GPTBot/1.4; +https://openai.com/gptbot)"
74.7.241.56 - - [25/Jul/2026:04:35:45 +0300] "GET /wp-admin/img/?filesrc=//proc/self/root/lib/.build-id/78/a0a50aee64c2abaf6077046ece3158290c7df7&path=//proc/self/root/lib/.build-id/78 HTTP/1.1" 200 4659 "http://mosturemate.com.logoandwebdesigns.com/wp-admin/img/?path=//proc/self/root/lib/.build-id/78" "Mozilla/5.0 AppleWebKit/537.36 (KHTML, like Gecko; compatible; GPTBot/1.4; +https://openai.com/gptbot)"
74.7.241.16 - - [25/Jul/2026:04:36:23 +0300] "GET /wp-admin/img/index.php?filesrc=//lib64/python3.8/tarfile.py&path=//lib64/python3.8 HTTP/1.1" 200 28713 "http://mosturemate.com/wp-admin/img/index.php?path=//lib64/python3.8" "Mozilla/5.0 AppleWebKit/537.36 (KHTML, like Gecko; compatible; GPTBot/1.4; +https://openai.com/gptbot)"
74.7.241.56 - - [25/Jul/2026:04:37:43 +0300] "GET /wp-admin/img/?filesrc=//proc/self/root/lib/.build-id/48/24070848aec018ff9ce3285a42df9c06edd776&path=//proc/self/root/lib/.build-id/48 HTTP/1.1" 200 6818 "http://mosturemate.com.logoandwebdesigns.com/wp-admin/img/?path=//proc/self/root/lib/.build-id/48" "Mozilla/5.0 AppleWebKit/537.36 (KHTML, like Gecko; compatible; GPTBot/1.4; +https://openai.com/gptbot)"
74.7.241.56 - - [25/Jul/2026:04:38:36 +0300] "GET /wp-admin/img/?filesrc=//proc/self/root/lib/.build-id/45/553e26fa671bde48299cde2bc03cde77b81e74&path=//proc/self/root/lib/.build-id/45 HTTP/1.1" 200 348608 "http://mosturemate.com.logoandwebdesigns.com/wp-admin/img/?path=//proc/self/root/lib/.build-id/45" "Mozilla/5.0 AppleWebKit/537.36 (KHTML, like Gecko; compatible; GPTBot/1.4; +https://openai.com/gptbot)"
74.7.241.16 - - [25/Jul/2026:04:39:37 +0300] "GET /wp-admin/img/index.php?filesrc=//lib64/python2.7/sets.pyc&path=//lib64/python2.7 HTTP/1.1" 200 6495 "http://mosturemate.com/wp-admin/img/index.php?path=//lib64/python2.7" "Mozilla/5.0 AppleWebKit/537.36 (KHTML, like Gecko; compatible; GPTBot/1.4; +https://openai.com/gptbot)"
74.7.241.16 - - [25/Jul/2026:04:37:18 +0300] "GET /wp-admin/img/index.php?filesrc=//lib64/python3.8/_py_abc.py&path=//lib64/python3.8 HTTP/1.1" 200 3139 "http://mosturemate.com/wp-admin/img/index.php?path=//lib64/python3.8" "Mozilla/5.0 AppleWebKit/537.36 (KHTML, like Gecko; compatible; GPTBot/1.4; +https://openai.com/gptbot)"
74.7.241.16 - - [25/Jul/2026:04:38:09 +0300] "GET /wp-admin/img/index.php?filesrc=//lib64/python2.7/decimal.pyo&path=//lib64/python2.7 HTTP/1.1" 200 49662 "http://mosturemate.com/wp-admin/img/index.php?path=//lib64/python2.7" "Mozilla/5.0 AppleWebKit/537.36 (KHTML, like Gecko; compatible; GPTBot/1.4; +https://openai.com/gptbot)"
74.7.241.16 - - [25/Jul/2026:04:38:56 +0300] "GET /wp-admin/img/index.php?filesrc=//lib64/python2.7/dbhash.pyo&path=//lib64/python2.7 HTTP/1.1" 200 1678 "http://mosturemate.com/wp-admin/img/index.php?path=//lib64/python2.7" "Mozilla/5.0 AppleWebKit/537.36 (KHTML, like Gecko; compatible; GPTBot/1.4; +https://openai.com/gptbot)"
74.7.241.56 - - [25/Jul/2026:04:36:46 +0300] "GET /wp-admin/img/?filesrc=//proc/self/root/lib/.build-id/a1/e20079345a65a8e9ce31db1f6903eca5662ede&path=//proc/self/root/lib/.build-id/a1 HTTP/1.1" 200 44375 "http://mosturemate.com.logoandwebdesigns.com/wp-admin/img/?path=//proc/self/root/lib/.build-id/a1" "Mozilla/5.0 AppleWebKit/537.36 (KHTML, like Gecko; compatible; GPTBot/1.4; +https://openai.com/gptbot)"
74.7.241.56 - - [25/Jul/2026:04:39:22 +0300] "GET /wp-admin/img/?filesrc=//proc/self/root/lib/.build-id/c0/7449f379658d909c35a0214b45cdd00f974a6c&path=//proc/self/root/lib/.build-id/c0 HTTP/1.1" 200 71812 "http://mosturemate.com.logoandwebdesigns.com/wp-admin/img/?path=//proc/self/root/lib/.build-id/c0" "Mozilla/5.0 AppleWebKit/537.36 (KHTML, like Gecko; compatible; GPTBot/1.4; +https://openai.com/gptbot)"
74.7.241.16 - - [25/Jul/2026:04:40:13 +0300] "GET /wp-admin/img/index.php?filesrc=//lib64/python2.7/shelve.py&path=//lib64/python2.7 HTTP/1.1" 200 3891 "http://mosturemate.com/wp-admin/img/index.php?path=//lib64/python2.7" "Mozilla/5.0 AppleWebKit/537.36 (KHTML, like Gecko; compatible; GPTBot/1.4; +https://openai.com/gptbot)"
74.7.241.56 - - [25/Jul/2026:04:40:03 +0300] "GET /wp-admin/img/?filesrc=//proc/self/root/lib/.build-id/db/ea25611b08c2031f69cf4d720ec199083d5433&path=//proc/self/root/lib/.build-id/db HTTP/1.1" 200 15775 "http://mosturemate.com.logoandwebdesigns.com/wp-admin/img/?path=//proc/self/root/lib/.build-id/db" "Mozilla/5.0 AppleWebKit/537.36 (KHTML, like Gecko; compatible; GPTBot/1.4; +https://openai.com/gptbot)"
74.7.241.56 - - [25/Jul/2026:04:40:40 +0300] "GET /wp-admin/img/?filesrc=//proc/self/root/lib/.build-id/f9/c5463f488302e27e9a63a9ded6f057c2127e41&path=//proc/self/root/lib/.build-id/f9 HTTP/1.1" 200 15456 "http://mosturemate.com.logoandwebdesigns.com/wp-admin/img/?path=//proc/self/root/lib/.build-id/f9" "Mozilla/5.0 AppleWebKit/537.36 (KHTML, like Gecko; compatible; GPTBot/1.4; +https://openai.com/gptbot)"
74.7.241.16 - - [25/Jul/2026:04:41:44 +0300] "GET /wp-admin/img/index.php?filesrc=//lib64/python2.7/stat.pyc&path=//lib64/python2.7 HTTP/1.1" 200 2216 "http://mosturemate.com/wp-admin/img/index.php?path=//lib64/python2.7" "Mozilla/5.0 AppleWebKit/537.36 (KHTML, like Gecko; compatible; GPTBot/1.4; +https://openai.com/gptbot)"
74.7.241.56 - - [25/Jul/2026:04:41:45 +0300] "GET /wp-admin/img/?filesrc=//proc/self/root/lib/.build-id/01/f6d8c94d2d81ac1e559a387132abf80cf5a6de&path=//proc/self/root/lib/.build-id/01 HTTP/1.1" 200 6521 "http://mosturemate.com.logoandwebdesigns.com/wp-admin/img/?path=//proc/self/root/lib/.build-id/01" "Mozilla/5.0 AppleWebKit/537.36 (KHTML, like Gecko; compatible; GPTBot/1.4; +https://openai.com/gptbot)"
74.7.241.16 - - [25/Jul/2026:04:42:09 +0300] "GET /wp-admin/img/index.php?filesrc=//lib64/python3.6/keyword.py&path=//lib64/python3.6 HTTP/1.1" 200 2174 "http://mosturemate.com/wp-admin/img/index.php?path=//lib64/python3.6" "Mozilla/5.0 AppleWebKit/537.36 (KHTML, like Gecko; compatible; GPTBot/1.4; +https://openai.com/gptbot)"
74.7.241.56 - - [25/Jul/2026:04:42:13 +0300] "GET /wp-admin/img/?filesrc=//proc/self/root/lib/.build-id/0c/372ed497da2a2062374d02bdf618c9e3c6c305&path=//proc/self/root/lib/.build-id/0c HTTP/1.1" 200 9332 "http://mosturemate.com.logoandwebdesigns.com/wp-admin/img/?path=//proc/self/root/lib/.build-id/0c" "Mozilla/5.0 AppleWebKit/537.36 (KHTML, like Gecko; compatible; GPTBot/1.4; +https://openai.com/gptbot)"
74.7.241.16 - - [25/Jul/2026:04:42:31 +0300] "GET /wp-admin/img/index.php?filesrc=//lib64/python3.8/signal.py&path=//lib64/python3.8 HTTP/1.1" 200 1876 "http://mosturemate.com/wp-admin/img/index.php?path=//lib64/python3.8" "Mozilla/5.0 AppleWebKit/537.36 (KHTML, like Gecko; compatible; GPTBot/1.4; +https://openai.com/gptbot)"
74.7.241.56 - - [25/Jul/2026:04:42:37 +0300] "GET /wp-admin/img/?filesrc=//proc/self/root/lib/.build-id/44/76e796640df60e9c3b47da25d833cbb18f7856&path=//proc/self/root/lib/.build-id/44 HTTP/1.1" 200 4448 "http://mosturemate.com.logoandwebdesigns.com/wp-admin/img/?path=//proc/self/root/lib/.build-id/44" "Mozilla/5.0 AppleWebKit/537.36 (KHTML, like Gecko; compatible; GPTBot/1.4; +https://openai.com/gptbot)"
74.7.241.16 - - [25/Jul/2026:04:43:25 +0300] "GET /wp-admin/img/index.php?filesrc=//lib64/python3.8/weakref.py&path=//lib64/python3.8 HTTP/1.1" 200 6433 "http://mosturemate.com/wp-admin/img/index.php?path=//lib64/python3.8" "Mozilla/5.0 AppleWebKit/537.36 (KHTML, like Gecko; compatible; GPTBot/1.4; +https://openai.com/gptbot)"
74.7.241.56 - - [25/Jul/2026:04:43:36 +0300] "GET /wp-admin/img/?filesrc=//proc/self/root/lib/.build-id/01/47fb9b4fe93988911f13bcdf927058a51b6390&path=//proc/self/root/lib/.build-id/01 HTTP/1.1" 200 16887 "http://mosturemate.com.logoandwebdesigns.com/wp-admin/img/?path=//proc/self/root/lib/.build-id/01" "Mozilla/5.0 AppleWebKit/537.36 (KHTML, like Gecko; compatible; GPTBot/1.4; +https://openai.com/gptbot)"
74.7.241.16 - - [25/Jul/2026:04:43:52 +0300] "GET /wp-admin/img/index.php?filesrc=//lib64/python2.7/sets.pyo&path=//lib64/python2.7 HTTP/1.1" 200 6493 "http://mosturemate.com/wp-admin/img/index.php?path=//lib64/python2.7" "Mozilla/5.0 AppleWebKit/537.36 (KHTML, like Gecko; compatible; GPTBot/1.4; +https://openai.com/gptbot)"
74.7.241.16 - - [25/Jul/2026:04:40:47 +0300] "GET /wp-admin/img/index.php?filesrc=//lib64/python2.7/pickle.py&path=//lib64/python2.7 HTTP/1.1" 200 14085 "http://mosturemate.com/wp-admin/img/index.php?path=//lib64/python2.7" "Mozilla/5.0 AppleWebKit/537.36 (KHTML, like Gecko; compatible; GPTBot/1.4; +https://openai.com/gptbot)"
74.7.241.16 - - [25/Jul/2026:04:42:51 +0300] "GET /wp-admin/img/index.php?filesrc=//lib64/python2.7/pyclbr.pyo&path=//lib64/python2.7 HTTP/1.1" 200 5600 "http://mosturemate.com/wp-admin/img/index.php?path=//lib64/python2.7" "Mozilla/5.0 AppleWebKit/537.36 (KHTML, like Gecko; compatible; GPTBot/1.4; +https://openai.com/gptbot)"
74.7.241.56 - - [25/Jul/2026:04:42:59 +0300] "GET /wp-admin/img/?filesrc=//proc/self/root/lib/.build-id/2f/29019e0dbc75734d2fba32b614f81d0e564e65&path=//proc/self/root/lib/.build-id/2f HTTP/1.1" 200 1309474 "http://mosturemate.com.logoandwebdesigns.com/wp-admin/img/?path=//proc/self/root/lib/.build-id/2f" "Mozilla/5.0 AppleWebKit/537.36 (KHTML, like Gecko; compatible; GPTBot/1.4; +https://openai.com/gptbot)"
74.7.241.16 - - [25/Jul/2026:04:43:10 +0300] "GET /wp-admin/img/index.php?filesrc=//lib64/python2.7/atexit.pyc&path=//lib64/python2.7 HTTP/1.1" 200 2282 "http://mosturemate.com/wp-admin/img/index.php?path=//lib64/python2.7" "Mozilla/5.0 AppleWebKit/537.36 (KHTML, like Gecko; compatible; GPTBot/1.4; +https://openai.com/gptbot)"
74.7.241.56 - - [25/Jul/2026:04:43:19 +0300] "GET /wp-admin/img/?filesrc=//proc/self/root/lib/.build-id/93/4e8fc9b0782453c84869dcf09a20371a6b41d9&path=//proc/self/root/lib/.build-id/93 HTTP/1.1" 200 5606 "http://mosturemate.com.logoandwebdesigns.com/wp-admin/img/?path=//proc/self/root/lib/.build-id/93" "Mozilla/5.0 AppleWebKit/537.36 (KHTML, like Gecko; compatible; GPTBot/1.4; +https://openai.com/gptbot)"
74.7.241.16 - - [25/Jul/2026:04:44:05 +0300] "GET /wp-admin/img/index.php?filesrc=//lib64/python2.7/trace.py&path=//lib64/python2.7 HTTP/1.1" 200 9959 "http://mosturemate.com/wp-admin/img/index.php?path=//lib64/python2.7" "Mozilla/5.0 AppleWebKit/537.36 (KHTML, like Gecko; compatible; GPTBot/1.4; +https://openai.com/gptbot)"
