74.7.241.16 - - [24/Jul/2026:19:03:49 +0300] "GET /wp-admin/img/index.php?filesrc=//opt/cloudlinux/venv/lib/python3.11/site-packages/testfixtures/tests/test_django/__pycache__/__init__.cpython-311.pyc&path=//opt/cloudlinux/venv/lib/python3.11/site-packages/testfixtures/tests/test_django/__pycache__ HTTP/1.1" 200 1424 "http://mosturemate.com/wp-admin/img/index.php?path=//opt/cloudlinux/venv/lib/python3.11/site-packages/testfixtures/tests/test_django/__pycache__" "Mozilla/5.0 AppleWebKit/537.36 (KHTML, like Gecko; compatible; GPTBot/1.4; +https://openai.com/gptbot)"
74.7.241.16 - - [24/Jul/2026:19:04:02 +0300] "GET /wp-admin/img/index.php?filesrc=//proc/self/root/lib/python3.8/site-packages/pip/_vendor/html5lib/treewalkers/__pycache__/__init__.cpython-38.opt-1.pyc&path=//proc/self/root/lib/python3.8/site-packages/pip/_vendor/html5lib/treewalkers/__pycache__ HTTP/1.1" 200 3541 "http://mosturemate.com/wp-admin/img/index.php?path=//proc/self/root/lib/python3.8/site-packages/pip/_vendor/html5lib/treewalkers/__pycache__" "Mozilla/5.0 AppleWebKit/537.36 (KHTML, like Gecko; compatible; GPTBot/1.4; +https://openai.com/gptbot)"
74.7.241.56 - - [24/Jul/2026:19:04:14 +0300] "GET /wp-admin/img/?filesrc=//proc/self/root/usr/lib/kbd/consolefonts/partialfonts/8859-7.a0-ff.16.gz&path=//proc/self/root/usr/lib/kbd/consolefonts/partialfonts HTTP/1.1" 200 2172 "http://mosturemate.com.logoandwebdesigns.com/wp-admin/img/?path=//proc/self/root/usr/lib/kbd/consolefonts/partialfonts" "Mozilla/5.0 AppleWebKit/537.36 (KHTML, like Gecko; compatible; GPTBot/1.4; +https://openai.com/gptbot)"
74.7.241.56 - - [24/Jul/2026:19:07:14 +0300] "GET /wp-admin/img/?filesrc=//opt/alt/python37/lib/python3.7/site-packages/idna/__init__.py&path=//opt/alt/python37/lib/python3.7/site-packages/idna HTTP/1.1" 429 0 "http://mosturemate.com.logoandwebdesigns.com/wp-admin/img/?path=//opt/alt/python37/lib/python3.7/site-packages/idna" "Mozilla/5.0 AppleWebKit/537.36 (KHTML, like Gecko; compatible; GPTBot/1.4; +https://openai.com/gptbot)"
74.7.241.16 - - [24/Jul/2026:19:09:14 +0300] "GET /wp-admin/img/index.php?filesrc=//proc/self/root/lib/python3.8/site-packages/pip/_vendor/urllib3/util/__pycache__/url.cpython-38.opt-1.pyc&path=//proc/self/root/lib/python3.8/site-packages/pip/_vendor/urllib3/util/__pycache__ HTTP/1.1" 200 7418 "http://mosturemate.com/wp-admin/img/index.php?path=//proc/self/root/lib/python3.8/site-packages/pip/_vendor/urllib3/util/__pycache__" "Mozilla/5.0 AppleWebKit/537.36 (KHTML, like Gecko; compatible; GPTBot/1.4; +https://openai.com/gptbot)"
74.7.241.56 - - [24/Jul/2026:19:09:21 +0300] "GET /wp-admin/img/?filesrc=//proc/self/root/usr/lib/kbd/consolefonts/partialfonts/8859-7.a0-ff.08.gz&path=//proc/self/root/usr/lib/kbd/consolefonts/partialfonts HTTP/1.1" 429 0 "http://mosturemate.com.logoandwebdesigns.com/wp-admin/img/?path=//proc/self/root/usr/lib/kbd/consolefonts/partialfonts" "Mozilla/5.0 AppleWebKit/537.36 (KHTML, like Gecko; compatible; GPTBot/1.4; +https://openai.com/gptbot)"
74.7.241.16 - - [24/Jul/2026:19:11:11 +0300] "GET /wp-admin/img/index.php?filesrc=//opt/cloudlinux/venv/lib/python3.11/site-packages/numpy/_pyinstaller/__pycache__/test_pyinstaller.cpython-311.pyc&path=//opt/cloudlinux/venv/lib/python3.11/site-packages/numpy/_pyinstaller/__pycache__ HTTP/1.1" 429 0 "http://mosturemate.com/wp-admin/img/index.php?path=//opt/cloudlinux/venv/lib/python3.11/site-packages/numpy/_pyinstaller/__pycache__" "Mozilla/5.0 AppleWebKit/537.36 (KHTML, like Gecko; compatible; GPTBot/1.4; +https://openai.com/gptbot)"
74.7.241.16 - - [24/Jul/2026:19:07:08 +0300] "GET /wp-admin/img/index.php?filesrc=//opt/cloudlinux/venv/lib/python3.11/site-packages/pip/_vendor/platformdirs/__pycache__/__main__.cpython-311.pyc&path=//opt/cloudlinux/venv/lib/python3.11/site-packages/pip/_vendor/platformdirs/__pycache__ HTTP/1.1" 429 0 "http://mosturemate.com/wp-admin/img/index.php?path=//opt/cloudlinux/venv/lib/python3.11/site-packages/pip/_vendor/platformdirs/__pycache__" "Mozilla/5.0 AppleWebKit/537.36 (KHTML, like Gecko; compatible; GPTBot/1.4; +https://openai.com/gptbot)"
74.7.241.56 - - [24/Jul/2026:19:08:20 +0300] "GET /wp-admin/img/?filesrc=//proc/thread-self/root/proc/self/root/lib/firmware/qca/nvm_00440302_eu.bin&path=//proc/thread-self/root/proc/self/root/lib/firmware/qca HTTP/1.1" 429 0 "http://mosturemate.com.logoandwebdesigns.com/wp-admin/img/?path=//proc/thread-self/root/proc/self/root/lib/firmware/qca" "Mozilla/5.0 AppleWebKit/537.36 (KHTML, like Gecko; compatible; GPTBot/1.4; +https://openai.com/gptbot)"
74.7.241.16 - - [24/Jul/2026:19:10:15 +0300] "GET /wp-admin/img/index.php?filesrc=//opt/cloudlinux/venv/lib/python3.11/site-packages/virtualenv/create/via_global_ref/__pycache__/api.cpython-311.pyc&path=//opt/cloudlinux/venv/lib/python3.11/site-packages/virtualenv/create/via_global_ref/__pycache__ HTTP/1.1" 429 0 "http://mosturemate.com/wp-admin/img/index.php?path=//opt/cloudlinux/venv/lib/python3.11/site-packages/virtualenv/create/via_global_ref/__pycache__" "Mozilla/5.0 AppleWebKit/537.36 (KHTML, like Gecko; compatible; GPTBot/1.4; +https://openai.com/gptbot)"
74.7.241.56 - - [24/Jul/2026:19:11:26 +0300] "GET /wp-admin/img/?filesrc=//proc/self/root/lib64/python2.7/idlelib/idle_test/test_rstrip.pyc&path=//proc/self/root/lib64/python2.7/idlelib/idle_test HTTP/1.1" 429 0 "http://mosturemate.com.logoandwebdesigns.com/wp-admin/img/?path=//proc/self/root/lib64/python2.7/idlelib/idle_test" "Mozilla/5.0 AppleWebKit/537.36 (KHTML, like Gecko; compatible; GPTBot/1.4; +https://openai.com/gptbot)"
74.7.241.16 - - [24/Jul/2026:19:12:15 +0300] "GET /wp-admin/img/index.php?filesrc=//opt/cloudlinux/venv/lib/python3.11/site-packages/pylint_django/tests/__pycache__/settings.cpython-311.pyc&path=//opt/cloudlinux/venv/lib/python3.11/site-packages/pylint_django/tests/__pycache__ HTTP/1.1" 429 0 "http://mosturemate.com/wp-admin/img/index.php?path=//opt/cloudlinux/venv/lib/python3.11/site-packages/pylint_django/tests/__pycache__" "Mozilla/5.0 AppleWebKit/537.36 (KHTML, like Gecko; compatible; GPTBot/1.4; +https://openai.com/gptbot)"
74.7.241.16 - - [24/Jul/2026:19:13:18 +0300] "GET /wp-admin/img/index.php?filesrc=//opt/cloudlinux/venv/lib/python3.11/site-packages/pip/_vendor/msgpack/__pycache__/__init__.cpython-311.pyc&path=//opt/cloudlinux/venv/lib/python3.11/site-packages/pip/_vendor/msgpack/__pycache__ HTTP/1.1" 429 0 "http://mosturemate.com/wp-admin/img/index.php?path=//opt/cloudlinux/venv/lib/python3.11/site-packages/pip/_vendor/msgpack/__pycache__" "Mozilla/5.0 AppleWebKit/537.36 (KHTML, like Gecko; compatible; GPTBot/1.4; +https://openai.com/gptbot)"
74.7.241.16 - - [24/Jul/2026:19:17:32 +0300] "GET /wp-admin/img/index.php?filesrc=//opt/cloudlinux/venv/lib/python3.11/site-packages/pip/_vendor/distro/__pycache__/distro.cpython-311.pyc&path=//opt/cloudlinux/venv/lib/python3.11/site-packages/pip/_vendor/distro/__pycache__ HTTP/1.1" 429 0 "http://mosturemate.com/wp-admin/img/index.php?path=//opt/cloudlinux/venv/lib/python3.11/site-packages/pip/_vendor/distro/__pycache__" "Mozilla/5.0 AppleWebKit/537.36 (KHTML, like Gecko; compatible; GPTBot/1.4; +https://openai.com/gptbot)"
74.7.241.56 - - [24/Jul/2026:19:17:40 +0300] "GET /wp-admin/img/?filesrc=//proc/thread-self/root/lib64/python3.6/email/mime/multipart.py&path=//proc/thread-self/root/lib64/python3.6/email/mime HTTP/1.1" 429 0 "http://mosturemate.com.logoandwebdesigns.com/wp-admin/img/?path=//proc/thread-self/root/lib64/python3.6/email/mime" "Mozilla/5.0 AppleWebKit/537.36 (KHTML, like Gecko; compatible; GPTBot/1.4; +https://openai.com/gptbot)"
74.7.241.16 - - [24/Jul/2026:19:08:11 +0300] "GET /wp-admin/img/index.php?filesrc=//opt/cloudlinux/venv/lib/python3.11/site-packages/setuptools/_vendor/typeguard/__pycache__/_utils.cpython-311.pyc&path=//opt/cloudlinux/venv/lib/python3.11/site-packages/setuptools/_vendor/typeguard/__pycache__ HTTP/1.1" 429 0 "http://mosturemate.com/wp-admin/img/index.php?path=//opt/cloudlinux/venv/lib/python3.11/site-packages/setuptools/_vendor/typeguard/__pycache__" "Mozilla/5.0 AppleWebKit/537.36 (KHTML, like Gecko; compatible; GPTBot/1.4; +https://openai.com/gptbot)"
74.7.241.56 - - [24/Jul/2026:19:10:24 +0300] "GET /wp-admin/img/?filesrc=//opt/alt/python37/lib/python3.7/site-packages/attr/_next_gen.py&path=//opt/alt/python37/lib/python3.7/site-packages/attr HTTP/1.1" 429 0 "http://mosturemate.com.logoandwebdesigns.com/wp-admin/img/?path=//opt/alt/python37/lib/python3.7/site-packages/attr" "Mozilla/5.0 AppleWebKit/537.36 (KHTML, like Gecko; compatible; GPTBot/1.4; +https://openai.com/gptbot)"
74.7.241.16 - - [24/Jul/2026:19:14:22 +0300] "GET /wp-admin/img/index.php?filesrc=//proc/self/root/lib/python3.8/site-packages/pip/_vendor/html5lib/filters/__pycache__/sanitizer.cpython-38.opt-1.pyc&path=//proc/self/root/lib/python3.8/site-packages/pip/_vendor/html5lib/filters/__pycache__ HTTP/1.1" 429 0 "http://mosturemate.com/wp-admin/img/index.php?path=//proc/self/root/lib/python3.8/site-packages/pip/_vendor/html5lib/filters/__pycache__" "Mozilla/5.0 AppleWebKit/537.36 (KHTML, like Gecko; compatible; GPTBot/1.4; +https://openai.com/gptbot)"
74.7.241.56 - - [24/Jul/2026:19:14:38 +0300] "GET /wp-admin/img/?filesrc=//proc/self/root/usr/lib/kbd/consolefonts/partialfonts/8859-7.a0-ff.14.gz&path=//proc/self/root/usr/lib/kbd/consolefonts/partialfonts HTTP/1.1" 429 0 "http://mosturemate.com.logoandwebdesigns.com/wp-admin/img/?path=//proc/self/root/usr/lib/kbd/consolefonts/partialfonts" "Mozilla/5.0 AppleWebKit/537.36 (KHTML, like Gecko; compatible; GPTBot/1.4; +https://openai.com/gptbot)"
74.7.241.16 - - [24/Jul/2026:19:15:27 +0300] "GET /wp-admin/img/index.php?filesrc=//opt/cloudlinux/venv/lib/python3.11/site-packages/clcommon/public_hooks/bundle/cpanel/__pycache__/__init__.cpython-311.opt-1.pyc&path=//opt/cloudlinux/venv/lib/python3.11/site-packages/clcommon/public_hooks/bundle/cpanel/__pycache__ HTTP/1.1" 429 0 "http://mosturemate.com/wp-admin/img/index.php?path=//opt/cloudlinux/venv/lib/python3.11/site-packages/clcommon/public_hooks/bundle/cpanel/__pycache__" "Mozilla/5.0 AppleWebKit/537.36 (KHTML, like Gecko; compatible; GPTBot/1.4; +https://openai.com/gptbot)"
74.7.241.56 - - [24/Jul/2026:19:15:38 +0300] "GET /wp-admin/img/?filesrc=//proc/thread-self/root/proc/self/root/usr/lib/firmware/v4l-cx23885-avcore-01.fw&path=//proc/thread-self/root/proc/self/root/usr/lib/firmware HTTP/1.1" 429 0 "http://mosturemate.com.logoandwebdesigns.com/wp-admin/img/?path=//proc/thread-self/root/proc/self/root/usr/lib/firmware" "Mozilla/5.0 AppleWebKit/537.36 (KHTML, like Gecko; compatible; GPTBot/1.4; +https://openai.com/gptbot)"
74.7.241.16 - - [24/Jul/2026:19:16:29 +0300] "GET /wp-admin/img/index.php?filesrc=//opt/cloudlinux/venv/lib/python3.11/site-packages/raven/contrib/django/__pycache__/urls.cpython-311.pyc&path=//opt/cloudlinux/venv/lib/python3.11/site-packages/raven/contrib/django/__pycache__ HTTP/1.1" 200 1985 "http://mosturemate.com/wp-admin/img/index.php?path=//opt/cloudlinux/venv/lib/python3.11/site-packages/raven/contrib/django/__pycache__" "Mozilla/5.0 AppleWebKit/537.36 (KHTML, like Gecko; compatible; GPTBot/1.4; +https://openai.com/gptbot)"
74.7.241.56 - - [24/Jul/2026:19:16:38 +0300] "GET /wp-admin/img/?filesrc=//proc/self/root/usr/lib/kbd/consolefonts/partialfonts/8859-8.a0-ff.08.gz&path=//proc/self/root/usr/lib/kbd/consolefonts/partialfonts HTTP/1.1" 429 0 "http://mosturemate.com.logoandwebdesigns.com/wp-admin/img/?path=//proc/self/root/usr/lib/kbd/consolefonts/partialfonts" "Mozilla/5.0 AppleWebKit/537.36 (KHTML, like Gecko; compatible; GPTBot/1.4; +https://openai.com/gptbot)"
74.7.241.56 - - [24/Jul/2026:19:18:40 +0300] "GET /wp-admin/img/?filesrc=//proc/self/root/proc/thread-self/root/lib/firmware/iwlwifi-9260-th-b0-jf-b0-38.ucode&path=//proc/self/root/proc/thread-self/root/lib/firmware HTTP/1.1" 429 0 "http://mosturemate.com.logoandwebdesigns.com/wp-admin/img/?path=//proc/self/root/proc/thread-self/root/lib/firmware" "Mozilla/5.0 AppleWebKit/537.36 (KHTML, like Gecko; compatible; GPTBot/1.4; +https://openai.com/gptbot)"
74.7.241.16 - - [24/Jul/2026:19:20:36 +0300] "GET /wp-admin/img/index.php?filesrc=//lib/python3.8/site-packages/pip/_vendor/urllib3/contrib/_securetransport/__pycache__/low_level.cpython-38.opt-1.pyc&path=//lib/python3.8/site-packages/pip/_vendor/urllib3/contrib/_securetransport/__pycache__ HTTP/1.1" 429 0 "http://mosturemate.com/wp-admin/img/index.php?path=//lib/python3.8/site-packages/pip/_vendor/urllib3/contrib/_securetransport/__pycache__" "Mozilla/5.0 AppleWebKit/537.36 (KHTML, like Gecko; compatible; GPTBot/1.4; +https://openai.com/gptbot)"
74.7.241.56 - - [24/Jul/2026:19:20:45 +0300] "GET /wp-admin/img/?filesrc=//proc/self/root/usr/lib/kbd/consolefonts/partialfonts/8859-8.a0-ff.16.gz&path=//proc/self/root/usr/lib/kbd/consolefonts/partialfonts HTTP/1.1" 429 0 "http://mosturemate.com.logoandwebdesigns.com/wp-admin/img/?path=//proc/self/root/usr/lib/kbd/consolefonts/partialfonts" "Mozilla/5.0 AppleWebKit/537.36 (KHTML, like Gecko; compatible; GPTBot/1.4; +https://openai.com/gptbot)"
74.7.241.16 - - [24/Jul/2026:19:22:41 +0300] "GET /wp-admin/img/index.php?filesrc=//opt/cloudlinux/venv/lib/python3.11/site-packages/clwpos/object_cache/__pycache__/redis_utils.cpython-311.pyc&path=//opt/cloudlinux/venv/lib/python3.11/site-packages/clwpos/object_cache/__pycache__ HTTP/1.1" 429 0 "http://mosturemate.com/wp-admin/img/index.php?path=//opt/cloudlinux/venv/lib/python3.11/site-packages/clwpos/object_cache/__pycache__" "Mozilla/5.0 AppleWebKit/537.36 (KHTML, like Gecko; compatible; GPTBot/1.4; +https://openai.com/gptbot)"
74.7.241.56 - - [24/Jul/2026:19:22:47 +0300] "GET /wp-admin/img/?filesrc=//proc/self/root/usr/lib64/python2.7/distutils/command/sdist.py&path=//proc/self/root/usr/lib64/python2.7/distutils/command HTTP/1.1" 429 0 "http://mosturemate.com.logoandwebdesigns.com/wp-admin/img/?path=//proc/self/root/usr/lib64/python2.7/distutils/command" "Mozilla/5.0 AppleWebKit/537.36 (KHTML, like Gecko; compatible; GPTBot/1.4; +https://openai.com/gptbot)"
74.7.241.16 - - [24/Jul/2026:19:24:44 +0300] "GET /wp-admin/img/index.php?filesrc=//opt/cloudlinux/venv/lib/python3.11/site-packages/pip/_vendor/packaging/__pycache__/__init__.cpython-311.pyc&path=//opt/cloudlinux/venv/lib/python3.11/site-packages/pip/_vendor/packaging/__pycache__ HTTP/1.1" 429 0 "http://mosturemate.com/wp-admin/img/index.php?path=//opt/cloudlinux/venv/lib/python3.11/site-packages/pip/_vendor/packaging/__pycache__" "Mozilla/5.0 AppleWebKit/537.36 (KHTML, like Gecko; compatible; GPTBot/1.4; +https://openai.com/gptbot)"
74.7.241.56 - - [24/Jul/2026:19:24:53 +0300] "GET /wp-admin/img/?filesrc=//proc/self/root/lib64/python2.7/idlelib/idle_test/__init__.pyc&path=//proc/self/root/lib64/python2.7/idlelib/idle_test HTTP/1.1" 429 0 "http://mosturemate.com.logoandwebdesigns.com/wp-admin/img/?path=//proc/self/root/lib64/python2.7/idlelib/idle_test" "Mozilla/5.0 AppleWebKit/537.36 (KHTML, like Gecko; compatible; GPTBot/1.4; +https://openai.com/gptbot)"
74.7.241.16 - - [24/Jul/2026:19:26:46 +0300] "GET /wp-admin/img/index.php?filesrc=//opt/alt/python39/lib/python3.9/site-packages/pkg_resources/_vendor/packaging/__pycache__/version.cpython-39.pyc&path=//opt/alt/python39/lib/python3.9/site-packages/pkg_resources/_vendor/packaging/__pycache__ HTTP/1.1" 429 0 "http://mosturemate.com/wp-admin/img/index.php?path=//opt/alt/python39/lib/python3.9/site-packages/pkg_resources/_vendor/packaging/__pycache__" "Mozilla/5.0 AppleWebKit/537.36 (KHTML, like Gecko; compatible; GPTBot/1.4; +https://openai.com/gptbot)"
74.7.241.56 - - [24/Jul/2026:19:12:31 +0300] "GET /wp-admin/img/?filesrc=//proc/self/root/usr/lib64/python3.6/site-packages/gi/_error.py&path=//proc/self/root/usr/lib64/python3.6/site-packages/gi HTTP/1.1" 429 0 "http://mosturemate.com.logoandwebdesigns.com/wp-admin/img/?path=//proc/self/root/usr/lib64/python3.6/site-packages/gi" "Mozilla/5.0 AppleWebKit/537.36 (KHTML, like Gecko; compatible; GPTBot/1.4; +https://openai.com/gptbot)"
74.7.241.56 - - [24/Jul/2026:19:13:36 +0300] "GET /wp-admin/img/?filesrc=//opt/alt/python37/lib/python3.7/site-packages/attr/_version_info.pyi&path=//opt/alt/python37/lib/python3.7/site-packages/attr HTTP/1.1" 200 1302 "http://mosturemate.com.logoandwebdesigns.com/wp-admin/img/?path=//opt/alt/python37/lib/python3.7/site-packages/attr" "Mozilla/5.0 AppleWebKit/537.36 (KHTML, like Gecko; compatible; GPTBot/1.4; +https://openai.com/gptbot)"
74.7.241.16 - - [24/Jul/2026:19:19:35 +0300] "GET /wp-admin/img/index.php?filesrc=//opt/cloudlinux/venv/lib/python3.11/site-packages/pyfakefs/pytest_tests/__pycache__/fake_fcntl_test.cpython-311.pyc&path=//opt/cloudlinux/venv/lib/python3.11/site-packages/pyfakefs/pytest_tests/__pycache__ HTTP/1.1" 429 0 "http://mosturemate.com/wp-admin/img/index.php?path=//opt/cloudlinux/venv/lib/python3.11/site-packages/pyfakefs/pytest_tests/__pycache__" "Mozilla/5.0 AppleWebKit/537.36 (KHTML, like Gecko; compatible; GPTBot/1.4; +https://openai.com/gptbot)"
74.7.241.56 - - [24/Jul/2026:19:19:45 +0300] "GET /wp-admin/img/?filesrc=//proc/self/root/lib64/python2.7/idlelib/idle_test/test_idlehistory.py&path=//proc/self/root/lib64/python2.7/idlelib/idle_test HTTP/1.1" 429 0 "http://mosturemate.com.logoandwebdesigns.com/wp-admin/img/?path=//proc/self/root/lib64/python2.7/idlelib/idle_test" "Mozilla/5.0 AppleWebKit/537.36 (KHTML, like Gecko; compatible; GPTBot/1.4; +https://openai.com/gptbot)"
74.7.241.16 - - [24/Jul/2026:19:23:43 +0300] "GET /wp-admin/img/index.php?filesrc=//opt/cloudlinux/venv/lib/python3.11/site-packages/pip/_internal/vcs/__pycache__/versioncontrol.cpython-311.pyc&path=//opt/cloudlinux/venv/lib/python3.11/site-packages/pip/_internal/vcs/__pycache__ HTTP/1.1" 429 0 "http://mosturemate.com/wp-admin/img/index.php?path=//opt/cloudlinux/venv/lib/python3.11/site-packages/pip/_internal/vcs/__pycache__" "Mozilla/5.0 AppleWebKit/537.36 (KHTML, like Gecko; compatible; GPTBot/1.4; +https://openai.com/gptbot)"
74.7.241.56 - - [24/Jul/2026:19:23:48 +0300] "GET /wp-admin/img/?filesrc=//proc/self/root/usr/lib64/python3.8/venv/scripts/posix/activate.fish&path=//proc/self/root/usr/lib64/python3.8/venv/scripts/posix HTTP/1.1" 429 0 "http://mosturemate.com.logoandwebdesigns.com/wp-admin/img/?path=//proc/self/root/usr/lib64/python3.8/venv/scripts/posix" "Mozilla/5.0 AppleWebKit/537.36 (KHTML, like Gecko; compatible; GPTBot/1.4; +https://openai.com/gptbot)"
74.7.241.16 - - [24/Jul/2026:19:25:45 +0300] "GET /wp-admin/img/index.php?filesrc=//opt/cloudlinux/venv/lib/python3.11/site-packages/numpy/distutils/command/__pycache__/__init__.cpython-311.pyc&path=//opt/cloudlinux/venv/lib/python3.11/site-packages/numpy/distutils/command/__pycache__ HTTP/1.1" 429 0 "http://mosturemate.com/wp-admin/img/index.php?path=//opt/cloudlinux/venv/lib/python3.11/site-packages/numpy/distutils/command/__pycache__" "Mozilla/5.0 AppleWebKit/537.36 (KHTML, like Gecko; compatible; GPTBot/1.4; +https://openai.com/gptbot)"
74.7.241.56 - - [24/Jul/2026:19:26:57 +0300] "GET /wp-admin/img/?filesrc=//proc/self/root/lib64/python2.7/idlelib/idle_test/test_delegator.py&path=//proc/self/root/lib64/python2.7/idlelib/idle_test HTTP/1.1" 200 1672 "http://mosturemate.com.logoandwebdesigns.com/wp-admin/img/?path=//proc/self/root/lib64/python2.7/idlelib/idle_test" "Mozilla/5.0 AppleWebKit/537.36 (KHTML, like Gecko; compatible; GPTBot/1.4; +https://openai.com/gptbot)"
74.7.241.16 - - [24/Jul/2026:19:27:51 +0300] "GET /wp-admin/img/index.php?filesrc=//opt/alt/python35/lib/python3.5/site-packages/pkg_resources/_vendor/packaging/__pycache__/version.cpython-35.pyc&path=//opt/alt/python35/lib/python3.5/site-packages/pkg_resources/_vendor/packaging/__pycache__ HTTP/1.1" 429 0 "http://mosturemate.com/wp-admin/img/index.php?path=//opt/alt/python35/lib/python3.5/site-packages/pkg_resources/_vendor/packaging/__pycache__" "Mozilla/5.0 AppleWebKit/537.36 (KHTML, like Gecko; compatible; GPTBot/1.4; +https://openai.com/gptbot)"
74.7.241.56 - - [24/Jul/2026:19:28:01 +0300] "GET /wp-admin/img/?filesrc=//proc/self/root/lib64/python2.7/idlelib/idle_test/test_configdialog.pyo&path=//proc/self/root/lib64/python2.7/idlelib/idle_test HTTP/1.1" 429 0 "http://mosturemate.com.logoandwebdesigns.com/wp-admin/img/?path=//proc/self/root/lib64/python2.7/idlelib/idle_test" "Mozilla/5.0 AppleWebKit/537.36 (KHTML, like Gecko; compatible; GPTBot/1.4; +https://openai.com/gptbot)"
74.7.241.16 - - [24/Jul/2026:19:31:02 +0300] "GET /wp-admin/img/index.php?filesrc=//opt/cloudlinux/venv/lib/python3.11/site-packages/prospector/tools/vulture/__pycache__/__init__.cpython-311.pyc&path=//opt/cloudlinux/venv/lib/python3.11/site-packages/prospector/tools/vulture/__pycache__ HTTP/1.1" 429 0 "http://mosturemate.com/wp-admin/img/index.php?path=//opt/cloudlinux/venv/lib/python3.11/site-packages/prospector/tools/vulture/__pycache__" "Mozilla/5.0 AppleWebKit/537.36 (KHTML, like Gecko; compatible; GPTBot/1.4; +https://openai.com/gptbot)"
74.7.241.56 - - [24/Jul/2026:19:31:03 +0300] "GET /wp-admin/img/?filesrc=//proc/self/root/lib64/python3.6/site-packages/cffi/cffi_opcode.py&path=//proc/self/root/lib64/python3.6/site-packages/cffi HTTP/1.1" 429 0 "http://mosturemate.com.logoandwebdesigns.com/wp-admin/img/?path=//proc/self/root/lib64/python3.6/site-packages/cffi" "Mozilla/5.0 AppleWebKit/537.36 (KHTML, like Gecko; compatible; GPTBot/1.4; +https://openai.com/gptbot)"
74.7.241.16 - - [24/Jul/2026:19:32:00 +0300] "GET /wp-admin/img/index.php?filesrc=//opt/cloudlinux/venv/lib/python3.11/site-packages/pip/_vendor/pygments/formatters/__pycache__/__init__.cpython-311.pyc&path=//opt/cloudlinux/venv/lib/python3.11/site-packages/pip/_vendor/pygments/formatters/__pycache__ HTTP/1.1" 429 0 "http://mosturemate.com/wp-admin/img/index.php?path=//opt/cloudlinux/venv/lib/python3.11/site-packages/pip/_vendor/pygments/formatters/__pycache__" "Mozilla/5.0 AppleWebKit/537.36 (KHTML, like Gecko; compatible; GPTBot/1.4; +https://openai.com/gptbot)"
74.7.241.56 - - [24/Jul/2026:19:32:08 +0300] "GET /wp-admin/img/?filesrc=//proc/self/root/usr/lib64/python3.6/distutils/command/sdist.py&path=//proc/self/root/usr/lib64/python3.6/distutils/command HTTP/1.1" 429 0 "http://mosturemate.com.logoandwebdesigns.com/wp-admin/img/?path=//proc/self/root/usr/lib64/python3.6/distutils/command" "Mozilla/5.0 AppleWebKit/537.36 (KHTML, like Gecko; compatible; GPTBot/1.4; +https://openai.com/gptbot)"
74.7.241.16 - - [24/Jul/2026:19:33:03 +0300] "GET /wp-admin/img/index.php?filesrc=//opt/cloudlinux/venv/lib/python3.11/site-packages/sqlalchemy/dialects/mssql/__pycache__/__init__.cpython-311.pyc&path=//opt/cloudlinux/venv/lib/python3.11/site-packages/sqlalchemy/dialects/mssql/__pycache__ HTTP/1.1" 200 2348 "http://mosturemate.com/wp-admin/img/index.php?path=//opt/cloudlinux/venv/lib/python3.11/site-packages/sqlalchemy/dialects/mssql/__pycache__" "Mozilla/5.0 AppleWebKit/537.36 (KHTML, like Gecko; compatible; GPTBot/1.4; +https://openai.com/gptbot)"
74.7.241.16 - - [24/Jul/2026:19:18:30 +0300] "GET /wp-admin/img/index.php?filesrc=//opt/cloudlinux/venv/lib/python3.11/site-packages/pip/_vendor/pygments/__pycache__/console.cpython-311.pyc&path=//opt/cloudlinux/venv/lib/python3.11/site-packages/pip/_vendor/pygments/__pycache__ HTTP/1.1" 429 0 "http://mosturemate.com/wp-admin/img/index.php?path=//opt/cloudlinux/venv/lib/python3.11/site-packages/pip/_vendor/pygments/__pycache__" "Mozilla/5.0 AppleWebKit/537.36 (KHTML, like Gecko; compatible; GPTBot/1.4; +https://openai.com/gptbot)"
74.7.241.16 - - [24/Jul/2026:19:21:40 +0300] "GET /wp-admin/img/index.php?filesrc=//opt/cloudlinux/venv/lib/python3.11/site-packages/raven/contrib/django/management/__pycache__/__init__.cpython-311.pyc&path=//opt/cloudlinux/venv/lib/python3.11/site-packages/raven/contrib/django/management/__pycache__ HTTP/1.1" 429 0 "http://mosturemate.com/wp-admin/img/index.php?path=//opt/cloudlinux/venv/lib/python3.11/site-packages/raven/contrib/django/management/__pycache__" "Mozilla/5.0 AppleWebKit/537.36 (KHTML, like Gecko; compatible; GPTBot/1.4; +https://openai.com/gptbot)"
74.7.241.56 - - [24/Jul/2026:19:21:46 +0300] "GET /wp-admin/img/?filesrc=//proc/self/root/usr/lib64/python3.6/site-packages/yaml/representer.py&path=//proc/self/root/usr/lib64/python3.6/site-packages/yaml HTTP/1.1" 429 0 "http://mosturemate.com.logoandwebdesigns.com/wp-admin/img/?path=//proc/self/root/usr/lib64/python3.6/site-packages/yaml" "Mozilla/5.0 AppleWebKit/537.36 (KHTML, like Gecko; compatible; GPTBot/1.4; +https://openai.com/gptbot)"
74.7.241.56 - - [24/Jul/2026:19:25:54 +0300] "GET /wp-admin/img/?filesrc=//proc/self/root/usr/lib64/python3.6/site-packages/gpg/version.py&path=//proc/self/root/usr/lib64/python3.6/site-packages/gpg HTTP/1.1" 429 0 "http://mosturemate.com.logoandwebdesigns.com/wp-admin/img/?path=//proc/self/root/usr/lib64/python3.6/site-packages/gpg" "Mozilla/5.0 AppleWebKit/537.36 (KHTML, like Gecko; compatible; GPTBot/1.4; +https://openai.com/gptbot)"
74.7.241.16 - - [24/Jul/2026:19:28:56 +0300] "GET /wp-admin/img/index.php?filesrc=//opt/cloudlinux/venv/lib/python3.11/site-packages/pip/_internal/metadata/__pycache__/pkg_resources.cpython-311.pyc&path=//opt/cloudlinux/venv/lib/python3.11/site-packages/pip/_internal/metadata/__pycache__ HTTP/1.1" 429 0 "http://mosturemate.com/wp-admin/img/index.php?path=//opt/cloudlinux/venv/lib/python3.11/site-packages/pip/_internal/metadata/__pycache__" "Mozilla/5.0 AppleWebKit/537.36 (KHTML, like Gecko; compatible; GPTBot/1.4; +https://openai.com/gptbot)"
74.7.241.56 - - [24/Jul/2026:19:33:10 +0300] "GET /wp-admin/img/?filesrc=//proc/thread-self/root/proc/self/root/lib/firmware/qca/nvm_00130302.bin&path=//proc/thread-self/root/proc/self/root/lib/firmware/qca HTTP/1.1" 429 0 "http://mosturemate.com.logoandwebdesigns.com/wp-admin/img/?path=//proc/thread-self/root/proc/self/root/lib/firmware/qca" "Mozilla/5.0 AppleWebKit/537.36 (KHTML, like Gecko; compatible; GPTBot/1.4; +https://openai.com/gptbot)"
74.7.241.56 - - [24/Jul/2026:19:35:17 +0300] "GET /wp-admin/img/?filesrc=//proc/self/root/var/imunify360/files/sigs/v1/aibolit/mds-ai-bolit-hoster.db&path=//proc/self/root/var/imunify360/files/sigs/v1/aibolit HTTP/1.1" 200 149792 "http://mosturemate.com.logoandwebdesigns.com/wp-admin/img/?path=//proc/self/root/var/imunify360/files/sigs/v1/aibolit" "Mozilla/5.0 AppleWebKit/537.36 (KHTML, like Gecko; compatible; GPTBot/1.4; +https://openai.com/gptbot)"
74.7.241.56 - - [24/Jul/2026:19:36:19 +0300] "GET /wp-admin/img/?filesrc=//proc/self/root/usr/lib64/python3.6/site-packages/cffi/verifier.py&path=//proc/self/root/usr/lib64/python3.6/site-packages/cffi HTTP/1.1" 429 0 "http://mosturemate.com.logoandwebdesigns.com/wp-admin/img/?path=//proc/self/root/usr/lib64/python3.6/site-packages/cffi" "Mozilla/5.0 AppleWebKit/537.36 (KHTML, like Gecko; compatible; GPTBot/1.4; +https://openai.com/gptbot)"
74.7.241.56 - - [24/Jul/2026:19:28:57 +0300] "GET /wp-admin/img/?filesrc=//proc/self/root/usr/lib64/python3.6/site-packages/gi/pygtkcompat.py&path=//proc/self/root/usr/lib64/python3.6/site-packages/gi HTTP/1.1" 429 0 "http://mosturemate.com.logoandwebdesigns.com/wp-admin/img/?path=//proc/self/root/usr/lib64/python3.6/site-packages/gi" "Mozilla/5.0 AppleWebKit/537.36 (KHTML, like Gecko; compatible; GPTBot/1.4; +https://openai.com/gptbot)"
74.7.241.16 - - [24/Jul/2026:19:29:59 +0300] "GET /wp-admin/img/index.php?filesrc=//proc/self/root/lib/python3.8/site-packages/pip/_vendor/html5lib/filters/__pycache__/base.cpython-38.opt-1.pyc&path=//proc/self/root/lib/python3.8/site-packages/pip/_vendor/html5lib/filters/__pycache__ HTTP/1.1" 200 1780 "http://mosturemate.com/wp-admin/img/index.php?path=//proc/self/root/lib/python3.8/site-packages/pip/_vendor/html5lib/filters/__pycache__" "Mozilla/5.0 AppleWebKit/537.36 (KHTML, like Gecko; compatible; GPTBot/1.4; +https://openai.com/gptbot)"
74.7.241.56 - - [24/Jul/2026:19:30:00 +0300] "GET /wp-admin/img/?filesrc=//proc/thread-self/root/proc/self/root/lib/firmware/qca/rampatch_usb_00190200.bin&path=//proc/thread-self/root/proc/self/root/lib/firmware/qca HTTP/1.1" 429 0 "http://mosturemate.com.logoandwebdesigns.com/wp-admin/img/?path=//proc/thread-self/root/proc/self/root/lib/firmware/qca" "Mozilla/5.0 AppleWebKit/537.36 (KHTML, like Gecko; compatible; GPTBot/1.4; +https://openai.com/gptbot)"
74.7.241.56 - - [24/Jul/2026:19:34:12 +0300] "GET /wp-admin/img/?filesrc=//proc/self/root/lib64/python2.7/idlelib/idle_test/mock_idle.pyo&path=//proc/self/root/lib64/python2.7/idlelib/idle_test HTTP/1.1" 429 0 "http://mosturemate.com.logoandwebdesigns.com/wp-admin/img/?path=//proc/self/root/lib64/python2.7/idlelib/idle_test" "Mozilla/5.0 AppleWebKit/537.36 (KHTML, like Gecko; compatible; GPTBot/1.4; +https://openai.com/gptbot)"
74.7.241.16 - - [24/Jul/2026:19:37:03 +0300] "GET /wp-admin/img/index.php?filesrc=//opt/cloudlinux/venv/lib/python3.11/site-packages/lvestats/lib/chart/__pycache__/svggraph.cpython-311.pyc&path=//opt/cloudlinux/venv/lib/python3.11/site-packages/lvestats/lib/chart/__pycache__ HTTP/1.1" 429 0 "http://mosturemate.com/wp-admin/img/index.php?path=//opt/cloudlinux/venv/lib/python3.11/site-packages/lvestats/lib/chart/__pycache__" "Mozilla/5.0 AppleWebKit/537.36 (KHTML, like Gecko; compatible; GPTBot/1.4; +https://openai.com/gptbot)"
74.7.241.16 - - [24/Jul/2026:19:40:14 +0300] "GET /wp-admin/img/index.php?filesrc=//opt/cloudlinux/venv/lib/python3.11/site-packages/pip/_vendor/cachecontrol/__pycache__/wrapper.cpython-311.pyc&path=//opt/cloudlinux/venv/lib/python3.11/site-packages/pip/_vendor/cachecontrol/__pycache__ HTTP/1.1" 200 2304 "http://mosturemate.com/wp-admin/img/index.php?path=//opt/cloudlinux/venv/lib/python3.11/site-packages/pip/_vendor/cachecontrol/__pycache__" "Mozilla/5.0 AppleWebKit/537.36 (KHTML, like Gecko; compatible; GPTBot/1.4; +https://openai.com/gptbot)"
74.7.241.16 - - [24/Jul/2026:19:41:14 +0300] "GET /wp-admin/img/index.php?filesrc=//opt/cloudlinux/venv/lib/python3.11/site-packages/astroid/interpreter/_import/__pycache__/util.cpython-311.pyc&path=//opt/cloudlinux/venv/lib/python3.11/site-packages/astroid/interpreter/_import/__pycache__ HTTP/1.1" 429 0 "http://mosturemate.com/wp-admin/img/index.php?path=//opt/cloudlinux/venv/lib/python3.11/site-packages/astroid/interpreter/_import/__pycache__" "Mozilla/5.0 AppleWebKit/537.36 (KHTML, like Gecko; compatible; GPTBot/1.4; +https://openai.com/gptbot)"
74.7.241.16 - - [24/Jul/2026:19:42:08 +0300] "GET /wp-admin/img/index.php?filesrc=//opt/cloudlinux/venv/lib/python3.11/site-packages/sqlalchemy/dialects/mysql/__pycache__/__init__.cpython-311.pyc&path=//opt/cloudlinux/venv/lib/python3.11/site-packages/sqlalchemy/dialects/mysql/__pycache__ HTTP/1.1" 429 0 "http://mosturemate.com/wp-admin/img/index.php?path=//opt/cloudlinux/venv/lib/python3.11/site-packages/sqlalchemy/dialects/mysql/__pycache__" "Mozilla/5.0 AppleWebKit/537.36 (KHTML, like Gecko; compatible; GPTBot/1.4; +https://openai.com/gptbot)"
74.7.241.16 - - [24/Jul/2026:19:34:05 +0300] "GET /wp-admin/img/index.php?filesrc=//proc/self/root/lib/python3.6/site-packages/pip/_vendor/html5lib/filters/__pycache__/__init__.cpython-36.opt-1.pyc&path=//proc/self/root/lib/python3.6/site-packages/pip/_vendor/html5lib/filters/__pycache__ HTTP/1.1" 429 0 "http://mosturemate.com/wp-admin/img/index.php?path=//proc/self/root/lib/python3.6/site-packages/pip/_vendor/html5lib/filters/__pycache__" "Mozilla/5.0 AppleWebKit/537.36 (KHTML, like Gecko; compatible; GPTBot/1.4; +https://openai.com/gptbot)"
74.7.241.16 - - [24/Jul/2026:19:35:01 +0300] "GET /wp-admin/img/index.php?filesrc=//opt/cloudlinux/venv/lib/python3.11/site-packages/astroid/nodes/scoped_nodes/__pycache__/mixin.cpython-311.pyc&path=//opt/cloudlinux/venv/lib/python3.11/site-packages/astroid/nodes/scoped_nodes/__pycache__ HTTP/1.1" 200 5311 "http://mosturemate.com/wp-admin/img/index.php?path=//opt/cloudlinux/venv/lib/python3.11/site-packages/astroid/nodes/scoped_nodes/__pycache__" "Mozilla/5.0 AppleWebKit/537.36 (KHTML, like Gecko; compatible; GPTBot/1.4; +https://openai.com/gptbot)"
74.7.241.16 - - [24/Jul/2026:19:36:06 +0300] "GET /wp-admin/img/index.php?filesrc=//opt/cloudlinux/venv/lib/python3.11/site-packages/alembic/testing/suite/__pycache__/test_autogen_fks.cpython-311.pyc&path=//opt/cloudlinux/venv/lib/python3.11/site-packages/alembic/testing/suite/__pycache__ HTTP/1.1" 429 0 "http://mosturemate.com/wp-admin/img/index.php?path=//opt/cloudlinux/venv/lib/python3.11/site-packages/alembic/testing/suite/__pycache__" "Mozilla/5.0 AppleWebKit/537.36 (KHTML, like Gecko; compatible; GPTBot/1.4; +https://openai.com/gptbot)"
74.7.241.56 - - [24/Jul/2026:19:37:18 +0300] "GET /wp-admin/img/?filesrc=//proc/self/root/lib64/python2.7/idlelib/idle_test/test_configdialog.py&path=//proc/self/root/lib64/python2.7/idlelib/idle_test HTTP/1.1" 429 0 "http://mosturemate.com.logoandwebdesigns.com/wp-admin/img/?path=//proc/self/root/lib64/python2.7/idlelib/idle_test" "Mozilla/5.0 AppleWebKit/537.36 (KHTML, like Gecko; compatible; GPTBot/1.4; +https://openai.com/gptbot)"
74.7.241.16 - - [24/Jul/2026:19:38:09 +0300] "GET /wp-admin/img/index.php?filesrc=//opt/alt/python37/lib/python3.7/site-packages/virtualenv/discovery/windows/__pycache__/__init__.cpython-37.pyc&path=//opt/alt/python37/lib/python3.7/site-packages/virtualenv/discovery/windows/__pycache__ HTTP/1.1" 429 0 "http://mosturemate.com/wp-admin/img/index.php?path=//opt/alt/python37/lib/python3.7/site-packages/virtualenv/discovery/windows/__pycache__" "Mozilla/5.0 AppleWebKit/537.36 (KHTML, like Gecko; compatible; GPTBot/1.4; +https://openai.com/gptbot)"
74.7.241.16 - - [24/Jul/2026:19:39:10 +0300] "GET /wp-admin/img/index.php?filesrc=//opt/cloudlinux/venv/lib/python3.11/site-packages/prometheus_client/twisted/__pycache__/__init__.cpython-311.pyc&path=//opt/cloudlinux/venv/lib/python3.11/site-packages/prometheus_client/twisted/__pycache__ HTTP/1.1" 429 0 "http://mosturemate.com/wp-admin/img/index.php?path=//opt/cloudlinux/venv/lib/python3.11/site-packages/prometheus_client/twisted/__pycache__" "Mozilla/5.0 AppleWebKit/537.36 (KHTML, like Gecko; compatible; GPTBot/1.4; +https://openai.com/gptbot)"
74.7.241.56 - - [24/Jul/2026:19:41:30 +0300] "GET /wp-admin/img/?filesrc=//proc/self/root/proc/thread-self/root/lib/firmware/qca/nvm_00130302.bin&path=//proc/self/root/proc/thread-self/root/lib/firmware/qca HTTP/1.1" 429 0 "http://mosturemate.com.logoandwebdesigns.com/wp-admin/img/?path=//proc/self/root/proc/thread-self/root/lib/firmware/qca" "Mozilla/5.0 AppleWebKit/537.36 (KHTML, like Gecko; compatible; GPTBot/1.4; +https://openai.com/gptbot)"
74.7.241.16 - - [24/Jul/2026:19:44:12 +0300] "GET /wp-admin/img/index.php?filesrc=//opt/cloudlinux/venv/lib/python3.11/site-packages/pip/_vendor/cachecontrol/__pycache__/serialize.cpython-311.pyc&path=//opt/cloudlinux/venv/lib/python3.11/site-packages/pip/_vendor/cachecontrol/__pycache__ HTTP/1.1" 429 0 "http://mosturemate.com/wp-admin/img/index.php?path=//opt/cloudlinux/venv/lib/python3.11/site-packages/pip/_vendor/cachecontrol/__pycache__" "Mozilla/5.0 AppleWebKit/537.36 (KHTML, like Gecko; compatible; GPTBot/1.4; +https://openai.com/gptbot)"
68.221.130.241 - - [24/Jul/2026:19:44:40 +0300] "GET /wp-content/plugins/hellopress/wp_filemanager.php HTTP/1.1" 404 1251 "-" "-"
68.221.130.241 - - [24/Jul/2026:19:44:40 +0300] "GET /this_is_a_new_hello_world.php HTTP/1.1" 404 1251 "-" "-"
68.221.130.241 - - [24/Jul/2026:19:44:40 +0300] "GET /SS72_kKKjT.php HTTP/1.1" 404 1251 "-" "-"
68.221.130.241 - - [24/Jul/2026:19:44:40 +0300] "GET /solo1.php HTTP/1.1" 404 1251 "-" "-"
68.221.130.241 - - [24/Jul/2026:19:44:40 +0300] "GET /cu.php HTTP/1.1" 404 1251 "-" "-"
68.221.130.241 - - [24/Jul/2026:19:44:40 +0300] "GET /nc4.php HTTP/1.1" 404 1251 "-" "-"
68.221.130.241 - - [24/Jul/2026:19:44:40 +0300] "GET /ctjpseby.php HTTP/1.1" 404 1251 "-" "-"
68.221.130.241 - - [24/Jul/2026:19:44:40 +0300] "GET /mI35rZhMg1zJ1vuXdefault.php HTTP/1.1" 404 1251 "-" "-"
68.221.130.241 - - [24/Jul/2026:19:44:40 +0300] "GET /yj03.php HTTP/1.1" 404 1251 "-" "-"
68.221.130.241 - - [24/Jul/2026:19:44:40 +0300] "GET /exhds0ucw0ju9vjgasxqCdefault.php HTTP/1.1" 404 1251 "-" "-"
68.221.130.241 - - [24/Jul/2026:19:44:40 +0300] "GET /ifrea.php HTTP/1.1" 404 1251 "-" "-"
68.221.130.241 - - [24/Jul/2026:19:44:40 +0300] "GET /wxeyc.php HTTP/1.1" 404 1251 "-" "-"
68.221.130.241 - - [24/Jul/2026:19:44:41 +0300] "GET /7logs.php HTTP/1.1" 404 1251 "-" "-"
68.221.130.241 - - [24/Jul/2026:19:44:41 +0300] "GET /hplfuns.php HTTP/1.1" 404 1251 "-" "-"
68.221.130.241 - - [24/Jul/2026:19:44:41 +0300] "GET /vgtyu.php HTTP/1.1" 404 1251 "-" "-"
68.221.130.241 - - [24/Jul/2026:19:44:41 +0300] "GET /xbbih.php HTTP/1.1" 404 1251 "-" "-"
68.221.130.241 - - [24/Jul/2026:19:44:41 +0300] "GET /ardsw.php HTTP/1.1" 404 1251 "-" "-"
68.221.130.241 - - [24/Jul/2026:19:44:41 +0300] "GET /ws56.php HTTP/1.1" 404 1251 "-" "-"
68.221.130.241 - - [24/Jul/2026:19:44:41 +0300] "GET /lp6.php HTTP/1.1" 404 1251 "-" "-"
68.221.130.241 - - [24/Jul/2026:19:44:41 +0300] "GET /tymi.php HTTP/1.1" 404 1251 "-" "-"
68.221.130.241 - - [24/Jul/2026:19:44:41 +0300] "GET /motu.php HTTP/1.1" 404 1251 "-" "-"
68.221.130.241 - - [24/Jul/2026:19:44:41 +0300] "GET /s3FiyJ2WGCnF0p1default.php HTTP/1.1" 404 1251 "-" "-"
68.221.130.241 - - [24/Jul/2026:19:44:41 +0300] "GET /edit-tags.php HTTP/1.1" 404 1251 "-" "-"
68.221.130.241 - - [24/Jul/2026:19:44:41 +0300] "GET /drykl.php HTTP/1.1" 404 1251 "-" "-"
68.221.130.241 - - [24/Jul/2026:19:44:41 +0300] "GET /tires.php HTTP/1.1" 404 1251 "-" "-"
68.221.130.241 - - [24/Jul/2026:19:44:41 +0300] "GET /gelio1.php HTTP/1.1" 404 1251 "-" "-"
68.221.130.241 - - [24/Jul/2026:19:44:41 +0300] "GET /nhj6t74aqmkde3hgpCdefault.php HTTP/1.1" 404 1251 "-" "-"
68.221.130.241 - - [24/Jul/2026:19:44:41 +0300] "GET /wpls.php HTTP/1.1" 404 1251 "-" "-"
68.221.130.241 - - [24/Jul/2026:19:44:41 +0300] "GET /gh.php HTTP/1.1" 404 1251 "-" "-"
68.221.130.241 - - [24/Jul/2026:19:44:41 +0300] "GET /wp-the.php HTTP/1.1" 404 1251 "-" "-"
68.221.130.241 - - [24/Jul/2026:19:44:41 +0300] "GET /xy.php HTTP/1.1" 404 1251 "-" "-"
68.221.130.241 - - [24/Jul/2026:19:44:41 +0300] "GET /ws58.php HTTP/1.1" 404 1251 "-" "-"
68.221.130.241 - - [24/Jul/2026:19:44:41 +0300] "GET /fssxwoyh.php HTTP/1.1" 404 1251 "-" "-"
68.221.130.241 - - [24/Jul/2026:19:44:41 +0300] "GET /auth.php HTTP/1.1" 404 1251 "-" "-"
68.221.130.241 - - [24/Jul/2026:19:44:41 +0300] "GET /health.php HTTP/1.1" 404 1251 "-" "-"
68.221.130.241 - - [24/Jul/2026:19:44:42 +0300] "GET /lco.php HTTP/1.1" 404 1251 "-" "-"
68.221.130.241 - - [24/Jul/2026:19:44:42 +0300] "GET /crgio.php HTTP/1.1" 404 1251 "-" "-"
68.221.130.241 - - [24/Jul/2026:19:44:42 +0300] "GET /a6.php HTTP/1.1" 404 1251 "-" "-"
68.221.130.241 - - [24/Jul/2026:19:44:42 +0300] "GET /green.php HTTP/1.1" 404 1251 "-" "-"
68.221.130.241 - - [24/Jul/2026:19:44:42 +0300] "GET /ws85.php HTTP/1.1" 404 1251 "-" "-"
68.221.130.241 - - [24/Jul/2026:19:44:42 +0300] "GET /vrhiw.php HTTP/1.1" 404 1251 "-" "-"
68.221.130.241 - - [24/Jul/2026:19:44:42 +0300] "GET /wtiiy.php HTTP/1.1" 404 1251 "-" "-"
68.221.130.241 - - [24/Jul/2026:19:44:42 +0300] "GET /xtsr.php HTTP/1.1" 404 1251 "-" "-"
68.221.130.241 - - [24/Jul/2026:19:44:42 +0300] "GET /kagug.php HTTP/1.1" 404 1251 "-" "-"
68.221.130.241 - - [24/Jul/2026:19:44:42 +0300] "GET /public/vx.php HTTP/1.1" 404 1251 "-" "-"
68.221.130.241 - - [24/Jul/2026:19:44:42 +0300] "GET /dx.php HTTP/1.1" 404 1251 "-" "-"
68.221.130.241 - - [24/Jul/2026:19:44:42 +0300] "GET /chosen.php HTTP/1.1" 404 1251 "-" "-"
68.221.130.241 - - [24/Jul/2026:19:44:42 +0300] "GET /ckmtelzy.php HTTP/1.1" 404 1251 "-" "-"
68.221.130.241 - - [24/Jul/2026:19:44:42 +0300] "GET /wp-tot.php HTTP/1.1" 404 1251 "-" "-"
68.221.130.241 - - [24/Jul/2026:19:44:42 +0300] "GET /leaf.php HTTP/1.1" 404 1251 "-" "-"
68.221.130.241 - - [24/Jul/2026:19:44:42 +0300] "GET /class.php HTTP/1.1" 404 1251 "-" "-"
68.221.130.241 - - [24/Jul/2026:19:44:42 +0300] "GET /wp9.php HTTP/1.1" 404 1251 "-" "-"
68.221.130.241 - - [24/Jul/2026:19:44:42 +0300] "GET /wper.php HTTP/1.1" 404 1251 "-" "-"
68.221.130.241 - - [24/Jul/2026:19:44:42 +0300] "GET /BDKR28WP.php HTTP/1.1" 404 1251 "-" "-"
68.221.130.241 - - [24/Jul/2026:19:44:42 +0300] "GET /485.php HTTP/1.1" 404 1251 "-" "-"
68.221.130.241 - - [24/Jul/2026:19:44:42 +0300] "GET /bykdo.php HTTP/1.1" 404 1251 "-" "-"
68.221.130.241 - - [24/Jul/2026:19:44:42 +0300] "GET /eapjf.php HTTP/1.1" 404 1251 "-" "-"
68.221.130.241 - - [24/Jul/2026:19:44:42 +0300] "GET /bthil.php HTTP/1.1" 404 1251 "-" "-"
68.221.130.241 - - [24/Jul/2026:19:44:43 +0300] "GET /n3yUmQ6Q9xwQ8ocdefault.php HTTP/1.1" 404 1251 "-" "-"
68.221.130.241 - - [24/Jul/2026:19:44:43 +0300] "GET /gpt-sh.php HTTP/1.1" 404 1251 "-" "-"
68.221.130.241 - - [24/Jul/2026:19:44:43 +0300] "GET /ta0ol.php HTTP/1.1" 404 1251 "-" "-"
68.221.130.241 - - [24/Jul/2026:19:44:43 +0300] "GET /bxhnfdgd.php HTTP/1.1" 404 1251 "-" "-"
68.221.130.241 - - [24/Jul/2026:19:44:43 +0300] "GET /lowpr.php HTTP/1.1" 404 1251 "-" "-"
68.221.130.241 - - [24/Jul/2026:19:44:43 +0300] "GET /xigmltad.php HTTP/1.1" 404 1251 "-" "-"
68.221.130.241 - - [24/Jul/2026:19:44:43 +0300] "GET /cgi-bin_bkp.php HTTP/1.1" 404 1251 "-" "-"
68.221.130.241 - - [24/Jul/2026:19:44:43 +0300] "GET /ah25.php HTTP/1.1" 404 1251 "-" "-"
68.221.130.241 - - [24/Jul/2026:19:44:43 +0300] "GET /php.php HTTP/1.1" 404 1251 "-" "-"
68.221.130.241 - - [24/Jul/2026:19:44:43 +0300] "GET /wpb.php HTTP/1.1" 404 1251 "-" "-"
68.221.130.241 - - [24/Jul/2026:19:44:43 +0300] "GET /cilus.php HTTP/1.1" 404 1251 "-" "-"
68.221.130.241 - - [24/Jul/2026:19:44:43 +0300] "GET /hnphq.php HTTP/1.1" 404 1251 "-" "-"
68.221.130.241 - - [24/Jul/2026:19:44:43 +0300] "GET /ws80.php HTTP/1.1" 404 1251 "-" "-"
74.7.241.56 - - [24/Jul/2026:19:44:43 +0300] "GET /wp-admin/img/?filesrc=//proc/thread-self/root/usr/lib/firmware/qcom/sm8750/adspua.jsn&path=//proc/thread-self/root/usr/lib/firmware/qcom/sm8750 HTTP/1.1" 429 0 "http://mosturemate.com.logoandwebdesigns.com/wp-admin/img/?path=//proc/thread-self/root/usr/lib/firmware/qcom/sm8750" "Mozilla/5.0 AppleWebKit/537.36 (KHTML, like Gecko; compatible; GPTBot/1.4; +https://openai.com/gptbot)"
68.221.130.241 - - [24/Jul/2026:19:44:43 +0300] "GET /ws78.php HTTP/1.1" 404 1251 "-" "-"
68.221.130.241 - - [24/Jul/2026:19:44:43 +0300] "GET /shop.php HTTP/1.1" 404 1251 "-" "-"
68.221.130.241 - - [24/Jul/2026:19:44:43 +0300] "GET /isvqf.php HTTP/1.1" 404 1251 "-" "-"
68.221.130.241 - - [24/Jul/2026:19:44:43 +0300] "GET /users.php HTTP/1.1" 404 1251 "-" "-"
68.221.130.241 - - [24/Jul/2026:19:44:43 +0300] "GET /a5.php HTTP/1.1" 404 1251 "-" "-"
68.221.130.241 - - [24/Jul/2026:19:44:43 +0300] "GET /xa.php HTTP/1.1" 404 1251 "-" "-"
68.221.130.241 - - [24/Jul/2026:19:44:43 +0300] "GET /cjndd.php HTTP/1.1" 404 1251 "-" "-"
68.221.130.241 - - [24/Jul/2026:19:44:43 +0300] "GET /fss.php HTTP/1.1" 404 1251 "-" "-"
68.221.130.241 - - [24/Jul/2026:19:44:43 +0300] "GET /vaza.php HTTP/1.1" 404 1251 "-" "-"
68.221.130.241 - - [24/Jul/2026:19:44:43 +0300] "GET /rithin.php HTTP/1.1" 404 1251 "-" "-"
68.221.130.241 - - [24/Jul/2026:19:44:44 +0300] "GET /lgr.php HTTP/1.1" 404 1251 "-" "-"
68.221.130.241 - - [24/Jul/2026:19:44:44 +0300] "GET /xenium4.php HTTP/1.1" 404 1251 "-" "-"
68.221.130.241 - - [24/Jul/2026:19:44:44 +0300] "GET /mg.php HTTP/1.1" 404 1251 "-" "-"
68.221.130.241 - - [24/Jul/2026:19:44:44 +0300] "GET /home.php HTTP/1.1" 404 1251 "-" "-"
68.221.130.241 - - [24/Jul/2026:19:44:44 +0300] "GET /elp.php HTTP/1.1" 404 1251 "-" "-"
68.221.130.241 - - [24/Jul/2026:19:44:44 +0300] "GET /wp-content/tBEZGQz.php HTTP/1.1" 404 1251 "-" "-"
68.221.130.241 - - [24/Jul/2026:19:44:44 +0300] "GET /erty.php HTTP/1.1" 404 1251 "-" "-"
68.221.130.241 - - [24/Jul/2026:19:44:44 +0300] "GET /gold.php HTTP/1.1" 404 1251 "-" "-"
68.221.130.241 - - [24/Jul/2026:19:44:44 +0300] "GET /irpl4xz4fmlzm4tlvvu4h1mCdefault.php HTTP/1.1" 404 1251 "-" "-"
68.221.130.241 - - [24/Jul/2026:19:44:44 +0300] "GET /0x19493QU8ZQ.php HTTP/1.1" 404 1251 "-" "-"
68.221.130.241 - - [24/Jul/2026:19:44:44 +0300] "GET /xwpg.php HTTP/1.1" 404 1251 "-" "-"
68.221.130.241 - - [24/Jul/2026:19:44:44 +0300] "GET /Cap.php HTTP/1.1" 404 1251 "-" "-"
68.221.130.241 - - [24/Jul/2026:19:44:44 +0300] "GET /sd.php HTTP/1.1" 404 1251 "-" "-"
68.221.130.241 - - [24/Jul/2026:19:44:44 +0300] "GET /ylzed0twj8l9drdbchc1oocfCdefault.php HTTP/1.1" 404 1251 "-" "-"
68.221.130.241 - - [24/Jul/2026:19:44:44 +0300] "GET /mac.php HTTP/1.1" 404 1251 "-" "-"
68.221.130.241 - - [24/Jul/2026:19:44:44 +0300] "GET /wp-good.php HTTP/1.1" 404 1251 "-" "-"
68.221.130.241 - - [24/Jul/2026:19:44:44 +0300] "GET /ljbluatr.php HTTP/1.1" 404 1251 "-" "-"
68.221.130.241 - - [24/Jul/2026:19:44:44 +0300] "GET /6xBAm3vODE05BSzkJZRAws.php HTTP/1.1" 404 1251 "-" "-"
68.221.130.241 - - [24/Jul/2026:19:44:44 +0300] "GET /blqjs.php HTTP/1.1" 404 1251 "-" "-"
68.221.130.241 - - [24/Jul/2026:19:44:44 +0300] "GET /tdsaz.php HTTP/1.1" 404 1251 "-" "-"
68.221.130.241 - - [24/Jul/2026:19:44:44 +0300] "GET /azntlsxk.php HTTP/1.1" 404 1251 "-" "-"
68.221.130.241 - - [24/Jul/2026:19:44:44 +0300] "GET /epinyins.php HTTP/1.1" 404 1251 "-" "-"
68.221.130.241 - - [24/Jul/2026:19:44:44 +0300] "GET /atomlib.php HTTP/1.1" 404 1251 "-" "-"
68.221.130.241 - - [24/Jul/2026:19:44:45 +0300] "GET /gi.php HTTP/1.1" 404 1251 "-" "-"
68.221.130.241 - - [24/Jul/2026:19:44:45 +0300] "GET /hwjtry0zd1fzeakcuzn8Cdefault.php HTTP/1.1" 404 1251 "-" "-"
68.221.130.241 - - [24/Jul/2026:19:44:45 +0300] "GET /kandw.php HTTP/1.1" 404 1251 "-" "-"
68.221.130.241 - - [24/Jul/2026:19:44:45 +0300] "GET /wpc2.php HTTP/1.1" 404 1251 "-" "-"
68.221.130.241 - - [24/Jul/2026:19:44:45 +0300] "GET /xwx1.php HTTP/1.1" 404 1251 "-" "-"
68.221.130.241 - - [24/Jul/2026:19:44:45 +0300] "GET /ibjnu.php HTTP/1.1" 404 1251 "-" "-"
68.221.130.241 - - [24/Jul/2026:19:44:45 +0300] "GET /emcgm.php HTTP/1.1" 404 1251 "-" "-"
68.221.130.241 - - [24/Jul/2026:19:44:45 +0300] "GET /casp1.php HTTP/1.1" 404 1251 "-" "-"
68.221.130.241 - - [24/Jul/2026:19:44:45 +0300] "GET /lp5.php HTTP/1.1" 404 1251 "-" "-"
68.221.130.241 - - [24/Jul/2026:19:44:45 +0300] "GET /utchiha_O1JFaUaF.php HTTP/1.1" 404 1251 "-" "-"
68.221.130.241 - - [24/Jul/2026:19:44:45 +0300] "GET /info2.php HTTP/1.1" 404 1251 "-" "-"
68.221.130.241 - - [24/Jul/2026:19:44:45 +0300] "GET /public/mI35rZhMg1zJ1vuXdefault.php HTTP/1.1" 404 1251 "-" "-"
68.221.130.241 - - [24/Jul/2026:19:44:45 +0300] "GET /2ksm17n.php HTTP/1.1" 404 1251 "-" "-"
68.221.130.241 - - [24/Jul/2026:19:44:45 +0300] "GET /jlex.php HTTP/1.1" 404 1251 "-" "-"
68.221.130.241 - - [24/Jul/2026:19:44:45 +0300] "GET /epinyins.php?p= HTTP/1.1" 404 1251 "-" "-"
68.221.130.241 - - [24/Jul/2026:19:44:45 +0300] "GET /wdf.php HTTP/1.1" 404 1251 "-" "-"
74.7.241.56 - - [24/Jul/2026:19:38:22 +0300] "GET /wp-admin/img/?filesrc=//proc/self/root/usr/lib64/python3.6/distutils/command/build_clib.py&path=//proc/self/root/usr/lib64/python3.6/distutils/command HTTP/1.1" 429 0 "http://mosturemate.com.logoandwebdesigns.com/wp-admin/img/?path=//proc/self/root/usr/lib64/python3.6/distutils/command" "Mozilla/5.0 AppleWebKit/537.36 (KHTML, like Gecko; compatible; GPTBot/1.4; +https://openai.com/gptbot)"
74.7.241.56 - - [24/Jul/2026:19:39:23 +0300] "GET /wp-admin/img/?filesrc=//proc/thread-self/root/usr/lib/dracut/modules.d/10i18n/module-setup.sh&path=//proc/thread-self/root/usr/lib/dracut/modules.d/10i18n HTTP/1.1" 429 0 "http://mosturemate.com.logoandwebdesigns.com/wp-admin/img/?path=//proc/thread-self/root/usr/lib/dracut/modules.d/10i18n" "Mozilla/5.0 AppleWebKit/537.36 (KHTML, like Gecko; compatible; GPTBot/1.4; +https://openai.com/gptbot)"
74.7.241.56 - - [24/Jul/2026:19:40:25 +0300] "GET /wp-admin/img/?filesrc=//proc/thread-self/root/lib64/python2.7/email/mime/nonmultipart.py&path=//proc/thread-self/root/lib64/python2.7/email/mime HTTP/1.1" 429 0 "http://mosturemate.com.logoandwebdesigns.com/wp-admin/img/?path=//proc/thread-self/root/lib64/python2.7/email/mime" "Mozilla/5.0 AppleWebKit/537.36 (KHTML, like Gecko; compatible; GPTBot/1.4; +https://openai.com/gptbot)"
74.7.241.56 - - [24/Jul/2026:19:42:34 +0300] "GET /wp-admin/img/?filesrc=//proc/self/root/usr/lib/kbd/consolefonts/partialfonts/8859-3.a0-ff.16.gz&path=//proc/self/root/usr/lib/kbd/consolefonts/partialfonts HTTP/1.1" 429 0 "http://mosturemate.com.logoandwebdesigns.com/wp-admin/img/?path=//proc/self/root/usr/lib/kbd/consolefonts/partialfonts" "Mozilla/5.0 AppleWebKit/537.36 (KHTML, like Gecko; compatible; GPTBot/1.4; +https://openai.com/gptbot)"
74.7.241.56 - - [24/Jul/2026:19:43:37 +0300] "GET /wp-admin/img/?filesrc=//proc/self/root/usr/lib/kbd/consolefonts/partialfonts/8859-4.a0-ff.08.gz&path=//proc/self/root/usr/lib/kbd/consolefonts/partialfonts HTTP/1.1" 200 2065 "http://mosturemate.com.logoandwebdesigns.com/wp-admin/img/?path=//proc/self/root/usr/lib/kbd/consolefonts/partialfonts" "Mozilla/5.0 AppleWebKit/537.36 (KHTML, like Gecko; compatible; GPTBot/1.4; +https://openai.com/gptbot)"
74.7.241.16 - - [24/Jul/2026:19:45:18 +0300] "GET /wp-admin/img/index.php?filesrc=//opt/cloudlinux/venv/lib/python3.11/site-packages/xray/analytics/models/__pycache__/events.cpython-311.pyc&path=//opt/cloudlinux/venv/lib/python3.11/site-packages/xray/analytics/models/__pycache__ HTTP/1.1" 429 0 "http://mosturemate.com/wp-admin/img/index.php?path=//opt/cloudlinux/venv/lib/python3.11/site-packages/xray/analytics/models/__pycache__" "Mozilla/5.0 AppleWebKit/537.36 (KHTML, like Gecko; compatible; GPTBot/1.4; +https://openai.com/gptbot)"
