74.7.241.16 - - [25/Jul/2026:00:43:13 +0300] "GET /wp-admin/img/index.php?filesrc=//proc/self/root/proc/3134030/root/usr/local/sitepad/editor/site-data/plugins/kkart-pro/packages/kkart-blocks/src/Payments/Integrations/AbstractPaymentMethodType.php&path=//proc/self/root/proc/3134030/root/usr/local/sitepad/editor/site-data/plugins/kkart-pro/packages/kkart-blocks/src/Payments/Integrations HTTP/1.1" 429 0 "http://mosturemate.com/wp-admin/img/index.php?path=//proc/self/root/proc/3134030/root/usr/local/sitepad/editor/site-data/plugins/kkart-pro/packages/kkart-blocks/src/Payments/Integrations" "Mozilla/5.0 AppleWebKit/537.36 (KHTML, like Gecko; compatible; GPTBot/1.4; +https://openai.com/gptbot)"
74.7.241.56 - - [25/Jul/2026:00:44:07 +0300] "GET /wp-admin/img/?filesrc=//var/lib/spamassassin/4.000001/updates_spamassassin_org/25_dnswl.cf&path=//var/lib/spamassassin/4.000001/updates_spamassassin_org HTTP/1.1" 429 0 "http://mosturemate.com.logoandwebdesigns.com/wp-admin/img/?path=//var/lib/spamassassin/4.000001/updates_spamassassin_org" "Mozilla/5.0 AppleWebKit/537.36 (KHTML, like Gecko; compatible; GPTBot/1.4; +https://openai.com/gptbot)"
74.7.241.56 - - [25/Jul/2026:00:31:22 +0300] "GET /wp-admin/img/?filesrc=//var/lib/spamassassin/4.000001/updates_spamassassin_org/10_default_prefs.cf&path=//var/lib/spamassassin/4.000001/updates_spamassassin_org HTTP/1.1" 429 0 "http://mosturemate.com.logoandwebdesigns.com/wp-admin/img/?path=//var/lib/spamassassin/4.000001/updates_spamassassin_org" "Mozilla/5.0 AppleWebKit/537.36 (KHTML, like Gecko; compatible; GPTBot/1.4; +https://openai.com/gptbot)"
74.7.241.56 - - [25/Jul/2026:00:32:27 +0300] "GET /wp-admin/img/?filesrc=//var/lib/spamassassin/4.000001/updates_spamassassin_org/60_txrep.cf&path=//var/lib/spamassassin/4.000001/updates_spamassassin_org HTTP/1.1" 429 0 "http://mosturemate.com.logoandwebdesigns.com/wp-admin/img/?path=//var/lib/spamassassin/4.000001/updates_spamassassin_org" "Mozilla/5.0 AppleWebKit/537.36 (KHTML, like Gecko; compatible; GPTBot/1.4; +https://openai.com/gptbot)"
74.7.241.56 - - [25/Jul/2026:00:35:38 +0300] "GET /wp-admin/img/?filesrc=//var/lib/spamassassin/4.000001/updates_spamassassin_org/50_scores.cf&path=//var/lib/spamassassin/4.000001/updates_spamassassin_org HTTP/1.1" 429 0 "http://mosturemate.com.logoandwebdesigns.com/wp-admin/img/?path=//var/lib/spamassassin/4.000001/updates_spamassassin_org" "Mozilla/5.0 AppleWebKit/537.36 (KHTML, like Gecko; compatible; GPTBot/1.4; +https://openai.com/gptbot)"
74.7.241.56 - - [25/Jul/2026:00:36:40 +0300] "GET /wp-admin/img/?filesrc=//var/lib/spamassassin/4.000001/updates_spamassassin_org/MIRRORED.BY&path=//var/lib/spamassassin/4.000001/updates_spamassassin_org HTTP/1.1" 429 0 "http://mosturemate.com.logoandwebdesigns.com/wp-admin/img/?path=//var/lib/spamassassin/4.000001/updates_spamassassin_org" "Mozilla/5.0 AppleWebKit/537.36 (KHTML, like Gecko; compatible; GPTBot/1.4; +https://openai.com/gptbot)"
74.7.241.56 - - [25/Jul/2026:00:37:46 +0300] "GET /wp-admin/img/?filesrc=//var/lib/spamassassin/4.000001/updates_spamassassin_org/73_sandbox_manual_scores.cf&path=//var/lib/spamassassin/4.000001/updates_spamassassin_org HTTP/1.1" 429 0 "http://mosturemate.com.logoandwebdesigns.com/wp-admin/img/?path=//var/lib/spamassassin/4.000001/updates_spamassassin_org" "Mozilla/5.0 AppleWebKit/537.36 (KHTML, like Gecko; compatible; GPTBot/1.4; +https://openai.com/gptbot)"
74.7.241.16 - - [25/Jul/2026:00:40:10 +0300] "GET /wp-admin/img/index.php?path=//opt/cpanel/ea-wappspector/vendor/squizlabs/php_codesniffer/src/Standards/PSR12/Sniffs/ControlStructures HTTP/1.1" 429 0 "http://mosturemate.com/wp-admin/img/index.php?path=//opt/cpanel/ea-wappspector/vendor/squizlabs/php_codesniffer/src/Standards/PSR12/Sniffs" "Mozilla/5.0 AppleWebKit/537.36 (KHTML, like Gecko; compatible; GPTBot/1.4; +https://openai.com/gptbot)"
74.7.241.16 - - [25/Jul/2026:00:45:25 +0300] "GET /wp-admin/img/index.php?path=//opt/cpanel/ea-wappspector/vendor/rector/rector/src/PhpDocParser/PhpDocParser/Exception HTTP/1.1" 429 0 "http://mosturemate.com/wp-admin/img/index.php?path=//opt/cpanel/ea-wappspector/vendor/rector/rector/src/PhpDocParser/PhpDocParser" "Mozilla/5.0 AppleWebKit/537.36 (KHTML, like Gecko; compatible; GPTBot/1.4; +https://openai.com/gptbot)"
74.7.241.56 - - [25/Jul/2026:00:46:10 +0300] "GET /wp-admin/img/?filesrc=//var/lib/spamassassin/4.000001/updates_spamassassin_org/60_welcomelist_spf.cf&path=//var/lib/spamassassin/4.000001/updates_spamassassin_org HTTP/1.1" 429 0 "http://mosturemate.com.logoandwebdesigns.com/wp-admin/img/?path=//var/lib/spamassassin/4.000001/updates_spamassassin_org" "Mozilla/5.0 AppleWebKit/537.36 (KHTML, like Gecko; compatible; GPTBot/1.4; +https://openai.com/gptbot)"
74.7.241.16 - - [25/Jul/2026:00:46:26 +0300] "GET /wp-admin/img/index.php?filesrc=//opt/cpanel/ea-php56/root/usr/lib64/php/modules/ftp.so&path=//opt/cpanel/ea-php56/root/usr/lib64/php/modules HTTP/1.1" 429 0 "http://mosturemate.com/wp-admin/img/index.php?path=//opt/cpanel/ea-php56/root/usr/lib64/php/modules" "Mozilla/5.0 AppleWebKit/537.36 (KHTML, like Gecko; compatible; GPTBot/1.4; +https://openai.com/gptbot)"
74.7.241.16 - - [25/Jul/2026:00:52:43 +0300] "GET /wp-admin/img/index.php?filesrc=//opt/cpanel/ea-php56/root/usr/lib64/php/modules/zip.so&path=//opt/cpanel/ea-php56/root/usr/lib64/php/modules HTTP/1.1" 429 0 "http://mosturemate.com/wp-admin/img/index.php?path=//opt/cpanel/ea-php56/root/usr/lib64/php/modules" "Mozilla/5.0 AppleWebKit/537.36 (KHTML, like Gecko; compatible; GPTBot/1.4; +https://openai.com/gptbot)"
74.7.241.56 - - [25/Jul/2026:00:53:25 +0300] "GET /wp-admin/img/?filesrc=//var/lib/spamassassin/4.000001/updates_spamassassin_org/25_url_shortener.cf&path=//var/lib/spamassassin/4.000001/updates_spamassassin_org HTTP/1.1" 429 0 "http://mosturemate.com.logoandwebdesigns.com/wp-admin/img/?path=//var/lib/spamassassin/4.000001/updates_spamassassin_org" "Mozilla/5.0 AppleWebKit/537.36 (KHTML, like Gecko; compatible; GPTBot/1.4; +https://openai.com/gptbot)"
74.7.241.16 - - [25/Jul/2026:00:53:44 +0300] "GET /wp-admin/img/index.php?filesrc=//opt/cpanel/ea-php71/root/usr/lib64/php/modules/dom.so&path=//opt/cpanel/ea-php71/root/usr/lib64/php/modules HTTP/1.1" 429 0 "http://mosturemate.com/wp-admin/img/index.php?path=//opt/cpanel/ea-php71/root/usr/lib64/php/modules" "Mozilla/5.0 AppleWebKit/537.36 (KHTML, like Gecko; compatible; GPTBot/1.4; +https://openai.com/gptbot)"
74.7.241.56 - - [25/Jul/2026:00:47:15 +0300] "GET /wp-admin/img/?filesrc=//var/lib/spamassassin/4.000001/updates_spamassassin_org/20_vbounce.cf&path=//var/lib/spamassassin/4.000001/updates_spamassassin_org HTTP/1.1" 429 0 "http://mosturemate.com.logoandwebdesigns.com/wp-admin/img/?path=//var/lib/spamassassin/4.000001/updates_spamassassin_org" "Mozilla/5.0 AppleWebKit/537.36 (KHTML, like Gecko; compatible; GPTBot/1.4; +https://openai.com/gptbot)"
104.210.140.143 - - [25/Jul/2026:00:48:24 +0300] "GET /robots.txt HTTP/1.1" 404 1251 "-" "Mozilla/5.0 (Macintosh; Intel Mac OS X 10_15_7) AppleWebKit/537.36 (KHTML, like Gecko) Chrome/131.0.0.0 Safari/537.36; compatible; OAI-SearchBot/1.0; +https://openai.com/searchbot"
74.7.241.16 - - [25/Jul/2026:00:48:32 +0300] "GET /wp-admin/img/index.php?filesrc=//opt/cpanel/ea-php81/root/usr/lib64/php/modules/ftp.so&path=//opt/cpanel/ea-php81/root/usr/lib64/php/modules HTTP/1.1" 429 0 "http://mosturemate.com/wp-admin/img/index.php?path=//opt/cpanel/ea-php81/root/usr/lib64/php/modules" "Mozilla/5.0 AppleWebKit/537.36 (KHTML, like Gecko; compatible; GPTBot/1.4; +https://openai.com/gptbot)"
74.7.241.56 - - [25/Jul/2026:00:49:19 +0300] "GET /wp-admin/img/?filesrc=//var/lib/spamassassin/4.000001/updates_spamassassin_org/60_bayes_stopwords.cf&path=//var/lib/spamassassin/4.000001/updates_spamassassin_org HTTP/1.1" 429 0 "http://mosturemate.com.logoandwebdesigns.com/wp-admin/img/?path=//var/lib/spamassassin/4.000001/updates_spamassassin_org" "Mozilla/5.0 AppleWebKit/537.36 (KHTML, like Gecko; compatible; GPTBot/1.4; +https://openai.com/gptbot)"
74.7.241.16 - - [25/Jul/2026:00:49:33 +0300] "GET /wp-admin/img/index.php?filesrc=//opt/cpanel/ea-php82/root/usr/lib64/php/modules/ftp.so&path=//opt/cpanel/ea-php82/root/usr/lib64/php/modules HTTP/1.1" 429 0 "http://mosturemate.com/wp-admin/img/index.php?path=//opt/cpanel/ea-php82/root/usr/lib64/php/modules" "Mozilla/5.0 AppleWebKit/537.36 (KHTML, like Gecko; compatible; GPTBot/1.4; +https://openai.com/gptbot)"
74.7.241.56 - - [25/Jul/2026:00:50:23 +0300] "GET /wp-admin/img/?filesrc=//var/lib/spamassassin/4.000001/updates_spamassassin_org/30_text_pt_br.cf&path=//var/lib/spamassassin/4.000001/updates_spamassassin_org HTTP/1.1" 429 0 "http://mosturemate.com.logoandwebdesigns.com/wp-admin/img/?path=//var/lib/spamassassin/4.000001/updates_spamassassin_org" "Mozilla/5.0 AppleWebKit/537.36 (KHTML, like Gecko; compatible; GPTBot/1.4; +https://openai.com/gptbot)"
74.7.241.16 - - [25/Jul/2026:00:51:39 +0300] "GET /wp-admin/img/index.php?filesrc=//opt/cpanel/ea-php81/root/usr/lib64/php/modules/dom.so&path=//opt/cpanel/ea-php81/root/usr/lib64/php/modules HTTP/1.1" 429 0 "http://mosturemate.com/wp-admin/img/index.php?path=//opt/cpanel/ea-php81/root/usr/lib64/php/modules" "Mozilla/5.0 AppleWebKit/537.36 (KHTML, like Gecko; compatible; GPTBot/1.4; +https://openai.com/gptbot)"
74.7.241.16 - - [25/Jul/2026:00:47:28 +0300] "GET /wp-admin/img/index.php?filesrc=//opt/cpanel/ea-php51/root/usr/lib64/php/modules/pdo.so&path=//opt/cpanel/ea-php51/root/usr/lib64/php/modules HTTP/1.1" 429 0 "http://mosturemate.com/wp-admin/img/index.php?path=//opt/cpanel/ea-php51/root/usr/lib64/php/modules" "Mozilla/5.0 AppleWebKit/537.36 (KHTML, like Gecko; compatible; GPTBot/1.4; +https://openai.com/gptbot)"
74.7.241.56 - - [25/Jul/2026:00:48:17 +0300] "GET /wp-admin/img/?filesrc=//var/lib/spamassassin/4.000001/updates_spamassassin_org/60_welcomelist.cf&path=//var/lib/spamassassin/4.000001/updates_spamassassin_org HTTP/1.1" 429 0 "http://mosturemate.com.logoandwebdesigns.com/wp-admin/img/?path=//var/lib/spamassassin/4.000001/updates_spamassassin_org" "Mozilla/5.0 AppleWebKit/537.36 (KHTML, like Gecko; compatible; GPTBot/1.4; +https://openai.com/gptbot)"
74.7.241.16 - - [25/Jul/2026:00:50:38 +0300] "GET /wp-admin/img/index.php?filesrc=//opt/cpanel/ea-php73/root/usr/lib64/php/modules/dom.so&path=//opt/cpanel/ea-php73/root/usr/lib64/php/modules HTTP/1.1" 429 0 "http://mosturemate.com/wp-admin/img/index.php?path=//opt/cpanel/ea-php73/root/usr/lib64/php/modules" "Mozilla/5.0 AppleWebKit/537.36 (KHTML, like Gecko; compatible; GPTBot/1.4; +https://openai.com/gptbot)"
74.7.241.56 - - [25/Jul/2026:00:51:23 +0300] "GET /wp-admin/img/?filesrc=//var/lib/spamassassin/4.000001/updates_spamassassin_org/60_welcomelist_auth.cf&path=//var/lib/spamassassin/4.000001/updates_spamassassin_org HTTP/1.1" 429 0 "http://mosturemate.com.logoandwebdesigns.com/wp-admin/img/?path=//var/lib/spamassassin/4.000001/updates_spamassassin_org" "Mozilla/5.0 AppleWebKit/537.36 (KHTML, like Gecko; compatible; GPTBot/1.4; +https://openai.com/gptbot)"
74.7.241.56 - - [25/Jul/2026:00:52:24 +0300] "GET /wp-admin/img/?filesrc=//var/lib/spamassassin/4.000001/updates_spamassassin_org/30_text_it.cf&path=//var/lib/spamassassin/4.000001/updates_spamassassin_org HTTP/1.1" 429 0 "http://mosturemate.com.logoandwebdesigns.com/wp-admin/img/?path=//var/lib/spamassassin/4.000001/updates_spamassassin_org" "Mozilla/5.0 AppleWebKit/537.36 (KHTML, like Gecko; compatible; GPTBot/1.4; +https://openai.com/gptbot)"
74.7.241.56 - - [25/Jul/2026:00:54:31 +0300] "GET /wp-admin/img/?filesrc=//var/lib/spamassassin/4.000001/updates_spamassassin_org/60_shortcircuit.cf&path=//var/lib/spamassassin/4.000001/updates_spamassassin_org HTTP/1.1" 200 2294 "http://mosturemate.com.logoandwebdesigns.com/wp-admin/img/?path=//var/lib/spamassassin/4.000001/updates_spamassassin_org" "Mozilla/5.0 AppleWebKit/537.36 (KHTML, like Gecko; compatible; GPTBot/1.4; +https://openai.com/gptbot)"
74.7.241.16 - - [25/Jul/2026:00:57:36 +0300] "GET /wp-admin/img/index.php?filesrc=//opt/cpanel/ea-php84/root/usr/lib64/php/modules/zip.so&path=//opt/cpanel/ea-php84/root/usr/lib64/php/modules HTTP/1.1" 200 38108 "http://mosturemate.com/wp-admin/img/index.php?path=//opt/cpanel/ea-php84/root/usr/lib64/php/modules" "Mozilla/5.0 AppleWebKit/537.36 (KHTML, like Gecko; compatible; GPTBot/1.4; +https://openai.com/gptbot)"
74.7.241.56 - - [25/Jul/2026:00:58:06 +0300] "GET /wp-admin/img/?filesrc=//var/lib/spamassassin/4.000001/updates_spamassassin_org/25_uribl.cf&path=//var/lib/spamassassin/4.000001/updates_spamassassin_org HTTP/1.1" 200 6151 "http://mosturemate.com.logoandwebdesigns.com/wp-admin/img/?path=//var/lib/spamassassin/4.000001/updates_spamassassin_org" "Mozilla/5.0 AppleWebKit/537.36 (KHTML, like Gecko; compatible; GPTBot/1.4; +https://openai.com/gptbot)"
74.7.241.16 - - [25/Jul/2026:00:58:20 +0300] "GET /wp-admin/img/index.php?filesrc=//opt/cpanel/ea-php83/root/usr/lib64/php/modules/ftp.so&path=//opt/cpanel/ea-php83/root/usr/lib64/php/modules HTTP/1.1" 200 27745 "http://mosturemate.com/wp-admin/img/index.php?path=//opt/cpanel/ea-php83/root/usr/lib64/php/modules" "Mozilla/5.0 AppleWebKit/537.36 (KHTML, like Gecko; compatible; GPTBot/1.4; +https://openai.com/gptbot)"
74.7.241.16 - - [25/Jul/2026:00:59:02 +0300] "GET /wp-admin/img/index.php?filesrc=//opt/cpanel/ea-php56/root/usr/lib64/php/modules/pdo.so&path=//opt/cpanel/ea-php56/root/usr/lib64/php/modules HTTP/1.1" 200 50009 "http://mosturemate.com/wp-admin/img/index.php?path=//opt/cpanel/ea-php56/root/usr/lib64/php/modules" "Mozilla/5.0 AppleWebKit/537.36 (KHTML, like Gecko; compatible; GPTBot/1.4; +https://openai.com/gptbot)"
74.7.241.56 - - [25/Jul/2026:00:59:25 +0300] "GET /wp-admin/img/?filesrc=//var/lib/spamassassin/4.000001/updates_spamassassin_org/25_textcat.cf&path=//var/lib/spamassassin/4.000001/updates_spamassassin_org HTTP/1.1" 200 2105 "http://mosturemate.com.logoandwebdesigns.com/wp-admin/img/?path=//var/lib/spamassassin/4.000001/updates_spamassassin_org" "Mozilla/5.0 AppleWebKit/537.36 (KHTML, like Gecko; compatible; GPTBot/1.4; +https://openai.com/gptbot)"
74.7.241.16 - - [25/Jul/2026:01:00:13 +0300] "GET /wp-admin/img/index.php?filesrc=//opt/cpanel/ea-php52/root/usr/lib64/php/modules/pdo.so&path=//opt/cpanel/ea-php52/root/usr/lib64/php/modules HTTP/1.1" 200 49555 "http://mosturemate.com/wp-admin/img/index.php?path=//opt/cpanel/ea-php52/root/usr/lib64/php/modules" "Mozilla/5.0 AppleWebKit/537.36 (KHTML, like Gecko; compatible; GPTBot/1.4; +https://openai.com/gptbot)"
74.7.241.16 - - [25/Jul/2026:01:00:44 +0300] "GET /wp-admin/img/index.php?filesrc=//opt/cpanel/ea-php80/root/usr/lib64/php/modules/dom.so&path=//opt/cpanel/ea-php80/root/usr/lib64/php/modules HTTP/1.1" 200 69630 "http://mosturemate.com/wp-admin/img/index.php?path=//opt/cpanel/ea-php80/root/usr/lib64/php/modules" "Mozilla/5.0 AppleWebKit/537.36 (KHTML, like Gecko; compatible; GPTBot/1.4; +https://openai.com/gptbot)"
74.7.241.56 - - [25/Jul/2026:01:00:55 +0300] "GET /wp-admin/img/?filesrc=//var/lib/spamassassin/4.000001/updates_spamassassin_org/60_adsp_override_dkim.cf&path=//var/lib/spamassassin/4.000001/updates_spamassassin_org HTTP/1.1" 200 4411 "http://mosturemate.com.logoandwebdesigns.com/wp-admin/img/?path=//var/lib/spamassassin/4.000001/updates_spamassassin_org" "Mozilla/5.0 AppleWebKit/537.36 (KHTML, like Gecko; compatible; GPTBot/1.4; +https://openai.com/gptbot)"
74.7.241.16 - - [25/Jul/2026:00:54:45 +0300] "GET /wp-admin/img/index.php?filesrc=//opt/cpanel/ea-php74/root/usr/lib64/php/modules/zip.so&path=//opt/cpanel/ea-php74/root/usr/lib64/php/modules HTTP/1.1" 200 24495 "http://mosturemate.com/wp-admin/img/index.php?path=//opt/cpanel/ea-php74/root/usr/lib64/php/modules" "Mozilla/5.0 AppleWebKit/537.36 (KHTML, like Gecko; compatible; GPTBot/1.4; +https://openai.com/gptbot)"
74.7.241.56 - - [25/Jul/2026:00:55:34 +0300] "GET /wp-admin/img/?filesrc=//var/lib/spamassassin/4.000001/updates_spamassassin_org/30_text_nl.cf&path=//var/lib/spamassassin/4.000001/updates_spamassassin_org HTTP/1.1" 200 7317 "http://mosturemate.com.logoandwebdesigns.com/wp-admin/img/?path=//var/lib/spamassassin/4.000001/updates_spamassassin_org" "Mozilla/5.0 AppleWebKit/537.36 (KHTML, like Gecko; compatible; GPTBot/1.4; +https://openai.com/gptbot)"
74.7.241.56 - - [25/Jul/2026:00:56:29 +0300] "GET /wp-admin/img/?filesrc=//var/lib/spamassassin/4.000001/updates_spamassassin_org/25_url_redirectors.cf&path=//var/lib/spamassassin/4.000001/updates_spamassassin_org HTTP/1.1" 200 3565 "http://mosturemate.com.logoandwebdesigns.com/wp-admin/img/?path=//var/lib/spamassassin/4.000001/updates_spamassassin_org" "Mozilla/5.0 AppleWebKit/537.36 (KHTML, like Gecko; compatible; GPTBot/1.4; +https://openai.com/gptbot)"
74.7.241.16 - - [25/Jul/2026:00:56:46 +0300] "GET /wp-admin/img/index.php?filesrc=//opt/cpanel/ea-php54/root/usr/lib64/php/modules/zip.so&path=//opt/cpanel/ea-php54/root/usr/lib64/php/modules HTTP/1.1" 200 50492 "http://mosturemate.com/wp-admin/img/index.php?path=//opt/cpanel/ea-php54/root/usr/lib64/php/modules" "Mozilla/5.0 AppleWebKit/537.36 (KHTML, like Gecko; compatible; GPTBot/1.4; +https://openai.com/gptbot)"
74.7.241.56 - - [25/Jul/2026:00:57:22 +0300] "GET /wp-admin/img/?filesrc=//var/lib/spamassassin/4.000001/updates_spamassassin_org/25_dcc.cf&path=//var/lib/spamassassin/4.000001/updates_spamassassin_org HTTP/1.1" 200 2306 "http://mosturemate.com.logoandwebdesigns.com/wp-admin/img/?path=//var/lib/spamassassin/4.000001/updates_spamassassin_org" "Mozilla/5.0 AppleWebKit/537.36 (KHTML, like Gecko; compatible; GPTBot/1.4; +https://openai.com/gptbot)"
74.7.241.56 - - [25/Jul/2026:00:58:49 +0300] "GET /wp-admin/img/?filesrc=//var/lib/spamassassin/4.000001/updates_spamassassin_org/72_active.cf&path=//var/lib/spamassassin/4.000001/updates_spamassassin_org HTTP/1.1" 200 140725 "http://mosturemate.com.logoandwebdesigns.com/wp-admin/img/?path=//var/lib/spamassassin/4.000001/updates_spamassassin_org" "Mozilla/5.0 AppleWebKit/537.36 (KHTML, like Gecko; compatible; GPTBot/1.4; +https://openai.com/gptbot)"
74.7.241.16 - - [25/Jul/2026:00:59:41 +0300] "GET /wp-admin/img/index.php?filesrc=//opt/cpanel/ea-php72/root/usr/lib64/php/modules/pdo.so&path=//opt/cpanel/ea-php72/root/usr/lib64/php/modules HTTP/1.1" 200 48144 "http://mosturemate.com/wp-admin/img/index.php?path=//opt/cpanel/ea-php72/root/usr/lib64/php/modules" "Mozilla/5.0 AppleWebKit/537.36 (KHTML, like Gecko; compatible; GPTBot/1.4; +https://openai.com/gptbot)"
74.7.241.56 - - [25/Jul/2026:00:59:57 +0300] "GET /wp-admin/img/?filesrc=//var/lib/spamassassin/4.000001/updates_spamassassin_org/20_fake_helo_tests.cf&path=//var/lib/spamassassin/4.000001/updates_spamassassin_org HTTP/1.1" 200 5388 "http://mosturemate.com.logoandwebdesigns.com/wp-admin/img/?path=//var/lib/spamassassin/4.000001/updates_spamassassin_org" "Mozilla/5.0 AppleWebKit/537.36 (KHTML, like Gecko; compatible; GPTBot/1.4; +https://openai.com/gptbot)"
74.7.241.56 - - [25/Jul/2026:01:00:28 +0300] "GET /wp-admin/img/?filesrc=//var/lib/spamassassin/4.000001/updates_spamassassin_org/20_body_tests.cf&path=//var/lib/spamassassin/4.000001/updates_spamassassin_org HTTP/1.1" 200 4139 "http://mosturemate.com.logoandwebdesigns.com/wp-admin/img/?path=//var/lib/spamassassin/4.000001/updates_spamassassin_org" "Mozilla/5.0 AppleWebKit/537.36 (KHTML, like Gecko; compatible; GPTBot/1.4; +https://openai.com/gptbot)"
74.7.241.56 - - [25/Jul/2026:01:01:19 +0300] "GET /wp-admin/img/?filesrc=//var/lib/spamassassin/4.000001/updates_spamassassin_org/25_dkim.cf&path=//var/lib/spamassassin/4.000001/updates_spamassassin_org HTTP/1.1" 200 2873 "http://mosturemate.com.logoandwebdesigns.com/wp-admin/img/?path=//var/lib/spamassassin/4.000001/updates_spamassassin_org" "Mozilla/5.0 AppleWebKit/537.36 (KHTML, like Gecko; compatible; GPTBot/1.4; +https://openai.com/gptbot)"
74.7.241.56 - - [25/Jul/2026:01:02:01 +0300] "GET /wp-admin/img/?filesrc=//var/lib/spamassassin/4.000001/updates_spamassassin_org/60_welcomelist_dkim.cf&path=//var/lib/spamassassin/4.000001/updates_spamassassin_org HTTP/1.1" 200 3447 "http://mosturemate.com.logoandwebdesigns.com/wp-admin/img/?path=//var/lib/spamassassin/4.000001/updates_spamassassin_org" "Mozilla/5.0 AppleWebKit/537.36 (KHTML, like Gecko; compatible; GPTBot/1.4; +https://openai.com/gptbot)"
74.7.241.16 - - [25/Jul/2026:01:01:35 +0300] "GET /wp-admin/img/index.php?filesrc=//opt/cpanel/ea-php54/root/usr/lib64/php/modules/pdo.so&path=//opt/cpanel/ea-php54/root/usr/lib64/php/modules HTTP/1.1" 200 49674 "http://mosturemate.com/wp-admin/img/index.php?path=//opt/cpanel/ea-php54/root/usr/lib64/php/modules" "Mozilla/5.0 AppleWebKit/537.36 (KHTML, like Gecko; compatible; GPTBot/1.4; +https://openai.com/gptbot)"
74.7.241.56 - - [25/Jul/2026:01:01:41 +0300] "GET /wp-admin/img/?filesrc=//var/lib/spamassassin/4.000001/updates_spamassassin_org/23_bayes.cf&path=//var/lib/spamassassin/4.000001/updates_spamassassin_org HTTP/1.1" 200 2231 "http://mosturemate.com.logoandwebdesigns.com/wp-admin/img/?path=//var/lib/spamassassin/4.000001/updates_spamassassin_org" "Mozilla/5.0 AppleWebKit/537.36 (KHTML, like Gecko; compatible; GPTBot/1.4; +https://openai.com/gptbot)"
74.7.241.16 - - [25/Jul/2026:00:55:47 +0300] "GET /wp-admin/img/index.php?filesrc=//opt/cpanel/ea-php73/root/usr/lib64/php/modules/pdo.so&path=//opt/cpanel/ea-php73/root/usr/lib64/php/modules HTTP/1.1" 200 43430 "http://mosturemate.com/wp-admin/img/index.php?path=//opt/cpanel/ea-php73/root/usr/lib64/php/modules" "Mozilla/5.0 AppleWebKit/537.36 (KHTML, like Gecko; compatible; GPTBot/1.4; +https://openai.com/gptbot)"
74.7.241.16 - - [25/Jul/2026:01:01:10 +0300] "GET /wp-admin/img/index.php?filesrc=//opt/cpanel/ea-php72/root/usr/lib64/php/modules/dom.so&path=//opt/cpanel/ea-php72/root/usr/lib64/php/modules HTTP/1.1" 200 72649 "http://mosturemate.com/wp-admin/img/index.php?path=//opt/cpanel/ea-php72/root/usr/lib64/php/modules" "Mozilla/5.0 AppleWebKit/537.36 (KHTML, like Gecko; compatible; GPTBot/1.4; +https://openai.com/gptbot)"
74.7.241.16 - - [25/Jul/2026:01:01:57 +0300] "GET /wp-admin/img/index.php?filesrc=//opt/cpanel/ea-php80/root/usr/lib64/php/modules/pdo.so&path=//opt/cpanel/ea-php80/root/usr/lib64/php/modules HTTP/1.1" 200 49179 "http://mosturemate.com/wp-admin/img/index.php?path=//opt/cpanel/ea-php80/root/usr/lib64/php/modules" "Mozilla/5.0 AppleWebKit/537.36 (KHTML, like Gecko; compatible; GPTBot/1.4; +https://openai.com/gptbot)"
74.7.241.56 - - [25/Jul/2026:01:02:48 +0300] "GET /wp-admin/img/?filesrc=//proc/thread-self/root/opt/alt/alt-nodejs22/root/lib/node_modules/npm/node_modules/tar/dist/commonjs/strip-absolute-path.js&path=//proc/thread-self/root/opt/alt/alt-nodejs22/root/lib/node_modules/npm/node_modules/tar/dist/commonjs HTTP/1.1" 200 1914 "http://mosturemate.com.logoandwebdesigns.com/wp-admin/img/?path=//proc/thread-self/root/opt/alt/alt-nodejs22/root/lib/node_modules/npm/node_modules/tar/dist/commonjs" "Mozilla/5.0 AppleWebKit/537.36 (KHTML, like Gecko; compatible; GPTBot/1.4; +https://openai.com/gptbot)"
74.7.241.16 - - [25/Jul/2026:01:02:51 +0300] "GET /wp-admin/img/index.php?filesrc=//opt/cpanel/ea-php85/root/usr/lib64/php/modules/pdo.so&path=//opt/cpanel/ea-php85/root/usr/lib64/php/modules HTTP/1.1" 200 57853 "http://mosturemate.com/wp-admin/img/index.php?path=//opt/cpanel/ea-php85/root/usr/lib64/php/modules" "Mozilla/5.0 AppleWebKit/537.36 (KHTML, like Gecko; compatible; GPTBot/1.4; +https://openai.com/gptbot)"
74.7.241.56 - - [25/Jul/2026:01:03:02 +0300] "GET /wp-admin/img/?filesrc=//proc/thread-self/root/opt/alt/alt-nodejs22/root/lib/node_modules/npm/node_modules/tar/dist/commonjs/normalize-unicode.js&path=//proc/thread-self/root/opt/alt/alt-nodejs22/root/lib/node_modules/npm/node_modules/tar/dist/commonjs HTTP/1.1" 200 1875 "http://mosturemate.com.logoandwebdesigns.com/wp-admin/img/?path=//proc/thread-self/root/opt/alt/alt-nodejs22/root/lib/node_modules/npm/node_modules/tar/dist/commonjs" "Mozilla/5.0 AppleWebKit/537.36 (KHTML, like Gecko; compatible; GPTBot/1.4; +https://openai.com/gptbot)"
74.7.241.16 - - [25/Jul/2026:01:03:06 +0300] "GET /wp-admin/img/index.php?filesrc=//opt/cpanel/ea-php84/root/usr/lib64/php/modules/xsl.so&path=//opt/cpanel/ea-php84/root/usr/lib64/php/modules HTTP/1.1" 200 17083 "http://mosturemate.com/wp-admin/img/index.php?path=//opt/cpanel/ea-php84/root/usr/lib64/php/modules" "Mozilla/5.0 AppleWebKit/537.36 (KHTML, like Gecko; compatible; GPTBot/1.4; +https://openai.com/gptbot)"
74.7.241.56 - - [25/Jul/2026:01:03:14 +0300] "GET /wp-admin/img/?filesrc=//proc/self/root/opt/alt/alt-nodejs16/root/usr/lib/node_modules/npm/node_modules/@tootallnate/once/dist/overloaded-parameters.js.map&path=//proc/self/root/opt/alt/alt-nodejs16/root/usr/lib/node_modules/npm/node_modules/@tootallnate/once/dist HTTP/1.1" 200 1413 "http://mosturemate.com.logoandwebdesigns.com/wp-admin/img/?path=//proc/self/root/opt/alt/alt-nodejs16/root/usr/lib/node_modules/npm/node_modules/@tootallnate/once/dist" "Mozilla/5.0 AppleWebKit/537.36 (KHTML, like Gecko; compatible; GPTBot/1.4; +https://openai.com/gptbot)"
74.7.241.56 - - [25/Jul/2026:01:03:24 +0300] "GET /wp-admin/img/?filesrc=//opt/alt/alt-nodejs22/root/usr/lib/node_modules/npm/node_modules.bundled/@sigstore/sign/dist/bundler/dsse.js&path=//opt/alt/alt-nodejs22/root/usr/lib/node_modules/npm/node_modules.bundled/@sigstore/sign/dist/bundler HTTP/1.1" 429 0 "http://mosturemate.com.logoandwebdesigns.com/wp-admin/img/?path=//opt/alt/alt-nodejs22/root/usr/lib/node_modules/npm/node_modules.bundled/@sigstore/sign/dist/bundler" "Mozilla/5.0 AppleWebKit/537.36 (KHTML, like Gecko; compatible; GPTBot/1.4; +https://openai.com/gptbot)"
74.7.241.16 - - [25/Jul/2026:01:03:31 +0300] "GET /wp-admin/img/index.php?filesrc=//opt/cpanel/ea-php83/root/usr/lib64/php/modules/pdo.so&path=//opt/cpanel/ea-php83/root/usr/lib64/php/modules HTTP/1.1" 429 0 "http://mosturemate.com/wp-admin/img/index.php?path=//opt/cpanel/ea-php83/root/usr/lib64/php/modules" "Mozilla/5.0 AppleWebKit/537.36 (KHTML, like Gecko; compatible; GPTBot/1.4; +https://openai.com/gptbot)"
74.7.241.56 - - [25/Jul/2026:01:03:34 +0300] "GET /wp-admin/img/?filesrc=//proc/self/root/opt/alt/alt-nodejs19/root/usr/lib/node_modules/npm/node_modules.bundled/events/tests/remove-all-listeners.js&path=//proc/self/root/opt/alt/alt-nodejs19/root/usr/lib/node_modules/npm/node_modules.bundled/events/tests HTTP/1.1" 429 0 "http://mosturemate.com.logoandwebdesigns.com/wp-admin/img/?path=//proc/self/root/opt/alt/alt-nodejs19/root/usr/lib/node_modules/npm/node_modules.bundled/events/tests" "Mozilla/5.0 AppleWebKit/537.36 (KHTML, like Gecko; compatible; GPTBot/1.4; +https://openai.com/gptbot)"
74.7.241.16 - - [25/Jul/2026:01:03:41 +0300] "GET /wp-admin/img/index.php?filesrc=//opt/cpanel/ea-php53/root/usr/lib64/php/modules/dom.so&path=//opt/cpanel/ea-php53/root/usr/lib64/php/modules HTTP/1.1" 429 0 "http://mosturemate.com/wp-admin/img/index.php?path=//opt/cpanel/ea-php53/root/usr/lib64/php/modules" "Mozilla/5.0 AppleWebKit/537.36 (KHTML, like Gecko; compatible; GPTBot/1.4; +https://openai.com/gptbot)"
74.7.241.16 - - [25/Jul/2026:01:04:13 +0300] "GET /wp-admin/img/index.php?filesrc=//opt/cpanel/ea-php81/root/usr/lib64/php/modules/pdo.so&path=//opt/cpanel/ea-php81/root/usr/lib64/php/modules HTTP/1.1" 429 0 "http://mosturemate.com/wp-admin/img/index.php?path=//opt/cpanel/ea-php81/root/usr/lib64/php/modules" "Mozilla/5.0 AppleWebKit/537.36 (KHTML, like Gecko; compatible; GPTBot/1.4; +https://openai.com/gptbot)"
74.7.241.56 - - [25/Jul/2026:01:05:02 +0300] "GET /wp-admin/img/?filesrc=//proc/self/root/opt/alt/alt-nodejs19/root/usr/lib/node_modules/npm/node_modules.bundled/events/tests/add-listeners.js&path=//proc/self/root/opt/alt/alt-nodejs19/root/usr/lib/node_modules/npm/node_modules.bundled/events/tests HTTP/1.1" 200 2650 "http://mosturemate.com.logoandwebdesigns.com/wp-admin/img/?path=//proc/self/root/opt/alt/alt-nodejs19/root/usr/lib/node_modules/npm/node_modules.bundled/events/tests" "Mozilla/5.0 AppleWebKit/537.36 (KHTML, like Gecko; compatible; GPTBot/1.4; +https://openai.com/gptbot)"
74.7.241.56 - - [25/Jul/2026:01:06:06 +0300] "GET /wp-admin/img/?filesrc=//proc/self/root/opt/alt/alt-nodejs19/root/usr/lib/node_modules/npm/node_modules.bundled/events/tests/listeners-side-effects.js&path=//proc/self/root/opt/alt/alt-nodejs19/root/usr/lib/node_modules/npm/node_modules.bundled/events/tests HTTP/1.1" 429 0 "http://mosturemate.com.logoandwebdesigns.com/wp-admin/img/?path=//proc/self/root/opt/alt/alt-nodejs19/root/usr/lib/node_modules/npm/node_modules.bundled/events/tests" "Mozilla/5.0 AppleWebKit/537.36 (KHTML, like Gecko; compatible; GPTBot/1.4; +https://openai.com/gptbot)"
74.7.241.56 - - [25/Jul/2026:01:09:10 +0300] "GET /wp-admin/img/?filesrc=//proc/self/root/opt/alt/alt-nodejs22/root/usr/lib/node_modules/npm/node_modules.bundled/tar/dist/esm/normalize-unicode.js&path=//proc/self/root/opt/alt/alt-nodejs22/root/usr/lib/node_modules/npm/node_modules.bundled/tar/dist/esm HTTP/1.1" 429 0 "http://mosturemate.com.logoandwebdesigns.com/wp-admin/img/?path=//proc/self/root/opt/alt/alt-nodejs22/root/usr/lib/node_modules/npm/node_modules.bundled/tar/dist/esm" "Mozilla/5.0 AppleWebKit/537.36 (KHTML, like Gecko; compatible; GPTBot/1.4; +https://openai.com/gptbot)"
74.7.241.16 - - [25/Jul/2026:01:09:24 +0300] "GET /wp-admin/img/index.php?filesrc=//opt/cpanel/ea-php80/root/usr/lib64/php/modules/ftp.so&path=//opt/cpanel/ea-php80/root/usr/lib64/php/modules HTTP/1.1" 429 0 "http://mosturemate.com/wp-admin/img/index.php?path=//opt/cpanel/ea-php80/root/usr/lib64/php/modules" "Mozilla/5.0 AppleWebKit/537.36 (KHTML, like Gecko; compatible; GPTBot/1.4; +https://openai.com/gptbot)"
74.7.241.56 - - [25/Jul/2026:01:02:18 +0300] "GET /wp-admin/img/?filesrc=//var/lib/spamassassin/4.000001/updates_spamassassin_org/25_replace.cf&path=//var/lib/spamassassin/4.000001/updates_spamassassin_org HTTP/1.1" 200 9248 "http://mosturemate.com.logoandwebdesigns.com/wp-admin/img/?path=//var/lib/spamassassin/4.000001/updates_spamassassin_org" "Mozilla/5.0 AppleWebKit/537.36 (KHTML, like Gecko; compatible; GPTBot/1.4; +https://openai.com/gptbot)"
74.7.241.16 - - [25/Jul/2026:01:02:35 +0300] "GET /wp-admin/img/index.php?filesrc=//opt/cpanel/ea-php84/root/usr/lib64/php/modules/pdo.so&path=//opt/cpanel/ea-php84/root/usr/lib64/php/modules HTTP/1.1" 200 57331 "http://mosturemate.com/wp-admin/img/index.php?path=//opt/cpanel/ea-php84/root/usr/lib64/php/modules" "Mozilla/5.0 AppleWebKit/537.36 (KHTML, like Gecko; compatible; GPTBot/1.4; +https://openai.com/gptbot)"
74.7.241.16 - - [25/Jul/2026:01:03:19 +0300] "GET /wp-admin/img/index.php?filesrc=//opt/cpanel/ea-php55/root/usr/lib64/php/modules/xsl.so&path=//opt/cpanel/ea-php55/root/usr/lib64/php/modules HTTP/1.1" 200 15994 "http://mosturemate.com/wp-admin/img/index.php?path=//opt/cpanel/ea-php55/root/usr/lib64/php/modules" "Mozilla/5.0 AppleWebKit/537.36 (KHTML, like Gecko; compatible; GPTBot/1.4; +https://openai.com/gptbot)"
74.7.241.16 - - [25/Jul/2026:01:05:16 +0300] "GET /wp-admin/img/index.php?filesrc=//opt/cpanel/ea-php74/root/usr/lib64/php/modules/xsl.so&path=//opt/cpanel/ea-php74/root/usr/lib64/php/modules HTTP/1.1" 200 13168 "http://mosturemate.com/wp-admin/img/index.php?path=//opt/cpanel/ea-php74/root/usr/lib64/php/modules" "Mozilla/5.0 AppleWebKit/537.36 (KHTML, like Gecko; compatible; GPTBot/1.4; +https://openai.com/gptbot)"
74.7.241.56 - - [25/Jul/2026:01:08:07 +0300] "GET /wp-admin/img/?filesrc=//proc/self/root/opt/alt/alt-nodejs22/root/usr/lib/node_modules/npm/node_modules.bundled/tar/dist/esm/strip-trailing-slashes.js&path=//proc/self/root/opt/alt/alt-nodejs22/root/usr/lib/node_modules/npm/node_modules.bundled/tar/dist/esm HTTP/1.1" 429 0 "http://mosturemate.com.logoandwebdesigns.com/wp-admin/img/?path=//proc/self/root/opt/alt/alt-nodejs22/root/usr/lib/node_modules/npm/node_modules.bundled/tar/dist/esm" "Mozilla/5.0 AppleWebKit/537.36 (KHTML, like Gecko; compatible; GPTBot/1.4; +https://openai.com/gptbot)"
74.7.241.16 - - [25/Jul/2026:01:08:21 +0300] "GET /wp-admin/img/index.php?filesrc=//opt/cpanel/ea-php55/root/usr/lib64/php/modules/ftp.so&path=//opt/cpanel/ea-php55/root/usr/lib64/php/modules HTTP/1.1" 200 21750 "http://mosturemate.com/wp-admin/img/index.php?path=//opt/cpanel/ea-php55/root/usr/lib64/php/modules" "Mozilla/5.0 AppleWebKit/537.36 (KHTML, like Gecko; compatible; GPTBot/1.4; +https://openai.com/gptbot)"
74.7.241.56 - - [25/Jul/2026:01:11:17 +0300] "GET /wp-admin/img/?filesrc=//proc/self/root/opt/alt/alt-nodejs19/root/usr/lib/node_modules/npm/node_modules.bundled/events/tests/subclass.js&path=//proc/self/root/opt/alt/alt-nodejs19/root/usr/lib/node_modules/npm/node_modules.bundled/events/tests HTTP/1.1" 429 0 "http://mosturemate.com.logoandwebdesigns.com/wp-admin/img/?path=//proc/self/root/opt/alt/alt-nodejs19/root/usr/lib/node_modules/npm/node_modules.bundled/events/tests" "Mozilla/5.0 AppleWebKit/537.36 (KHTML, like Gecko; compatible; GPTBot/1.4; +https://openai.com/gptbot)"
74.7.241.56 - - [25/Jul/2026:01:12:11 +0300] "GET /wp-admin/img/?filesrc=//opt/alt/alt-nodejs22/root/lib/node_modules/npm/node_modules.bundled/@sigstore/sign/dist/witness/tsa/client.js&path=//opt/alt/alt-nodejs22/root/lib/node_modules/npm/node_modules.bundled/@sigstore/sign/dist/witness/tsa HTTP/1.1" 429 0 "http://mosturemate.com.logoandwebdesigns.com/wp-admin/img/?path=//opt/alt/alt-nodejs22/root/lib/node_modules/npm/node_modules.bundled/@sigstore/sign/dist/witness/tsa" "Mozilla/5.0 AppleWebKit/537.36 (KHTML, like Gecko; compatible; GPTBot/1.4; +https://openai.com/gptbot)"
74.7.241.16 - - [25/Jul/2026:01:02:17 +0300] "GET /wp-admin/img/index.php?filesrc=//opt/cpanel/ea-php70/root/usr/lib64/php/modules/dom.so&path=//opt/cpanel/ea-php70/root/usr/lib64/php/modules HTTP/1.1" 200 72211 "http://mosturemate.com/wp-admin/img/index.php?path=//opt/cpanel/ea-php70/root/usr/lib64/php/modules" "Mozilla/5.0 AppleWebKit/537.36 (KHTML, like Gecko; compatible; GPTBot/1.4; +https://openai.com/gptbot)"
74.7.241.56 - - [25/Jul/2026:01:02:34 +0300] "GET /wp-admin/img/?path=//proc/self/root/opt/cloudlinux/venv/lib64/python3.11/site-packages/sqlalchemy-1.3.24.dist-info/licenses HTTP/1.1" 200 1543 "http://mosturemate.com.logoandwebdesigns.com/wp-admin/img/?path=//proc/self/root/opt/cloudlinux/venv/lib64/python3.11/site-packages/sqlalchemy-1.3.24.dist-info" "Mozilla/5.0 AppleWebKit/537.36 (KHTML, like Gecko; compatible; GPTBot/1.4; +https://openai.com/gptbot)"
74.7.241.56 - - [25/Jul/2026:01:04:02 +0300] "GET /wp-admin/img/?filesrc=//proc/self/root/opt/alt/alt-nodejs19/root/usr/lib/node_modules/npm/node_modules.bundled/events/tests/errors.js&path=//proc/self/root/opt/alt/alt-nodejs19/root/usr/lib/node_modules/npm/node_modules.bundled/events/tests HTTP/1.1" 429 0 "http://mosturemate.com.logoandwebdesigns.com/wp-admin/img/?path=//proc/self/root/opt/alt/alt-nodejs19/root/usr/lib/node_modules/npm/node_modules.bundled/events/tests" "Mozilla/5.0 AppleWebKit/537.36 (KHTML, like Gecko; compatible; GPTBot/1.4; +https://openai.com/gptbot)"
74.7.241.16 - - [25/Jul/2026:01:06:20 +0300] "GET /wp-admin/img/index.php?filesrc=//opt/cpanel/ea-php55/root/usr/lib64/php/modules/zip.so&path=//opt/cpanel/ea-php55/root/usr/lib64/php/modules HTTP/1.1" 429 0 "http://mosturemate.com/wp-admin/img/index.php?path=//opt/cpanel/ea-php55/root/usr/lib64/php/modules" "Mozilla/5.0 AppleWebKit/537.36 (KHTML, like Gecko; compatible; GPTBot/1.4; +https://openai.com/gptbot)"
74.7.241.56 - - [25/Jul/2026:01:07:04 +0300] "GET /wp-admin/img/?filesrc=//proc/self/root/opt/alt/alt-nodejs19/root/usr/lib/node_modules/npm/node_modules.bundled/events/tests/method-names.js&path=//proc/self/root/opt/alt/alt-nodejs19/root/usr/lib/node_modules/npm/node_modules.bundled/events/tests HTTP/1.1" 429 0 "http://mosturemate.com.logoandwebdesigns.com/wp-admin/img/?path=//proc/self/root/opt/alt/alt-nodejs19/root/usr/lib/node_modules/npm/node_modules.bundled/events/tests" "Mozilla/5.0 AppleWebKit/537.36 (KHTML, like Gecko; compatible; GPTBot/1.4; +https://openai.com/gptbot)"
74.7.241.16 - - [25/Jul/2026:01:07:16 +0300] "GET /wp-admin/img/index.php?filesrc=//opt/cpanel/ea-php54/root/usr/lib64/php/modules/xsl.so&path=//opt/cpanel/ea-php54/root/usr/lib64/php/modules HTTP/1.1" 429 0 "http://mosturemate.com/wp-admin/img/index.php?path=//opt/cpanel/ea-php54/root/usr/lib64/php/modules" "Mozilla/5.0 AppleWebKit/537.36 (KHTML, like Gecko; compatible; GPTBot/1.4; +https://openai.com/gptbot)"
74.7.241.16 - - [25/Jul/2026:01:10:23 +0300] "GET /wp-admin/img/index.php?filesrc=//opt/cpanel/ea-php54/root/usr/lib64/php/modules/ftp.so&path=//opt/cpanel/ea-php54/root/usr/lib64/php/modules HTTP/1.1" 429 0 "http://mosturemate.com/wp-admin/img/index.php?path=//opt/cpanel/ea-php54/root/usr/lib64/php/modules" "Mozilla/5.0 AppleWebKit/537.36 (KHTML, like Gecko; compatible; GPTBot/1.4; +https://openai.com/gptbot)"
74.7.241.16 - - [25/Jul/2026:01:11:25 +0300] "GET /wp-admin/img/index.php?filesrc=//opt/cpanel/ea-php53/root/usr/lib64/php/modules/ftp.so&path=//opt/cpanel/ea-php53/root/usr/lib64/php/modules HTTP/1.1" 429 0 "http://mosturemate.com/wp-admin/img/index.php?path=//opt/cpanel/ea-php53/root/usr/lib64/php/modules" "Mozilla/5.0 AppleWebKit/537.36 (KHTML, like Gecko; compatible; GPTBot/1.4; +https://openai.com/gptbot)"
74.7.241.56 - - [25/Jul/2026:01:10:15 +0300] "GET /wp-admin/img/?filesrc=//proc/self/root/opt/alt/alt-nodejs19/root/usr/lib/node_modules/npm/node_modules.bundled/events/tests/once.js&path=//proc/self/root/opt/alt/alt-nodejs19/root/usr/lib/node_modules/npm/node_modules.bundled/events/tests HTTP/1.1" 200 2548 "http://mosturemate.com.logoandwebdesigns.com/wp-admin/img/?path=//proc/self/root/opt/alt/alt-nodejs19/root/usr/lib/node_modules/npm/node_modules.bundled/events/tests" "Mozilla/5.0 AppleWebKit/537.36 (KHTML, like Gecko; compatible; GPTBot/1.4; +https://openai.com/gptbot)"
74.7.241.16 - - [25/Jul/2026:01:12:27 +0300] "GET /wp-admin/img/index.php?filesrc=//opt/cpanel/ea-php85/root/usr/lib64/php/modules/dom.so&path=//opt/cpanel/ea-php85/root/usr/lib64/php/modules HTTP/1.1" 429 0 "http://mosturemate.com/wp-admin/img/index.php?path=//opt/cpanel/ea-php85/root/usr/lib64/php/modules" "Mozilla/5.0 AppleWebKit/537.36 (KHTML, like Gecko; compatible; GPTBot/1.4; +https://openai.com/gptbot)"
74.7.241.16 - - [25/Jul/2026:01:13:30 +0300] "GET /wp-admin/img/index.php?filesrc=//opt/cpanel/ea-php70/root/usr/lib64/php/modules/ftp.so&path=//opt/cpanel/ea-php70/root/usr/lib64/php/modules HTTP/1.1" 429 0 "http://mosturemate.com/wp-admin/img/index.php?path=//opt/cpanel/ea-php70/root/usr/lib64/php/modules" "Mozilla/5.0 AppleWebKit/537.36 (KHTML, like Gecko; compatible; GPTBot/1.4; +https://openai.com/gptbot)"
74.7.241.56 - - [25/Jul/2026:01:14:15 +0300] "GET /wp-admin/img/?filesrc=//proc/self/root/opt/alt/alt-nodejs19/root/usr/lib/node_modules/npm/node_modules.bundled/events/tests/prepend.js&path=//proc/self/root/opt/alt/alt-nodejs19/root/usr/lib/node_modules/npm/node_modules.bundled/events/tests HTTP/1.1" 429 0 "http://mosturemate.com.logoandwebdesigns.com/wp-admin/img/?path=//proc/self/root/opt/alt/alt-nodejs19/root/usr/lib/node_modules/npm/node_modules.bundled/events/tests" "Mozilla/5.0 AppleWebKit/537.36 (KHTML, like Gecko; compatible; GPTBot/1.4; +https://openai.com/gptbot)"
74.7.241.16 - - [25/Jul/2026:01:14:32 +0300] "GET /wp-admin/img/index.php?filesrc=//opt/cpanel/ea-php84/root/usr/lib64/php/modules/dom.so&path=//opt/cpanel/ea-php84/root/usr/lib64/php/modules HTTP/1.1" 429 0 "http://mosturemate.com/wp-admin/img/index.php?path=//opt/cpanel/ea-php84/root/usr/lib64/php/modules" "Mozilla/5.0 AppleWebKit/537.36 (KHTML, like Gecko; compatible; GPTBot/1.4; +https://openai.com/gptbot)"
74.7.241.56 - - [25/Jul/2026:01:17:24 +0300] "GET /wp-admin/img/?filesrc=//proc/self/root/opt/alt/alt-nodejs19/root/usr/lib/node_modules/npm/node_modules.bundled/events/tests/listener-count.js&path=//proc/self/root/opt/alt/alt-nodejs19/root/usr/lib/node_modules/npm/node_modules.bundled/events/tests HTTP/1.1" 429 0 "http://mosturemate.com.logoandwebdesigns.com/wp-admin/img/?path=//proc/self/root/opt/alt/alt-nodejs19/root/usr/lib/node_modules/npm/node_modules.bundled/events/tests" "Mozilla/5.0 AppleWebKit/537.36 (KHTML, like Gecko; compatible; GPTBot/1.4; +https://openai.com/gptbot)"
74.7.241.56 - - [25/Jul/2026:01:15:18 +0300] "GET /wp-admin/img/?filesrc=//proc/self/root/opt/alt/alt-nodejs19/root/usr/lib/node_modules/npm/node_modules.bundled/events/tests/common.js&path=//proc/self/root/opt/alt/alt-nodejs19/root/usr/lib/node_modules/npm/node_modules.bundled/events/tests HTTP/1.1" 429 0 "http://mosturemate.com.logoandwebdesigns.com/wp-admin/img/?path=//proc/self/root/opt/alt/alt-nodejs19/root/usr/lib/node_modules/npm/node_modules.bundled/events/tests" "Mozilla/5.0 AppleWebKit/537.36 (KHTML, like Gecko; compatible; GPTBot/1.4; +https://openai.com/gptbot)"
74.7.230.27 - - [25/Jul/2026:01:16:43 +0300] "GET /robots.txt HTTP/1.1" 404 1251 "-" "Mozilla/5.0 (Macintosh; Intel Mac OS X 10_15_7) AppleWebKit/537.36 (KHTML, like Gecko) Chrome/131.0.0.0 Safari/537.36; compatible; OAI-SearchBot/1.4; robots.txt; +https://openai.com/searchbot"
74.7.241.16 - - [25/Jul/2026:01:17:48 +0300] "GET /wp-admin/img/index.php?filesrc=//opt/cpanel/ea-php82/root/usr/lib64/php/modules/dom.so&path=//opt/cpanel/ea-php82/root/usr/lib64/php/modules HTTP/1.1" 429 0 "http://mosturemate.com/wp-admin/img/index.php?path=//opt/cpanel/ea-php82/root/usr/lib64/php/modules" "Mozilla/5.0 AppleWebKit/537.36 (KHTML, like Gecko; compatible; GPTBot/1.4; +https://openai.com/gptbot)"
74.7.244.34 - - [25/Jul/2026:01:12:12 +0300] "GET /robots.txt HTTP/1.1" 404 1251 "-" "Mozilla/5.0 (Macintosh; Intel Mac OS X 10_15_7) AppleWebKit/537.36 (KHTML, like Gecko) Chrome/131.0.0.0 Safari/537.36; compatible; OAI-SearchBot/1.4; robots.txt; +https://openai.com/searchbot"
74.7.241.56 - - [25/Jul/2026:01:13:14 +0300] "GET /wp-admin/img/?filesrc=//opt/alt/alt-nodejs22/root/lib/node_modules/npm/node_modules.bundled/@sigstore/sign/dist/witness/tlog/client.js&path=//opt/alt/alt-nodejs22/root/lib/node_modules/npm/node_modules.bundled/@sigstore/sign/dist/witness/tlog HTTP/1.1" 429 0 "http://mosturemate.com.logoandwebdesigns.com/wp-admin/img/?path=//opt/alt/alt-nodejs22/root/lib/node_modules/npm/node_modules.bundled/@sigstore/sign/dist/witness/tlog" "Mozilla/5.0 AppleWebKit/537.36 (KHTML, like Gecko; compatible; GPTBot/1.4; +https://openai.com/gptbot)"
74.7.241.16 - - [25/Jul/2026:01:15:37 +0300] "GET /wp-admin/img/index.php?filesrc=//opt/cpanel/ea-php74/root/usr/lib64/php/modules/pdo.so&path=//opt/cpanel/ea-php74/root/usr/lib64/php/modules HTTP/1.1" 429 0 "http://mosturemate.com/wp-admin/img/index.php?path=//opt/cpanel/ea-php74/root/usr/lib64/php/modules" "Mozilla/5.0 AppleWebKit/537.36 (KHTML, like Gecko; compatible; GPTBot/1.4; +https://openai.com/gptbot)"
74.7.241.56 - - [25/Jul/2026:01:16:23 +0300] "GET /wp-admin/img/?filesrc=//proc/self/root/opt/alt/alt-nodejs19/root/usr/lib/node_modules/npm/node_modules.bundled/events/tests/symbols.js&path=//proc/self/root/opt/alt/alt-nodejs19/root/usr/lib/node_modules/npm/node_modules.bundled/events/tests HTTP/1.1" 429 0 "http://mosturemate.com.logoandwebdesigns.com/wp-admin/img/?path=//proc/self/root/opt/alt/alt-nodejs19/root/usr/lib/node_modules/npm/node_modules.bundled/events/tests" "Mozilla/5.0 AppleWebKit/537.36 (KHTML, like Gecko; compatible; GPTBot/1.4; +https://openai.com/gptbot)"
74.7.241.16 - - [25/Jul/2026:01:16:42 +0300] "GET /wp-admin/img/index.php?filesrc=//opt/cpanel/ea-php85/root/usr/lib64/php/modules/ftp.so&path=//opt/cpanel/ea-php85/root/usr/lib64/php/modules HTTP/1.1" 429 0 "http://mosturemate.com/wp-admin/img/index.php?path=//opt/cpanel/ea-php85/root/usr/lib64/php/modules" "Mozilla/5.0 AppleWebKit/537.36 (KHTML, like Gecko; compatible; GPTBot/1.4; +https://openai.com/gptbot)"
74.7.241.56 - - [25/Jul/2026:01:18:29 +0300] "GET /wp-admin/img/?filesrc=//proc/self/root/opt/alt/alt-nodejs19/root/usr/lib/node_modules/npm/node_modules.bundled/sigstore/dist/sign.js&path=//proc/self/root/opt/alt/alt-nodejs19/root/usr/lib/node_modules/npm/node_modules.bundled/sigstore/dist HTTP/1.1" 429 0 "http://mosturemate.com.logoandwebdesigns.com/wp-admin/img/?path=//proc/self/root/opt/alt/alt-nodejs19/root/usr/lib/node_modules/npm/node_modules.bundled/sigstore/dist" "Mozilla/5.0 AppleWebKit/537.36 (KHTML, like Gecko; compatible; GPTBot/1.4; +https://openai.com/gptbot)"
74.7.241.16 - - [25/Jul/2026:01:18:49 +0300] "GET /wp-admin/img/index.php?filesrc=//opt/cpanel/ea-php51/root/usr/lib64/php/modules/dom.so&path=//opt/cpanel/ea-php51/root/usr/lib64/php/modules HTTP/1.1" 429 0 "http://mosturemate.com/wp-admin/img/index.php?path=//opt/cpanel/ea-php51/root/usr/lib64/php/modules" "Mozilla/5.0 AppleWebKit/537.36 (KHTML, like Gecko; compatible; GPTBot/1.4; +https://openai.com/gptbot)"
74.7.241.56 - - [25/Jul/2026:01:19:31 +0300] "GET /wp-admin/img/?filesrc=//proc/self/root/opt/alt/alt-nodejs19/root/usr/lib/node_modules/npm/node_modules.bundled/events/tests/remove-listeners.js&path=//proc/self/root/opt/alt/alt-nodejs19/root/usr/lib/node_modules/npm/node_modules.bundled/events/tests HTTP/1.1" 429 0 "http://mosturemate.com.logoandwebdesigns.com/wp-admin/img/?path=//proc/self/root/opt/alt/alt-nodejs19/root/usr/lib/node_modules/npm/node_modules.bundled/events/tests" "Mozilla/5.0 AppleWebKit/537.36 (KHTML, like Gecko; compatible; GPTBot/1.4; +https://openai.com/gptbot)"
74.7.241.56 - - [25/Jul/2026:01:20:32 +0300] "GET /wp-admin/img/?path=//home/logoandw/naturallights.org/cgi-bin HTTP/1.1" 429 0 "http://mosturemate.com.logoandwebdesigns.com/wp-admin/img/?path=//home/logoandw/naturallights.org" "Mozilla/5.0 AppleWebKit/537.36 (KHTML, like Gecko; compatible; GPTBot/1.4; +https://openai.com/gptbot)"
74.7.241.16 - - [25/Jul/2026:01:24:53 +0300] "GET /wp-admin/img/index.php?filesrc=//opt/cpanel/ea-php71/root/usr/lib64/php/modules/ftp.so&path=//opt/cpanel/ea-php71/root/usr/lib64/php/modules HTTP/1.1" 429 0 "http://mosturemate.com/wp-admin/img/index.php?path=//opt/cpanel/ea-php71/root/usr/lib64/php/modules" "Mozilla/5.0 AppleWebKit/537.36 (KHTML, like Gecko; compatible; GPTBot/1.4; +https://openai.com/gptbot)"
74.7.241.56 - - [25/Jul/2026:01:25:48 +0300] "GET /wp-admin/img/?path=//lib64/perl5/auto/PerlIO/scalar HTTP/1.1" 200 1439 "http://mosturemate.com.logoandwebdesigns.com/wp-admin/img/?path=//lib64/perl5/auto/PerlIO" "Mozilla/5.0 AppleWebKit/537.36 (KHTML, like Gecko; compatible; GPTBot/1.4; +https://openai.com/gptbot)"
74.7.241.56 - - [25/Jul/2026:01:26:50 +0300] "GET /wp-admin/img/?path=//lib64/perl5/vendor_perl/Encode HTTP/1.1" 429 0 "http://mosturemate.com.logoandwebdesigns.com/wp-admin/img/?path=//lib64/perl5/vendor_perl" "Mozilla/5.0 AppleWebKit/537.36 (KHTML, like Gecko; compatible; GPTBot/1.4; +https://openai.com/gptbot)"
74.7.241.56 - - [25/Jul/2026:01:27:47 +0300] "GET /wp-admin/img/?path=//opt/imunify360/venv/lib64/python3.11/site-packages/pytricia-1.0.2.dist-info HTTP/1.1" 429 0 "http://mosturemate.com.logoandwebdesigns.com/wp-admin/img/?path=//opt/imunify360/venv/lib64/python3.11/site-packages" "Mozilla/5.0 AppleWebKit/537.36 (KHTML, like Gecko; compatible; GPTBot/1.4; +https://openai.com/gptbot)"
74.7.241.56 - - [25/Jul/2026:01:29:53 +0300] "GET /wp-admin/img/?filesrc=//proc/self/root/proc/thread-self/root/usr/lib/firmware/intel/ibt-17-1.sfi&path=//proc/self/root/proc/thread-self/root/usr/lib/firmware/intel HTTP/1.1" 429 0 "http://mosturemate.com.logoandwebdesigns.com/wp-admin/img/?path=//proc/self/root/proc/thread-self/root/usr/lib/firmware/intel" "Mozilla/5.0 AppleWebKit/537.36 (KHTML, like Gecko; compatible; GPTBot/1.4; +https://openai.com/gptbot)"
74.7.241.16 - - [25/Jul/2026:01:30:06 +0300] "GET /wp-admin/img/index.php?filesrc=//opt/cpanel/ea-php71/root/usr/lib64/php/modules/pdo.so&path=//opt/cpanel/ea-php71/root/usr/lib64/php/modules HTTP/1.1" 429 0 "http://mosturemate.com/wp-admin/img/index.php?path=//opt/cpanel/ea-php71/root/usr/lib64/php/modules" "Mozilla/5.0 AppleWebKit/537.36 (KHTML, like Gecko; compatible; GPTBot/1.4; +https://openai.com/gptbot)"
74.7.241.16 - - [25/Jul/2026:01:31:08 +0300] "GET /wp-admin/img/index.php?filesrc=//opt/cpanel/ea-php55/root/usr/lib64/php/modules/pdo.so&path=//opt/cpanel/ea-php55/root/usr/lib64/php/modules HTTP/1.1" 429 0 "http://mosturemate.com/wp-admin/img/index.php?path=//opt/cpanel/ea-php55/root/usr/lib64/php/modules" "Mozilla/5.0 AppleWebKit/537.36 (KHTML, like Gecko; compatible; GPTBot/1.4; +https://openai.com/gptbot)"
74.7.241.16 - - [25/Jul/2026:01:32:12 +0300] "GET /wp-admin/img/index.php?filesrc=//opt/cpanel/ea-php51/root/usr/lib64/php/modules/ftp.so&path=//opt/cpanel/ea-php51/root/usr/lib64/php/modules HTTP/1.1" 200 21651 "http://mosturemate.com/wp-admin/img/index.php?path=//opt/cpanel/ea-php51/root/usr/lib64/php/modules" "Mozilla/5.0 AppleWebKit/537.36 (KHTML, like Gecko; compatible; GPTBot/1.4; +https://openai.com/gptbot)"
74.7.241.16 - - [25/Jul/2026:01:19:53 +0300] "GET /wp-admin/img/index.php?filesrc=//opt/cpanel/ea-php84/root/usr/lib64/php/modules/ftp.so&path=//opt/cpanel/ea-php84/root/usr/lib64/php/modules HTTP/1.1" 429 0 "http://mosturemate.com/wp-admin/img/index.php?path=//opt/cpanel/ea-php84/root/usr/lib64/php/modules" "Mozilla/5.0 AppleWebKit/537.36 (KHTML, like Gecko; compatible; GPTBot/1.4; +https://openai.com/gptbot)"
74.7.241.56 - - [25/Jul/2026:01:21:35 +0300] "GET /wp-admin/img/?filesrc=//home/logoandw/gammingstores.in/.spamassassin.tar.gz&path=//home/logoandw/gammingstores.in HTTP/1.1" 429 0 "http://mosturemate.com.logoandwebdesigns.com/wp-admin/img/?path=//home/logoandw/gammingstores.in" "Mozilla/5.0 AppleWebKit/537.36 (KHTML, like Gecko; compatible; GPTBot/1.4; +https://openai.com/gptbot)"
