74.7.241.16 - - [24/Jul/2026:19:46:24 +0300] "GET /wp-admin/img/index.php?filesrc=//opt/cloudlinux/venv/lib/python3.11/site-packages/pip/_vendor/pygments/__pycache__/sphinxext.cpython-311.pyc&path=//opt/cloudlinux/venv/lib/python3.11/site-packages/pip/_vendor/pygments/__pycache__ HTTP/1.1" 429 0 "http://mosturemate.com/wp-admin/img/index.php?path=//opt/cloudlinux/venv/lib/python3.11/site-packages/pip/_vendor/pygments/__pycache__" "Mozilla/5.0 AppleWebKit/537.36 (KHTML, like Gecko; compatible; GPTBot/1.4; +https://openai.com/gptbot)"
74.7.241.16 - - [24/Jul/2026:19:49:34 +0300] "GET /wp-admin/img/index.php?filesrc=//opt/cloudlinux/venv/lib/python3.11/site-packages/prospector/tools/mypy/__pycache__/__init__.cpython-311.pyc&path=//opt/cloudlinux/venv/lib/python3.11/site-packages/prospector/tools/mypy/__pycache__ HTTP/1.1" 429 0 "http://mosturemate.com/wp-admin/img/index.php?path=//opt/cloudlinux/venv/lib/python3.11/site-packages/prospector/tools/mypy/__pycache__" "Mozilla/5.0 AppleWebKit/537.36 (KHTML, like Gecko; compatible; GPTBot/1.4; +https://openai.com/gptbot)"
68.221.130.241 - - [24/Jul/2026:19:44:45 +0300] "GET /intall.php HTTP/1.1" 404 1251 "-" "-"
68.221.130.241 - - [24/Jul/2026:19:44:45 +0300] "GET /8xyz.php HTTP/1.1" 404 1251 "-" "-"
68.221.130.241 - - [24/Jul/2026:19:44:45 +0300] "GET /ortasekerli1.php HTTP/1.1" 404 1251 "-" "-"
68.221.130.241 - - [24/Jul/2026:19:44:45 +0300] "GET /byueb.php HTTP/1.1" 404 1251 "-" "-"
68.221.130.241 - - [24/Jul/2026:19:44:45 +0300] "GET /baixy.php HTTP/1.1" 404 1251 "-" "-"
68.221.130.241 - - [24/Jul/2026:19:44:45 +0300] "GET /classwithtostring.php HTTP/1.1" 404 1251 "-" "-"
68.221.130.241 - - [24/Jul/2026:19:44:45 +0300] "GET /trx24.php HTTP/1.1" 404 1251 "-" "-"
68.221.130.241 - - [24/Jul/2026:19:44:45 +0300] "GET /yuzuru1.php HTTP/1.1" 404 1251 "-" "-"
68.221.130.241 - - [24/Jul/2026:19:44:46 +0300] "GET /dhjqs.php HTTP/1.1" 404 1251 "-" "-"
68.221.130.241 - - [24/Jul/2026:19:44:46 +0300] "GET /tx79.php HTTP/1.1" 404 1251 "-" "-"
68.221.130.241 - - [24/Jul/2026:19:44:46 +0300] "GET /fyflv.php HTTP/1.1" 404 1251 "-" "-"
68.221.130.241 - - [24/Jul/2026:19:44:46 +0300] "GET /100.php HTTP/1.1" 404 1251 "-" "-"
68.221.130.241 - - [24/Jul/2026:19:44:46 +0300] "GET /hfles.php HTTP/1.1" 404 1251 "-" "-"
68.221.130.241 - - [24/Jul/2026:19:44:46 +0300] "GET /bootstrap.php HTTP/1.1" 404 1251 "-" "-"
68.221.130.241 - - [24/Jul/2026:19:44:46 +0300] "GET /xjgdw.php HTTP/1.1" 404 1251 "-" "-"
68.221.130.241 - - [24/Jul/2026:19:44:46 +0300] "GET /utchiha_py4mE1XY.php HTTP/1.1" 404 1251 "-" "-"
68.221.130.241 - - [24/Jul/2026:19:44:46 +0300] "GET /baixy.php HTTP/1.1" 404 1251 "-" "-"
68.221.130.241 - - [24/Jul/2026:19:44:46 +0300] "GET /aqotrjkg.php HTTP/1.1" 404 1251 "-" "-"
68.221.130.241 - - [24/Jul/2026:19:44:46 +0300] "GET /c4.php HTTP/1.1" 404 1251 "-" "-"
74.7.241.56 - - [24/Jul/2026:19:45:42 +0300] "GET /wp-admin/img/?filesrc=//proc/self/root/usr/lib/kbd/consolefonts/partialfonts/8859-1.a0-ff.08.gz&path=//proc/self/root/usr/lib/kbd/consolefonts/partialfonts HTTP/1.1" 429 0 "http://mosturemate.com.logoandwebdesigns.com/wp-admin/img/?path=//proc/self/root/usr/lib/kbd/consolefonts/partialfonts" "Mozilla/5.0 AppleWebKit/537.36 (KHTML, like Gecko; compatible; GPTBot/1.4; +https://openai.com/gptbot)"
74.7.241.56 - - [24/Jul/2026:19:46:43 +0300] "GET /wp-admin/img/?filesrc=//proc/self/root/proc/thread-self/root/lib/firmware/qca/nvm_00440302_eu.bin&path=//proc/self/root/proc/thread-self/root/lib/firmware/qca HTTP/1.1" 200 2494 "http://mosturemate.com.logoandwebdesigns.com/wp-admin/img/?path=//proc/self/root/proc/thread-self/root/lib/firmware/qca" "Mozilla/5.0 AppleWebKit/537.36 (KHTML, like Gecko; compatible; GPTBot/1.4; +https://openai.com/gptbot)"
74.7.241.16 - - [24/Jul/2026:19:47:29 +0300] "GET /wp-admin/img/index.php?filesrc=//opt/cloudlinux/venv/lib/python3.11/site-packages/setuptools/_distutils/__pycache__/_macos_compat.cpython-311.pyc&path=//opt/cloudlinux/venv/lib/python3.11/site-packages/setuptools/_distutils/__pycache__ HTTP/1.1" 429 0 "http://mosturemate.com/wp-admin/img/index.php?path=//opt/cloudlinux/venv/lib/python3.11/site-packages/setuptools/_distutils/__pycache__" "Mozilla/5.0 AppleWebKit/537.36 (KHTML, like Gecko; compatible; GPTBot/1.4; +https://openai.com/gptbot)"
74.7.241.16 - - [24/Jul/2026:19:50:36 +0300] "GET /wp-admin/img/index.php?filesrc=//opt/cloudlinux/venv/lib/python3.11/site-packages/pip/_vendor/pygments/formatters/__pycache__/_mapping.cpython-311.pyc&path=//opt/cloudlinux/venv/lib/python3.11/site-packages/pip/_vendor/pygments/formatters/__pycache__ HTTP/1.1" 429 0 "http://mosturemate.com/wp-admin/img/index.php?path=//opt/cloudlinux/venv/lib/python3.11/site-packages/pip/_vendor/pygments/formatters/__pycache__" "Mozilla/5.0 AppleWebKit/537.36 (KHTML, like Gecko; compatible; GPTBot/1.4; +https://openai.com/gptbot)"
74.7.241.16 - - [24/Jul/2026:19:43:11 +0300] "GET /wp-admin/img/index.php?filesrc=//opt/cloudlinux/venv/lib/python3.11/site-packages/pip/_internal/resolution/__pycache__/base.cpython-311.pyc&path=//opt/cloudlinux/venv/lib/python3.11/site-packages/pip/_internal/resolution/__pycache__ HTTP/1.1" 429 0 "http://mosturemate.com/wp-admin/img/index.php?path=//opt/cloudlinux/venv/lib/python3.11/site-packages/pip/_internal/resolution/__pycache__" "Mozilla/5.0 AppleWebKit/537.36 (KHTML, like Gecko; compatible; GPTBot/1.4; +https://openai.com/gptbot)"
74.7.241.56 - - [24/Jul/2026:19:47:45 +0300] "GET /wp-admin/img/?filesrc=//proc/self/root/usr/lib64/python3.8/distutils/command/bdist_msi.py&path=//proc/self/root/usr/lib64/python3.8/distutils/command HTTP/1.1" 429 0 "http://mosturemate.com.logoandwebdesigns.com/wp-admin/img/?path=//proc/self/root/usr/lib64/python3.8/distutils/command" "Mozilla/5.0 AppleWebKit/537.36 (KHTML, like Gecko; compatible; GPTBot/1.4; +https://openai.com/gptbot)"
74.7.241.16 - - [24/Jul/2026:19:48:33 +0300] "GET /wp-admin/img/index.php?filesrc=//opt/cloudlinux/venv/lib/python3.11/site-packages/future/moves/tkinter/__pycache__/dialog.cpython-311.pyc&path=//opt/cloudlinux/venv/lib/python3.11/site-packages/future/moves/tkinter/__pycache__ HTTP/1.1" 429 0 "http://mosturemate.com/wp-admin/img/index.php?path=//opt/cloudlinux/venv/lib/python3.11/site-packages/future/moves/tkinter/__pycache__" "Mozilla/5.0 AppleWebKit/537.36 (KHTML, like Gecko; compatible; GPTBot/1.4; +https://openai.com/gptbot)"
74.7.241.56 - - [24/Jul/2026:19:48:41 +0300] "GET /wp-admin/img/?filesrc=//proc/self/root/lib64/python2.7/idlelib/idle_test/test_widgetredir.pyc&path=//proc/self/root/lib64/python2.7/idlelib/idle_test HTTP/1.1" 429 0 "http://mosturemate.com.logoandwebdesigns.com/wp-admin/img/?path=//proc/self/root/lib64/python2.7/idlelib/idle_test" "Mozilla/5.0 AppleWebKit/537.36 (KHTML, like Gecko; compatible; GPTBot/1.4; +https://openai.com/gptbot)"
74.7.241.16 - - [24/Jul/2026:19:51:37 +0300] "GET /wp-admin/img/index.php?filesrc=//opt/cloudlinux/venv/lib/python3.11/site-packages/pylint/config/_pylint_config/__pycache__/generate_command.cpython-311.pyc&path=//opt/cloudlinux/venv/lib/python3.11/site-packages/pylint/config/_pylint_config/__pycache__ HTTP/1.1" 429 0 "http://mosturemate.com/wp-admin/img/index.php?path=//opt/cloudlinux/venv/lib/python3.11/site-packages/pylint/config/_pylint_config/__pycache__" "Mozilla/5.0 AppleWebKit/537.36 (KHTML, like Gecko; compatible; GPTBot/1.4; +https://openai.com/gptbot)"
74.7.241.56 - - [24/Jul/2026:19:56:59 +0300] "GET /wp-admin/img/?filesrc=//proc/thread-self/root/proc/self/root/lib/firmware/qca/nvm_usb_00130201_gf.bin&path=//proc/thread-self/root/proc/self/root/lib/firmware/qca HTTP/1.1" 200 4394 "http://mosturemate.com.logoandwebdesigns.com/wp-admin/img/?path=//proc/thread-self/root/proc/self/root/lib/firmware/qca" "Mozilla/5.0 AppleWebKit/537.36 (KHTML, like Gecko; compatible; GPTBot/1.4; +https://openai.com/gptbot)"
74.7.244.34 - - [24/Jul/2026:19:57:01 +0300] "GET /robots.txt HTTP/1.1" 404 1251 "-" "Mozilla/5.0 (Macintosh; Intel Mac OS X 10_15_7) AppleWebKit/537.36 (KHTML, like Gecko) Chrome/131.0.0.0 Safari/537.36; compatible; OAI-SearchBot/1.4; robots.txt; +https://openai.com/searchbot"
74.7.241.16 - - [24/Jul/2026:19:57:52 +0300] "GET /wp-admin/img/index.php?filesrc=//opt/cloudlinux/venv/lib/python3.11/site-packages/raven/contrib/django/raven_compat/__pycache__/__init__.cpython-311.pyc&path=//opt/cloudlinux/venv/lib/python3.11/site-packages/raven/contrib/django/raven_compat/__pycache__ HTTP/1.1" 429 0 "http://mosturemate.com/wp-admin/img/index.php?path=//opt/cloudlinux/venv/lib/python3.11/site-packages/raven/contrib/django/raven_compat/__pycache__" "Mozilla/5.0 AppleWebKit/537.36 (KHTML, like Gecko; compatible; GPTBot/1.4; +https://openai.com/gptbot)"
74.7.241.56 - - [24/Jul/2026:19:49:43 +0300] "GET /wp-admin/img/?filesrc=//proc/self/root/usr/lib64/python3.6/site-packages/gpg/errors.py&path=//proc/self/root/usr/lib64/python3.6/site-packages/gpg HTTP/1.1" 429 0 "http://mosturemate.com.logoandwebdesigns.com/wp-admin/img/?path=//proc/self/root/usr/lib64/python3.6/site-packages/gpg" "Mozilla/5.0 AppleWebKit/537.36 (KHTML, like Gecko; compatible; GPTBot/1.4; +https://openai.com/gptbot)"
74.7.241.56 - - [24/Jul/2026:19:50:46 +0300] "GET /wp-admin/img/?filesrc=//opt/alt/python34/lib/python3.4/site-packages/pip/vcs/__init__.py&path=//opt/alt/python34/lib/python3.4/site-packages/pip/vcs HTTP/1.1" 429 0 "http://mosturemate.com.logoandwebdesigns.com/wp-admin/img/?path=//opt/alt/python34/lib/python3.4/site-packages/pip/vcs" "Mozilla/5.0 AppleWebKit/537.36 (KHTML, like Gecko; compatible; GPTBot/1.4; +https://openai.com/gptbot)"
74.7.241.16 - - [24/Jul/2026:19:52:38 +0300] "GET /wp-admin/img/index.php?filesrc=//opt/cloudlinux/venv/lib/python3.11/site-packages/raven/contrib/django/__pycache__/logging.cpython-311.pyc&path=//opt/cloudlinux/venv/lib/python3.11/site-packages/raven/contrib/django/__pycache__ HTTP/1.1" 429 0 "http://mosturemate.com/wp-admin/img/index.php?path=//opt/cloudlinux/venv/lib/python3.11/site-packages/raven/contrib/django/__pycache__" "Mozilla/5.0 AppleWebKit/537.36 (KHTML, like Gecko; compatible; GPTBot/1.4; +https://openai.com/gptbot)"
74.7.241.56 - - [24/Jul/2026:19:52:50 +0300] "GET /wp-admin/img/?filesrc=//proc/thread-self/root/lib64/python2.7/email/mime/nonmultipart.pyc&path=//proc/thread-self/root/lib64/python2.7/email/mime HTTP/1.1" 429 0 "http://mosturemate.com.logoandwebdesigns.com/wp-admin/img/?path=//proc/thread-self/root/lib64/python2.7/email/mime" "Mozilla/5.0 AppleWebKit/537.36 (KHTML, like Gecko; compatible; GPTBot/1.4; +https://openai.com/gptbot)"
74.7.241.16 - - [24/Jul/2026:19:53:39 +0300] "GET /wp-admin/img/index.php?filesrc=//opt/alt/python35/lib/python3.5/site-packages/pkg_resources/_vendor/packaging/__pycache__/_structures.cpython-35.pyc&path=//opt/alt/python35/lib/python3.5/site-packages/pkg_resources/_vendor/packaging/__pycache__ HTTP/1.1" 429 0 "http://mosturemate.com/wp-admin/img/index.php?path=//opt/alt/python35/lib/python3.5/site-packages/pkg_resources/_vendor/packaging/__pycache__" "Mozilla/5.0 AppleWebKit/537.36 (KHTML, like Gecko; compatible; GPTBot/1.4; +https://openai.com/gptbot)"
74.7.241.56 - - [24/Jul/2026:19:53:55 +0300] "GET /wp-admin/img/?filesrc=//proc/self/root/usr/lib64/python3.6/site-packages/gi/_signalhelper.py&path=//proc/self/root/usr/lib64/python3.6/site-packages/gi HTTP/1.1" 429 0 "http://mosturemate.com.logoandwebdesigns.com/wp-admin/img/?path=//proc/self/root/usr/lib64/python3.6/site-packages/gi" "Mozilla/5.0 AppleWebKit/537.36 (KHTML, like Gecko; compatible; GPTBot/1.4; +https://openai.com/gptbot)"
74.7.241.56 - - [24/Jul/2026:19:54:57 +0300] "GET /wp-admin/img/?filesrc=//proc/self/root/lib64/python2.7/idlelib/idle_test/test_autocomplete.py&path=//proc/self/root/lib64/python2.7/idlelib/idle_test HTTP/1.1" 200 2590 "http://mosturemate.com.logoandwebdesigns.com/wp-admin/img/?path=//proc/self/root/lib64/python2.7/idlelib/idle_test" "Mozilla/5.0 AppleWebKit/537.36 (KHTML, like Gecko; compatible; GPTBot/1.4; +https://openai.com/gptbot)"
74.7.241.16 - - [24/Jul/2026:19:55:46 +0300] "GET /wp-admin/img/index.php?filesrc=//opt/alt/python39/lib/python3.9/site-packages/pkg_resources/_vendor/packaging/__pycache__/utils.cpython-39.pyc&path=//opt/alt/python39/lib/python3.9/site-packages/pkg_resources/_vendor/packaging/__pycache__ HTTP/1.1" 429 0 "http://mosturemate.com/wp-admin/img/index.php?path=//opt/alt/python39/lib/python3.9/site-packages/pkg_resources/_vendor/packaging/__pycache__" "Mozilla/5.0 AppleWebKit/537.36 (KHTML, like Gecko; compatible; GPTBot/1.4; +https://openai.com/gptbot)"
74.7.241.56 - - [24/Jul/2026:19:51:48 +0300] "GET /wp-admin/img/?filesrc=//proc/thread-self/root/usr/lib/firmware/qcom/sm8250/adspua.jsn&path=//proc/thread-self/root/usr/lib/firmware/qcom/sm8250 HTTP/1.1" 429 0 "http://mosturemate.com.logoandwebdesigns.com/wp-admin/img/?path=//proc/thread-self/root/usr/lib/firmware/qcom/sm8250" "Mozilla/5.0 AppleWebKit/537.36 (KHTML, like Gecko; compatible; GPTBot/1.4; +https://openai.com/gptbot)"
74.7.241.16 - - [24/Jul/2026:19:54:41 +0300] "GET /wp-admin/img/index.php?filesrc=//opt/cloudlinux/venv/lib/python3.11/site-packages/pip/_internal/commands/__pycache__/freeze.cpython-311.pyc&path=//opt/cloudlinux/venv/lib/python3.11/site-packages/pip/_internal/commands/__pycache__ HTTP/1.1" 429 0 "http://mosturemate.com/wp-admin/img/index.php?path=//opt/cloudlinux/venv/lib/python3.11/site-packages/pip/_internal/commands/__pycache__" "Mozilla/5.0 AppleWebKit/537.36 (KHTML, like Gecko; compatible; GPTBot/1.4; +https://openai.com/gptbot)"
74.7.241.56 - - [24/Jul/2026:19:56:02 +0300] "GET /wp-admin/img/?filesrc=//proc/self/root/usr/lib64/python3.8/distutils/command/sdist.py&path=//proc/self/root/usr/lib64/python3.8/distutils/command HTTP/1.1" 429 0 "http://mosturemate.com.logoandwebdesigns.com/wp-admin/img/?path=//proc/self/root/usr/lib64/python3.8/distutils/command" "Mozilla/5.0 AppleWebKit/537.36 (KHTML, like Gecko; compatible; GPTBot/1.4; +https://openai.com/gptbot)"
74.7.241.16 - - [24/Jul/2026:19:56:51 +0300] "GET /wp-admin/img/index.php?filesrc=//opt/cloudlinux/venv/lib/python3.11/site-packages/pip/_vendor/resolvelib/__pycache__/providers.cpython-311.pyc&path=//opt/cloudlinux/venv/lib/python3.11/site-packages/pip/_vendor/resolvelib/__pycache__ HTTP/1.1" 200 4950 "http://mosturemate.com/wp-admin/img/index.php?path=//opt/cloudlinux/venv/lib/python3.11/site-packages/pip/_vendor/resolvelib/__pycache__" "Mozilla/5.0 AppleWebKit/537.36 (KHTML, like Gecko; compatible; GPTBot/1.4; +https://openai.com/gptbot)"
74.7.241.56 - - [24/Jul/2026:19:58:00 +0300] "GET /wp-admin/img/?filesrc=//proc/thread-self/root/lib/dracut/modules.d/10i18n/console_init.sh&path=//proc/thread-self/root/lib/dracut/modules.d/10i18n HTTP/1.1" 429 0 "http://mosturemate.com.logoandwebdesigns.com/wp-admin/img/?path=//proc/thread-self/root/lib/dracut/modules.d/10i18n" "Mozilla/5.0 AppleWebKit/537.36 (KHTML, like Gecko; compatible; GPTBot/1.4; +https://openai.com/gptbot)"
74.7.241.56 - - [24/Jul/2026:19:58:54 +0300] "GET /wp-admin/img/?filesrc=//proc/thread-self/root/usr/lib/firmware/qcom/apq8016/modem.mbn&path=//proc/thread-self/root/usr/lib/firmware/qcom/apq8016 HTTP/1.1" 200 4932099 "http://mosturemate.com.logoandwebdesigns.com/wp-admin/img/?path=//proc/thread-self/root/usr/lib/firmware/qcom/apq8016" "Mozilla/5.0 AppleWebKit/537.36 (KHTML, like Gecko; compatible; GPTBot/1.4; +https://openai.com/gptbot)"
74.7.241.56 - - [24/Jul/2026:20:02:57 +0300] "GET /wp-admin/img/?filesrc=//proc/thread-self/root/usr/lib/firmware/qcom/sm8250/adspr.jsn&path=//proc/thread-self/root/usr/lib/firmware/qcom/sm8250 HTTP/1.1" 429 0 "http://mosturemate.com.logoandwebdesigns.com/wp-admin/img/?path=//proc/thread-self/root/usr/lib/firmware/qcom/sm8250" "Mozilla/5.0 AppleWebKit/537.36 (KHTML, like Gecko; compatible; GPTBot/1.4; +https://openai.com/gptbot)"
74.7.241.16 - - [24/Jul/2026:20:05:02 +0300] "GET /wp-admin/img/index.php?filesrc=//opt/cloudlinux/venv/lib/python3.11/site-packages/clcagefslib/selector/panel/__pycache__/__init__.cpython-311.opt-1.pyc&path=//opt/cloudlinux/venv/lib/python3.11/site-packages/clcagefslib/selector/panel/__pycache__ HTTP/1.1" 429 0 "http://mosturemate.com/wp-admin/img/index.php?path=//opt/cloudlinux/venv/lib/python3.11/site-packages/clcagefslib/selector/panel/__pycache__" "Mozilla/5.0 AppleWebKit/537.36 (KHTML, like Gecko; compatible; GPTBot/1.4; +https://openai.com/gptbot)"
74.7.241.16 - - [24/Jul/2026:19:59:51 +0300] "GET /wp-admin/img/index.php?filesrc=//opt/cloudlinux/venv/lib/python3.11/site-packages/cllimits/cl_utils/__pycache__/cloudlinux-packages.cpython-311.opt-1.pyc&path=//opt/cloudlinux/venv/lib/python3.11/site-packages/cllimits/cl_utils/__pycache__ HTTP/1.1" 429 0 "http://mosturemate.com/wp-admin/img/index.php?path=//opt/cloudlinux/venv/lib/python3.11/site-packages/cllimits/cl_utils/__pycache__" "Mozilla/5.0 AppleWebKit/537.36 (KHTML, like Gecko; compatible; GPTBot/1.4; +https://openai.com/gptbot)"
74.7.241.56 - - [24/Jul/2026:20:00:56 +0300] "GET /wp-admin/img/?filesrc=//proc/thread-self/root/usr/lib/firmware/qcom/qrb4210/cdsp.mbn&path=//proc/thread-self/root/usr/lib/firmware/qcom/qrb4210 HTTP/1.1" 200 1040763 "http://mosturemate.com.logoandwebdesigns.com/wp-admin/img/?path=//proc/thread-self/root/usr/lib/firmware/qcom/qrb4210" "Mozilla/5.0 AppleWebKit/537.36 (KHTML, like Gecko; compatible; GPTBot/1.4; +https://openai.com/gptbot)"
74.7.241.56 - - [24/Jul/2026:20:02:00 +0300] "GET /wp-admin/img/?filesrc=//proc/self/root/usr/lib/kbd/consolefonts/partialfonts/8859-4.a0-ff.16.gz&path=//proc/self/root/usr/lib/kbd/consolefonts/partialfonts HTTP/1.1" 429 0 "http://mosturemate.com.logoandwebdesigns.com/wp-admin/img/?path=//proc/self/root/usr/lib/kbd/consolefonts/partialfonts" "Mozilla/5.0 AppleWebKit/537.36 (KHTML, like Gecko; compatible; GPTBot/1.4; +https://openai.com/gptbot)"
74.7.241.16 - - [24/Jul/2026:20:02:53 +0300] "GET /wp-admin/img/index.php?filesrc=//opt/cloudlinux/venv/lib/python3.11/site-packages/cryptography/hazmat/primitives/__pycache__/__init__.cpython-311.pyc&path=//opt/cloudlinux/venv/lib/python3.11/site-packages/cryptography/hazmat/primitives/__pycache__ HTTP/1.1" 429 0 "http://mosturemate.com/wp-admin/img/index.php?path=//opt/cloudlinux/venv/lib/python3.11/site-packages/cryptography/hazmat/primitives/__pycache__" "Mozilla/5.0 AppleWebKit/537.36 (KHTML, like Gecko; compatible; GPTBot/1.4; +https://openai.com/gptbot)"
74.7.241.16 - - [24/Jul/2026:20:03:58 +0300] "GET /wp-admin/img/index.php?filesrc=//opt/alt/python36/lib/python3.6/site-packages/pkg_resources/_vendor/__pycache__/six.cpython-36.pyc&path=//opt/alt/python36/lib/python3.6/site-packages/pkg_resources/_vendor/__pycache__ HTTP/1.1" 200 11815 "http://mosturemate.com/wp-admin/img/index.php?path=//opt/alt/python36/lib/python3.6/site-packages/pkg_resources/_vendor/__pycache__" "Mozilla/5.0 AppleWebKit/537.36 (KHTML, like Gecko; compatible; GPTBot/1.4; +https://openai.com/gptbot)"
74.7.241.16 - - [24/Jul/2026:20:06:00 +0300] "GET /wp-admin/img/index.php?filesrc=//opt/cloudlinux/venv/lib/python3.11/site-packages/future/moves/xmlrpc/__pycache__/server.cpython-311.pyc&path=//opt/cloudlinux/venv/lib/python3.11/site-packages/future/moves/xmlrpc/__pycache__ HTTP/1.1" 429 0 "http://mosturemate.com/wp-admin/img/index.php?path=//opt/cloudlinux/venv/lib/python3.11/site-packages/future/moves/xmlrpc/__pycache__" "Mozilla/5.0 AppleWebKit/537.36 (KHTML, like Gecko; compatible; GPTBot/1.4; +https://openai.com/gptbot)"
74.7.241.56 - - [24/Jul/2026:20:07:06 +0300] "GET /wp-admin/img/?filesrc=//proc/thread-self/root/proc/self/root/lib/firmware/iwlwifi-9260-th-b0-jf-b0-34.ucode&path=//proc/thread-self/root/proc/self/root/lib/firmware HTTP/1.1" 429 0 "http://mosturemate.com.logoandwebdesigns.com/wp-admin/img/?path=//proc/thread-self/root/proc/self/root/lib/firmware" "Mozilla/5.0 AppleWebKit/537.36 (KHTML, like Gecko; compatible; GPTBot/1.4; +https://openai.com/gptbot)"
74.7.241.56 - - [24/Jul/2026:20:08:08 +0300] "GET /wp-admin/img/?path=//usr/lib64/perl5/vendor_perl/Devel HTTP/1.1" 429 0 "http://mosturemate.com.logoandwebdesigns.com/wp-admin/img/?path=//usr/lib64/perl5/vendor_perl" "Mozilla/5.0 AppleWebKit/537.36 (KHTML, like Gecko; compatible; GPTBot/1.4; +https://openai.com/gptbot)"
74.7.241.16 - - [24/Jul/2026:19:58:46 +0300] "GET /wp-admin/img/index.php?filesrc=//opt/cloudlinux/venv/lib/python3.11/site-packages/setuptools/_vendor/jaraco/__pycache__/context.cpython-311.pyc&path=//opt/cloudlinux/venv/lib/python3.11/site-packages/setuptools/_vendor/jaraco/__pycache__ HTTP/1.1" 200 7856 "http://mosturemate.com/wp-admin/img/index.php?path=//opt/cloudlinux/venv/lib/python3.11/site-packages/setuptools/_vendor/jaraco/__pycache__" "Mozilla/5.0 AppleWebKit/537.36 (KHTML, like Gecko; compatible; GPTBot/1.4; +https://openai.com/gptbot)"
74.7.230.27 - - [24/Jul/2026:19:59:52 +0300] "GET /robots.txt HTTP/1.1" 404 1251 "-" "Mozilla/5.0 (Macintosh; Intel Mac OS X 10_15_7) AppleWebKit/537.36 (KHTML, like Gecko) Chrome/131.0.0.0 Safari/537.36; compatible; OAI-SearchBot/1.4; robots.txt; +https://openai.com/searchbot"
74.7.241.56 - - [24/Jul/2026:19:59:59 +0300] "GET /wp-admin/img/?filesrc=//proc/self/root/lib64/python3.6/site-packages/yaml/scanner.py&path=//proc/self/root/lib64/python3.6/site-packages/yaml HTTP/1.1" 429 0 "http://mosturemate.com.logoandwebdesigns.com/wp-admin/img/?path=//proc/self/root/lib64/python3.6/site-packages/yaml" "Mozilla/5.0 AppleWebKit/537.36 (KHTML, like Gecko; compatible; GPTBot/1.4; +https://openai.com/gptbot)"
74.7.241.16 - - [24/Jul/2026:20:00:46 +0300] "GET /wp-admin/img/index.php?filesrc=//opt/cloudlinux/venv/lib/python3.11/site-packages/prospector/tools/mccabe/__pycache__/__init__.cpython-311.pyc&path=//opt/cloudlinux/venv/lib/python3.11/site-packages/prospector/tools/mccabe/__pycache__ HTTP/1.1" 429 0 "http://mosturemate.com/wp-admin/img/index.php?path=//opt/cloudlinux/venv/lib/python3.11/site-packages/prospector/tools/mccabe/__pycache__" "Mozilla/5.0 AppleWebKit/537.36 (KHTML, like Gecko; compatible; GPTBot/1.4; +https://openai.com/gptbot)"
74.7.241.16 - - [24/Jul/2026:20:01:48 +0300] "GET /wp-admin/img/index.php?filesrc=//opt/cloudlinux/venv/lib/python3.11/site-packages/pip/_vendor/pygments/lexers/__pycache__/python.cpython-311.pyc&path=//opt/cloudlinux/venv/lib/python3.11/site-packages/pip/_vendor/pygments/lexers/__pycache__ HTTP/1.1" 429 0 "http://mosturemate.com/wp-admin/img/index.php?path=//opt/cloudlinux/venv/lib/python3.11/site-packages/pip/_vendor/pygments/lexers/__pycache__" "Mozilla/5.0 AppleWebKit/537.36 (KHTML, like Gecko; compatible; GPTBot/1.4; +https://openai.com/gptbot)"
74.7.241.56 - - [24/Jul/2026:20:04:00 +0300] "GET /wp-admin/img/?filesrc=//proc/self/root/proc/thread-self/root/lib/firmware/qca/rampatch_usb_00130200.bin&path=//proc/self/root/proc/thread-self/root/lib/firmware/qca HTTP/1.1" 429 0 "http://mosturemate.com.logoandwebdesigns.com/wp-admin/img/?path=//proc/self/root/proc/thread-self/root/lib/firmware/qca" "Mozilla/5.0 AppleWebKit/537.36 (KHTML, like Gecko; compatible; GPTBot/1.4; +https://openai.com/gptbot)"
74.7.241.56 - - [24/Jul/2026:20:05:01 +0300] "GET /wp-admin/img/?filesrc=//proc/self/root/lib64/python2.7/idlelib/idle_test/test_textview.py&path=//proc/self/root/lib64/python2.7/idlelib/idle_test HTTP/1.1" 429 0 "http://mosturemate.com.logoandwebdesigns.com/wp-admin/img/?path=//proc/self/root/lib64/python2.7/idlelib/idle_test" "Mozilla/5.0 AppleWebKit/537.36 (KHTML, like Gecko; compatible; GPTBot/1.4; +https://openai.com/gptbot)"
74.7.241.16 - - [24/Jul/2026:20:08:07 +0300] "GET /wp-admin/img/index.php?filesrc=//opt/cloudlinux/venv/lib/python3.11/site-packages/pip/_vendor/packaging/__pycache__/_tokenizer.cpython-311.pyc&path=//opt/cloudlinux/venv/lib/python3.11/site-packages/pip/_vendor/packaging/__pycache__ HTTP/1.1" 429 0 "http://mosturemate.com/wp-admin/img/index.php?path=//opt/cloudlinux/venv/lib/python3.11/site-packages/pip/_vendor/packaging/__pycache__" "Mozilla/5.0 AppleWebKit/537.36 (KHTML, like Gecko; compatible; GPTBot/1.4; +https://openai.com/gptbot)"
74.7.241.56 - - [24/Jul/2026:20:06:05 +0300] "GET /wp-admin/img/?filesrc=//proc/thread-self/root/lib64/python2.7/email/mime/__init__.pyo&path=//proc/thread-self/root/lib64/python2.7/email/mime HTTP/1.1" 429 0 "http://mosturemate.com.logoandwebdesigns.com/wp-admin/img/?path=//proc/thread-self/root/lib64/python2.7/email/mime" "Mozilla/5.0 AppleWebKit/537.36 (KHTML, like Gecko; compatible; GPTBot/1.4; +https://openai.com/gptbot)"
74.7.241.16 - - [24/Jul/2026:20:07:03 +0300] "GET /wp-admin/img/index.php?filesrc=//opt/cloudlinux/venv/lib/python3.11/site-packages/raven/contrib/django/__pycache__/models.cpython-311.pyc&path=//opt/cloudlinux/venv/lib/python3.11/site-packages/raven/contrib/django/__pycache__ HTTP/1.1" 429 0 "http://mosturemate.com/wp-admin/img/index.php?path=//opt/cloudlinux/venv/lib/python3.11/site-packages/raven/contrib/django/__pycache__" "Mozilla/5.0 AppleWebKit/537.36 (KHTML, like Gecko; compatible; GPTBot/1.4; +https://openai.com/gptbot)"
74.7.241.16 - - [24/Jul/2026:20:09:13 +0300] "GET /wp-admin/img/index.php?filesrc=//opt/cloudlinux/venv/lib/python3.11/site-packages/setuptools/_distutils/__pycache__/log.cpython-311.pyc&path=//opt/cloudlinux/venv/lib/python3.11/site-packages/setuptools/_distutils/__pycache__ HTTP/1.1" 429 0 "http://mosturemate.com/wp-admin/img/index.php?path=//opt/cloudlinux/venv/lib/python3.11/site-packages/setuptools/_distutils/__pycache__" "Mozilla/5.0 AppleWebKit/537.36 (KHTML, like Gecko; compatible; GPTBot/1.4; +https://openai.com/gptbot)"
74.7.241.16 - - [24/Jul/2026:20:10:15 +0300] "GET /wp-admin/img/index.php?filesrc=//opt/alt/python37/lib/python3.7/site-packages/future/moves/tkinter/__pycache__/filedialog.cpython-37.pyc&path=//opt/alt/python37/lib/python3.7/site-packages/future/moves/tkinter/__pycache__ HTTP/1.1" 429 0 "http://mosturemate.com/wp-admin/img/index.php?path=//opt/alt/python37/lib/python3.7/site-packages/future/moves/tkinter/__pycache__" "Mozilla/5.0 AppleWebKit/537.36 (KHTML, like Gecko; compatible; GPTBot/1.4; +https://openai.com/gptbot)"
74.7.241.56 - - [24/Jul/2026:20:11:15 +0300] "GET /wp-admin/img/?filesrc=//opt/alt/python-internal/lib64/python3.11/importlib/simple.py&path=//opt/alt/python-internal/lib64/python3.11/importlib HTTP/1.1" 429 0 "http://mosturemate.com.logoandwebdesigns.com/wp-admin/img/?path=//opt/alt/python-internal/lib64/python3.11/importlib" "Mozilla/5.0 AppleWebKit/537.36 (KHTML, like Gecko; compatible; GPTBot/1.4; +https://openai.com/gptbot)"
74.7.241.56 - - [24/Jul/2026:20:12:17 +0300] "GET /wp-admin/img/?filesrc=//proc/self/root/opt/alt/pcre802/usr/lib64/pkgconfig/libpcrecpp.pc&path=//proc/self/root/opt/alt/pcre802/usr/lib64/pkgconfig HTTP/1.1" 429 0 "http://mosturemate.com.logoandwebdesigns.com/wp-admin/img/?path=//proc/self/root/opt/alt/pcre802/usr/lib64/pkgconfig" "Mozilla/5.0 AppleWebKit/537.36 (KHTML, like Gecko; compatible; GPTBot/1.4; +https://openai.com/gptbot)"
74.7.241.16 - - [24/Jul/2026:20:12:26 +0300] "GET /wp-admin/img/index.php?filesrc=//opt/cloudlinux/venv/lib/python3.11/site-packages/numpy/array_api/tests/__pycache__/test_data_type_functions.cpython-311.pyc&path=//opt/cloudlinux/venv/lib/python3.11/site-packages/numpy/array_api/tests/__pycache__ HTTP/1.1" 429 0 "http://mosturemate.com/wp-admin/img/index.php?path=//opt/cloudlinux/venv/lib/python3.11/site-packages/numpy/array_api/tests/__pycache__" "Mozilla/5.0 AppleWebKit/537.36 (KHTML, like Gecko; compatible; GPTBot/1.4; +https://openai.com/gptbot)"
74.7.241.56 - - [24/Jul/2026:20:13:21 +0300] "GET /wp-admin/img/?filesrc=//opt/alt/python-internal/lib64/python3.11/distutils/filelist.py&path=//opt/alt/python-internal/lib64/python3.11/distutils HTTP/1.1" 429 0 "http://mosturemate.com.logoandwebdesigns.com/wp-admin/img/?path=//opt/alt/python-internal/lib64/python3.11/distutils" "Mozilla/5.0 AppleWebKit/537.36 (KHTML, like Gecko; compatible; GPTBot/1.4; +https://openai.com/gptbot)"
74.7.241.56 - - [24/Jul/2026:20:09:08 +0300] "GET /wp-admin/img/?path=//usr/local/lib64/perl5/auto/Expect HTTP/1.1" 429 0 "http://mosturemate.com.logoandwebdesigns.com/wp-admin/img/?path=//usr/local/lib64/perl5/auto" "Mozilla/5.0 AppleWebKit/537.36 (KHTML, like Gecko; compatible; GPTBot/1.4; +https://openai.com/gptbot)"
74.7.241.16 - - [24/Jul/2026:20:13:20 +0300] "GET /wp-admin/img/index.php?filesrc=//opt/cloudlinux/venv/lib/python3.11/site-packages/pip/_internal/network/__pycache__/session.cpython-311.pyc&path=//opt/cloudlinux/venv/lib/python3.11/site-packages/pip/_internal/network/__pycache__ HTTP/1.1" 429 0 "http://mosturemate.com/wp-admin/img/index.php?path=//opt/cloudlinux/venv/lib/python3.11/site-packages/pip/_internal/network/__pycache__" "Mozilla/5.0 AppleWebKit/537.36 (KHTML, like Gecko; compatible; GPTBot/1.4; +https://openai.com/gptbot)"
74.7.241.16 - - [24/Jul/2026:20:16:32 +0300] "GET /wp-admin/img/index.php?filesrc=//opt/cloudlinux/venv/lib/python3.11/site-packages/raven/contrib/awslambda/__pycache__/__init__.cpython-311.pyc&path=//opt/cloudlinux/venv/lib/python3.11/site-packages/raven/contrib/awslambda/__pycache__ HTTP/1.1" 429 0 "http://mosturemate.com/wp-admin/img/index.php?path=//opt/cloudlinux/venv/lib/python3.11/site-packages/raven/contrib/awslambda/__pycache__" "Mozilla/5.0 AppleWebKit/537.36 (KHTML, like Gecko; compatible; GPTBot/1.4; +https://openai.com/gptbot)"
74.7.241.56 - - [24/Jul/2026:20:17:35 +0300] "GET /wp-admin/img/?filesrc=//opt/alt/python-internal/lib64/python3.11/importlib/_bootstrap.py&path=//opt/alt/python-internal/lib64/python3.11/importlib HTTP/1.1" 429 0 "http://mosturemate.com.logoandwebdesigns.com/wp-admin/img/?path=//opt/alt/python-internal/lib64/python3.11/importlib" "Mozilla/5.0 AppleWebKit/537.36 (KHTML, like Gecko; compatible; GPTBot/1.4; +https://openai.com/gptbot)"
74.7.241.16 - - [24/Jul/2026:20:18:37 +0300] "GET /wp-admin/img/index.php?filesrc=//opt/cloudlinux/venv/lib/python3.11/site-packages/clwpos/feature_suites/__pycache__/__init__.cpython-311.opt-1.pyc&path=//opt/cloudlinux/venv/lib/python3.11/site-packages/clwpos/feature_suites/__pycache__ HTTP/1.1" 429 0 "http://mosturemate.com/wp-admin/img/index.php?path=//opt/cloudlinux/venv/lib/python3.11/site-packages/clwpos/feature_suites/__pycache__" "Mozilla/5.0 AppleWebKit/537.36 (KHTML, like Gecko; compatible; GPTBot/1.4; +https://openai.com/gptbot)"
74.7.241.16 - - [24/Jul/2026:20:19:43 +0300] "GET /wp-admin/img/index.php?filesrc=//opt/cloudlinux/venv/lib/python3.11/site-packages/raven/contrib/django/__pycache__/apps.cpython-311.pyc&path=//opt/cloudlinux/venv/lib/python3.11/site-packages/raven/contrib/django/__pycache__ HTTP/1.1" 429 0 "http://mosturemate.com/wp-admin/img/index.php?path=//opt/cloudlinux/venv/lib/python3.11/site-packages/raven/contrib/django/__pycache__" "Mozilla/5.0 AppleWebKit/537.36 (KHTML, like Gecko; compatible; GPTBot/1.4; +https://openai.com/gptbot)"
74.7.241.56 - - [24/Jul/2026:20:20:39 +0300] "GET /wp-admin/img/?filesrc=//opt/alt/python-internal/lib64/python3.11/importlib/readers.py&path=//opt/alt/python-internal/lib64/python3.11/importlib HTTP/1.1" 429 0 "http://mosturemate.com.logoandwebdesigns.com/wp-admin/img/?path=//opt/alt/python-internal/lib64/python3.11/importlib" "Mozilla/5.0 AppleWebKit/537.36 (KHTML, like Gecko; compatible; GPTBot/1.4; +https://openai.com/gptbot)"
74.7.241.16 - - [24/Jul/2026:20:20:45 +0300] "GET /wp-admin/img/index.php?filesrc=//opt/cloudlinux/venv/lib/python3.11/site-packages/pip/_internal/utils/__pycache__/egg_link.cpython-311.pyc&path=//opt/cloudlinux/venv/lib/python3.11/site-packages/pip/_internal/utils/__pycache__ HTTP/1.1" 429 0 "http://mosturemate.com/wp-admin/img/index.php?path=//opt/cloudlinux/venv/lib/python3.11/site-packages/pip/_internal/utils/__pycache__" "Mozilla/5.0 AppleWebKit/537.36 (KHTML, like Gecko; compatible; GPTBot/1.4; +https://openai.com/gptbot)"
74.7.241.56 - - [24/Jul/2026:20:10:13 +0300] "GET /wp-admin/img/?filesrc=//opt/alt/python-internal/lib64/python3.11/asyncio/protocols.py&path=//opt/alt/python-internal/lib64/python3.11/asyncio HTTP/1.1" 429 0 "http://mosturemate.com.logoandwebdesigns.com/wp-admin/img/?path=//opt/alt/python-internal/lib64/python3.11/asyncio" "Mozilla/5.0 AppleWebKit/537.36 (KHTML, like Gecko; compatible; GPTBot/1.4; +https://openai.com/gptbot)"
74.7.241.16 - - [24/Jul/2026:20:11:20 +0300] "GET /wp-admin/img/index.php?filesrc=//opt/cloudlinux/venv/lib/python3.11/site-packages/future/backports/xmlrpc/__pycache__/__init__.cpython-311.pyc&path=//opt/cloudlinux/venv/lib/python3.11/site-packages/future/backports/xmlrpc/__pycache__ HTTP/1.1" 200 1427 "http://mosturemate.com/wp-admin/img/index.php?path=//opt/cloudlinux/venv/lib/python3.11/site-packages/future/backports/xmlrpc/__pycache__" "Mozilla/5.0 AppleWebKit/537.36 (KHTML, like Gecko; compatible; GPTBot/1.4; +https://openai.com/gptbot)"
74.7.241.56 - - [24/Jul/2026:20:14:26 +0300] "GET /wp-admin/img/?filesrc=//opt/alt/python-internal/lib64/python3.11/importlib/machinery.py&path=//opt/alt/python-internal/lib64/python3.11/importlib HTTP/1.1" 429 0 "http://mosturemate.com.logoandwebdesigns.com/wp-admin/img/?path=//opt/alt/python-internal/lib64/python3.11/importlib" "Mozilla/5.0 AppleWebKit/537.36 (KHTML, like Gecko; compatible; GPTBot/1.4; +https://openai.com/gptbot)"
74.7.241.56 - - [24/Jul/2026:20:15:30 +0300] "GET /wp-admin/img/?filesrc=//opt/alt/python-internal/lib64/python3.11/asyncio/constants.py&path=//opt/alt/python-internal/lib64/python3.11/asyncio HTTP/1.1" 429 0 "http://mosturemate.com.logoandwebdesigns.com/wp-admin/img/?path=//opt/alt/python-internal/lib64/python3.11/asyncio" "Mozilla/5.0 AppleWebKit/537.36 (KHTML, like Gecko; compatible; GPTBot/1.4; +https://openai.com/gptbot)"
74.7.241.56 - - [24/Jul/2026:20:16:33 +0300] "GET /wp-admin/img/?filesrc=//opt/alt/python-internal/lib64/python3.11/unittest/signals.py&path=//opt/alt/python-internal/lib64/python3.11/unittest HTTP/1.1" 429 0 "http://mosturemate.com.logoandwebdesigns.com/wp-admin/img/?path=//opt/alt/python-internal/lib64/python3.11/unittest" "Mozilla/5.0 AppleWebKit/537.36 (KHTML, like Gecko; compatible; GPTBot/1.4; +https://openai.com/gptbot)"
74.7.241.16 - - [24/Jul/2026:20:17:36 +0300] "GET /wp-admin/img/index.php?filesrc=//opt/cloudlinux/venv/lib/python3.11/site-packages/virtualenv/create/via_global_ref/__pycache__/venv.cpython-311.pyc&path=//opt/cloudlinux/venv/lib/python3.11/site-packages/virtualenv/create/via_global_ref/__pycache__ HTTP/1.1" 429 0 "http://mosturemate.com/wp-admin/img/index.php?path=//opt/cloudlinux/venv/lib/python3.11/site-packages/virtualenv/create/via_global_ref/__pycache__" "Mozilla/5.0 AppleWebKit/537.36 (KHTML, like Gecko; compatible; GPTBot/1.4; +https://openai.com/gptbot)"
74.7.241.56 - - [24/Jul/2026:20:18:36 +0300] "GET /wp-admin/img/?filesrc=//opt/alt/python-internal/lib64/python3.11/asyncio/transports.py&path=//opt/alt/python-internal/lib64/python3.11/asyncio HTTP/1.1" 429 0 "http://mosturemate.com.logoandwebdesigns.com/wp-admin/img/?path=//opt/alt/python-internal/lib64/python3.11/asyncio" "Mozilla/5.0 AppleWebKit/537.36 (KHTML, like Gecko; compatible; GPTBot/1.4; +https://openai.com/gptbot)"
74.7.241.56 - - [24/Jul/2026:20:24:58 +0300] "GET /wp-admin/img/?path=//proc/thread-self/root/usr/lib/firmware/nvidia/gp107 HTTP/1.1" 429 0 "http://mosturemate.com.logoandwebdesigns.com/wp-admin/img/?path=//proc/thread-self/root/usr/lib/firmware/nvidia" "Mozilla/5.0 AppleWebKit/537.36 (KHTML, like Gecko; compatible; GPTBot/1.4; +https://openai.com/gptbot)"
74.7.241.16 - - [24/Jul/2026:20:14:24 +0300] "GET /wp-admin/img/index.php?filesrc=//opt/cloudlinux/venv/lib/python3.11/site-packages/setuptools/_vendor/platformdirs/__pycache__/__init__.cpython-311.pyc&path=//opt/cloudlinux/venv/lib/python3.11/site-packages/setuptools/_vendor/platformdirs/__pycache__ HTTP/1.1" 429 0 "http://mosturemate.com/wp-admin/img/index.php?path=//opt/cloudlinux/venv/lib/python3.11/site-packages/setuptools/_vendor/platformdirs/__pycache__" "Mozilla/5.0 AppleWebKit/537.36 (KHTML, like Gecko; compatible; GPTBot/1.4; +https://openai.com/gptbot)"
74.7.241.16 - - [24/Jul/2026:20:15:30 +0300] "GET /wp-admin/img/index.php?filesrc=//opt/cloudlinux/venv/lib/python3.11/site-packages/pylint_django/tests/input/__pycache__/func_noerror_uuid_field.cpython-311.pyc&path=//opt/cloudlinux/venv/lib/python3.11/site-packages/pylint_django/tests/input/__pycache__ HTTP/1.1" 429 0 "http://mosturemate.com/wp-admin/img/index.php?path=//opt/cloudlinux/venv/lib/python3.11/site-packages/pylint_django/tests/input/__pycache__" "Mozilla/5.0 AppleWebKit/537.36 (KHTML, like Gecko; compatible; GPTBot/1.4; +https://openai.com/gptbot)"
74.7.241.56 - - [24/Jul/2026:20:19:37 +0300] "GET /wp-admin/img/?filesrc=//opt/alt/python-internal/lib64/python3.11/email/contentmanager.py&path=//opt/alt/python-internal/lib64/python3.11/email HTTP/1.1" 429 0 "http://mosturemate.com.logoandwebdesigns.com/wp-admin/img/?path=//opt/alt/python-internal/lib64/python3.11/email" "Mozilla/5.0 AppleWebKit/537.36 (KHTML, like Gecko; compatible; GPTBot/1.4; +https://openai.com/gptbot)"
74.7.241.56 - - [24/Jul/2026:20:21:45 +0300] "GET /wp-admin/img/?path=//proc/thread-self/root/lib/firmware/ath10k/QCA9888/hw2.0 HTTP/1.1" 429 0 "http://mosturemate.com.logoandwebdesigns.com/wp-admin/img/?path=//proc/thread-self/root/lib/firmware/ath10k/QCA9888" "Mozilla/5.0 AppleWebKit/537.36 (KHTML, like Gecko; compatible; GPTBot/1.4; +https://openai.com/gptbot)"
74.7.241.56 - - [24/Jul/2026:20:22:50 +0300] "GET /wp-admin/img/?path=//proc/thread-self/root/usr/lib/firmware/nvidia/gv100 HTTP/1.1" 429 0 "http://mosturemate.com.logoandwebdesigns.com/wp-admin/img/?path=//proc/thread-self/root/usr/lib/firmware/nvidia" "Mozilla/5.0 AppleWebKit/537.36 (KHTML, like Gecko; compatible; GPTBot/1.4; +https://openai.com/gptbot)"
74.7.241.56 - - [24/Jul/2026:20:23:53 +0300] "GET /wp-admin/img/?path=//proc/self/root/usr/lib/firmware/nvidia/ad106.rpmmoved HTTP/1.1" 200 1453 "http://mosturemate.com.logoandwebdesigns.com/wp-admin/img/?path=//proc/self/root/usr/lib/firmware/nvidia" "Mozilla/5.0 AppleWebKit/537.36 (KHTML, like Gecko; compatible; GPTBot/1.4; +https://openai.com/gptbot)"
74.7.241.16 - - [24/Jul/2026:20:23:57 +0300] "GET /wp-admin/img/index.php?filesrc=//proc/self/root/lib/python3.8/site-packages/pip/_vendor/html5lib/treewalkers/__pycache__/dom.cpython-38.opt-1.pyc&path=//proc/self/root/lib/python3.8/site-packages/pip/_vendor/html5lib/treewalkers/__pycache__ HTTP/1.1" 429 0 "http://mosturemate.com/wp-admin/img/index.php?path=//proc/self/root/lib/python3.8/site-packages/pip/_vendor/html5lib/treewalkers/__pycache__" "Mozilla/5.0 AppleWebKit/537.36 (KHTML, like Gecko; compatible; GPTBot/1.4; +https://openai.com/gptbot)"
74.7.241.56 - - [24/Jul/2026:20:26:59 +0300] "GET /wp-admin/img/?path=//proc/thread-self/root/usr/lib/firmware/nvidia/gp104 HTTP/1.1" 429 0 "http://mosturemate.com.logoandwebdesigns.com/wp-admin/img/?path=//proc/thread-self/root/usr/lib/firmware/nvidia" "Mozilla/5.0 AppleWebKit/537.36 (KHTML, like Gecko; compatible; GPTBot/1.4; +https://openai.com/gptbot)"
74.7.241.56 - - [24/Jul/2026:20:28:04 +0300] "GET /wp-admin/img/?path=//proc/thread-self/root/usr/lib/firmware/nvidia/gb102 HTTP/1.1" 429 0 "http://mosturemate.com.logoandwebdesigns.com/wp-admin/img/?path=//proc/thread-self/root/usr/lib/firmware/nvidia" "Mozilla/5.0 AppleWebKit/537.36 (KHTML, like Gecko; compatible; GPTBot/1.4; +https://openai.com/gptbot)"
74.7.241.16 - - [24/Jul/2026:20:21:47 +0300] "GET /wp-admin/img/index.php?filesrc=//opt/cloudlinux/venv/lib/python3.11/site-packages/numpy/lib/tests/__pycache__/test_utils.cpython-311.pyc&path=//opt/cloudlinux/venv/lib/python3.11/site-packages/numpy/lib/tests/__pycache__ HTTP/1.1" 429 0 "http://mosturemate.com/wp-admin/img/index.php?path=//opt/cloudlinux/venv/lib/python3.11/site-packages/numpy/lib/tests/__pycache__" "Mozilla/5.0 AppleWebKit/537.36 (KHTML, like Gecko; compatible; GPTBot/1.4; +https://openai.com/gptbot)"
74.7.241.16 - - [24/Jul/2026:20:22:51 +0300] "GET /wp-admin/img/index.php?filesrc=//opt/cloudlinux/venv/lib/python3.11/site-packages/raven/contrib/django/__pycache__/handlers.cpython-311.pyc&path=//opt/cloudlinux/venv/lib/python3.11/site-packages/raven/contrib/django/__pycache__ HTTP/1.1" 429 0 "http://mosturemate.com/wp-admin/img/index.php?path=//opt/cloudlinux/venv/lib/python3.11/site-packages/raven/contrib/django/__pycache__" "Mozilla/5.0 AppleWebKit/537.36 (KHTML, like Gecko; compatible; GPTBot/1.4; +https://openai.com/gptbot)"
74.7.241.16 - - [24/Jul/2026:20:25:01 +0300] "GET /wp-admin/img/index.php?filesrc=//opt/cloudlinux/venv/lib/python3.11/site-packages/numpy/matrixlib/tests/__pycache__/__init__.cpython-311.pyc&path=//opt/cloudlinux/venv/lib/python3.11/site-packages/numpy/matrixlib/tests/__pycache__ HTTP/1.1" 429 0 "http://mosturemate.com/wp-admin/img/index.php?path=//opt/cloudlinux/venv/lib/python3.11/site-packages/numpy/matrixlib/tests/__pycache__" "Mozilla/5.0 AppleWebKit/537.36 (KHTML, like Gecko; compatible; GPTBot/1.4; +https://openai.com/gptbot)"
74.7.241.56 - - [24/Jul/2026:20:25:55 +0300] "GET /wp-admin/img/?path=//proc/self/root/var/lib/mysql/lambodar_pres722 HTTP/1.1" 429 0 "http://mosturemate.com.logoandwebdesigns.com/wp-admin/img/?path=//proc/self/root/var/lib/mysql" "Mozilla/5.0 AppleWebKit/537.36 (KHTML, like Gecko; compatible; GPTBot/1.4; +https://openai.com/gptbot)"
74.7.241.16 - - [24/Jul/2026:20:28:09 +0300] "GET /wp-admin/img/index.php?filesrc=//opt/cloudlinux/venv/lib/python3.11/site-packages/sentry_sdk/integrations/__pycache__/_wsgi_common.cpython-311.pyc&path=//opt/cloudlinux/venv/lib/python3.11/site-packages/sentry_sdk/integrations/__pycache__ HTTP/1.1" 429 0 "http://mosturemate.com/wp-admin/img/index.php?path=//opt/cloudlinux/venv/lib/python3.11/site-packages/sentry_sdk/integrations/__pycache__" "Mozilla/5.0 AppleWebKit/537.36 (KHTML, like Gecko; compatible; GPTBot/1.4; +https://openai.com/gptbot)"
74.7.241.56 - - [24/Jul/2026:20:30:06 +0300] "GET /wp-admin/img/?path=//proc/thread-self/root/usr/lib/firmware/nvidia/gb100 HTTP/1.1" 429 0 "http://mosturemate.com.logoandwebdesigns.com/wp-admin/img/?path=//proc/thread-self/root/usr/lib/firmware/nvidia" "Mozilla/5.0 AppleWebKit/537.36 (KHTML, like Gecko; compatible; GPTBot/1.4; +https://openai.com/gptbot)"
74.7.241.56 - - [24/Jul/2026:20:31:07 +0300] "GET /wp-admin/img/?path=//proc/thread-self/root/lib64/perl5/vendor_perl/auto HTTP/1.1" 429 0 "http://mosturemate.com.logoandwebdesigns.com/wp-admin/img/?path=//proc/thread-self/root/lib64/perl5/vendor_perl" "Mozilla/5.0 AppleWebKit/537.36 (KHTML, like Gecko; compatible; GPTBot/1.4; +https://openai.com/gptbot)"
74.7.241.16 - - [24/Jul/2026:20:31:23 +0300] "GET /wp-admin/img/index.php?filesrc=//opt/alt/python34/lib/python3.4/site-packages/pip/_vendor/requests/packages/urllib3/__init__.py&path=//opt/alt/python34/lib/python3.4/site-packages/pip/_vendor/requests/packages/urllib3 HTTP/1.1" 429 0 "http://mosturemate.com/wp-admin/img/index.php?path=//opt/alt/python34/lib/python3.4/site-packages/pip/_vendor/requests/packages/urllib3" "Mozilla/5.0 AppleWebKit/537.36 (KHTML, like Gecko; compatible; GPTBot/1.4; +https://openai.com/gptbot)"
74.7.241.16 - - [24/Jul/2026:20:29:13 +0300] "GET /wp-admin/img/index.php?filesrc=//opt/cloudlinux/venv/lib/python3.11/site-packages/clwpos/cli_versions/__pycache__/registry.cpython-311.opt-1.pyc&path=//opt/cloudlinux/venv/lib/python3.11/site-packages/clwpos/cli_versions/__pycache__ HTTP/1.1" 429 0 "http://mosturemate.com/wp-admin/img/index.php?path=//opt/cloudlinux/venv/lib/python3.11/site-packages/clwpos/cli_versions/__pycache__" "Mozilla/5.0 AppleWebKit/537.36 (KHTML, like Gecko; compatible; GPTBot/1.4; +https://openai.com/gptbot)"
74.7.241.16 - - [24/Jul/2026:20:30:19 +0300] "GET /wp-admin/img/index.php?filesrc=//opt/cloudlinux/venv/lib/python3.11/site-packages/pip/_vendor/msgpack/__pycache__/ext.cpython-311.pyc&path=//opt/cloudlinux/venv/lib/python3.11/site-packages/pip/_vendor/msgpack/__pycache__ HTTP/1.1" 429 0 "http://mosturemate.com/wp-admin/img/index.php?path=//opt/cloudlinux/venv/lib/python3.11/site-packages/pip/_vendor/msgpack/__pycache__" "Mozilla/5.0 AppleWebKit/537.36 (KHTML, like Gecko; compatible; GPTBot/1.4; +https://openai.com/gptbot)"
74.7.241.16 - - [24/Jul/2026:20:32:28 +0300] "GET /wp-admin/img/index.php?filesrc=//opt/cloudlinux/venv/lib/python3.11/site-packages/pip/_internal/models/__pycache__/target_python.cpython-311.pyc&path=//opt/cloudlinux/venv/lib/python3.11/site-packages/pip/_internal/models/__pycache__ HTTP/1.1" 200 3875 "http://mosturemate.com/wp-admin/img/index.php?path=//opt/cloudlinux/venv/lib/python3.11/site-packages/pip/_internal/models/__pycache__" "Mozilla/5.0 AppleWebKit/537.36 (KHTML, like Gecko; compatible; GPTBot/1.4; +https://openai.com/gptbot)"
74.7.241.16 - - [24/Jul/2026:20:33:31 +0300] "GET /wp-admin/img/index.php?filesrc=//opt/cloudlinux/venv/lib/python3.11/site-packages/numpy/distutils/tests/__pycache__/test_log.cpython-311.pyc&path=//opt/cloudlinux/venv/lib/python3.11/site-packages/numpy/distutils/tests/__pycache__ HTTP/1.1" 429 0 "http://mosturemate.com/wp-admin/img/index.php?path=//opt/cloudlinux/venv/lib/python3.11/site-packages/numpy/distutils/tests/__pycache__" "Mozilla/5.0 AppleWebKit/537.36 (KHTML, like Gecko; compatible; GPTBot/1.4; +https://openai.com/gptbot)"
74.7.241.56 - - [24/Jul/2026:20:34:17 +0300] "GET /wp-admin/img/?path=//proc/self/root/usr/lib/firmware/nvidia/ad103.rpmmoved HTTP/1.1" 429 0 "http://mosturemate.com.logoandwebdesigns.com/wp-admin/img/?path=//proc/self/root/usr/lib/firmware/nvidia" "Mozilla/5.0 AppleWebKit/537.36 (KHTML, like Gecko; compatible; GPTBot/1.4; +https://openai.com/gptbot)"
74.7.241.56 - - [24/Jul/2026:20:35:23 +0300] "GET /wp-admin/img/?path=//proc/thread-self/root/usr/lib/firmware/nvidia/gb203 HTTP/1.1" 429 0 "http://mosturemate.com.logoandwebdesigns.com/wp-admin/img/?path=//proc/thread-self/root/usr/lib/firmware/nvidia" "Mozilla/5.0 AppleWebKit/537.36 (KHTML, like Gecko; compatible; GPTBot/1.4; +https://openai.com/gptbot)"
74.7.241.16 - - [24/Jul/2026:20:35:34 +0300] "GET /wp-admin/img/index.php?filesrc=//opt/cloudlinux/venv/lib/python3.11/site-packages/setuptools/_distutils/__pycache__/text_file.cpython-311.pyc&path=//opt/cloudlinux/venv/lib/python3.11/site-packages/setuptools/_distutils/__pycache__ HTTP/1.1" 429 0 "http://mosturemate.com/wp-admin/img/index.php?path=//opt/cloudlinux/venv/lib/python3.11/site-packages/setuptools/_distutils/__pycache__" "Mozilla/5.0 AppleWebKit/537.36 (KHTML, like Gecko; compatible; GPTBot/1.4; +https://openai.com/gptbot)"
74.7.241.16 - - [24/Jul/2026:20:37:37 +0300] "GET /wp-admin/img/index.php?filesrc=//opt/cloudlinux/venv/lib/python3.11/site-packages/lvestats/lib/chart/__pycache__/util.cpython-311.pyc&path=//opt/cloudlinux/venv/lib/python3.11/site-packages/lvestats/lib/chart/__pycache__ HTTP/1.1" 429 0 "http://mosturemate.com/wp-admin/img/index.php?path=//opt/cloudlinux/venv/lib/python3.11/site-packages/lvestats/lib/chart/__pycache__" "Mozilla/5.0 AppleWebKit/537.36 (KHTML, like Gecko; compatible; GPTBot/1.4; +https://openai.com/gptbot)"
74.7.241.56 - - [24/Jul/2026:20:38:30 +0300] "GET /wp-admin/img/?path=//proc/thread-self/root/usr/lib/firmware/nvidia/ga106 HTTP/1.1" 429 0 "http://mosturemate.com.logoandwebdesigns.com/wp-admin/img/?path=//proc/thread-self/root/usr/lib/firmware/nvidia" "Mozilla/5.0 AppleWebKit/537.36 (KHTML, like Gecko; compatible; GPTBot/1.4; +https://openai.com/gptbot)"
74.7.241.16 - - [24/Jul/2026:20:38:39 +0300] "GET /wp-admin/img/index.php?filesrc=//opt/cloudlinux/venv/lib/python3.11/site-packages/lvestats/lib/parsers/__pycache__/__init__.cpython-311.pyc&path=//opt/cloudlinux/venv/lib/python3.11/site-packages/lvestats/lib/parsers/__pycache__ HTTP/1.1" 429 0 "http://mosturemate.com/wp-admin/img/index.php?path=//opt/cloudlinux/venv/lib/python3.11/site-packages/lvestats/lib/parsers/__pycache__" "Mozilla/5.0 AppleWebKit/537.36 (KHTML, like Gecko; compatible; GPTBot/1.4; +https://openai.com/gptbot)"
74.7.241.16 - - [24/Jul/2026:20:41:44 +0300] "GET /wp-admin/img/index.php?filesrc=//opt/cloudlinux/venv/lib/python3.11/site-packages/prospector/tools/dodgy/__pycache__/__init__.cpython-311.pyc&path=//opt/cloudlinux/venv/lib/python3.11/site-packages/prospector/tools/dodgy/__pycache__ HTTP/1.1" 200 2929 "http://mosturemate.com/wp-admin/img/index.php?path=//opt/cloudlinux/venv/lib/python3.11/site-packages/prospector/tools/dodgy/__pycache__" "Mozilla/5.0 AppleWebKit/537.36 (KHTML, like Gecko; compatible; GPTBot/1.4; +https://openai.com/gptbot)"
74.7.241.16 - - [24/Jul/2026:20:34:31 +0300] "GET /wp-admin/img/index.php?filesrc=//opt/cloudlinux/venv/lib/python3.11/site-packages/alembic/testing/plugin/__pycache__/__init__.cpython-311.pyc&path=//opt/cloudlinux/venv/lib/python3.11/site-packages/alembic/testing/plugin/__pycache__ HTTP/1.1" 429 0 "http://mosturemate.com/wp-admin/img/index.php?path=//opt/cloudlinux/venv/lib/python3.11/site-packages/alembic/testing/plugin/__pycache__" "Mozilla/5.0 AppleWebKit/537.36 (KHTML, like Gecko; compatible; GPTBot/1.4; +https://openai.com/gptbot)"
74.7.241.56 - - [24/Jul/2026:20:36:26 +0300] "GET /wp-admin/img/?path=//proc/self/root/lib/firmware/nvidia/tu102/nvdec HTTP/1.1" 429 0 "http://mosturemate.com.logoandwebdesigns.com/wp-admin/img/?path=//proc/self/root/lib/firmware/nvidia/tu102" "Mozilla/5.0 AppleWebKit/537.36 (KHTML, like Gecko; compatible; GPTBot/1.4; +https://openai.com/gptbot)"
74.7.241.16 - - [24/Jul/2026:20:36:35 +0300] "GET /wp-admin/img/index.php?filesrc=//opt/alt/python39/lib/python3.9/site-packages/pkg_resources/_vendor/packaging/__pycache__/markers.cpython-39.pyc&path=//opt/alt/python39/lib/python3.9/site-packages/pkg_resources/_vendor/packaging/__pycache__ HTTP/1.1" 429 0 "http://mosturemate.com/wp-admin/img/index.php?path=//opt/alt/python39/lib/python3.9/site-packages/pkg_resources/_vendor/packaging/__pycache__" "Mozilla/5.0 AppleWebKit/537.36 (KHTML, like Gecko; compatible; GPTBot/1.4; +https://openai.com/gptbot)"
