216.73.216.36 - - [26/Jul/2026:18:54:24 +0300] "GET /zip.php?dir=CwhomeCwlogoandwCwtmpCwanalogCwfoodonwheelFwbizFwlogoandwebdesignsFwcom&edit=browrep.png HTTP/2" 200 7549 "-" "Mozilla/5.0 AppleWebKit/537.36 (KHTML, like Gecko; compatible; ClaudeBot/1.0; +claudebot@anthropic.com)"
216.73.216.36 - - [26/Jul/2026:18:54:29 +0300] "GET /file.php?dir=XPAhomeXPAlogoandwXPAtmpXPAanalogXPAmyworldinternationalXFAinfoXFAlogoandwebdesignsXFAcom&edit=4.html HTTP/2" 200 9653 "-" "Mozilla/5.0 AppleWebKit/537.36 (KHTML, like Gecko; compatible; ClaudeBot/1.0; +claudebot@anthropic.com)"
216.73.216.36 - - [26/Jul/2026:18:54:34 +0300] "GET /file.php?dir=XPAhomeXPAlogoandwXPAtmpXPAanalogXPAcrewXFAmyworldinternationalXFAinfo HTTP/2" 200 4503 "-" "Mozilla/5.0 AppleWebKit/537.36 (KHTML, like Gecko; compatible; ClaudeBot/1.0; +claudebot@anthropic.com)"
216.73.216.36 - - [26/Jul/2026:18:54:39 +0300] "GET /file.php?dir=XPAhomeXPAlogoandwXPAtmpXPAanalogXPAmyworldinternationalXFAinfoXFAlogoandwebdesignsXFAcom&edit=code.png HTTP/2" 200 5405 "-" "Mozilla/5.0 AppleWebKit/537.36 (KHTML, like Gecko; compatible; ClaudeBot/1.0; +claudebot@anthropic.com)"
216.73.216.36 - - [26/Jul/2026:18:54:44 +0300] "GET /zip.php?dir=CwhomeCwlogoandwCwsslCwcerts&view=cpcalendars_innovativeech_com_d6e56_d7f43_1774832081_8a6ccadef0c08f93e1dd7310b4e7ad51.crt.cache HTTP/2" 200 3233 "-" "Mozilla/5.0 AppleWebKit/537.36 (KHTML, like Gecko; compatible; ClaudeBot/1.0; +claudebot@anthropic.com)"
216.73.216.36 - - [26/Jul/2026:18:54:49 +0300] "GET /zip.php?dir=CwhomeCwlogoandwCwmailCwFwwelcome%40naturallights_biz HTTP/2" 200 4067 "-" "Mozilla/5.0 AppleWebKit/537.36 (KHTML, like Gecko; compatible; ClaudeBot/1.0; +claudebot@anthropic.com)"
216.73.216.36 - - [26/Jul/2026:18:54:54 +0300] "GET /zip.php?dir=CwhomeCwlogoandwCwlogs&view=transporttravelservice.com.logoandwebdesigns.com-ssl_log-Jan-2026.gz HTTP/2" 200 1437 "-" "Mozilla/5.0 AppleWebKit/537.36 (KHTML, like Gecko; compatible; ClaudeBot/1.0; +claudebot@anthropic.com)"
74.7.227.2 - - [26/Jul/2026:18:54:58 +0300] "GET /.well-known/file.php?dir=XPAhomeXPAlogoandwXPAnature-photosXFAinfoXPAwp-contentXPAwp-contentXPAcssXPAwp-contentXPAcssXPAwp-contentXPAwp-contentXPAwp-contentXPAwp-contentXPAwp-content&edit=error_log-20251108093917-20251108102804-20251108103543-20251108103744-20251108104750-20251108104836-20251108162320-20251109000812-20251109015233-20251110002142-20251111140521-20251114194201. HTTP/2" 200 3026 "https://moodyandmagic.com.logoandwebdesigns.com/.well-known/file.php?dir=XPAhomeXPAlogoandwXPAnature-photosXFAinfoXPAwp-contentXPAwp-contentXPAcssXPAwp-contentXPAcssXPAwp-contentXPAwp-contentXPAwp-contentXPAwp-contentXPAwp-content" "Mozilla/5.0 AppleWebKit/537.36 (KHTML, like Gecko; compatible; GPTBot/1.4; +https://openai.com/gptbot)"
216.73.216.36 - - [26/Jul/2026:18:54:59 +0300] "GET /file.php?dir=XPAhomeXPAlogoandwXPAtmpXPAanalogXPAglobalnetworkingXFAnetXFAlogoandwebdesignsXFAcom&edit=redirref.png HTTP/2" 200 4986 "-" "Mozilla/5.0 AppleWebKit/537.36 (KHTML, like Gecko; compatible; ClaudeBot/1.0; +claudebot@anthropic.com)"
216.73.216.36 - - [26/Jul/2026:18:55:04 +0300] "GET /file.php?dir=XPAhomeXPAlogoandwXPAtmpXPAanalogXPAstudiophotosXFAlifeXFAlogoandwebdesignsXFAcom HTTP/2" 200 4567 "-" "Mozilla/5.0 AppleWebKit/537.36 (KHTML, like Gecko; compatible; ClaudeBot/1.0; +claudebot@anthropic.com)"
216.73.216.36 - - [26/Jul/2026:18:55:10 +0300] "GET /zip.php?dir=CwusrCwshareCwlocaleCwlah HTTP/2" 200 3182 "-" "Mozilla/5.0 AppleWebKit/537.36 (KHTML, like Gecko; compatible; ClaudeBot/1.0; +claudebot@anthropic.com)"
216.73.216.36 - - [26/Jul/2026:18:55:14 +0300] "GET /zip.php?dir=CwusrCwshareCwlocaleCwkaa HTTP/2" 200 3181 "-" "Mozilla/5.0 AppleWebKit/537.36 (KHTML, like Gecko; compatible; ClaudeBot/1.0; +claudebot@anthropic.com)"
216.73.216.36 - - [26/Jul/2026:18:55:19 +0300] "GET /zip.php?dir=CwusrCwshareCwlocaleCwhi HTTP/2" 200 3169 "-" "Mozilla/5.0 AppleWebKit/537.36 (KHTML, like Gecko; compatible; ClaudeBot/1.0; +claudebot@anthropic.com)"
216.73.216.36 - - [26/Jul/2026:18:55:24 +0300] "GET /zip.php?dir=CwusrCwshareCwlocaleCwbem HTTP/2" 200 3184 "-" "Mozilla/5.0 AppleWebKit/537.36 (KHTML, like Gecko; compatible; ClaudeBot/1.0; +claudebot@anthropic.com)"
216.73.216.36 - - [26/Jul/2026:18:55:29 +0300] "GET /zip.php?dir=CwusrCwshareCwlocaleCwkut HTTP/2" 200 3183 "-" "Mozilla/5.0 AppleWebKit/537.36 (KHTML, like Gecko; compatible; ClaudeBot/1.0; +claudebot@anthropic.com)"
216.73.216.36 - - [26/Jul/2026:18:55:34 +0300] "GET /zip.php?dir=CwusrCwshareCwlocaleCwes_ES HTTP/2" 200 3157 "-" "Mozilla/5.0 AppleWebKit/537.36 (KHTML, like Gecko; compatible; ClaudeBot/1.0; +claudebot@anthropic.com)"
216.73.216.36 - - [26/Jul/2026:18:55:39 +0300] "GET /zip.php?dir=CwusrCwshareCwlocaleCwmdf HTTP/2" 200 3183 "-" "Mozilla/5.0 AppleWebKit/537.36 (KHTML, like Gecko; compatible; ClaudeBot/1.0; +claudebot@anthropic.com)"
216.73.216.36 - - [26/Jul/2026:18:55:44 +0300] "GET /zip.php?dir=CwusrCwshareCwmysqlCwukrainian&view=errmsg.sys HTTP/2" 200 27805 "-" "Mozilla/5.0 AppleWebKit/537.36 (KHTML, like Gecko; compatible; ClaudeBot/1.0; +claudebot@anthropic.com)"
216.73.216.36 - - [26/Jul/2026:18:55:49 +0300] "GET /zip.php?dir=CwusrCwshareCwlocaleCwmas HTTP/2" 200 3183 "-" "Mozilla/5.0 AppleWebKit/537.36 (KHTML, like Gecko; compatible; ClaudeBot/1.0; +claudebot@anthropic.com)"
216.73.216.36 - - [26/Jul/2026:18:55:55 +0300] "GET /zip.php?dir=CwusrCwshareCwlocaleCwav HTTP/2" 200 3174 "-" "Mozilla/5.0 AppleWebKit/537.36 (KHTML, like Gecko; compatible; ClaudeBot/1.0; +claudebot@anthropic.com)"
216.73.216.36 - - [26/Jul/2026:18:56:00 +0300] "GET /zip.php?dir=CwusrCwincludeCwlinuxCwraid HTTP/2" 200 3219 "-" "Mozilla/5.0 AppleWebKit/537.36 (KHTML, like Gecko; compatible; ClaudeBot/1.0; +claudebot@anthropic.com)"
216.73.216.36 - - [26/Jul/2026:18:56:05 +0300] "GET /zip.php?dir=CwusrCwincludeCwlinux&edit=errqueue.h HTTP/2" 200 3182 "-" "Mozilla/5.0 AppleWebKit/537.36 (KHTML, like Gecko; compatible; ClaudeBot/1.0; +claudebot@anthropic.com)"
216.73.216.36 - - [26/Jul/2026:18:56:10 +0300] "GET /beginedit8.php HTTP/2" 404 1251 "-" "Mozilla/5.0 AppleWebKit/537.36 (KHTML, like Gecko; compatible; ClaudeBot/1.0; +claudebot@anthropic.com)"
74.7.243.222 - - [26/Jul/2026:18:57:10 +0300] "GET /file.php?dir=XPAusrXPAlib64&edit=libldb.so.2.8.0 HTTP/2" 200 89756 "https://www.moodyandmagic.com.logoandwebdesigns.com/file.php?dir=XPAusrXPAlib64" "Mozilla/5.0 AppleWebKit/537.36 (KHTML, like Gecko; compatible; GPTBot/1.4; +https://openai.com/gptbot)"
216.73.216.36 - - [26/Jul/2026:18:58:02 +0300] "GET /zip.php?dir=CwhomeCwlogoandwCwrabactechFwcomCwwp-includes&edit=01f HTTP/2" 200 5776 "-" "Mozilla/5.0 AppleWebKit/537.36 (KHTML, like Gecko; compatible; ClaudeBot/1.0; +claudebot@anthropic.com)"
216.73.216.36 - - [26/Jul/2026:18:58:06 +0300] "GET /zip.php?dir=CwhomeCwlogoandwCwrabactechFwcomCwwp-includes&view=06ebd2 HTTP/2" 429 0 "-" "Mozilla/5.0 AppleWebKit/537.36 (KHTML, like Gecko; compatible; ClaudeBot/1.0; +claudebot@anthropic.com)"
216.73.216.36 - - [26/Jul/2026:18:58:13 +0300] "GET /zip.php?dir=CwhomeCwlogoandwCwtmpCwanalogCwmyhappyspaceFwinfoFwlogoandwebdesignsFwcom&view=4.html HTTP/2" 429 0 "-" "Mozilla/5.0 AppleWebKit/537.36 (KHTML, like Gecko; compatible; ClaudeBot/1.0; +claudebot@anthropic.com)"
216.73.216.36 - - [26/Jul/2026:18:53:42 +0300] "GET /zip.php?dir=CwhomeCwlogoandwCwtmpCwwebalizerCwdatesgeorgiaFwcomFwlogoandwebdesignsFwcom&view=daily_usage_202602.png HTTP/2" 429 0 "-" "Mozilla/5.0 AppleWebKit/537.36 (KHTML, like Gecko; compatible; ClaudeBot/1.0; +claudebot@anthropic.com)"
216.73.216.36 - - [26/Jul/2026:18:53:47 +0300] "GET /zip.php?dir=CwhomeCwlogoandwCwlogs&edit=studiophotos.life.logoandwebdesigns.com-ssl_log.bkup HTTP/2" 429 0 "-" "Mozilla/5.0 AppleWebKit/537.36 (KHTML, like Gecko; compatible; ClaudeBot/1.0; +claudebot@anthropic.com)"
216.73.216.36 - - [26/Jul/2026:18:53:52 +0300] "GET /zip.php?dir=CwhomeCwlogoandwCwtmpCwwebalizerCwtheconnectworldFwnetFwlogoandwebdesignsFwcom&view=daily_usage_202511.png HTTP/2" 200 3762 "-" "Mozilla/5.0 AppleWebKit/537.36 (KHTML, like Gecko; compatible; ClaudeBot/1.0; +claudebot@anthropic.com)"
74.7.227.2 - - [26/Jul/2026:18:53:54 +0300] "GET /.well-known/zip.php?dir=CwhomeCwlogoandwCwnature-photosFwinfoCwwp-includesCwincludesCwwp-contentCwincludesCwwp-contentCwcssCwwp-contentCwwp-contentCwwp-contentCwwp-contentCwwp-content&edit=error_log-20251108093917-20251108102804-20251108103543-20251108103744-20251108104750-20251108104836-20251108162320-20251109000812-20251109015233-20251110002142-20251116184409-20251116191711-20251118060447. HTTP/2" 429 0 "https://moodyandmagic.com.logoandwebdesigns.com/.well-known/zip.php?dir=CwhomeCwlogoandwCwnature-photosFwinfoCwwp-includesCwincludesCwwp-contentCwincludesCwwp-contentCwcssCwwp-contentCwwp-contentCwwp-contentCwwp-contentCwwp-content" "Mozilla/5.0 AppleWebKit/537.36 (KHTML, like Gecko; compatible; GPTBot/1.4; +https://openai.com/gptbot)"
216.73.216.36 - - [26/Jul/2026:18:57:15 +0300] "GET /zip.php?dir=CwhomeCwlogoandwCwtmpCwwebalizerCwelctronicproductFwbizFwlogoandwebdesignsFwcom&edit=hourly_usage_202512.png HTTP/2" 429 0 "-" "Mozilla/5.0 AppleWebKit/537.36 (KHTML, like Gecko; compatible; ClaudeBot/1.0; +claudebot@anthropic.com)"
216.73.216.36 - - [26/Jul/2026:18:57:20 +0300] "GET /file.php?dir=XPAhomeXPAlogoandwXPAtmpXPAanalogXPAdslrXFAnature-photosXFAinfo HTTP/2" 429 0 "-" "Mozilla/5.0 AppleWebKit/537.36 (KHTML, like Gecko; compatible; ClaudeBot/1.0; +claudebot@anthropic.com)"
216.73.216.36 - - [26/Jul/2026:18:57:25 +0300] "GET /file.php?dir=XPAhomeXPAlogoandwXPAtmpXPAanalogXPAfoodonwheelXFAbizXFAlogoandwebdesignsXFAcom HTTP/2" 429 0 "-" "Mozilla/5.0 AppleWebKit/537.36 (KHTML, like Gecko; compatible; ClaudeBot/1.0; +claudebot@anthropic.com)"
216.73.216.36 - - [26/Jul/2026:18:57:30 +0300] "GET /file.php?dir=XPAhomeXPAlogoandwXPAetcXPAnaturallightsXFAbiz&edit=rewards.rcube.db HTTP/2" 429 0 "-" "Mozilla/5.0 AppleWebKit/537.36 (KHTML, like Gecko; compatible; ClaudeBot/1.0; +claudebot@anthropic.com)"
216.73.216.36 - - [26/Jul/2026:18:57:35 +0300] "GET /file.php?dir=XPAhomeXPAlogoandwXPAlogs&edit=foodonwheel.biz.logoandwebdesigns.com-ssl_log-Nov-2025.gz HTTP/2" 429 0 "-" "Mozilla/5.0 AppleWebKit/537.36 (KHTML, like Gecko; compatible; ClaudeBot/1.0; +claudebot@anthropic.com)"
216.73.216.36 - - [26/Jul/2026:18:57:40 +0300] "GET /zip.php?dir=CwhomeCwlogoandwCwlogs&view=track.businescompany.info-Dec-2025.gz HTTP/2" 429 0 "-" "Mozilla/5.0 AppleWebKit/537.36 (KHTML, like Gecko; compatible; ClaudeBot/1.0; +claudebot@anthropic.com)"
216.73.216.36 - - [26/Jul/2026:18:57:45 +0300] "GET /file.php?dir=XPAhomeXPAlogoandwXPAtmpXPAanalogXPAmyworldinternationalXFAinfoXFAlogoandwebdesignsXFAcom&edit=11.html HTTP/2" 200 8815 "-" "Mozilla/5.0 AppleWebKit/537.36 (KHTML, like Gecko; compatible; ClaudeBot/1.0; +claudebot@anthropic.com)"
216.73.216.36 - - [26/Jul/2026:18:57:50 +0300] "GET /file.php?dir=XPAhomeXPAlogoandwXPAlogs&edit=foodonwheel.biz.logoandwebdesigns.com-Nov-2025.gz HTTP/2" 429 0 "-" "Mozilla/5.0 AppleWebKit/537.36 (KHTML, like Gecko; compatible; ClaudeBot/1.0; +claudebot@anthropic.com)"
216.73.216.36 - - [26/Jul/2026:18:57:55 +0300] "GET /file.php?dir=XPAhomeXPAlogoandwXPAtmpXPAanalogXPAmyworldinternationalXFAinfoXFAlogoandwebdesignsXFAcom&edit=10.html HTTP/2" 429 0 "-" "Mozilla/5.0 AppleWebKit/537.36 (KHTML, like Gecko; compatible; ClaudeBot/1.0; +claudebot@anthropic.com)"
74.7.230.37 - - [26/Jul/2026:18:58:33 +0300] "GET /robots.txt HTTP/2" 404 1251 "-" "Mozilla/5.0 (Macintosh; Intel Mac OS X 10_15_7) AppleWebKit/537.36 (KHTML, like Gecko) Chrome/131.0.0.0 Safari/537.36; compatible; OAI-SearchBot/1.4; robots.txt; +https://openai.com/searchbot"
216.73.216.36 - - [26/Jul/2026:18:58:35 +0300] "GET /zip.php?dir=CwhomeCwlogoandwCwrabactechFwcomCwwp-includes&edit=02dd HTTP/2" 429 0 "-" "Mozilla/5.0 AppleWebKit/537.36 (KHTML, like Gecko; compatible; ClaudeBot/1.0; +claudebot@anthropic.com)"
216.73.216.36 - - [26/Jul/2026:18:58:40 +0300] "GET /zip.php?dir=CwhomeCwlogoandwCwrabactechFwcomCwwp-includes&edit=03474 HTTP/2" 429 0 "-" "Mozilla/5.0 AppleWebKit/537.36 (KHTML, like Gecko; compatible; ClaudeBot/1.0; +claudebot@anthropic.com)"
216.73.216.36 - - [26/Jul/2026:18:58:45 +0300] "GET /zip.php?dir=CwhomeCwlogoandwCwrabactechFwcomCwwp-includes&edit=089e HTTP/2" 429 0 "-" "Mozilla/5.0 AppleWebKit/537.36 (KHTML, like Gecko; compatible; ClaudeBot/1.0; +claudebot@anthropic.com)"
216.73.216.36 - - [26/Jul/2026:18:58:50 +0300] "GET /zip.php?dir=CwhomeCwlogoandwCwrabactechFwcomCwwp-includes&edit=072bd HTTP/2" 429 0 "-" "Mozilla/5.0 AppleWebKit/537.36 (KHTML, like Gecko; compatible; ClaudeBot/1.0; +claudebot@anthropic.com)"
216.73.216.36 - - [26/Jul/2026:18:59:27 +0300] "GET /zip.php?dir=CwusrCwlib64&view=libIlmImf-2_2.so.22 HTTP/2" 200 880395 "-" "Mozilla/5.0 AppleWebKit/537.36 (KHTML, like Gecko; compatible; ClaudeBot/1.0; +claudebot@anthropic.com)"
216.73.216.36 - - [26/Jul/2026:18:58:18 +0300] "GET /zip.php?dir=CwhomeCwlogoandwCwtmpCwanalogCwmyhappyspaceFwinfoFwlogoandwebdesignsFwcom&edit=6.html HTTP/2" 429 0 "-" "Mozilla/5.0 AppleWebKit/537.36 (KHTML, like Gecko; compatible; ClaudeBot/1.0; +claudebot@anthropic.com)"
216.73.216.36 - - [26/Jul/2026:18:58:20 +0300] "GET /zip.php?dir=CwhomeCwlogoandwCwtmpCwanalogCwmyhappyspaceFwinfoFwlogoandwebdesignsFwcom&edit=dir.png HTTP/2" 429 0 "-" "Mozilla/5.0 AppleWebKit/537.36 (KHTML, like Gecko; compatible; ClaudeBot/1.0; +claudebot@anthropic.com)"
216.73.216.36 - - [26/Jul/2026:18:58:24 +0300] "GET /zip.php?dir=CwhomeCwlogoandwCwtmpCwanalogCwmyhappyspaceFwinfoFwlogoandwebdesignsFwcom&edit=type.png HTTP/2" 429 0 "-" "Mozilla/5.0 AppleWebKit/537.36 (KHTML, like Gecko; compatible; ClaudeBot/1.0; +claudebot@anthropic.com)"
216.73.216.36 - - [26/Jul/2026:18:58:26 +0300] "GET /zip.php?dir=CwhomeCwlogoandwCwtmpCwanalogCwmyhappyspaceFwinfoFwlogoandwebdesignsFwcom&edit=os.png HTTP/2" 429 0 "-" "Mozilla/5.0 AppleWebKit/537.36 (KHTML, like Gecko; compatible; ClaudeBot/1.0; +claudebot@anthropic.com)"
216.73.216.36 - - [26/Jul/2026:18:58:31 +0300] "GET /zip.php?dir=CwhomeCwlogoandwCwtmpCwanalogCwmyhappyspaceFwinfoFwlogoandwebdesignsFwcom&edit=org.png HTTP/2" 429 0 "-" "Mozilla/5.0 AppleWebKit/537.36 (KHTML, like Gecko; compatible; ClaudeBot/1.0; +claudebot@anthropic.com)"
74.7.243.222 - - [26/Jul/2026:18:58:38 +0300] "GET /zip.php?dir=CwusrCwlib64&edit=libcgraph.so.6.0.0 HTTP/2" 200 43465 "https://www.moodyandmagic.com.logoandwebdesigns.com/zip.php?dir=CwusrCwlib64" "Mozilla/5.0 AppleWebKit/537.36 (KHTML, like Gecko; compatible; GPTBot/1.4; +https://openai.com/gptbot)"
216.73.216.36 - - [26/Jul/2026:18:59:01 +0300] "GET /zip.php?dir=CwusrCwlib64&edit=libdns.so.1115.0.3 HTTP/2" 200 925498 "-" "Mozilla/5.0 AppleWebKit/537.36 (KHTML, like Gecko; compatible; ClaudeBot/1.0; +claudebot@anthropic.com)"
216.73.216.36 - - [26/Jul/2026:18:59:06 +0300] "GET /zip.php?dir=CwusrCwlib64&edit=libxcb-xvmc.so.0 HTTP/2" 429 0 "-" "Mozilla/5.0 AppleWebKit/537.36 (KHTML, like Gecko; compatible; ClaudeBot/1.0; +claudebot@anthropic.com)"
216.73.216.36 - - [26/Jul/2026:18:59:11 +0300] "GET /zip.php?dir=CwusrCwlib64&view=libxcb-dri3.so.0 HTTP/2" 429 0 "-" "Mozilla/5.0 AppleWebKit/537.36 (KHTML, like Gecko; compatible; ClaudeBot/1.0; +claudebot@anthropic.com)"
216.73.216.36 - - [26/Jul/2026:18:59:18 +0300] "GET /zip.php?dir=CwusrCwbin&view=captoinfo HTTP/2" 429 0 "-" "Mozilla/5.0 AppleWebKit/537.36 (KHTML, like Gecko; compatible; ClaudeBot/1.0; +claudebot@anthropic.com)"
216.73.216.36 - - [26/Jul/2026:18:59:21 +0300] "GET /zip.php?dir=CwusrCwlib64&view=libIlmImfUtil-2_2.so.22 HTTP/2" 429 0 "-" "Mozilla/5.0 AppleWebKit/537.36 (KHTML, like Gecko; compatible; ClaudeBot/1.0; +claudebot@anthropic.com)"
216.73.216.36 - - [26/Jul/2026:18:59:58 +0300] "GET /zip.php?dir=CwusrCwlib64Cwsw&edit=libmysqlserver.so.2 HTTP/2" 429 0 "-" "Mozilla/5.0 AppleWebKit/537.36 (KHTML, like Gecko; compatible; ClaudeBot/1.0; +claudebot@anthropic.com)"
216.73.216.36 - - [26/Jul/2026:19:00:03 +0300] "GET /$FORM?version=on HTTP/2" 404 1251 "-" "Mozilla/5.0 AppleWebKit/537.36 (KHTML, like Gecko; compatible; ClaudeBot/1.0; +claudebot@anthropic.com)"
216.73.216.36 - - [26/Jul/2026:19:00:08 +0300] "GET /$FORM?help=on HTTP/2" 404 1251 "-" "Mozilla/5.0 AppleWebKit/537.36 (KHTML, like Gecko; compatible; ClaudeBot/1.0; +claudebot@anthropic.com)"
216.73.216.36 - - [26/Jul/2026:19:00:13 +0300] "GET /$FORM?edit=on HTTP/2" 404 1251 "-" "Mozilla/5.0 AppleWebKit/537.36 (KHTML, like Gecko; compatible; ClaudeBot/1.0; +claudebot@anthropic.com)"
216.73.216.36 - - [26/Jul/2026:19:00:18 +0300] "GET /$FORM?relnotes=on HTTP/2" 404 1251 "-" "Mozilla/5.0 AppleWebKit/537.36 (KHTML, like Gecko; compatible; ClaudeBot/1.0; +claudebot@anthropic.com)"
74.7.243.222 - - [26/Jul/2026:19:00:20 +0300] "GET /file.php?dir=XPAusrXPAlib64&edit=libnsl.so.2.0.0 HTTP/2" 200 42785 "https://www.moodyandmagic.com.logoandwebdesigns.com/file.php?dir=XPAusrXPAlib64" "Mozilla/5.0 AppleWebKit/537.36 (KHTML, like Gecko; compatible; GPTBot/1.4; +https://openai.com/gptbot)"
216.73.216.36 - - [26/Jul/2026:19:00:23 +0300] "GET /ReZdqh.php HTTP/2" 404 1251 "-" "Mozilla/5.0 AppleWebKit/537.36 (KHTML, like Gecko; compatible; ClaudeBot/1.0; +claudebot@anthropic.com)"
74.7.227.2 - - [26/Jul/2026:19:00:24 +0300] "GET /.well-known/file.php?dir=XPAhomeXPAlogoandwXPAnature-photosXFAinfoXPAwp-contentXPAwp-contentXPAcssXPAwp-contentXPAcssXPAwp-contentXPAwp-contentXPAwp-contentXPAwp-contentXPAwp-content&edit=error_log-20251108093917-20251108102804-20251108103543-20251108103744-20251108104750-20251108104836-20251108162320-20251109000812-20251109010418-20251118084246-20251118085210-20251118105048-20251120194700. HTTP/2" 200 2988 "https://moodyandmagic.com.logoandwebdesigns.com/.well-known/file.php?dir=XPAhomeXPAlogoandwXPAnature-photosXFAinfoXPAwp-contentXPAwp-contentXPAcssXPAwp-contentXPAcssXPAwp-contentXPAwp-contentXPAwp-contentXPAwp-contentXPAwp-content" "Mozilla/5.0 AppleWebKit/537.36 (KHTML, like Gecko; compatible; GPTBot/1.4; +https://openai.com/gptbot)"
216.73.216.36 - - [26/Jul/2026:19:00:28 +0300] "GET //%22$MySQLaccess::MYSQLADMIN/%22 HTTP/2" 404 1251 "-" "Mozilla/5.0 AppleWebKit/537.36 (KHTML, like Gecko; compatible; ClaudeBot/1.0; +claudebot@anthropic.com)"
216.73.216.36 - - [26/Jul/2026:19:00:33 +0300] "GET //%22https:/jira.mariadb.org/%22 HTTP/2" 404 1251 "-" "Mozilla/5.0 AppleWebKit/537.36 (KHTML, like Gecko; compatible; ClaudeBot/1.0; +claudebot@anthropic.com)"
216.73.216.36 - - [26/Jul/2026:19:00:38 +0300] "GET /zip.php?dir=CwhomeCwlogoandwCwrabactechFwcomCwwp-includes&view=0aca0a HTTP/2" 200 3193 "-" "Mozilla/5.0 AppleWebKit/537.36 (KHTML, like Gecko; compatible; ClaudeBot/1.0; +claudebot@anthropic.com)"
216.73.216.36 - - [26/Jul/2026:19:00:43 +0300] "GET /zip.php?dir=CwhomeCwlogoandwCwrabactechFwcomCwwp-includes&view=080f08 HTTP/2" 429 0 "-" "Mozilla/5.0 AppleWebKit/537.36 (KHTML, like Gecko; compatible; ClaudeBot/1.0; +claudebot@anthropic.com)"
74.7.227.2 - - [26/Jul/2026:19:00:54 +0300] "GET /.well-known/file.php?dir=XPAhomeXPAlogoandwXPAnature-photosXFAinfoXPAwp-contentXPAincludesXPAwp-contentXPAcssXPAwp-contentXPAwp-contentXPAwp-contentXPAwp-contentXPAwp-content&edit=error_log-20251108093917-20251108102804-20251108103543-20251108103744-20251108104750-20251108104836-20251108162320-20251109000812-20251109010418-20251118084246-20251118085210-20251118104955. HTTP/2" 200 3016 "https://moodyandmagic.com.logoandwebdesigns.com/.well-known/file.php?dir=XPAhomeXPAlogoandwXPAnature-photosXFAinfoXPAwp-contentXPAincludesXPAwp-contentXPAcssXPAwp-contentXPAwp-contentXPAwp-contentXPAwp-contentXPAwp-content" "Mozilla/5.0 AppleWebKit/537.36 (KHTML, like Gecko; compatible; GPTBot/1.4; +https://openai.com/gptbot)"
216.73.216.36 - - [26/Jul/2026:19:00:55 +0300] "GET /zip.php?dir=CwhomeCwlogoandwCwrabactechFwcomCwwp-includes&view=019ff HTTP/2" 429 0 "-" "Mozilla/5.0 AppleWebKit/537.36 (KHTML, like Gecko; compatible; ClaudeBot/1.0; +claudebot@anthropic.com)"
216.73.216.36 - - [26/Jul/2026:19:01:00 +0300] "GET /zip.php?dir=CwhomeCwlogoandwCwrabactechFwcomCwwp-includes&edit=002f HTTP/2" 429 0 "-" "Mozilla/5.0 AppleWebKit/537.36 (KHTML, like Gecko; compatible; ClaudeBot/1.0; +claudebot@anthropic.com)"
74.7.227.2 - - [26/Jul/2026:18:57:47 +0300] "GET /.well-known/file.php?dir=XPAhomeXPAlogoandwXPAnature-photosXFAinfoXPAwp-contentXPAincludesXPAwp-contentXPAcssXPAwp-contentXPAwp-contentXPAwp-contentXPAwp-contentXPAwp-content&edit=error_log-20251108093917-20251108102804-20251108103543-20251108103744-20251108104750-20251108104836-20251108162320-20251109000812-20251109015233-20251110002142-20251111143537-20251111144558. HTTP/2" 200 3016 "https://moodyandmagic.com.logoandwebdesigns.com/.well-known/file.php?dir=XPAhomeXPAlogoandwXPAnature-photosXFAinfoXPAwp-contentXPAincludesXPAwp-contentXPAcssXPAwp-contentXPAwp-contentXPAwp-contentXPAwp-contentXPAwp-content" "Mozilla/5.0 AppleWebKit/537.36 (KHTML, like Gecko; compatible; GPTBot/1.4; +https://openai.com/gptbot)"
216.73.216.36 - - [26/Jul/2026:18:58:08 +0300] "GET /zip.php?dir=CwhomeCwlogoandwCwrabactechFwcomCwwp-includes&view=020dfd HTTP/2" 200 3193 "-" "Mozilla/5.0 AppleWebKit/537.36 (KHTML, like Gecko; compatible; ClaudeBot/1.0; +claudebot@anthropic.com)"
216.73.216.36 - - [26/Jul/2026:18:58:12 +0300] "GET /zip.php?dir=CwusrCwlib64Cwperl5Cwvendor_perlCwFilter&edit=decrypt.pm HTTP/2" 429 0 "-" "Mozilla/5.0 AppleWebKit/537.36 (KHTML, like Gecko; compatible; ClaudeBot/1.0; +claudebot@anthropic.com)"
216.73.216.36 - - [26/Jul/2026:18:58:55 +0300] "GET /zip.php?dir=CwhomeCwlogoandwCwtmpCwanalogCwmyhappyspaceFwinfoFwlogoandwebdesignsFwcom&edit=redirref.png HTTP/2" 200 4825 "-" "Mozilla/5.0 AppleWebKit/537.36 (KHTML, like Gecko; compatible; ClaudeBot/1.0; +claudebot@anthropic.com)"
216.73.216.36 - - [26/Jul/2026:18:59:00 +0300] "GET /zip.php?dir=CwhomeCwlogoandwCwtmpCwanalogCwmyhappyspaceFwinfoFwlogoandwebdesignsFwcom&view=org.png HTTP/2" 429 0 "-" "Mozilla/5.0 AppleWebKit/537.36 (KHTML, like Gecko; compatible; ClaudeBot/1.0; +claudebot@anthropic.com)"
216.73.216.36 - - [26/Jul/2026:19:01:04 +0300] "GET /zip.php?dir=CwhomeCwlogoandwCwrabactechFwcomCwwp-includes&view=04ca HTTP/2" 429 0 "-" "Mozilla/5.0 AppleWebKit/537.36 (KHTML, like Gecko; compatible; ClaudeBot/1.0; +claudebot@anthropic.com)"
216.73.216.36 - - [26/Jul/2026:19:01:09 +0300] "GET /zip.php?dir=CwhomeCwlogoandwCwrabactechFwcomCwwp-includes&view=033bb9 HTTP/2" 429 0 "-" "Mozilla/5.0 AppleWebKit/537.36 (KHTML, like Gecko; compatible; ClaudeBot/1.0; +claudebot@anthropic.com)"
216.73.216.36 - - [26/Jul/2026:19:01:12 +0300] "GET /zip.php?dir=CwhomeCwlogoandwCwrabactechFwcomCwwp-includes&view=06db2 HTTP/2" 429 0 "-" "Mozilla/5.0 AppleWebKit/537.36 (KHTML, like Gecko; compatible; ClaudeBot/1.0; +claudebot@anthropic.com)"
216.73.216.36 - - [26/Jul/2026:19:01:17 +0300] "GET /zip.php?dir=CwhomeCwlogoandwCwrabactechFwcomCwwp-includes&edit=075d2 HTTP/2" 429 0 "-" "Mozilla/5.0 AppleWebKit/537.36 (KHTML, like Gecko; compatible; ClaudeBot/1.0; +claudebot@anthropic.com)"
216.73.216.36 - - [26/Jul/2026:19:01:21 +0300] "GET /zip.php?dir=CwusrCwlib64&edit=libpolkit-agent-1.so.0 HTTP/2" 429 0 "-" "Mozilla/5.0 AppleWebKit/537.36 (KHTML, like Gecko; compatible; ClaudeBot/1.0; +claudebot@anthropic.com)"
216.73.216.36 - - [26/Jul/2026:19:01:25 +0300] "GET /zip.php?dir=CwusrCwlib64&view=libnl-3.so.200.26.0 HTTP/2" 200 62593 "-" "Mozilla/5.0 AppleWebKit/537.36 (KHTML, like Gecko; compatible; ClaudeBot/1.0; +claudebot@anthropic.com)"
216.73.216.36 - - [26/Jul/2026:19:01:30 +0300] "GET /zip.php?dir=CwusrCwshareCwlocaleCwlv HTTP/2" 429 0 "-" "Mozilla/5.0 AppleWebKit/537.36 (KHTML, like Gecko; compatible; ClaudeBot/1.0; +claudebot@anthropic.com)"
216.73.216.36 - - [26/Jul/2026:19:01:36 +0300] "GET /zip.php?dir=CwvarCwwwwCwhtml&edit=413.shtml HTTP/2" 429 0 "-" "Mozilla/5.0 AppleWebKit/537.36 (KHTML, like Gecko; compatible; ClaudeBot/1.0; +claudebot@anthropic.com)"
216.73.216.36 - - [26/Jul/2026:19:01:41 +0300] "GET /zip.php?dir=CwusrCwlib64Cwsw&edit=librdbmspp.so.2 HTTP/2" 429 0 "-" "Mozilla/5.0 AppleWebKit/537.36 (KHTML, like Gecko; compatible; ClaudeBot/1.0; +claudebot@anthropic.com)"
74.7.227.2 - - [26/Jul/2026:19:01:22 +0300] "GET /.well-known/file.php?dir=XPAhomeXPAlogoandwXPAnature-photosXFAinfoXPAwp-contentXPAwp-contentXPAcssXPAwp-contentXPAcssXPAwp-contentXPAwp-contentXPAwp-contentXPAwp-contentXPAwp-content&edit=error_log-20251108093917-20251108102804-20251108103543-20251108103744-20251108104750-20251108104836-20251108162320-20251109000812-20251109015233-20251110002142-20251113155032-20251113191151. HTTP/2" 200 3025 "https://moodyandmagic.com.logoandwebdesigns.com/.well-known/file.php?dir=XPAhomeXPAlogoandwXPAnature-photosXFAinfoXPAwp-contentXPAwp-contentXPAcssXPAwp-contentXPAcssXPAwp-contentXPAwp-contentXPAwp-contentXPAwp-contentXPAwp-content" "Mozilla/5.0 AppleWebKit/537.36 (KHTML, like Gecko; compatible; GPTBot/1.4; +https://openai.com/gptbot)"
74.7.243.222 - - [26/Jul/2026:19:01:33 +0300] "GET /zip.php?dir=CwusrCwlib64&edit=libodbccr.so.2.0.0 HTTP/2" 200 17677 "https://www.moodyandmagic.com.logoandwebdesigns.com/zip.php?dir=CwusrCwlib64" "Mozilla/5.0 AppleWebKit/537.36 (KHTML, like Gecko; compatible; GPTBot/1.4; +https://openai.com/gptbot)"
74.7.227.2 - - [26/Jul/2026:19:01:47 +0300] "GET /.well-known/file.php?dir=XPAhomeXPAlogoandwXPAnature-photosXFAinfoXPAwp-contentXPAincludesXPAwp-contentXPAcssXPAwp-contentXPAwp-contentXPAwp-contentXPAwp-contentXPAwp-content&edit=error_log-20251108093917-20251108102804-20251108103543-20251108103744-20251108104750-20251108104836-20251108162320-20251109000812-20251109015233-20251110002142-20251110210415-20251117181156. HTTP/2" 200 3018 "https://moodyandmagic.com.logoandwebdesigns.com/.well-known/file.php?dir=XPAhomeXPAlogoandwXPAnature-photosXFAinfoXPAwp-contentXPAincludesXPAwp-contentXPAcssXPAwp-contentXPAwp-contentXPAwp-contentXPAwp-contentXPAwp-content" "Mozilla/5.0 AppleWebKit/537.36 (KHTML, like Gecko; compatible; GPTBot/1.4; +https://openai.com/gptbot)"
216.73.216.36 - - [26/Jul/2026:19:01:51 +0300] "GET /zip.php?dir=CwhomeCwlogoandwCwrabactechFwcomCwwp-includes&edit=090ca HTTP/2" 429 0 "-" "Mozilla/5.0 AppleWebKit/537.36 (KHTML, like Gecko; compatible; ClaudeBot/1.0; +claudebot@anthropic.com)"
74.7.243.222 - - [26/Jul/2026:19:01:53 +0300] "GET /zip.php?dir=CwusrCwlib64&edit=libjasper.so.4.0.0 HTTP/2" 200 152893 "https://www.moodyandmagic.com.logoandwebdesigns.com/zip.php?dir=CwusrCwlib64" "Mozilla/5.0 AppleWebKit/537.36 (KHTML, like Gecko; compatible; GPTBot/1.4; +https://openai.com/gptbot)"
216.73.216.36 - - [26/Jul/2026:19:01:56 +0300] "GET /zip.php?dir=CwhomeCwlogoandwCwrabactechFwcomCwwp-includes&edit=00d HTTP/2" 429 0 "-" "Mozilla/5.0 AppleWebKit/537.36 (KHTML, like Gecko; compatible; ClaudeBot/1.0; +claudebot@anthropic.com)"
216.73.216.36 - - [26/Jul/2026:19:02:01 +0300] "GET /zip.php?dir=CwhomeCwlogoandwCwrabactechFwcomCwwp-includes&edit=059 HTTP/2" 429 0 "-" "Mozilla/5.0 AppleWebKit/537.36 (KHTML, like Gecko; compatible; ClaudeBot/1.0; +claudebot@anthropic.com)"
216.73.216.36 - - [26/Jul/2026:19:02:06 +0300] "GET /zip.php?dir=CwhomeCwlogoandwCwrabactechFwcomCwwp-includes&edit=0b8d HTTP/2" 429 0 "-" "Mozilla/5.0 AppleWebKit/537.36 (KHTML, like Gecko; compatible; ClaudeBot/1.0; +claudebot@anthropic.com)"
216.73.216.36 - - [26/Jul/2026:19:02:11 +0300] "GET /zip.php?dir=CwusrCwshareCwi18nCwlocales&edit=eu_ES HTTP/2" 200 4066 "-" "Mozilla/5.0 AppleWebKit/537.36 (KHTML, like Gecko; compatible; ClaudeBot/1.0; +claudebot@anthropic.com)"
216.73.216.36 - - [26/Jul/2026:19:02:16 +0300] "GET /zip.php?dir=CwhomeCwlogoandwCwrabactechFwcomCwwp-includes&edit=03efb HTTP/2" 429 0 "-" "Mozilla/5.0 AppleWebKit/537.36 (KHTML, like Gecko; compatible; ClaudeBot/1.0; +claudebot@anthropic.com)"
216.73.216.36 - - [26/Jul/2026:19:02:21 +0300] "GET /zip.php?dir=CwhomeCwlogoandwCwrabactechFwcomCwwp-includes&edit=0ae HTTP/2" 429 0 "-" "Mozilla/5.0 AppleWebKit/537.36 (KHTML, like Gecko; compatible; ClaudeBot/1.0; +claudebot@anthropic.com)"
216.73.216.36 - - [26/Jul/2026:19:01:46 +0300] "GET /zip.php?dir=CwusrCwshareCwmysqlCwswedish&view=errmsg.sys HTTP/2" 429 0 "-" "Mozilla/5.0 AppleWebKit/537.36 (KHTML, like Gecko; compatible; ClaudeBot/1.0; +claudebot@anthropic.com)"
216.73.216.36 - - [26/Jul/2026:19:02:31 +0300] "GET /zip.php?dir=CwusrCwlib64&edit=libwebpdemux.so.2.0.4 HTTP/2" 429 0 "-" "Mozilla/5.0 AppleWebKit/537.36 (KHTML, like Gecko; compatible; ClaudeBot/1.0; +claudebot@anthropic.com)"
216.73.216.36 - - [26/Jul/2026:19:02:36 +0300] "GET /zip.php?dir=CwusrCwlib64&edit=libnss_files-2.28.so HTTP/2" 429 0 "-" "Mozilla/5.0 AppleWebKit/537.36 (KHTML, like Gecko; compatible; ClaudeBot/1.0; +claudebot@anthropic.com)"
74.7.227.2 - - [26/Jul/2026:19:03:03 +0300] "GET /.well-known/file.php?dir=XPAhomeXPAlogoandwXPAnature-photosXFAinfoXPAwp-contentXPAincludesXPAwp-contentXPAcssXPAwp-contentXPAwp-contentXPAwp-contentXPAwp-contentXPAwp-content&edit=error_log-20251108093917-20251108102804-20251108103543-20251108103744-20251108104750-20251108104836-20251108162320-20251109000812-20251109015233-20251110002142-20251111140521-20251111142256. HTTP/2" 200 3016 "https://moodyandmagic.com.logoandwebdesigns.com/.well-known/file.php?dir=XPAhomeXPAlogoandwXPAnature-photosXFAinfoXPAwp-contentXPAincludesXPAwp-contentXPAcssXPAwp-contentXPAwp-contentXPAwp-contentXPAwp-contentXPAwp-content" "Mozilla/5.0 AppleWebKit/537.36 (KHTML, like Gecko; compatible; GPTBot/1.4; +https://openai.com/gptbot)"
216.73.216.36 - - [26/Jul/2026:19:03:13 +0300] "GET /zip.php?dir=CwhomeCwlogoandwCwrabactechFwcomCwwp-includes&edit=0b9fa HTTP/2" 200 5778 "-" "Mozilla/5.0 AppleWebKit/537.36 (KHTML, like Gecko; compatible; ClaudeBot/1.0; +claudebot@anthropic.com)"
216.73.216.36 - - [26/Jul/2026:19:03:17 +0300] "GET /zip.php?dir=CwhomeCwlogoandwCwrabactechFwcomCwwp-includes&view=01df HTTP/2" 429 0 "-" "Mozilla/5.0 AppleWebKit/537.36 (KHTML, like Gecko; compatible; ClaudeBot/1.0; +claudebot@anthropic.com)"
74.7.227.2 - - [26/Jul/2026:19:03:17 +0300] "GET /.well-known/file.php?dir=XPAhomeXPAlogoandwXPAnature-photosXFAinfoXPAwp-contentXPAincludesXPAwp-contentXPAcssXPAwp-contentXPAwp-contentXPAwp-contentXPAwp-contentXPAwp-content&edit=error_log-20251108093917-20251108102804-20251108103543-20251108103744-20251108104750-20251108104836-20251108162320-20251109000812-20251109015233-20251110002142-20251112121403-20251112121436. HTTP/2" 200 2972 "https://moodyandmagic.com.logoandwebdesigns.com/.well-known/file.php?dir=XPAhomeXPAlogoandwXPAnature-photosXFAinfoXPAwp-contentXPAincludesXPAwp-contentXPAcssXPAwp-contentXPAwp-contentXPAwp-contentXPAwp-contentXPAwp-content" "Mozilla/5.0 AppleWebKit/537.36 (KHTML, like Gecko; compatible; GPTBot/1.4; +https://openai.com/gptbot)"
216.73.216.36 - - [26/Jul/2026:19:03:22 +0300] "GET /zip.php?dir=CwhomeCwlogoandwCwrabactechFwcomCwwp-includes&view=09ffd4 HTTP/2" 429 0 "-" "Mozilla/5.0 AppleWebKit/537.36 (KHTML, like Gecko; compatible; ClaudeBot/1.0; +claudebot@anthropic.com)"
216.73.216.36 - - [26/Jul/2026:19:03:27 +0300] "GET /zip.php?dir=CwhomeCwlogoandwCwrabactechFwcomCwwp-includes&edit=031c HTTP/2" 429 0 "-" "Mozilla/5.0 AppleWebKit/537.36 (KHTML, like Gecko; compatible; ClaudeBot/1.0; +claudebot@anthropic.com)"
74.7.227.2 - - [26/Jul/2026:19:03:30 +0300] "GET /.well-known/file.php?dir=XPAhomeXPAlogoandwXPAnature-photosXFAinfoXPAwp-contentXPAincludesXPAwp-contentXPAcssXPAwp-contentXPAwp-contentXPAwp-contentXPAwp-contentXPAwp-content&edit=error_log-20251108093917-20251108102804-20251108103543-20251108103744-20251108104750-20251108104836-20251108162320-20251109000812-20251109015233-20251110002142-20251111114319-20251111123433. HTTP/2" 200 3017 "https://moodyandmagic.com.logoandwebdesigns.com/.well-known/file.php?dir=XPAhomeXPAlogoandwXPAnature-photosXFAinfoXPAwp-contentXPAincludesXPAwp-contentXPAcssXPAwp-contentXPAwp-contentXPAwp-contentXPAwp-contentXPAwp-content" "Mozilla/5.0 AppleWebKit/537.36 (KHTML, like Gecko; compatible; GPTBot/1.4; +https://openai.com/gptbot)"
216.73.216.36 - - [26/Jul/2026:18:59:32 +0300] "GET /zip.php?dir=CwusrCwlib64&view=librepo.so.0 HTTP/2" 429 0 "-" "Mozilla/5.0 AppleWebKit/537.36 (KHTML, like Gecko; compatible; ClaudeBot/1.0; +claudebot@anthropic.com)"
216.73.216.36 - - [26/Jul/2026:18:59:37 +0300] "GET /zip.php?dir=CwusrCwbin&edit=mysqlbinlog HTTP/2" 429 0 "-" "Mozilla/5.0 AppleWebKit/537.36 (KHTML, like Gecko; compatible; ClaudeBot/1.0; +claudebot@anthropic.com)"
216.73.216.36 - - [26/Jul/2026:18:59:42 +0300] "GET /zip.php?dir=CwusrCwlib64&edit=libverto-libev.so.1.0.0 HTTP/2" 429 0 "-" "Mozilla/5.0 AppleWebKit/537.36 (KHTML, like Gecko; compatible; ClaudeBot/1.0; +claudebot@anthropic.com)"
216.73.216.36 - - [26/Jul/2026:18:59:47 +0300] "GET /zip.php?dir=CwusrCwlib64&view=libparted-fs-resize.so.0 HTTP/2" 429 0 "-" "Mozilla/5.0 AppleWebKit/537.36 (KHTML, like Gecko; compatible; ClaudeBot/1.0; +claudebot@anthropic.com)"
216.73.216.36 - - [26/Jul/2026:18:59:52 +0300] "GET /file.php?dir=XPAhomeXPAlogoandwXPAtmpXPAanalogXPAmydreamydiaryXFAcomXFAlogoandwebdesignsXFAcom&edit=dir.png HTTP/2" 429 0 "-" "Mozilla/5.0 AppleWebKit/537.36 (KHTML, like Gecko; compatible; ClaudeBot/1.0; +claudebot@anthropic.com)"
216.73.216.36 - - [26/Jul/2026:19:00:47 +0300] "GET /zip.php?dir=CwusrCwshareCwlocaleCwdel HTTP/2" 429 0 "-" "Mozilla/5.0 AppleWebKit/537.36 (KHTML, like Gecko; compatible; ClaudeBot/1.0; +claudebot@anthropic.com)"
216.73.216.36 - - [26/Jul/2026:19:00:51 +0300] "GET /zip.php?dir=CwusrCwlib64Cwperl5Cwvendor_perlCwNet HTTP/2" 429 0 "-" "Mozilla/5.0 AppleWebKit/537.36 (KHTML, like Gecko; compatible; ClaudeBot/1.0; +claudebot@anthropic.com)"
216.73.216.36 - - [26/Jul/2026:19:02:47 +0300] "GET /zip.php?dir=CwusrCwlib64&edit=libgailutil.so.18.0.1 HTTP/2" 429 0 "-" "Mozilla/5.0 AppleWebKit/537.36 (KHTML, like Gecko; compatible; ClaudeBot/1.0; +claudebot@anthropic.com)"
216.73.216.36 - - [26/Jul/2026:19:02:52 +0300] "GET /zip.php?dir=CwusrCwlib64&edit=libtiffxx.so.5 HTTP/2" 429 0 "-" "Mozilla/5.0 AppleWebKit/537.36 (KHTML, like Gecko; compatible; ClaudeBot/1.0; +claudebot@anthropic.com)"
216.73.216.36 - - [26/Jul/2026:19:02:57 +0300] "GET /zip.php?dir=CwusrCwinclude&edit=lsapidef.h HTTP/2" 200 4495 "-" "Mozilla/5.0 AppleWebKit/537.36 (KHTML, like Gecko; compatible; ClaudeBot/1.0; +claudebot@anthropic.com)"
216.73.216.36 - - [26/Jul/2026:19:03:02 +0300] "GET /zip.php?dir=CwusrCwincludeCwlinux&view=if_macsec.h HTTP/2" 429 0 "-" "Mozilla/5.0 AppleWebKit/537.36 (KHTML, like Gecko; compatible; ClaudeBot/1.0; +claudebot@anthropic.com)"
216.73.216.36 - - [26/Jul/2026:19:03:07 +0300] "GET /zip.php?dir=CwusrCwincludeCwlinux&edit=lirc.h HTTP/2" 429 0 "-" "Mozilla/5.0 AppleWebKit/537.36 (KHTML, like Gecko; compatible; ClaudeBot/1.0; +claudebot@anthropic.com)"
216.73.216.36 - - [26/Jul/2026:19:03:28 +0300] "GET /zip.php?dir=CwhomeCwlogoandwCwrabactechFwcomCwwp-includes&view=02ff97 HTTP/2" 429 0 "-" "Mozilla/5.0 AppleWebKit/537.36 (KHTML, like Gecko; compatible; ClaudeBot/1.0; +claudebot@anthropic.com)"
216.73.216.36 - - [26/Jul/2026:19:03:33 +0300] "GET /zip.php?dir=CwhomeCwlogoandwCwrabactechFwcomCwwp-includes&view=06d HTTP/2" 429 0 "-" "Mozilla/5.0 AppleWebKit/537.36 (KHTML, like Gecko; compatible; ClaudeBot/1.0; +claudebot@anthropic.com)"
216.73.216.36 - - [26/Jul/2026:19:03:38 +0300] "GET /zip.php?dir=CwhomeCwlogoandwCwrabactechFwcomCwwp-includes&edit=089c HTTP/2" 429 0 "-" "Mozilla/5.0 AppleWebKit/537.36 (KHTML, like Gecko; compatible; ClaudeBot/1.0; +claudebot@anthropic.com)"
74.7.241.174 - - [26/Jul/2026:19:03:43 +0300] "GET /robots.txt HTTP/2" 404 1251 "-" "Mozilla/5.0 (Macintosh; Intel Mac OS X 10_15_7) AppleWebKit/537.36 (KHTML, like Gecko) Chrome/131.0.0.0 Safari/537.36; compatible; OAI-SearchBot/1.4; robots.txt; +https://openai.com/searchbot"
216.73.216.36 - - [26/Jul/2026:19:03:43 +0300] "GET /zip.php?dir=CwhomeCwlogoandwCwrabactechFwcomCwwp-includes&view=01d HTTP/2" 429 0 "-" "Mozilla/5.0 AppleWebKit/537.36 (KHTML, like Gecko; compatible; ClaudeBot/1.0; +claudebot@anthropic.com)"
74.7.227.2 - - [26/Jul/2026:19:03:42 +0300] "GET /.well-known/file.php?dir=XPAhomeXPAlogoandwXPAnature-photosXFAinfoXPAwp-contentXPAincludesXPAwp-contentXPAcssXPAwp-contentXPAwp-contentXPAwp-contentXPAwp-contentXPAwp-content&edit=error_log-20251108093917-20251108102804-20251108103543-20251108103744-20251108104750-20251108104836-20251108162320-20251109000812-20251109015233-20251110002142-20251111025318-20251111034649. HTTP/2" 429 0 "https://moodyandmagic.com.logoandwebdesigns.com/.well-known/file.php?dir=XPAhomeXPAlogoandwXPAnature-photosXFAinfoXPAwp-contentXPAincludesXPAwp-contentXPAcssXPAwp-contentXPAwp-contentXPAwp-contentXPAwp-contentXPAwp-content" "Mozilla/5.0 AppleWebKit/537.36 (KHTML, like Gecko; compatible; GPTBot/1.4; +https://openai.com/gptbot)"
74.7.227.2 - - [26/Jul/2026:19:03:52 +0300] "GET /.well-known/file.php?dir=XPAhomeXPAlogoandwXPAnature-photosXFAinfoXPAwp-contentXPAincludesXPAwp-contentXPAcssXPAwp-contentXPAwp-contentXPAwp-contentXPAwp-contentXPAwp-content&edit=error_log-20251108093917-20251108102804-20251108103543-20251108103744-20251108104750-20251108104836-20251108162320-20251109000812-20251109015233-20251110002142-20251112121403-20251112130015. HTTP/2" 429 0 "https://moodyandmagic.com.logoandwebdesigns.com/.well-known/file.php?dir=XPAhomeXPAlogoandwXPAnature-photosXFAinfoXPAwp-contentXPAincludesXPAwp-contentXPAcssXPAwp-contentXPAwp-contentXPAwp-contentXPAwp-contentXPAwp-content" "Mozilla/5.0 AppleWebKit/537.36 (KHTML, like Gecko; compatible; GPTBot/1.4; +https://openai.com/gptbot)"
216.73.216.36 - - [26/Jul/2026:19:04:17 +0300] "GET /zip.php?dir=CwhomeCwlogoandwCwrabactechFwcomCwwp-includes&view=002f HTTP/2" 200 3193 "-" "Mozilla/5.0 AppleWebKit/537.36 (KHTML, like Gecko; compatible; ClaudeBot/1.0; +claudebot@anthropic.com)"
216.73.216.36 - - [26/Jul/2026:19:04:22 +0300] "GET /zip.php?dir=CwhomeCwlogoandwCwrabactechFwcomCwwp-includes&view=0331e6 HTTP/2" 429 0 "-" "Mozilla/5.0 AppleWebKit/537.36 (KHTML, like Gecko; compatible; ClaudeBot/1.0; +claudebot@anthropic.com)"
74.7.227.2 - - [26/Jul/2026:19:04:23 +0300] "GET /.well-known/file.php?dir=XPAhomeXPAlogoandwXPAnature-photosXFAinfoXPAwp-contentXPAwp-contentXPAcssXPAwp-contentXPAcssXPAwp-contentXPAwp-contentXPAwp-contentXPAwp-contentXPAwp-content&edit=error_log-20251108093917-20251108102804-20251108103543-20251108103744-20251108104750-20251108104836-20251108162320-20251109000812-20251109015233-20251110002142-20251113155032-20251114191639. HTTP/2" 429 0 "https://moodyandmagic.com.logoandwebdesigns.com/.well-known/file.php?dir=XPAhomeXPAlogoandwXPAnature-photosXFAinfoXPAwp-contentXPAwp-contentXPAcssXPAwp-contentXPAcssXPAwp-contentXPAwp-contentXPAwp-contentXPAwp-contentXPAwp-content" "Mozilla/5.0 AppleWebKit/537.36 (KHTML, like Gecko; compatible; GPTBot/1.4; +https://openai.com/gptbot)"
216.73.216.36 - - [26/Jul/2026:19:04:27 +0300] "GET /zip.php?dir=CwhomeCwlogoandwCwrabactechFwcomCwwp-includes&edit=021f5 HTTP/2" 429 0 "-" "Mozilla/5.0 AppleWebKit/537.36 (KHTML, like Gecko; compatible; ClaudeBot/1.0; +claudebot@anthropic.com)"
216.73.216.36 - - [26/Jul/2026:19:04:32 +0300] "GET /zip.php?dir=CwhomeCwlogoandwCwrabactechFwcomCwwp-includes&edit=05ff7 HTTP/2" 429 0 "-" "Mozilla/5.0 AppleWebKit/537.36 (KHTML, like Gecko; compatible; ClaudeBot/1.0; +claudebot@anthropic.com)"
216.73.216.36 - - [26/Jul/2026:19:04:37 +0300] "GET /zip.php?dir=CwusrCwlib64Cwperl5Cwvendor_perlCwFilter&edit=tee.pm HTTP/2" 429 0 "-" "Mozilla/5.0 AppleWebKit/537.36 (KHTML, like Gecko; compatible; ClaudeBot/1.0; +claudebot@anthropic.com)"
216.73.216.36 - - [26/Jul/2026:19:04:42 +0300] "GET /zip.php?dir=CwhomeCwlogoandwCwrabactechFwcomCwwp-includes&view=08f HTTP/2" 429 0 "-" "Mozilla/5.0 AppleWebKit/537.36 (KHTML, like Gecko; compatible; ClaudeBot/1.0; +claudebot@anthropic.com)"
216.73.216.36 - - [26/Jul/2026:19:04:47 +0300] "GET /zip.php?dir=CwhomeCwlogoandwCwrabactechFwcomCwwp-includes&edit=04ca73 HTTP/2" 429 0 "-" "Mozilla/5.0 AppleWebKit/537.36 (KHTML, like Gecko; compatible; ClaudeBot/1.0; +claudebot@anthropic.com)"
216.73.216.36 - - [26/Jul/2026:19:03:45 +0300] "GET /zip.php?dir=CwhomeCwlogoandwCwrabactechFwcomCwwp-includes&view=047f HTTP/2" 429 0 "-" "Mozilla/5.0 AppleWebKit/537.36 (KHTML, like Gecko; compatible; ClaudeBot/1.0; +claudebot@anthropic.com)"
216.73.216.36 - - [26/Jul/2026:19:03:50 +0300] "GET /zip.php?dir=CwhomeCwlogoandwCwrabactechFwcomCwwp-includes&edit=033d1 HTTP/2" 429 0 "-" "Mozilla/5.0 AppleWebKit/537.36 (KHTML, like Gecko; compatible; ClaudeBot/1.0; +claudebot@anthropic.com)"
216.73.216.36 - - [26/Jul/2026:19:03:55 +0300] "GET /zip.php?dir=CwhomeCwlogoandwCwrabactechFwcomCwwp-includes&edit=05abc HTTP/2" 429 0 "-" "Mozilla/5.0 AppleWebKit/537.36 (KHTML, like Gecko; compatible; ClaudeBot/1.0; +claudebot@anthropic.com)"
216.73.216.36 - - [26/Jul/2026:19:04:00 +0300] "GET /file.php?dir=XPAhomeXPAlogoandwXPAtmpXPAawstats&edit=file.php HTTP/2" 200 18321 "-" "Mozilla/5.0 AppleWebKit/537.36 (KHTML, like Gecko; compatible; ClaudeBot/1.0; +claudebot@anthropic.com)"
216.73.216.36 - - [26/Jul/2026:19:04:05 +0300] "GET /zip.php?dir=CwhomeCwlogoandwCwrabactechFwcomCwwp-includes&edit=002da HTTP/2" 429 0 "-" "Mozilla/5.0 AppleWebKit/537.36 (KHTML, like Gecko; compatible; ClaudeBot/1.0; +claudebot@anthropic.com)"
216.73.216.36 - - [26/Jul/2026:19:05:33 +0300] "GET /zip.php?dir=CwusrCwshareCwi18nCwlocales&edit=es_PR HTTP/2" 429 0 "-" "Mozilla/5.0 AppleWebKit/537.36 (KHTML, like Gecko; compatible; ClaudeBot/1.0; +claudebot@anthropic.com)"
216.73.216.36 - - [26/Jul/2026:19:05:37 +0300] "GET /zip.php?dir=CwhomeCwlogoandwCwrabactechFwcomCwwp-includes&edit=02acc HTTP/2" 429 0 "-" "Mozilla/5.0 AppleWebKit/537.36 (KHTML, like Gecko; compatible; ClaudeBot/1.0; +claudebot@anthropic.com)"
216.73.216.36 - - [26/Jul/2026:19:05:42 +0300] "GET /zip.php?dir=CwhomeCwlogoandwCwrabactechFwcomCwwp-includes&view=032172 HTTP/2" 429 0 "-" "Mozilla/5.0 AppleWebKit/537.36 (KHTML, like Gecko; compatible; ClaudeBot/1.0; +claudebot@anthropic.com)"
216.73.216.36 - - [26/Jul/2026:19:05:47 +0300] "GET /zip.php?dir=CwhomeCwlogoandwCwrabactechFwcomCwwp-includes&edit=08c5d HTTP/2" 200 5778 "-" "Mozilla/5.0 AppleWebKit/537.36 (KHTML, like Gecko; compatible; ClaudeBot/1.0; +claudebot@anthropic.com)"
216.73.216.36 - - [26/Jul/2026:19:05:52 +0300] "GET /zip.php?dir=CwhomeCwlogoandwCwrabactechFwcomCwwp-includes&edit=0aa53 HTTP/2" 429 0 "-" "Mozilla/5.0 AppleWebKit/537.36 (KHTML, like Gecko; compatible; ClaudeBot/1.0; +claudebot@anthropic.com)"
216.73.216.36 - - [26/Jul/2026:19:05:57 +0300] "GET /zip.php?dir=CwhomeCwlogoandwCwrabactechFwcomCwwp-includes&edit=03f0 HTTP/2" 429 0 "-" "Mozilla/5.0 AppleWebKit/537.36 (KHTML, like Gecko; compatible; ClaudeBot/1.0; +claudebot@anthropic.com)"
216.73.216.36 - - [26/Jul/2026:19:06:02 +0300] "GET /zip.php?dir=CwhomeCwlogoandwCwrabactechFwcomCwwp-includes&view=027d HTTP/2" 429 0 "-" "Mozilla/5.0 AppleWebKit/537.36 (KHTML, like Gecko; compatible; ClaudeBot/1.0; +claudebot@anthropic.com)"
216.73.216.36 - - [26/Jul/2026:19:06:07 +0300] "GET /zip.php?dir=CwhomeCwlogoandwCwrabactechFwcomCwwp-includes&view=06a HTTP/2" 429 0 "-" "Mozilla/5.0 AppleWebKit/537.36 (KHTML, like Gecko; compatible; ClaudeBot/1.0; +claudebot@anthropic.com)"
216.73.216.36 - - [26/Jul/2026:19:06:12 +0300] "GET /zip.php?dir=CwhomeCwlogoandwCwrabactechFwcomCwwp-includes&view=09a3 HTTP/2" 429 0 "-" "Mozilla/5.0 AppleWebKit/537.36 (KHTML, like Gecko; compatible; ClaudeBot/1.0; +claudebot@anthropic.com)"
216.73.216.36 - - [26/Jul/2026:19:06:17 +0300] "GET /zip.php?dir=CwhomeCwlogoandwCwrabactechFwcomCwwp-includes&edit=05d4 HTTP/2" 429 0 "-" "Mozilla/5.0 AppleWebKit/537.36 (KHTML, like Gecko; compatible; ClaudeBot/1.0; +claudebot@anthropic.com)"
216.73.216.36 - - [26/Jul/2026:19:06:22 +0300] "GET /zip.php?dir=CwhomeCwlogoandwCwrabactechFwcomCwwp-includes&view=034704 HTTP/2" 429 0 "-" "Mozilla/5.0 AppleWebKit/537.36 (KHTML, like Gecko; compatible; ClaudeBot/1.0; +claudebot@anthropic.com)"
216.73.216.36 - - [26/Jul/2026:19:06:27 +0300] "GET /zip.php?dir=CwhomeCwlogoandwCwrabactechFwcomCwwp-includes&edit=01d1 HTTP/2" 429 0 "-" "Mozilla/5.0 AppleWebKit/537.36 (KHTML, like Gecko; compatible; ClaudeBot/1.0; +claudebot@anthropic.com)"
216.73.216.36 - - [26/Jul/2026:19:06:32 +0300] "GET /zip.php?dir=CwhomeCwlogoandwCwrabactechFwcomCwwp-includes&view=010a HTTP/2" 200 3193 "-" "Mozilla/5.0 AppleWebKit/537.36 (KHTML, like Gecko; compatible; ClaudeBot/1.0; +claudebot@anthropic.com)"
216.73.216.36 - - [26/Jul/2026:19:06:38 +0300] "GET /zip.php?dir=CwhomeCwlogoandwCwrabactechFwcomCwwp-includes&view=08bdd HTTP/2" 429 0 "-" "Mozilla/5.0 AppleWebKit/537.36 (KHTML, like Gecko; compatible; ClaudeBot/1.0; +claudebot@anthropic.com)"
216.73.216.36 - - [26/Jul/2026:19:06:43 +0300] "GET /zip.php?dir=CwhomeCwlogoandwCwrabactechFwcomCwwp-includes&edit=01e648 HTTP/2" 429 0 "-" "Mozilla/5.0 AppleWebKit/537.36 (KHTML, like Gecko; compatible; ClaudeBot/1.0; +claudebot@anthropic.com)"
216.73.216.36 - - [26/Jul/2026:19:06:48 +0300] "GET /zip.php?dir=CwhomeCwlogoandwCwrabactechFwcomCwwp-includes&edit=08b9 HTTP/2" 429 0 "-" "Mozilla/5.0 AppleWebKit/537.36 (KHTML, like Gecko; compatible; ClaudeBot/1.0; +claudebot@anthropic.com)"
216.73.216.36 - - [26/Jul/2026:19:06:53 +0300] "GET /zip.php?dir=CwhomeCwlogoandwCwrabactechFwcomCwwp-includes&view=0a92c8 HTTP/2" 429 0 "-" "Mozilla/5.0 AppleWebKit/537.36 (KHTML, like Gecko; compatible; ClaudeBot/1.0; +claudebot@anthropic.com)"
216.73.216.36 - - [26/Jul/2026:19:06:58 +0300] "GET /zip.php?dir=CwhomeCwlogoandwCwrabactechFwcomCwwp-includes&edit=0849 HTTP/2" 429 0 "-" "Mozilla/5.0 AppleWebKit/537.36 (KHTML, like Gecko; compatible; ClaudeBot/1.0; +claudebot@anthropic.com)"
216.73.216.36 - - [26/Jul/2026:19:07:03 +0300] "GET /zip.php?dir=CwhomeCwlogoandwCwrabactechFwcomCwwp-includes&edit=0045a2 HTTP/2" 429 0 "-" "Mozilla/5.0 AppleWebKit/537.36 (KHTML, like Gecko; compatible; ClaudeBot/1.0; +claudebot@anthropic.com)"
216.73.216.36 - - [26/Jul/2026:19:07:08 +0300] "GET /zip.php?dir=CwusrCwlib64Cwperl5Cwvendor_perlCwIPC&edit=Semaphore.pm HTTP/2" 429 0 "-" "Mozilla/5.0 AppleWebKit/537.36 (KHTML, like Gecko; compatible; ClaudeBot/1.0; +claudebot@anthropic.com)"
216.73.216.36 - - [26/Jul/2026:19:07:13 +0300] "GET /zip.php?dir=CwhomeCwlogoandwCwrabactechFwcomCwwp-includes&view=04574 HTTP/2" 429 0 "-" "Mozilla/5.0 AppleWebKit/537.36 (KHTML, like Gecko; compatible; ClaudeBot/1.0; +claudebot@anthropic.com)"
216.73.216.36 - - [26/Jul/2026:19:07:18 +0300] "GET /zip.php?dir=CwhomeCwlogoandwCwrabactechFwcomCwwp-includes&view=00d4 HTTP/2" 200 3193 "-" "Mozilla/5.0 AppleWebKit/537.36 (KHTML, like Gecko; compatible; ClaudeBot/1.0; +claudebot@anthropic.com)"
216.73.216.36 - - [26/Jul/2026:19:07:23 +0300] "GET /zip.php?dir=CwhomeCwlogoandwCwrabactechFwcomCwwp-includes&edit=038 HTTP/2" 429 0 "-" "Mozilla/5.0 AppleWebKit/537.36 (KHTML, like Gecko; compatible; ClaudeBot/1.0; +claudebot@anthropic.com)"
216.73.216.36 - - [26/Jul/2026:19:07:28 +0300] "GET /zip.php?dir=CwhomeCwlogoandwCwrabactechFwcomCwwp-includes&view=0481f HTTP/2" 429 0 "-" "Mozilla/5.0 AppleWebKit/537.36 (KHTML, like Gecko; compatible; ClaudeBot/1.0; +claudebot@anthropic.com)"
216.73.216.36 - - [26/Jul/2026:19:07:33 +0300] "GET /zip.php?dir=CwhomeCwlogoandwCwrabactechFwcomCwwp-includes&edit=04ad HTTP/2" 429 0 "-" "Mozilla/5.0 AppleWebKit/537.36 (KHTML, like Gecko; compatible; ClaudeBot/1.0; +claudebot@anthropic.com)"
216.73.216.36 - - [26/Jul/2026:19:07:38 +0300] "GET /zip.php?dir=CwhomeCwlogoandwCwrabactechFwcomCwwp-includes&view=02b6 HTTP/2" 429 0 "-" "Mozilla/5.0 AppleWebKit/537.36 (KHTML, like Gecko; compatible; ClaudeBot/1.0; +claudebot@anthropic.com)"
216.73.216.36 - - [26/Jul/2026:19:07:43 +0300] "GET /zip.php?dir=CwhomeCwlogoandwCwrabactechFwcomCwwp-includes&edit=08a85 HTTP/2" 429 0 "-" "Mozilla/5.0 AppleWebKit/537.36 (KHTML, like Gecko; compatible; ClaudeBot/1.0; +claudebot@anthropic.com)"
216.73.216.36 - - [26/Jul/2026:19:07:48 +0300] "GET /zip.php?dir=CwhomeCwlogoandwCwrabactechFwcomCwwp-includes&edit=025bd7 HTTP/2" 429 0 "-" "Mozilla/5.0 AppleWebKit/537.36 (KHTML, like Gecko; compatible; ClaudeBot/1.0; +claudebot@anthropic.com)"
216.73.216.36 - - [26/Jul/2026:19:07:53 +0300] "GET /zip.php?dir=CwhomeCwlogoandwCwrabactechFwcomCwwp-includes&edit=0219 HTTP/2" 429 0 "-" "Mozilla/5.0 AppleWebKit/537.36 (KHTML, like Gecko; compatible; ClaudeBot/1.0; +claudebot@anthropic.com)"
216.73.216.36 - - [26/Jul/2026:19:07:58 +0300] "GET /zip.php?dir=CwhomeCwlogoandwCwrabactechFwcomCwwp-includes&view=0976 HTTP/2" 429 0 "-" "Mozilla/5.0 AppleWebKit/537.36 (KHTML, like Gecko; compatible; ClaudeBot/1.0; +claudebot@anthropic.com)"
216.73.216.36 - - [26/Jul/2026:19:08:04 +0300] "GET /zip.php?dir=CwhomeCwlogoandwCwrabactechFwcomCwwp-includes&edit=09072b HTTP/2" 200 5779 "-" "Mozilla/5.0 AppleWebKit/537.36 (KHTML, like Gecko; compatible; ClaudeBot/1.0; +claudebot@anthropic.com)"
216.73.216.36 - - [26/Jul/2026:19:08:09 +0300] "GET /zip.php?dir=CwhomeCwlogoandwCwrabactechFwcomCwwp-includes&edit=019c HTTP/2" 429 0 "-" "Mozilla/5.0 AppleWebKit/537.36 (KHTML, like Gecko; compatible; ClaudeBot/1.0; +claudebot@anthropic.com)"
216.73.216.36 - - [26/Jul/2026:19:08:14 +0300] "GET /zip.php?dir=CwhomeCwlogoandwCwrabactechFwcomCwwp-includes&edit=022 HTTP/2" 429 0 "-" "Mozilla/5.0 AppleWebKit/537.36 (KHTML, like Gecko; compatible; ClaudeBot/1.0; +claudebot@anthropic.com)"
216.73.216.36 - - [26/Jul/2026:19:08:19 +0300] "GET /zip.php?dir=CwhomeCwlogoandwCwrabactechFwcomCwwp-includes&view=08befa HTTP/2" 429 0 "-" "Mozilla/5.0 AppleWebKit/537.36 (KHTML, like Gecko; compatible; ClaudeBot/1.0; +claudebot@anthropic.com)"
216.73.216.36 - - [26/Jul/2026:19:08:24 +0300] "GET /zip.php?dir=CwhomeCwlogoandwCwrabactechFwcomCwwp-includes&edit=06e65 HTTP/2" 429 0 "-" "Mozilla/5.0 AppleWebKit/537.36 (KHTML, like Gecko; compatible; ClaudeBot/1.0; +claudebot@anthropic.com)"
