74.7.241.174 - - [26/Jul/2026:23:17:54 +0300] "GET /robots.txt HTTP/2" 404 1251 "-" "Mozilla/5.0 (Macintosh; Intel Mac OS X 10_15_7) AppleWebKit/537.36 (KHTML, like Gecko) Chrome/131.0.0.0 Safari/537.36; compatible; OAI-SearchBot/1.4; robots.txt; +https://openai.com/searchbot"
216.73.216.36 - - [26/Jul/2026:23:17:57 +0300] "GET /zip.php?dir=CwhomeCwlogoandwCwtmpCwanalogCwsoftprimeFwbizFwlogoandwebdesignsFwcom&view=os.png HTTP/2" 200 2725 "-" "Mozilla/5.0 AppleWebKit/537.36 (KHTML, like Gecko; compatible; ClaudeBot/1.0; +claudebot@anthropic.com)"
216.73.216.36 - - [26/Jul/2026:23:18:03 +0300] "GET /zip.php?dir=CwusrCwlocalCwapacheCwdomlogsCwlogoandw&view=tool.machineroom.biz-ssl_log HTTP/2" 200 12 "-" "Mozilla/5.0 AppleWebKit/537.36 (KHTML, like Gecko; compatible; ClaudeBot/1.0; +claudebot@anthropic.com)"
216.73.216.36 - - [26/Jul/2026:23:18:07 +0300] "GET /zip.php?dir=CwhomeCwlogoandwCwtmpCwwebalizerCwmosturemateFwcomFwlogoandwebdesignsFwcom&edit=hourly_usage_202510.png HTTP/2" 429 0 "-" "Mozilla/5.0 AppleWebKit/537.36 (KHTML, like Gecko; compatible; ClaudeBot/1.0; +claudebot@anthropic.com)"
216.73.216.36 - - [26/Jul/2026:23:18:12 +0300] "GET /zip.php?dir=CwhomeCwlogoandwCwtmpCwwebalizerCwtouristsmapFwinfoFwlogoandwebdesignsFwcom&edit=ctry_usage_202511.png HTTP/2" 429 0 "-" "Mozilla/5.0 AppleWebKit/537.36 (KHTML, like Gecko; compatible; ClaudeBot/1.0; +claudebot@anthropic.com)"
216.73.216.36 - - [26/Jul/2026:23:18:17 +0300] "GET /file.php?dir=XPAhomeXPAlogoandwXPAtmpXPAanalogXPAglobalnetworkingXFAnetXFAlogoandwebdesignsXFAcom&edit=4.html HTTP/2" 429 0 "-" "Mozilla/5.0 AppleWebKit/537.36 (KHTML, like Gecko; compatible; ClaudeBot/1.0; +claudebot@anthropic.com)"
74.7.227.2 - - [26/Jul/2026:23:18:18 +0300] "GET /zip.php?dir=CwhomeCwlogoandwCwbusinescompanyFwinfoCwwp-contentCwthemes&edit=vbqEUkT-20251010162102-20251010162720-20251010162800-20251010163013-20251010163106-20251010163400-20251010163528-20251010182344-20251010182458-20251010182934-20251010183332-20251010183404-20251010194401-20251017121123-20251017123933-20251019165213.php HTTP/2" 429 0 "https://moodyandmagic.com.logoandwebdesigns.com/zip.php?dir=CwhomeCwlogoandwCwbusinescompanyFwinfoCwwp-contentCwthemes" "Mozilla/5.0 AppleWebKit/537.36 (KHTML, like Gecko; compatible; GPTBot/1.4; +https://openai.com/gptbot)"
216.73.216.36 - - [26/Jul/2026:23:18:22 +0300] "GET /zip.php?dir=CwhomeCwlogoandwCwtmpCwwebalizerCwtheconnectworldFwnetFwlogoandwebdesignsFwcom&edit=ctry_usage_202604.png HTTP/2" 429 0 "-" "Mozilla/5.0 AppleWebKit/537.36 (KHTML, like Gecko; compatible; ClaudeBot/1.0; +claudebot@anthropic.com)"
216.73.216.36 - - [26/Jul/2026:23:20:49 +0300] "GET /zip.php?dir=CwhomeCwlogoandwCwtmpCwwebalizerCwdatesgeorgiaFwcomFwlogoandwebdesignsFwcom&view=hourly_usage_202601.png HTTP/2" 429 0 "-" "Mozilla/5.0 AppleWebKit/537.36 (KHTML, like Gecko; compatible; ClaudeBot/1.0; +claudebot@anthropic.com)"
216.73.216.36 - - [26/Jul/2026:23:21:01 +0300] "GET /zip.php?dir=CwhomeCwlogoandwCwtmpCwanalogCwfoodonwheelFwbizFwlogoandwebdesignsFwcom&edit=refsite.png HTTP/2" 200 4682 "-" "Mozilla/5.0 AppleWebKit/537.36 (KHTML, like Gecko; compatible; ClaudeBot/1.0; +claudebot@anthropic.com)"
216.73.216.36 - - [26/Jul/2026:23:21:05 +0300] "GET /file.php?dir=XPAhomeXPAlogoandwXPAtmpXPAanalogXPAthenewtonstimesXFAxyzXFAlogoandwebdesignsXFAcom HTTP/2" 429 0 "-" "Mozilla/5.0 AppleWebKit/537.36 (KHTML, like Gecko; compatible; ClaudeBot/1.0; +claudebot@anthropic.com)"
216.73.216.36 - - [26/Jul/2026:23:21:14 +0300] "GET /zip.php?dir=CwhomeCwlogoandwCwtmpCwwebalizerCwanythingfromhomeFwcomFwlogoandwebdesignsFwcom&edit=daily_usage_202601.png HTTP/2" 429 0 "-" "Mozilla/5.0 AppleWebKit/537.36 (KHTML, like Gecko; compatible; ClaudeBot/1.0; +claudebot@anthropic.com)"
216.73.216.36 - - [26/Jul/2026:23:21:29 +0300] "GET /zip.php?dir=CwhomeCwlogoandwCwsslCwcerts&view=webdisk_naturallights_us_bb52c_ee9ef_1786298056_bf2d3fbf92817b18c8510742a15c9c99.crt.cache HTTP/2" 429 0 "-" "Mozilla/5.0 AppleWebKit/537.36 (KHTML, like Gecko; compatible; ClaudeBot/1.0; +claudebot@anthropic.com)"
216.73.216.36 - - [26/Jul/2026:23:17:41 +0300] "GET /zip.php?dir=CwhomeCwlogoandwCwtmpCwwebalizerCwmosturemateFwcomFwlogoandwebdesignsFwcom&view=ctry_usage_202603.png HTTP/2" 429 0 "-" "Mozilla/5.0 AppleWebKit/537.36 (KHTML, like Gecko; compatible; ClaudeBot/1.0; +claudebot@anthropic.com)"
216.73.216.36 - - [26/Jul/2026:23:17:46 +0300] "GET /zip.php?dir=CwhomeCwlogoandwCwtmpCwwebalizerCwmosturemateFwcomFwlogoandwebdesignsFwcom&view=ctry_usage_202606.png HTTP/2" 429 0 "-" "Mozilla/5.0 AppleWebKit/537.36 (KHTML, like Gecko; compatible; ClaudeBot/1.0; +claudebot@anthropic.com)"
216.73.216.36 - - [26/Jul/2026:23:17:51 +0300] "GET /zip.php?dir=CwhomeCwlogoandwCwtmpCwanalogCwsoftprimeFwbizFwlogoandwebdesignsFwcom&edit=refsite.png HTTP/2" 429 0 "-" "Mozilla/5.0 AppleWebKit/537.36 (KHTML, like Gecko; compatible; ClaudeBot/1.0; +claudebot@anthropic.com)"
216.73.216.36 - - [26/Jul/2026:23:19:19 +0300] "GET /zip.php?dir=CwhomeCwlogoandwCwtmpCwwebalizerCwtheconnectworldFwnetFwlogoandwebdesignsFwcom&edit=daily_usage_202601.png HTTP/2" 429 0 "-" "Mozilla/5.0 AppleWebKit/537.36 (KHTML, like Gecko; compatible; ClaudeBot/1.0; +claudebot@anthropic.com)"
74.7.227.2 - - [26/Jul/2026:23:19:23 +0300] "GET /zip.php?dir=CwhomeCwlogoandwCwbusinescompanyFwinfoCwwp-contentCwthemes&edit=vbqEUkT-20251010162102-20251010162720-20251010162800-20251010163013-20251010163106-20251010163400-20251010163528-20251010182344-20251010182458-20251010182934-20251010183332-20251010183404-20251010184908-20251010215729-20251018073611-20251018073732.php HTTP/2" 429 0 "https://moodyandmagic.com.logoandwebdesigns.com/zip.php?dir=CwhomeCwlogoandwCwbusinescompanyFwinfoCwwp-contentCwthemes" "Mozilla/5.0 AppleWebKit/537.36 (KHTML, like Gecko; compatible; GPTBot/1.4; +https://openai.com/gptbot)"
216.73.216.36 - - [26/Jul/2026:23:19:24 +0300] "GET /file.php?dir=XPAhomeXPAlogoandwXPAthenewtonstimesXFAxyz&edit=rqrmkast.php HTTP/2" 429 0 "-" "Mozilla/5.0 AppleWebKit/537.36 (KHTML, like Gecko; compatible; ClaudeBot/1.0; +claudebot@anthropic.com)"
216.73.216.36 - - [26/Jul/2026:23:19:47 +0300] "GET /zip.php?dir=CwhomeCwlogoandwCwtmpCwwebalizerCwanythingfromhomeFwcomFwlogoandwebdesignsFwcom&view=daily_usage_202512.png HTTP/2" 429 0 "-" "Mozilla/5.0 AppleWebKit/537.36 (KHTML, like Gecko; compatible; ClaudeBot/1.0; +claudebot@anthropic.com)"
216.73.216.36 - - [26/Jul/2026:23:20:08 +0300] "GET /zip.php?dir=CwhomeCwlogoandwCwmailCwnewsletterprogramsFwcomCwnewslettersCwFwTrash&edit=dovecot-uidlist HTTP/2" 200 2565 "-" "Mozilla/5.0 AppleWebKit/537.36 (KHTML, like Gecko; compatible; ClaudeBot/1.0; +claudebot@anthropic.com)"
216.73.216.36 - - [26/Jul/2026:23:20:12 +0300] "GET /zip.php?dir=CwusrCwlocalCwapacheCwdomlogsCwlogoandw&edit=vere.thenewtonstimes.xyz-ssl_log HTTP/2" 429 0 "-" "Mozilla/5.0 AppleWebKit/537.36 (KHTML, like Gecko; compatible; ClaudeBot/1.0; +claudebot@anthropic.com)"
74.7.227.2 - - [26/Jul/2026:23:20:24 +0300] "GET /zip.php?dir=CwhomeCwlogoandwCwbusinescompanyFwinfoCwwp-contentCwthemes&edit=vbqEUkT-20251010162102-20251010162720-20251010162800-20251010163013-20251010163106-20251010163400-20251010163528-20251010182344-20251010182458-20251010182934-20251010183332-20251010183404-20251010184919-20251010185043-20251018060052-20251019192728.php HTTP/2" 200 2597 "https://moodyandmagic.com.logoandwebdesigns.com/zip.php?dir=CwhomeCwlogoandwCwbusinescompanyFwinfoCwwp-contentCwthemes" "Mozilla/5.0 AppleWebKit/537.36 (KHTML, like Gecko; compatible; GPTBot/1.4; +https://openai.com/gptbot)"
216.73.216.36 - - [26/Jul/2026:23:18:29 +0300] "GET /zip.php?dir=CwhomeCwlogoandwCwtmpCwwebalizerCwmosturemateFwcomFwlogoandwebdesignsFwcom&view=hourly_usage_202605.png HTTP/2" 200 2065 "-" "Mozilla/5.0 AppleWebKit/537.36 (KHTML, like Gecko; compatible; ClaudeBot/1.0; +claudebot@anthropic.com)"
216.73.216.36 - - [26/Jul/2026:23:18:33 +0300] "GET /zip.php?dir=CwhomeCwlogoandwCwtmpCwanalogCwsoftprimeFwbizFwlogoandwebdesignsFwcom&view=browrep.png HTTP/2" 429 0 "-" "Mozilla/5.0 AppleWebKit/537.36 (KHTML, like Gecko; compatible; ClaudeBot/1.0; +claudebot@anthropic.com)"
216.73.216.36 - - [26/Jul/2026:23:18:38 +0300] "GET /zip.php?dir=CwhomeCwlogoandwCwtmpCwanalogCwmoodyandmagicFwcomFwlogoandwebdesignsFwcom&edit=size.png HTTP/2" 429 0 "-" "Mozilla/5.0 AppleWebKit/537.36 (KHTML, like Gecko; compatible; ClaudeBot/1.0; +claudebot@anthropic.com)"
216.73.216.36 - - [26/Jul/2026:23:18:43 +0300] "GET /zip.php?dir=CwhomeCwlogoandwCwtmpCwwebalizerCwelctronicproductFwbizFwlogoandwebdesignsFwcom&view=index.html HTTP/2" 429 0 "-" "Mozilla/5.0 AppleWebKit/537.36 (KHTML, like Gecko; compatible; ClaudeBot/1.0; +claudebot@anthropic.com)"
216.73.216.36 - - [26/Jul/2026:23:18:48 +0300] "GET /zip.php?dir=CwhomeCwlogoandwCwtmpCwwebalizerCwmosturemateFwcomFwlogoandwebdesignsFwcom&edit=hourly_usage_202512.png HTTP/2" 429 0 "-" "Mozilla/5.0 AppleWebKit/537.36 (KHTML, like Gecko; compatible; ClaudeBot/1.0; +claudebot@anthropic.com)"
216.73.216.36 - - [26/Jul/2026:23:18:54 +0300] "GET /file.php?dir=XPAhomeXPAlogoandwXPAtmpXPAwebalizer&edit=ctry_usage_202602.png HTTP/2" 429 0 "-" "Mozilla/5.0 AppleWebKit/537.36 (KHTML, like Gecko; compatible; ClaudeBot/1.0; +claudebot@anthropic.com)"
216.73.216.36 - - [26/Jul/2026:23:18:58 +0300] "GET /file.php?dir=XPAhomeXPAlogoandwXPAtmpXPAwebalizerXPAdailycabforyouXFAcomXFAlogoandwebdesignsXFAcom HTTP/2" 429 0 "-" "Mozilla/5.0 AppleWebKit/537.36 (KHTML, like Gecko; compatible; ClaudeBot/1.0; +claudebot@anthropic.com)"
216.73.216.36 - - [26/Jul/2026:23:19:03 +0300] "GET /zip.php?dir=CwhomeCwlogoandwCwlogs&edit=valuablefunds.co.logoandwebdesigns.com-ssl_log-Apr-2026.gz HTTP/2" 429 0 "-" "Mozilla/5.0 AppleWebKit/537.36 (KHTML, like Gecko; compatible; ClaudeBot/1.0; +claudebot@anthropic.com)"
216.73.216.36 - - [26/Jul/2026:23:19:08 +0300] "GET /zip.php?dir=CwhomeCwlogoandwCwlogs&edit=randomthoughts.biz.logoandwebdesigns.com-Jul-2026.gz HTTP/2" 429 0 "-" "Mozilla/5.0 AppleWebKit/537.36 (KHTML, like Gecko; compatible; ClaudeBot/1.0; +claudebot@anthropic.com)"
216.73.216.36 - - [26/Jul/2026:23:19:13 +0300] "GET /file.php?dir=XPAhomeXPAlogoandwXPAtmpXPAanalogXPAglobalnetworkingXFAnetXFAlogoandwebdesignsXFAcom&edit=1.html HTTP/2" 200 10570 "-" "Mozilla/5.0 AppleWebKit/537.36 (KHTML, like Gecko; compatible; ClaudeBot/1.0; +claudebot@anthropic.com)"
216.73.216.36 - - [26/Jul/2026:23:19:39 +0300] "GET /file.php?dir=XPAhomeXPAlogoandwXPAtmpXPAanalogXPAbusinescompanyXFAinfoXFAlogoandwebdesignsXFAcom&edit=refsite.png HTTP/2" 429 0 "-" "Mozilla/5.0 AppleWebKit/537.36 (KHTML, like Gecko; compatible; ClaudeBot/1.0; +claudebot@anthropic.com)"
216.73.216.36 - - [26/Jul/2026:23:19:46 +0300] "GET /file.php?dir=XPAhomeXPAlogoandwXPAtmpXPAanalogXPAmyworldinternationalXFAinfoXFAlogoandwebdesignsXFAcom&edit=2.html HTTP/2" 429 0 "-" "Mozilla/5.0 AppleWebKit/537.36 (KHTML, like Gecko; compatible; ClaudeBot/1.0; +claudebot@anthropic.com)"
74.7.243.222 - - [26/Jul/2026:23:20:01 +0300] "GET /zip.php?dir=CwoptCwcpanelCwea-php74CwrootCwusrCwshareCwdocCwpearCwXML_UtilCwexamples&view=example2.php HTTP/2" 429 0 "https://www.moodyandmagic.com.logoandwebdesigns.com/zip.php?dir=CwoptCwcpanelCwea-php74CwrootCwusrCwshareCwdocCwpearCwXML_UtilCwexamples" "Mozilla/5.0 AppleWebKit/537.36 (KHTML, like Gecko; compatible; GPTBot/1.4; +https://openai.com/gptbot)"
216.73.216.36 - - [26/Jul/2026:23:20:24 +0300] "GET /file.php?dir=XPAhomeXPAlogoandwXPAtmpXPAanalogXPAbabypartyboxXFAcomXFAlogoandwebdesignsXFAcom HTTP/2" 429 0 "-" "Mozilla/5.0 AppleWebKit/537.36 (KHTML, like Gecko; compatible; ClaudeBot/1.0; +claudebot@anthropic.com)"
74.7.227.2 - - [26/Jul/2026:23:22:21 +0300] "GET /zip.php?dir=CwhomeCwlogoandwCwbusinescompanyFwinfoCwwp-contentCwthemes&edit=vbqEUkT-20251010162102-20251010162720-20251010162800-20251010163013-20251010163106-20251010163400-20251010163528-20251010182344-20251010182458-20251010182934-20251010183332-20251010183404-20251010194401-20251017121205-20251018095018-20251018095233.php HTTP/2" 429 0 "https://moodyandmagic.com.logoandwebdesigns.com/zip.php?dir=CwhomeCwlogoandwCwbusinescompanyFwinfoCwwp-contentCwthemes" "Mozilla/5.0 AppleWebKit/537.36 (KHTML, like Gecko; compatible; GPTBot/1.4; +https://openai.com/gptbot)"
74.7.227.2 - - [26/Jul/2026:23:23:22 +0300] "GET /zip.php?dir=CwhomeCwlogoandwCwbusinescompanyFwinfoCwwp-contentCwthemes&view=vbqEUkT-20251010162102-20251010162720-20251010162800.php HTTP/2" 429 0 "https://moodyandmagic.com.logoandwebdesigns.com/zip.php?dir=CwhomeCwlogoandwCwbusinescompanyFwinfoCwwp-contentCwthemes" "Mozilla/5.0 AppleWebKit/537.36 (KHTML, like Gecko; compatible; GPTBot/1.4; +https://openai.com/gptbot)"
74.7.243.222 - - [26/Jul/2026:23:27:19 +0300] "GET /zip.php?dir=CwoptCwcpanelCwea-php73CwrootCwusrCwshareCwdocCwpearCwXML_UtilCwexamples&view=example2.php HTTP/2" 429 0 "https://www.moodyandmagic.com.logoandwebdesigns.com/zip.php?dir=CwoptCwcpanelCwea-php73CwrootCwusrCwshareCwdocCwpearCwXML_UtilCwexamples" "Mozilla/5.0 AppleWebKit/537.36 (KHTML, like Gecko; compatible; GPTBot/1.4; +https://openai.com/gptbot)"
74.7.227.2 - - [26/Jul/2026:23:27:31 +0300] "GET /zip.php?dir=CwhomeCwlogoandwCwbusinescompanyFwinfoCwwp-contentCwthemes&view=vbqEUkT-20251010162102-20251010162720-20251010162800-20251010163013-20251010163106-20251010163400.php HTTP/2" 429 0 "https://moodyandmagic.com.logoandwebdesigns.com/zip.php?dir=CwhomeCwlogoandwCwbusinescompanyFwinfoCwwp-contentCwthemes" "Mozilla/5.0 AppleWebKit/537.36 (KHTML, like Gecko; compatible; GPTBot/1.4; +https://openai.com/gptbot)"
74.7.243.222 - - [26/Jul/2026:23:28:14 +0300] "GET /zip.php?dir=CwoptCwcpanelCwea-php83CwrootCwusrCwshareCwdocCwpearCwXML_UtilCwexamples&view=example2.php HTTP/2" 429 0 "https://www.moodyandmagic.com.logoandwebdesigns.com/zip.php?dir=CwoptCwcpanelCwea-php83CwrootCwusrCwshareCwdocCwpearCwXML_UtilCwexamples" "Mozilla/5.0 AppleWebKit/537.36 (KHTML, like Gecko; compatible; GPTBot/1.4; +https://openai.com/gptbot)"
74.7.227.2 - - [26/Jul/2026:23:28:33 +0300] "GET /zip.php?dir=CwhomeCwlogoandwCwbusinescompanyFwinfoCwwp-contentCwthemes&view=vbqEUkT-20251010162102-20251010162720-20251010162800-20251010163013-20251010163106-20251010163434.php HTTP/2" 429 0 "https://moodyandmagic.com.logoandwebdesigns.com/zip.php?dir=CwhomeCwlogoandwCwbusinescompanyFwinfoCwwp-contentCwthemes" "Mozilla/5.0 AppleWebKit/537.36 (KHTML, like Gecko; compatible; GPTBot/1.4; +https://openai.com/gptbot)"
216.73.216.36 - - [26/Jul/2026:23:28:55 +0300] "GET /zip.php?dir=CwusrCwlib64Cwperl5Cwvendor_perlCwautoCwMath HTTP/2" 200 3185 "-" "Mozilla/5.0 AppleWebKit/537.36 (KHTML, like Gecko; compatible; ClaudeBot/1.0; +claudebot@anthropic.com)"
216.73.216.36 - - [26/Jul/2026:23:28:59 +0300] "GET /zip.php?dir=CwusrCwlib64Cwperl5Cwvendor_perlCwautoCwJSON HTTP/2" 429 0 "-" "Mozilla/5.0 AppleWebKit/537.36 (KHTML, like Gecko; compatible; ClaudeBot/1.0; +claudebot@anthropic.com)"
216.73.216.36 - - [26/Jul/2026:23:29:04 +0300] "GET /zip.php?dir=CwusrCwlib64Cwperl5Cwvendor_perlCwautoCwHTML HTTP/2" 429 0 "-" "Mozilla/5.0 AppleWebKit/537.36 (KHTML, like Gecko; compatible; ClaudeBot/1.0; +claudebot@anthropic.com)"
216.73.216.36 - - [26/Jul/2026:23:29:09 +0300] "GET /zip.php?dir=CwusrCwlib64Cwperl5Cwvendor_perlCwautoCwEncode HTTP/2" 429 0 "-" "Mozilla/5.0 AppleWebKit/537.36 (KHTML, like Gecko; compatible; ClaudeBot/1.0; +claudebot@anthropic.com)"
216.73.216.36 - - [26/Jul/2026:23:29:49 +0300] "GET /zip.php?dir=CwusrCwlib64Cwperl5Cwvendor_perlCwautoCwFilter HTTP/2" 429 0 "-" "Mozilla/5.0 AppleWebKit/537.36 (KHTML, like Gecko; compatible; ClaudeBot/1.0; +claudebot@anthropic.com)"
216.73.216.36 - - [26/Jul/2026:23:30:11 +0300] "GET /zip.php?dir=CwusrCwlib64Cwperl5Cwvendor_perlCwautoCwversion HTTP/2" 200 3211 "-" "Mozilla/5.0 AppleWebKit/537.36 (KHTML, like Gecko; compatible; ClaudeBot/1.0; +claudebot@anthropic.com)"
216.73.216.36 - - [26/Jul/2026:23:30:16 +0300] "GET /zip.php?dir=CwusrCwlib64Cwperl5Cwvendor_perlCwautoCwDigest HTTP/2" 429 0 "-" "Mozilla/5.0 AppleWebKit/537.36 (KHTML, like Gecko; compatible; ClaudeBot/1.0; +claudebot@anthropic.com)"
216.73.216.36 - - [26/Jul/2026:23:30:23 +0300] "GET /zip.php?dir=CwusrCwlib64Cwperl5Cwvendor_perlCwautoCwUnicode HTTP/2" 429 0 "-" "Mozilla/5.0 AppleWebKit/537.36 (KHTML, like Gecko; compatible; ClaudeBot/1.0; +claudebot@anthropic.com)"
216.73.216.36 - - [26/Jul/2026:23:30:27 +0300] "GET /zip.php?dir=CwusrCwshareCwaclocal&view=freetype2.m4 HTTP/2" 429 0 "-" "Mozilla/5.0 AppleWebKit/537.36 (KHTML, like Gecko; compatible; ClaudeBot/1.0; +claudebot@anthropic.com)"
216.73.216.36 - - [26/Jul/2026:23:30:32 +0300] "GET /zip.php?dir=CwusrCwshareCwlocaleCwja_JPCwLC_MESSAGES HTTP/2" 429 0 "-" "Mozilla/5.0 AppleWebKit/537.36 (KHTML, like Gecko; compatible; ClaudeBot/1.0; +claudebot@anthropic.com)"
74.7.227.2 - - [26/Jul/2026:23:30:36 +0300] "GET /zip.php?dir=CwhomeCwlogoandwCwbusinescompanyFwinfoCwwp-contentCwthemes&view=vbqEUkT-20251010162102-20251010162720-20251010162800-20251010163013-20251010163106-20251010163400-20251010163528-20251010182344-20251010182458-20251010182934-20251010183332-20251010183404-20251010184908-20251010185105-20251016140650-20251016141342.php HTTP/2" 200 12 "https://moodyandmagic.com.logoandwebdesigns.com/zip.php?dir=CwhomeCwlogoandwCwbusinescompanyFwinfoCwwp-contentCwthemes" "Mozilla/5.0 AppleWebKit/537.36 (KHTML, like Gecko; compatible; GPTBot/1.4; +https://openai.com/gptbot)"
216.73.216.36 - - [26/Jul/2026:23:31:29 +0300] "GET /zip.php?dir=CwusrCwshareCwlocaleCwdyuCwLC_MESSAGES HTTP/2" 429 0 "-" "Mozilla/5.0 AppleWebKit/537.36 (KHTML, like Gecko; compatible; ClaudeBot/1.0; +claudebot@anthropic.com)"
216.73.216.36 - - [26/Jul/2026:23:31:32 +0300] "GET /'.__ALFA_DATA_FOLDER__.'/alfasymlink/root%7Bcwd%7D HTTP/2" 404 1251 "-" "Mozilla/5.0 AppleWebKit/537.36 (KHTML, like Gecko; compatible; ClaudeBot/1.0; +claudebot@anthropic.com)"
74.7.227.2 - - [26/Jul/2026:23:31:35 +0300] "GET /zip.php?dir=CwhomeCwlogoandwCwbusinescompanyFwinfoCwwp-contentCwthemes&view=vbqEUkT-20251010162102-20251010162720-20251010162800-20251010163013-20251010163106-20251010163400-20251010163528-20251010182344-20251010182458-20251010182934-20251010183332-20251010183404-20251010184919-20251010185043-20251023132710-20251023144234.php HTTP/2" 429 0 "https://moodyandmagic.com.logoandwebdesigns.com/zip.php?dir=CwhomeCwlogoandwCwbusinescompanyFwinfoCwwp-contentCwthemes" "Mozilla/5.0 AppleWebKit/537.36 (KHTML, like Gecko; compatible; GPTBot/1.4; +https://openai.com/gptbot)"
216.73.216.36 - - [26/Jul/2026:23:31:37 +0300] "GET /zip.php?dir=CwusrCwlib64Cwperl5Cwvendor_perl&edit=version.pm HTTP/2" 429 0 "-" "Mozilla/5.0 AppleWebKit/537.36 (KHTML, like Gecko; compatible; ClaudeBot/1.0; +claudebot@anthropic.com)"
216.73.216.36 - - [26/Jul/2026:23:31:55 +0300] "GET /zip.php?dir=CwusrCwlocalCwapacheCwdomlogsCwlogoandw&edit=changeyourstyles.com.logoandwebdesigns.com HTTP/2" 200 2506 "-" "Mozilla/5.0 AppleWebKit/537.36 (KHTML, like Gecko; compatible; ClaudeBot/1.0; +claudebot@anthropic.com)"
216.73.216.36 - - [26/Jul/2026:23:32:00 +0300] "GET /zip.php?dir=CwhomeCwlogoandwCwrabactechFwcomCwwp-includes&view=05e HTTP/2" 429 0 "-" "Mozilla/5.0 AppleWebKit/537.36 (KHTML, like Gecko; compatible; ClaudeBot/1.0; +claudebot@anthropic.com)"
216.73.216.36 - - [26/Jul/2026:23:32:05 +0300] "GET /zip.php?dir=CwusrCwlib64Cwperl5Cwvendor_perlCwYAMLCwDumper HTTP/2" 429 0 "-" "Mozilla/5.0 AppleWebKit/537.36 (KHTML, like Gecko; compatible; ClaudeBot/1.0; +claudebot@anthropic.com)"
216.73.216.36 - - [26/Jul/2026:23:32:28 +0300] "GET /zip.php?dir=CwhomeCwlogoandwCwmailCwFwDraftsCwnew HTTP/2" 429 0 "-" "Mozilla/5.0 AppleWebKit/537.36 (KHTML, like Gecko; compatible; ClaudeBot/1.0; +claudebot@anthropic.com)"
216.73.216.36 - - [26/Jul/2026:23:32:33 +0300] "GET /zip.php?dir=CwusrCwlib64Cwperl5Cwvendor_perlCwautoCwStorable HTTP/2" 429 0 "-" "Mozilla/5.0 AppleWebKit/537.36 (KHTML, like Gecko; compatible; ClaudeBot/1.0; +claudebot@anthropic.com)"
216.73.216.36 - - [26/Jul/2026:23:32:38 +0300] "GET /zip.php?dir=CwusrCwincludeCwsound&view=snd_sst_tokens.h HTTP/2" 429 0 "-" "Mozilla/5.0 AppleWebKit/537.36 (KHTML, like Gecko; compatible; ClaudeBot/1.0; +claudebot@anthropic.com)"
216.73.216.36 - - [26/Jul/2026:23:33:14 +0300] "GET /zip.php?dir=Cwtmp&edit=.deep_backup_78bc39fc2bd9afb1d558ce14015ce83d.txt HTTP/2" 429 0 "-" "Mozilla/5.0 AppleWebKit/537.36 (KHTML, like Gecko; compatible; ClaudeBot/1.0; +claudebot@anthropic.com)"
216.73.216.36 - - [26/Jul/2026:23:33:19 +0300] "GET /zip.php?dir=CwhomeCwlogoandwCwmailCwFwDraftsCwcur HTTP/2" 429 0 "-" "Mozilla/5.0 AppleWebKit/537.36 (KHTML, like Gecko; compatible; ClaudeBot/1.0; +claudebot@anthropic.com)"
74.7.227.2 - - [26/Jul/2026:23:33:37 +0300] "GET /zip.php?dir=CwhomeCwlogoandwCwbusinescompanyFwinfoCwwp-contentCwthemesCwwp HTTP/2" 429 0 "https://moodyandmagic.com.logoandwebdesigns.com/zip.php?dir=CwhomeCwlogoandwCwbusinescompanyFwinfoCwwp-contentCwthemes" "Mozilla/5.0 AppleWebKit/537.36 (KHTML, like Gecko; compatible; GPTBot/1.4; +https://openai.com/gptbot)"
216.73.216.36 - - [26/Jul/2026:23:33:39 +0300] "GET /zip.php?dir=CwhomeCwlogoandwCwtmpCwwebalizerCwtouristsmapFwinfoFwlogoandwebdesignsFwcom&edit=dns_cache.db HTTP/2" 200 12110 "-" "Mozilla/5.0 AppleWebKit/537.36 (KHTML, like Gecko; compatible; ClaudeBot/1.0; +claudebot@anthropic.com)"
216.73.216.36 - - [26/Jul/2026:23:33:43 +0300] "GET /file.php?dir=XPAhomeXPAlogoandwXPAetcXPAnewsletterprogramsXFAcom HTTP/2" 429 0 "-" "Mozilla/5.0 AppleWebKit/537.36 (KHTML, like Gecko; compatible; ClaudeBot/1.0; +claudebot@anthropic.com)"
216.73.216.36 - - [26/Jul/2026:23:33:48 +0300] "GET /zip.php?dir=CwusrCwlocalCwapacheCwdomlogsCwlogoandw&view=altolabs.net.logoandwebdesigns.com HTTP/2" 429 0 "-" "Mozilla/5.0 AppleWebKit/537.36 (KHTML, like Gecko; compatible; ClaudeBot/1.0; +claudebot@anthropic.com)"
216.73.216.36 - - [26/Jul/2026:23:33:53 +0300] "GET /zip.php?dir=CwusrCwlocalCwapacheCwdomlogsCwlogoandw&view=globalnetworking.net.logoandwebdesigns.com HTTP/2" 429 0 "-" "Mozilla/5.0 AppleWebKit/537.36 (KHTML, like Gecko; compatible; ClaudeBot/1.0; +claudebot@anthropic.com)"
216.73.216.36 - - [26/Jul/2026:23:33:59 +0300] "GET /zip.php?dir=CwusrCwlib64Cwperl5Cwvendor_perl&edit=dbixs_rev.pl HTTP/2" 429 0 "-" "Mozilla/5.0 AppleWebKit/537.36 (KHTML, like Gecko; compatible; ClaudeBot/1.0; +claudebot@anthropic.com)"
216.73.216.36 - - [26/Jul/2026:23:34:03 +0300] "GET /zip.php?dir=CwusrCwlib64Cwperl5Cwvendor_perl&view=DBI.pm HTTP/2" 429 0 "-" "Mozilla/5.0 AppleWebKit/537.36 (KHTML, like Gecko; compatible; ClaudeBot/1.0; +claudebot@anthropic.com)"
216.73.216.36 - - [26/Jul/2026:23:34:09 +0300] "GET /zip.php?dir=CwusrCwlib64Cwperl5Cwvendor_perl&view=Cwd.pm HTTP/2" 429 0 "-" "Mozilla/5.0 AppleWebKit/537.36 (KHTML, like Gecko; compatible; ClaudeBot/1.0; +claudebot@anthropic.com)"
216.73.216.36 - - [26/Jul/2026:23:34:14 +0300] "GET /zip.php?dir=CwusrCwlib64Cwperl5Cwvendor_perlCwYAML&view=Syck.pm HTTP/2" 429 0 "-" "Mozilla/5.0 AppleWebKit/537.36 (KHTML, like Gecko; compatible; ClaudeBot/1.0; +claudebot@anthropic.com)"
216.73.216.36 - - [26/Jul/2026:23:34:19 +0300] "GET /zip.php?dir=CwhomeCwlogoandwCwrabactechFwcomCwwp-includes&view=04e217 HTTP/2" 429 0 "-" "Mozilla/5.0 AppleWebKit/537.36 (KHTML, like Gecko; compatible; ClaudeBot/1.0; +claudebot@anthropic.com)"
216.73.216.36 - - [26/Jul/2026:23:34:24 +0300] "GET /zip.php?dir=CwusrCwlib64Cwperl5Cwvendor_perl&edit=Storable.pm HTTP/2" 200 20728 "-" "Mozilla/5.0 AppleWebKit/537.36 (KHTML, like Gecko; compatible; ClaudeBot/1.0; +claudebot@anthropic.com)"
216.73.216.36 - - [26/Jul/2026:23:34:29 +0300] "GET /zip.php?dir=Cwtmp&edit=.cache_backup_dbf6b73656a8a0c59323a8c46676c3d2.txt HTTP/2" 429 0 "-" "Mozilla/5.0 AppleWebKit/537.36 (KHTML, like Gecko; compatible; ClaudeBot/1.0; +claudebot@anthropic.com)"
216.73.216.36 - - [26/Jul/2026:23:22:10 +0300] "GET /file.php?dir=XPAhomeXPAlogoandwXPAtmpXPAwebalizerXPAfeellifelivelifeXFAcomXFAlogoandwebdesignsXFAcom&edit=ctry_usage_202601.png HTTP/2" 200 5476 "-" "Mozilla/5.0 AppleWebKit/537.36 (KHTML, like Gecko; compatible; ClaudeBot/1.0; +claudebot@anthropic.com)"
74.7.243.222 - - [26/Jul/2026:23:23:02 +0300] "GET /zip.php?dir=CwoptCwcpanelCwea-php51CwrootCwusrCwshareCwdocCwpearCwXML_UtilCwexamples&view=example2.php HTTP/2" 429 0 "https://www.moodyandmagic.com.logoandwebdesigns.com/zip.php?dir=CwoptCwcpanelCwea-php51CwrootCwusrCwshareCwdocCwpearCwXML_UtilCwexamples" "Mozilla/5.0 AppleWebKit/537.36 (KHTML, like Gecko; compatible; GPTBot/1.4; +https://openai.com/gptbot)"
216.73.216.36 - - [26/Jul/2026:23:29:14 +0300] "GET /zip.php?dir=CwusrCwlib64Cwperl5Cwvendor_perlCwautoCwCompress HTTP/2" 200 3239 "-" "Mozilla/5.0 AppleWebKit/537.36 (KHTML, like Gecko; compatible; ClaudeBot/1.0; +claudebot@anthropic.com)"
216.73.216.36 - - [26/Jul/2026:23:29:19 +0300] "GET /zip.php?dir=CwusrCwlib64Cwperl5Cwvendor_perlCwautoCwTime HTTP/2" 429 0 "-" "Mozilla/5.0 AppleWebKit/537.36 (KHTML, like Gecko; compatible; ClaudeBot/1.0; +claudebot@anthropic.com)"
74.7.243.222 - - [26/Jul/2026:23:29:20 +0300] "GET /zip.php?dir=CwoptCwcpanelCwea-php80CwrootCwusrCwshareCwdocCwpearCwXML_UtilCwexamples&view=example2.php HTTP/2" 429 0 "https://www.moodyandmagic.com.logoandwebdesigns.com/zip.php?dir=CwoptCwcpanelCwea-php80CwrootCwusrCwshareCwdocCwpearCwXML_UtilCwexamples" "Mozilla/5.0 AppleWebKit/537.36 (KHTML, like Gecko; compatible; GPTBot/1.4; +https://openai.com/gptbot)"
216.73.216.36 - - [26/Jul/2026:23:30:40 +0300] "GET /zip.php?dir=CwhomeCwlogoandwCwmydreamydiaryFwcom&view=zip.php HTTP/2" 429 0 "-" "Mozilla/5.0 AppleWebKit/537.36 (KHTML, like Gecko; compatible; ClaudeBot/1.0; +claudebot@anthropic.com)"
216.73.216.36 - - [26/Jul/2026:23:30:42 +0300] "GET /zip.php?dir=CwusrCwlib64Cwperl5Cwvendor_perlCwautoCwMIME HTTP/2" 429 0 "-" "Mozilla/5.0 AppleWebKit/537.36 (KHTML, like Gecko; compatible; ClaudeBot/1.0; +claudebot@anthropic.com)"
216.73.216.36 - - [26/Jul/2026:23:30:47 +0300] "GET /zip.php?dir=CwusrCwlib64Cwperl5Cwvendor_perlCwautoCwList HTTP/2" 429 0 "-" "Mozilla/5.0 AppleWebKit/537.36 (KHTML, like Gecko; compatible; ClaudeBot/1.0; +claudebot@anthropic.com)"
216.73.216.36 - - [26/Jul/2026:23:31:10 +0300] "GET /zip.php?dir=CwusrCwshareCwaclocal&edit=ltargz.m4 HTTP/2" 200 3754 "-" "Mozilla/5.0 AppleWebKit/537.36 (KHTML, like Gecko; compatible; ClaudeBot/1.0; +claudebot@anthropic.com)"
216.73.216.36 - - [26/Jul/2026:23:31:14 +0300] "GET /zip.php?dir=CwusrCwlib64Cwperl5Cwvendor_perlCwautoCwYAML HTTP/2" 429 0 "-" "Mozilla/5.0 AppleWebKit/537.36 (KHTML, like Gecko; compatible; ClaudeBot/1.0; +claudebot@anthropic.com)"
216.73.216.36 - - [26/Jul/2026:23:31:17 +0300] "GET /zip.php?dir=CwusrCwlib64&edit=libxcb-xinerama.so.0.0.0 HTTP/2" 429 0 "-" "Mozilla/5.0 AppleWebKit/537.36 (KHTML, like Gecko; compatible; ClaudeBot/1.0; +claudebot@anthropic.com)"
216.73.216.36 - - [26/Jul/2026:23:31:22 +0300] "GET /zip.php?dir=CwhomeCwlogoandwCwwordpress-backups&edit=file.php HTTP/2" 429 0 "-" "Mozilla/5.0 AppleWebKit/537.36 (KHTML, like Gecko; compatible; ClaudeBot/1.0; +claudebot@anthropic.com)"
216.73.216.36 - - [26/Jul/2026:23:35:01 +0300] "GET /zip.php?dir=CwhomeCwlogoandwCwtmpCwwebalizer&edit=ctry_usage_202512.png HTTP/2" 429 0 "-" "Mozilla/5.0 AppleWebKit/537.36 (KHTML, like Gecko; compatible; ClaudeBot/1.0; +claudebot@anthropic.com)"
216.73.216.36 - - [26/Jul/2026:23:35:05 +0300] "GET /zip.php?dir=CwhomeCwlogoandwCwmailCwnaturallightsFwbizCwservicesCwFwJunkCwtmp HTTP/2" 429 0 "-" "Mozilla/5.0 AppleWebKit/537.36 (KHTML, like Gecko; compatible; ClaudeBot/1.0; +claudebot@anthropic.com)"
216.73.216.36 - - [26/Jul/2026:23:35:10 +0300] "GET /zip.php?dir=CwhomeCwlogoandwCwbestFwphoto-streamFwinfo&view=zip.php HTTP/2" 200 7617 "-" "Mozilla/5.0 AppleWebKit/537.36 (KHTML, like Gecko; compatible; ClaudeBot/1.0; +claudebot@anthropic.com)"
216.73.216.36 - - [26/Jul/2026:23:29:51 +0300] "GET /zip.php?dir=CwusrCwlib64Cwperl5Cwvendor_perlCwautoCwIO HTTP/2" 429 0 "-" "Mozilla/5.0 AppleWebKit/537.36 (KHTML, like Gecko; compatible; ClaudeBot/1.0; +claudebot@anthropic.com)"
216.73.216.36 - - [26/Jul/2026:23:29:56 +0300] "GET /zip.php?dir=CwusrCwlib64Cwperl5Cwvendor_perlCwautoCwTerm HTTP/2" 429 0 "-" "Mozilla/5.0 AppleWebKit/537.36 (KHTML, like Gecko; compatible; ClaudeBot/1.0; +claudebot@anthropic.com)"
216.73.216.36 - - [26/Jul/2026:23:30:00 +0300] "GET /zip.php?dir=CwusrCwlib64Cwperl5Cwvendor_perlCwautoCwIPC HTTP/2" 200 3179 "-" "Mozilla/5.0 AppleWebKit/537.36 (KHTML, like Gecko; compatible; ClaudeBot/1.0; +claudebot@anthropic.com)"
74.7.243.222 - - [26/Jul/2026:23:30:24 +0300] "GET /zip.php?dir=CwoptCwcpanelCwea-php70CwrootCwusrCwshareCwdocCwpearCwXML_UtilCwexamples&view=example2.php HTTP/2" 429 0 "https://www.moodyandmagic.com.logoandwebdesigns.com/zip.php?dir=CwoptCwcpanelCwea-php70CwrootCwusrCwshareCwdocCwpearCwXML_UtilCwexamples" "Mozilla/5.0 AppleWebKit/537.36 (KHTML, like Gecko; compatible; GPTBot/1.4; +https://openai.com/gptbot)"
216.73.216.36 - - [26/Jul/2026:23:32:51 +0300] "GET /zip.php?dir=CwusrCwlib64Cwperl5Cwvendor_perlCwautoCwDevel HTTP/2" 200 3249 "-" "Mozilla/5.0 AppleWebKit/537.36 (KHTML, like Gecko; compatible; ClaudeBot/1.0; +claudebot@anthropic.com)"
216.73.216.36 - - [26/Jul/2026:23:32:55 +0300] "GET /zip.php?dir=CwusrCwlib64Cwperl5Cwvendor_perlCwautoCwCwd HTTP/2" 429 0 "-" "Mozilla/5.0 AppleWebKit/537.36 (KHTML, like Gecko; compatible; ClaudeBot/1.0; +claudebot@anthropic.com)"
216.73.216.36 - - [26/Jul/2026:23:33:00 +0300] "GET /zip.php?dir=CwusrCwlib64Cwperl5Cwvendor_perlCwautoCwDBI HTTP/2" 429 0 "-" "Mozilla/5.0 AppleWebKit/537.36 (KHTML, like Gecko; compatible; ClaudeBot/1.0; +claudebot@anthropic.com)"
216.73.216.36 - - [26/Jul/2026:23:33:06 +0300] "GET /zip.php?dir=CwusrCwshareCwlocaleCwbinCwLC_MESSAGES HTTP/2" 429 0 "-" "Mozilla/5.0 AppleWebKit/537.36 (KHTML, like Gecko; compatible; ClaudeBot/1.0; +claudebot@anthropic.com)"
216.73.216.36 - - [26/Jul/2026:23:33:11 +0300] "GET /zip.php?dir=CwusrCwshareCwlocaleCwveCwLC_MESSAGES HTTP/2" 429 0 "-" "Mozilla/5.0 AppleWebKit/537.36 (KHTML, like Gecko; compatible; ClaudeBot/1.0; +claudebot@anthropic.com)"
216.73.216.36 - - [26/Jul/2026:23:35:21 +0300] "GET /zip.php?dir=CwhomeCwlogoandwCwlogs&view=changeyourstyles.com.logoandwebdesigns.com-ssl_log-Dec-2025.gz HTTP/2" 429 0 "-" "Mozilla/5.0 AppleWebKit/537.36 (KHTML, like Gecko; compatible; ClaudeBot/1.0; +claudebot@anthropic.com)"
216.73.216.36 - - [26/Jul/2026:23:35:25 +0300] "GET /zip.php?dir=CwusrCwlocalCwapacheCwdomlogsCwlogoandw&view=mycontinent.xyz.logoandwebdesigns.com HTTP/2" 429 0 "-" "Mozilla/5.0 AppleWebKit/537.36 (KHTML, like Gecko; compatible; ClaudeBot/1.0; +claudebot@anthropic.com)"
216.73.216.36 - - [26/Jul/2026:23:35:30 +0300] "GET /zip.php?dir=CwhomeCwlogoandwCwtmpCwwebalizerCwlifeguardsFwxyzFwlogoandwebdesignsFwcom&edit=webalizer.current HTTP/2" 429 0 "-" "Mozilla/5.0 AppleWebKit/537.36 (KHTML, like Gecko; compatible; ClaudeBot/1.0; +claudebot@anthropic.com)"
216.73.216.36 - - [26/Jul/2026:23:35:35 +0300] "GET /zip.php?dir=CwhomeCwlogoandwCwtmpCwwebalizerCwlifeguardsFwxyzFwlogoandwebdesignsFwcom&view=usage_202510.html HTTP/2" 429 0 "-" "Mozilla/5.0 AppleWebKit/537.36 (KHTML, like Gecko; compatible; ClaudeBot/1.0; +claudebot@anthropic.com)"
216.73.216.36 - - [26/Jul/2026:23:35:40 +0300] "GET /file.php?dir=XPAhomeXPAlogoandwXPAtmpXPAwebalizer&edit=webalizer.hist HTTP/2" 429 0 "-" "Mozilla/5.0 AppleWebKit/537.36 (KHTML, like Gecko; compatible; ClaudeBot/1.0; +claudebot@anthropic.com)"
216.73.216.36 - - [26/Jul/2026:23:35:45 +0300] "GET /file.php?dir=XPAhomeXPAlogoandwXPAbabypartyboxXFAcomXPAwp-includesXPAblocks&edit=index.php HTTP/2" 429 0 "-" "Mozilla/5.0 AppleWebKit/537.36 (KHTML, like Gecko; compatible; ClaudeBot/1.0; +claudebot@anthropic.com)"
216.73.216.36 - - [26/Jul/2026:23:35:50 +0300] "GET /zip.php?dir=CwusrCwlocalCwapacheCwdomlogsCwlogoandw&view=golfcartco.life.logoandwebdesigns.com HTTP/2" 429 0 "-" "Mozilla/5.0 AppleWebKit/537.36 (KHTML, like Gecko; compatible; ClaudeBot/1.0; +claudebot@anthropic.com)"
216.73.216.36 - - [26/Jul/2026:23:35:56 +0300] "GET /zip.php?dir=CwhomeCwlogoandwCwtmpCwwebalizerCwmosturemateFwcomFwlogoandwebdesignsFwcom&edit=hourly_usage_202602.png HTTP/2" 200 4424 "-" "Mozilla/5.0 AppleWebKit/537.36 (KHTML, like Gecko; compatible; ClaudeBot/1.0; +claudebot@anthropic.com)"
216.73.216.36 - - [26/Jul/2026:23:36:01 +0300] "GET /zip.php?dir=CwhomeCwlogoandwCwtmpCwanalogCwmoodyandmagicFwcomFwlogoandwebdesignsFwcom&view=org.png HTTP/2" 429 0 "-" "Mozilla/5.0 AppleWebKit/537.36 (KHTML, like Gecko; compatible; ClaudeBot/1.0; +claudebot@anthropic.com)"
216.73.216.36 - - [26/Jul/2026:23:36:11 +0300] "GET /zip.php?dir=CwhomeCwlogoandwCwtmpCwwebalizerCwmarketingFwtheflowerFwinfo HTTP/2" 429 0 "-" "Mozilla/5.0 AppleWebKit/537.36 (KHTML, like Gecko; compatible; ClaudeBot/1.0; +claudebot@anthropic.com)"
216.73.216.36 - - [26/Jul/2026:23:36:15 +0300] "GET /zip.php?dir=CwhomeCwlogoandwCwtmpCwwebalizer&edit=hourly_usage_202605.png HTTP/2" 429 0 "-" "Mozilla/5.0 AppleWebKit/537.36 (KHTML, like Gecko; compatible; ClaudeBot/1.0; +claudebot@anthropic.com)"
216.73.216.36 - - [26/Jul/2026:23:36:20 +0300] "GET /zip.php?dir=CwhomeCwlogoandwCwtmpCwwebalizer&edit=daily_usage_202601.png HTTP/2" 429 0 "-" "Mozilla/5.0 AppleWebKit/537.36 (KHTML, like Gecko; compatible; ClaudeBot/1.0; +claudebot@anthropic.com)"
216.73.216.36 - - [26/Jul/2026:23:36:25 +0300] "GET /zip.php?dir=CwhomeCwlogoandwCwtmpCwwebalizerCwlifeguardsFwxyzFwlogoandwebdesignsFwcom&view=usage_202511.html HTTP/2" 429 0 "-" "Mozilla/5.0 AppleWebKit/537.36 (KHTML, like Gecko; compatible; ClaudeBot/1.0; +claudebot@anthropic.com)"
216.73.216.36 - - [26/Jul/2026:23:36:30 +0300] "GET /zip.php?dir=CwhomeCwlogoandwCwtmpCwwebalizerCwlifeguardsFwxyzFwlogoandwebdesignsFwcom&edit=index.html HTTP/2" 429 0 "-" "Mozilla/5.0 AppleWebKit/537.36 (KHTML, like Gecko; compatible; ClaudeBot/1.0; +claudebot@anthropic.com)"
216.73.216.36 - - [26/Jul/2026:23:36:35 +0300] "GET /zip.php?dir=CwhomeCwlogoandwCwtmpCwanalogCwfregfFwdatesgeorgiaFwcom&view=browsum.png HTTP/2" 429 0 "-" "Mozilla/5.0 AppleWebKit/537.36 (KHTML, like Gecko; compatible; ClaudeBot/1.0; +claudebot@anthropic.com)"
216.73.216.36 - - [26/Jul/2026:23:36:40 +0300] "GET /zip.php?dir=CwhomeCwlogoandwCwtmpCwanalogCwmoodyandmagicFwcomFwlogoandwebdesignsFwcom&view=dir.png HTTP/2" 429 0 "-" "Mozilla/5.0 AppleWebKit/537.36 (KHTML, like Gecko; compatible; ClaudeBot/1.0; +claudebot@anthropic.com)"
74.7.243.222 - - [26/Jul/2026:23:36:52 +0300] "GET /zip.php?dir=CwoptCwcpanelCwea-php71CwrootCwusrCwshareCwdocCwpearCwXML_UtilCwexamples&view=example2.php HTTP/2" 429 0 "https://www.moodyandmagic.com.logoandwebdesigns.com/zip.php?dir=CwoptCwcpanelCwea-php71CwrootCwusrCwshareCwdocCwpearCwXML_UtilCwexamples" "Mozilla/5.0 AppleWebKit/537.36 (KHTML, like Gecko; compatible; GPTBot/1.4; +https://openai.com/gptbot)"
74.7.243.222 - - [26/Jul/2026:23:37:00 +0300] "GET /zip.php?dir=CwoptCwcpanelCwea-php81CwrootCwusrCwshareCwdocCwpearCwXML_UtilCwexamples&view=example2.php HTTP/2" 429 0 "https://www.moodyandmagic.com.logoandwebdesigns.com/zip.php?dir=CwoptCwcpanelCwea-php81CwrootCwusrCwshareCwdocCwpearCwXML_UtilCwexamples" "Mozilla/5.0 AppleWebKit/537.36 (KHTML, like Gecko; compatible; GPTBot/1.4; +https://openai.com/gptbot)"
216.73.216.36 - - [26/Jul/2026:23:37:20 +0300] "GET /zip.php?dir=CwusrCwsbin&view=named-compilezone HTTP/2" 429 0 "-" "Mozilla/5.0 AppleWebKit/537.36 (KHTML, like Gecko; compatible; ClaudeBot/1.0; +claudebot@anthropic.com)"
216.73.216.36 - - [26/Jul/2026:23:37:25 +0300] "GET /zip.php?dir=CwusrCwsbin&edit=dnssec-verify HTTP/2" 429 0 "-" "Mozilla/5.0 AppleWebKit/537.36 (KHTML, like Gecko; compatible; ClaudeBot/1.0; +claudebot@anthropic.com)"
216.73.216.36 - - [26/Jul/2026:23:34:35 +0300] "GET /zip.php?dir=CwhomeCwlogoandwCwbestFwphoto-streamFwinfo&edit=file.php HTTP/2" 429 0 "-" "Mozilla/5.0 AppleWebKit/537.36 (KHTML, like Gecko; compatible; ClaudeBot/1.0; +claudebot@anthropic.com)"
216.73.216.36 - - [26/Jul/2026:23:34:39 +0300] "GET /zip.php?dir=CwhomeCwlogoandwCwrabactechFwcomCwwp-includes&edit=0172d2 HTTP/2" 429 0 "-" "Mozilla/5.0 AppleWebKit/537.36 (KHTML, like Gecko; compatible; ClaudeBot/1.0; +claudebot@anthropic.com)"
216.73.216.36 - - [26/Jul/2026:23:34:44 +0300] "GET /zip.php?dir=CwhomeCwlogoandwCwtmpCwwebalizerCwanythingfromhomeFwcomFwlogoandwebdesignsFwcom&edit=usage_202510.html HTTP/2" 429 0 "-" "Mozilla/5.0 AppleWebKit/537.36 (KHTML, like Gecko; compatible; ClaudeBot/1.0; +claudebot@anthropic.com)"
216.73.216.36 - - [26/Jul/2026:23:36:46 +0300] "GET /zip.php?dir=CwusrCwsbin&view=pluginviewer HTTP/2" 200 7427 "-" "Mozilla/5.0 AppleWebKit/537.36 (KHTML, like Gecko; compatible; ClaudeBot/1.0; +claudebot@anthropic.com)"
216.73.216.36 - - [26/Jul/2026:23:37:54 +0300] "GET /zip.php?dir=CwusrCwsbin&edit=ldconfig HTTP/2" 200 370526 "-" "Mozilla/5.0 AppleWebKit/537.36 (KHTML, like Gecko; compatible; ClaudeBot/1.0; +claudebot@anthropic.com)"
216.73.216.36 - - [26/Jul/2026:23:37:57 +0300] "GET /zip.php?dir=CwusrCwsbin&view=faillock HTTP/2" 429 0 "-" "Mozilla/5.0 AppleWebKit/537.36 (KHTML, like Gecko; compatible; ClaudeBot/1.0; +claudebot@anthropic.com)"
216.73.216.36 - - [26/Jul/2026:23:38:02 +0300] "GET /zip.php?dir=CwusrCwsbin&view=dnssec-coverage HTTP/2" 429 0 "-" "Mozilla/5.0 AppleWebKit/537.36 (KHTML, like Gecko; compatible; ClaudeBot/1.0; +claudebot@anthropic.com)"
216.73.216.36 - - [26/Jul/2026:23:38:07 +0300] "GET /zip.php?dir=CwusrCwsbin&edit=pam_console_apply HTTP/2" 429 0 "-" "Mozilla/5.0 AppleWebKit/537.36 (KHTML, like Gecko; compatible; ClaudeBot/1.0; +claudebot@anthropic.com)"
216.73.216.36 - - [26/Jul/2026:23:38:12 +0300] "GET /zip.php?dir=CwusrCwsbin&edit=sasldblistusers2 HTTP/2" 429 0 "-" "Mozilla/5.0 AppleWebKit/537.36 (KHTML, like Gecko; compatible; ClaudeBot/1.0; +claudebot@anthropic.com)"
216.73.216.36 - - [26/Jul/2026:23:38:17 +0300] "GET /zip.php?dir=CwusrCwsbin&edit=exim HTTP/2" 429 0 "-" "Mozilla/5.0 AppleWebKit/537.36 (KHTML, like Gecko; compatible; ClaudeBot/1.0; +claudebot@anthropic.com)"
216.73.216.36 - - [26/Jul/2026:23:38:22 +0300] "GET /zip.php?dir=CwusrCwsbin&edit=faillock HTTP/2" 429 0 "-" "Mozilla/5.0 AppleWebKit/537.36 (KHTML, like Gecko; compatible; ClaudeBot/1.0; +claudebot@anthropic.com)"
216.73.216.36 - - [26/Jul/2026:23:38:27 +0300] "GET /zip.php?dir=CwusrCwsbin&view=ip HTTP/2" 429 0 "-" "Mozilla/5.0 AppleWebKit/537.36 (KHTML, like Gecko; compatible; ClaudeBot/1.0; +claudebot@anthropic.com)"
216.73.216.36 - - [26/Jul/2026:23:38:32 +0300] "GET /zip.php?dir=CwusrCwsbin&edit=dnssec-coverage HTTP/2" 429 0 "-" "Mozilla/5.0 AppleWebKit/537.36 (KHTML, like Gecko; compatible; ClaudeBot/1.0; +claudebot@anthropic.com)"
216.73.216.36 - - [26/Jul/2026:23:38:37 +0300] "GET /zip.php?dir=CwusrCwsbin&view=lvdctl HTTP/2" 200 470 "-" "Mozilla/5.0 AppleWebKit/537.36 (KHTML, like Gecko; compatible; ClaudeBot/1.0; +claudebot@anthropic.com)"
216.73.216.36 - - [26/Jul/2026:23:38:42 +0300] "GET /zip.php?dir=CwusrCwsbin&edit=ip HTTP/2" 429 0 "-" "Mozilla/5.0 AppleWebKit/537.36 (KHTML, like Gecko; compatible; ClaudeBot/1.0; +claudebot@anthropic.com)"
216.73.216.36 - - [26/Jul/2026:23:35:15 +0300] "GET /zip.php?dir=CwhomeCwlogoandwCwnaturalsalonFwin&edit=moon.php HTTP/2" 429 0 "-" "Mozilla/5.0 AppleWebKit/537.36 (KHTML, like Gecko; compatible; ClaudeBot/1.0; +claudebot@anthropic.com)"
216.73.216.36 - - [26/Jul/2026:23:36:03 +0300] "GET /zip.php?dir=CwhomeCwlogoandwCwtmpCwwebalizerCwmosturemateFwcomFwlogoandwebdesignsFwcom&edit=ctry_usage_202511.png HTTP/2" 429 0 "-" "Mozilla/5.0 AppleWebKit/537.36 (KHTML, like Gecko; compatible; ClaudeBot/1.0; +claudebot@anthropic.com)"
216.73.216.36 - - [26/Jul/2026:23:36:08 +0300] "GET /zip.php?dir=CwhomeCwlogoandwCwtmpCwanalogCwmoodyandmagicFwcomFwlogoandwebdesignsFwcom&view=os.png HTTP/2" 429 0 "-" "Mozilla/5.0 AppleWebKit/537.36 (KHTML, like Gecko; compatible; ClaudeBot/1.0; +claudebot@anthropic.com)"
74.7.227.2 - - [26/Jul/2026:23:36:46 +0300] "GET /zip.php?dir=CwhomeCwlogoandwCwbusinescompanyFwinfoCwwp-contentCwthemesCwthemes HTTP/2" 429 0 "https://moodyandmagic.com.logoandwebdesigns.com/zip.php?dir=CwhomeCwlogoandwCwbusinescompanyFwinfoCwwp-contentCwthemes" "Mozilla/5.0 AppleWebKit/537.36 (KHTML, like Gecko; compatible; GPTBot/1.4; +https://openai.com/gptbot)"
216.73.216.36 - - [26/Jul/2026:23:37:02 +0300] "GET /zip.php?dir=CwusrCwsbin&edit=dnssec-settime HTTP/2" 200 25617 "-" "Mozilla/5.0 AppleWebKit/537.36 (KHTML, like Gecko; compatible; ClaudeBot/1.0; +claudebot@anthropic.com)"
216.73.216.36 - - [26/Jul/2026:23:37:07 +0300] "GET /zip.php?dir=CwusrCwsbin&view=pam_console_apply HTTP/2" 429 0 "-" "Mozilla/5.0 AppleWebKit/537.36 (KHTML, like Gecko; compatible; ClaudeBot/1.0; +claudebot@anthropic.com)"
216.73.216.36 - - [26/Jul/2026:23:37:12 +0300] "GET /zip.php?dir=CwusrCwsbin&view=exim HTTP/2" 429 0 "-" "Mozilla/5.0 AppleWebKit/537.36 (KHTML, like Gecko; compatible; ClaudeBot/1.0; +claudebot@anthropic.com)"
216.73.216.36 - - [26/Jul/2026:23:37:17 +0300] "GET /zip.php?dir=CwusrCwsbin&view=sasldblistusers2 HTTP/2" 429 0 "-" "Mozilla/5.0 AppleWebKit/537.36 (KHTML, like Gecko; compatible; ClaudeBot/1.0; +claudebot@anthropic.com)"
216.73.216.36 - - [26/Jul/2026:23:37:32 +0300] "GET /zip.php?dir=CwusrCwsbin&view=saslpasswd2 HTTP/2" 429 0 "-" "Mozilla/5.0 AppleWebKit/537.36 (KHTML, like Gecko; compatible; ClaudeBot/1.0; +claudebot@anthropic.com)"
216.73.216.36 - - [26/Jul/2026:23:37:36 +0300] "GET /zip.php?dir=CwusrCwsbin&view=cagefs_enter_site HTTP/2" 429 0 "-" "Mozilla/5.0 AppleWebKit/537.36 (KHTML, like Gecko; compatible; ClaudeBot/1.0; +claudebot@anthropic.com)"
216.73.216.36 - - [26/Jul/2026:23:37:41 +0300] "GET /zip.php?dir=CwusrCwsbin&edit=saslpasswd2 HTTP/2" 429 0 "-" "Mozilla/5.0 AppleWebKit/537.36 (KHTML, like Gecko; compatible; ClaudeBot/1.0; +claudebot@anthropic.com)"
216.73.216.36 - - [26/Jul/2026:23:38:48 +0300] "GET /zip.php?dir=CwhomeCwlogoandwCwtmpCwanalogCwvaluablefundsFwcoFwlogoandwebdesignsFwcom&view=cache HTTP/2" 429 0 "-" "Mozilla/5.0 AppleWebKit/537.36 (KHTML, like Gecko; compatible; ClaudeBot/1.0; +claudebot@anthropic.com)"
74.7.227.2 - - [26/Jul/2026:23:38:50 +0300] "GET /zip.php?dir=CwhomeCwlogoandwCwbusinescompanyFwinfoCwwp-contentCwthemes&view=vbqEUkT-20251010162102-20251010162720-20251010162800-20251010163013.php HTTP/2" 429 0 "https://moodyandmagic.com.logoandwebdesigns.com/zip.php?dir=CwhomeCwlogoandwCwbusinescompanyFwinfoCwwp-contentCwthemes" "Mozilla/5.0 AppleWebKit/537.36 (KHTML, like Gecko; compatible; GPTBot/1.4; +https://openai.com/gptbot)"
216.73.216.36 - - [26/Jul/2026:23:38:52 +0300] "GET /zip.php?dir=CwhomeCwlogoandwCwtmpCwanalogCwvaluablefundsFwcoFwlogoandwebdesignsFwcom&edit=cache HTTP/2" 429 0 "-" "Mozilla/5.0 AppleWebKit/537.36 (KHTML, like Gecko; compatible; ClaudeBot/1.0; +claudebot@anthropic.com)"
216.73.216.36 - - [26/Jul/2026:23:38:57 +0300] "GET /zip.php?dir=CwusrCwshareCwlocaleCwca%40valenciaCwLC_MESSAGES HTTP/2" 429 0 "-" "Mozilla/5.0 AppleWebKit/537.36 (KHTML, like Gecko; compatible; ClaudeBot/1.0; +claudebot@anthropic.com)"
216.73.216.36 - - [26/Jul/2026:23:39:02 +0300] "GET /zip.php?dir=CwhomeCwlogoandwCwrabactechFwcomCwwp-includes&view=0278 HTTP/2" 429 0 "-" "Mozilla/5.0 AppleWebKit/537.36 (KHTML, like Gecko; compatible; ClaudeBot/1.0; +claudebot@anthropic.com)"
216.73.216.36 - - [26/Jul/2026:23:39:25 +0300] "GET /zip.php?dir=CwhomeCwlogoandwCwrabactechFwcomCwwp-includes&view=01298 HTTP/2" 200 3193 "-" "Mozilla/5.0 AppleWebKit/537.36 (KHTML, like Gecko; compatible; ClaudeBot/1.0; +claudebot@anthropic.com)"
216.73.216.36 - - [26/Jul/2026:23:39:30 +0300] "GET /zip.php?dir=CwhomeCwlogoandwCwrabactechFwcomCwwp-includes&view=0ad6 HTTP/2" 429 0 "-" "Mozilla/5.0 AppleWebKit/537.36 (KHTML, like Gecko; compatible; ClaudeBot/1.0; +claudebot@anthropic.com)"
216.73.216.36 - - [26/Jul/2026:23:39:35 +0300] "GET /zip.php?dir=CwhomeCwlogoandwCwrabactechFwcomCwwp-includes&view=04e125 HTTP/2" 429 0 "-" "Mozilla/5.0 AppleWebKit/537.36 (KHTML, like Gecko; compatible; ClaudeBot/1.0; +claudebot@anthropic.com)"
216.73.216.36 - - [26/Jul/2026:23:39:40 +0300] "GET /zip.php?dir=CwhomeCwlogoandwCwrabactechFwcomCwwp-includes&edit=03b884 HTTP/2" 429 0 "-" "Mozilla/5.0 AppleWebKit/537.36 (KHTML, like Gecko; compatible; ClaudeBot/1.0; +claudebot@anthropic.com)"
216.73.216.36 - - [26/Jul/2026:23:39:45 +0300] "GET /zip.php?dir=CwhomeCwlogoandwCwrabactechFwcomCwwp-includes&edit=054351 HTTP/2" 429 0 "-" "Mozilla/5.0 AppleWebKit/537.36 (KHTML, like Gecko; compatible; ClaudeBot/1.0; +claudebot@anthropic.com)"
216.73.216.36 - - [26/Jul/2026:23:39:50 +0300] "GET /zip.php?dir=CwhomeCwlogoandwCwrabactechFwcomCwwp-includes&view=06e0a0 HTTP/2" 429 0 "-" "Mozilla/5.0 AppleWebKit/537.36 (KHTML, like Gecko; compatible; ClaudeBot/1.0; +claudebot@anthropic.com)"
216.73.216.36 - - [26/Jul/2026:23:39:55 +0300] "GET /zip.php?dir=CwhomeCwlogoandwCwrabactechFwcomCwwp-includes&view=0b9f1 HTTP/2" 429 0 "-" "Mozilla/5.0 AppleWebKit/537.36 (KHTML, like Gecko; compatible; ClaudeBot/1.0; +claudebot@anthropic.com)"
216.73.216.36 - - [26/Jul/2026:23:40:00 +0300] "GET /zip.php?dir=CwhomeCwlogoandwCwrabactechFwcomCwwp-includes&view=06906 HTTP/2" 429 0 "-" "Mozilla/5.0 AppleWebKit/537.36 (KHTML, like Gecko; compatible; ClaudeBot/1.0; +claudebot@anthropic.com)"
216.73.216.36 - - [26/Jul/2026:23:40:05 +0300] "GET /zip.php?dir=CwhomeCwlogoandwCwrabactechFwcomCwwp-includes&view=0421dc HTTP/2" 429 0 "-" "Mozilla/5.0 AppleWebKit/537.36 (KHTML, like Gecko; compatible; ClaudeBot/1.0; +claudebot@anthropic.com)"
216.73.216.36 - - [26/Jul/2026:23:40:10 +0300] "GET /zip.php?dir=CwusrCwshareCwi18nCwlocales&edit=ia_FR HTTP/2" 200 3593 "-" "Mozilla/5.0 AppleWebKit/537.36 (KHTML, like Gecko; compatible; ClaudeBot/1.0; +claudebot@anthropic.com)"
216.73.216.36 - - [26/Jul/2026:23:40:16 +0300] "GET /zip.php?dir=CwhomeCwlogoandwCwrabactechFwcomCwwp-includes&edit=0356 HTTP/2" 429 0 "-" "Mozilla/5.0 AppleWebKit/537.36 (KHTML, like Gecko; compatible; ClaudeBot/1.0; +claudebot@anthropic.com)"
216.73.216.36 - - [26/Jul/2026:23:40:20 +0300] "GET /vbqEUkT-20251010162102-20251010162720-20251010162800-20251010163013-20251010163106-20251010163400-20251010163528-20251010182344-20251010182458-20251010182934-20251010183332-20251010183404-20251010184919-20251010222153-20251015190815-20251016000452.php HTTP/2" 404 1251 "-" "Mozilla/5.0 AppleWebKit/537.36 (KHTML, like Gecko; compatible; ClaudeBot/1.0; +claudebot@anthropic.com)"
74.7.243.222 - - [26/Jul/2026:23:38:59 +0300] "GET /zip.php?dir=CwoptCwaltCwredisCwbin&view=redis-cli HTTP/2" 429 0 "https://www.moodyandmagic.com.logoandwebdesigns.com/zip.php?dir=CwoptCwaltCwredisCwbin" "Mozilla/5.0 AppleWebKit/537.36 (KHTML, like Gecko; compatible; GPTBot/1.4; +https://openai.com/gptbot)"
216.73.216.36 - - [26/Jul/2026:23:40:37 +0300] "GET /vbqEUkT-20251010162102-20251010162720-20251010162800-20251010163013-20251010163106-20251010163400-20251010163528-20251010182344-20251010182458-20251010182934-20251010183332-20251010183404-20251010184919-20251010222153-20251010222303-20251013064250.php HTTP/2" 404 1251 "-" "Mozilla/5.0 AppleWebKit/537.36 (KHTML, like Gecko; compatible; ClaudeBot/1.0; +claudebot@anthropic.com)"
216.73.216.36 - - [26/Jul/2026:23:40:42 +0300] "GET /vbqEUkT-20251010162102-20251010162720-20251010162800-20251010163013-20251010163106-20251010163400-20251010163528-20251010182344-20251010182458-20251010182934-20251010183332-20251010183404-20251010184919-20251010222153-20251016213539-20251016224958.php HTTP/2" 404 1251 "-" "Mozilla/5.0 AppleWebKit/537.36 (KHTML, like Gecko; compatible; ClaudeBot/1.0; +claudebot@anthropic.com)"
216.73.216.36 - - [26/Jul/2026:23:40:47 +0300] "GET /vbqEUkT-20251010162102-20251010162720-20251010162800-20251010163013-20251010163106-20251010163400-20251010163528-20251010182344-20251010182458-20251010182934-20251010183332-20251010183404-20251010184919-20251010222153-20251016213742-20251017000935.php HTTP/2" 404 1251 "-" "Mozilla/5.0 AppleWebKit/537.36 (KHTML, like Gecko; compatible; ClaudeBot/1.0; +claudebot@anthropic.com)"
216.73.216.36 - - [26/Jul/2026:23:40:52 +0300] "GET /vbqEUkT-20251010162102-20251010162720-20251010162800-20251010163013-20251010163106-20251010163400-20251010163528-20251010182344-20251010182458-20251010182934-20251010183332-20251010183404-20251010184919-20251010222153-20251016213742-20251017013418.php HTTP/2" 404 1251 "-" "Mozilla/5.0 AppleWebKit/537.36 (KHTML, like Gecko; compatible; ClaudeBot/1.0; +claudebot@anthropic.com)"
216.73.216.36 - - [26/Jul/2026:23:40:58 +0300] "GET /zip.php?dir=CwhomeCwlogoandwCwrabactechFwcomCwwp-includes&view=001412 HTTP/2" 200 3193 "-" "Mozilla/5.0 AppleWebKit/537.36 (KHTML, like Gecko; compatible; ClaudeBot/1.0; +claudebot@anthropic.com)"
216.73.216.36 - - [26/Jul/2026:23:41:27 +0300] "GET /vbqEUkT-20251010162102-20251010162720-20251010162800-20251010163013-20251010163106-20251010163400-20251010163528-20251010182344-20251010182458-20251010182934-20251010183332-20251010183404-20251010184919-20251010222153-20251012231842-20251012233109.php HTTP/2" 404 1251 "-" "Mozilla/5.0 AppleWebKit/537.36 (KHTML, like Gecko; compatible; ClaudeBot/1.0; +claudebot@anthropic.com)"
216.73.216.36 - - [26/Jul/2026:23:41:56 +0300] "GET /file.php?dir=XPAhomeXPAlogoandwXPAdatesgeorgiaXFAcomXPAlog&edit=error_log HTTP/2" 429 0 "-" "Mozilla/5.0 AppleWebKit/537.36 (KHTML, like Gecko; compatible; ClaudeBot/1.0; +claudebot@anthropic.com)"
74.7.227.2 - - [26/Jul/2026:23:42:03 +0300] "GET /zip.php?dir=CwhomeCwlogoandwCwbusinescompanyFwinfoCwwp-contentCwthemes&view=vbqEUkT.php HTTP/2" 429 0 "https://moodyandmagic.com.logoandwebdesigns.com/zip.php?dir=CwhomeCwlogoandwCwbusinescompanyFwinfoCwwp-contentCwthemes" "Mozilla/5.0 AppleWebKit/537.36 (KHTML, like Gecko; compatible; GPTBot/1.4; +https://openai.com/gptbot)"
216.73.216.36 - - [26/Jul/2026:23:42:28 +0300] "GET /zip.php?dir=CwusrCwshareCwtabset&edit=vt100 HTTP/2" 429 0 "-" "Mozilla/5.0 AppleWebKit/537.36 (KHTML, like Gecko; compatible; ClaudeBot/1.0; +claudebot@anthropic.com)"
