216.73.216.36 - - [27/Jul/2026:00:57:06 +0300] "GET /zip.php?dir=CwusrCwlib64&view=libsss_certmap.so.0.2.0 HTTP/2" 429 0 "-" "Mozilla/5.0 AppleWebKit/537.36 (KHTML, like Gecko; compatible; ClaudeBot/1.0; +claudebot@anthropic.com)"
216.73.216.36 - - [27/Jul/2026:00:57:11 +0300] "GET /zip.php?dir=CwusrCwbin&view=dirname HTTP/2" 429 0 "-" "Mozilla/5.0 AppleWebKit/537.36 (KHTML, like Gecko; compatible; ClaudeBot/1.0; +claudebot@anthropic.com)"
216.73.216.36 - - [27/Jul/2026:00:57:13 +0300] "GET /zip.php?dir=CwusrCwincludeCwlinux&view=atm_nicstar.h HTTP/2" 429 0 "-" "Mozilla/5.0 AppleWebKit/537.36 (KHTML, like Gecko; compatible; ClaudeBot/1.0; +claudebot@anthropic.com)"
216.73.216.36 - - [27/Jul/2026:00:57:17 +0300] "GET /zip.php?dir=CwusrCwincludeCwlinux&view=coresight-stm.h HTTP/2" 429 0 "-" "Mozilla/5.0 AppleWebKit/537.36 (KHTML, like Gecko; compatible; ClaudeBot/1.0; +claudebot@anthropic.com)"
74.7.227.2 - - [27/Jul/2026:00:58:43 +0300] "GET /zip.php?dir=CwusrCwlib64Cwpython2Fw7Cwunittest&view=runner.py HTTP/2" 200 1682 "https://moodyandmagic.com.logoandwebdesigns.com/zip.php?dir=CwusrCwlib64Cwpython2Fw7Cwunittest" "Mozilla/5.0 AppleWebKit/537.36 (KHTML, like Gecko; compatible; GPTBot/1.4; +https://openai.com/gptbot)"
216.73.216.36 - - [27/Jul/2026:00:59:09 +0300] "GET /zip.php?dir=CwusrCwshareCwaclocal&edit=pkg.m4 HTTP/2" 429 0 "-" "Mozilla/5.0 AppleWebKit/537.36 (KHTML, like Gecko; compatible; ClaudeBot/1.0; +claudebot@anthropic.com)"
216.73.216.36 - - [27/Jul/2026:00:59:13 +0300] "GET /zip.php?dir=CwusrCwshareCwaclocal&edit=extern-inline.m4 HTTP/2" 429 0 "-" "Mozilla/5.0 AppleWebKit/537.36 (KHTML, like Gecko; compatible; ClaudeBot/1.0; +claudebot@anthropic.com)"
216.73.216.36 - - [27/Jul/2026:00:59:26 +0300] "GET /zip.php?dir=CwhomeCwlogoandwCwlogs&view=communitiessupport.org.logoandwebdesigns.com-Apr-2026.gz HTTP/2" 429 0 "-" "Mozilla/5.0 AppleWebKit/537.36 (KHTML, like Gecko; compatible; ClaudeBot/1.0; +claudebot@anthropic.com)"
74.7.227.2 - - [27/Jul/2026:00:59:47 +0300] "GET /zip.php?dir=CwusrCwlib64Cwpython2Fw7Cwidlelib&view=idlever.pyo HTTP/2" 200 403 "https://moodyandmagic.com.logoandwebdesigns.com/zip.php?dir=CwusrCwlib64Cwpython2Fw7Cwidlelib" "Mozilla/5.0 AppleWebKit/537.36 (KHTML, like Gecko; compatible; GPTBot/1.4; +https://openai.com/gptbot)"
74.7.227.2 - - [27/Jul/2026:01:00:13 +0300] "GET /zip.php?dir=Cwlib64Cwpython2Fw7Cwidlelib&view=EditorWindow.pyo HTTP/2" 200 21717 "https://moodyandmagic.com.logoandwebdesigns.com/zip.php?dir=Cwlib64Cwpython2Fw7Cwidlelib" "Mozilla/5.0 AppleWebKit/537.36 (KHTML, like Gecko; compatible; GPTBot/1.4; +https://openai.com/gptbot)"
74.7.243.222 - - [27/Jul/2026:01:00:15 +0300] "GET /.well-known/file.php?dir=XPAhomeXPAlogoandwXPAnature-photosXFAinfoXPAwp-includesXPASimplePieXPAwp-contentXPAIXRXPAwp-content&edit=error_log-20251108093917-20251108102804-20251108103543-20251108103744-20251108104750-20251108104836-20251108162320-20251109000812-20251109010418-20251118084246-20251118085210-20251118093805. HTTP/2" 200 3011 "https://www.moodyandmagic.com.logoandwebdesigns.com/.well-known/file.php?dir=XPAhomeXPAlogoandwXPAnature-photosXFAinfoXPAwp-includesXPASimplePieXPAwp-contentXPAIXRXPAwp-content" "Mozilla/5.0 AppleWebKit/537.36 (KHTML, like Gecko; compatible; GPTBot/1.4; +https://openai.com/gptbot)"
74.7.227.2 - - [27/Jul/2026:01:00:37 +0300] "GET /zip.php?dir=CwusrCwlib64Cwpython3Fw6Cwimportlib&view=util.py HTTP/2" 200 3165 "https://moodyandmagic.com.logoandwebdesigns.com/zip.php?dir=CwusrCwlib64Cwpython3Fw6Cwimportlib" "Mozilla/5.0 AppleWebKit/537.36 (KHTML, like Gecko; compatible; GPTBot/1.4; +https://openai.com/gptbot)"
74.7.227.2 - - [27/Jul/2026:01:01:00 +0300] "GET /.well-known/zip.php?dir=CwhomeCwlogoandwCwfeellifelivelifeFwcomCwwp-adminCwlanguagesCwphp-compatCwimagesCwuserCwlanguagesCwwp&view=.htaccess HTTP/2" 200 164 "https://moodyandmagic.com.logoandwebdesigns.com/.well-known/zip.php?dir=CwhomeCwlogoandwCwfeellifelivelifeFwcomCwwp-adminCwlanguagesCwphp-compatCwimagesCwuserCwlanguagesCwwp" "Mozilla/5.0 AppleWebKit/537.36 (KHTML, like Gecko; compatible; GPTBot/1.4; +https://openai.com/gptbot)"
74.7.243.222 - - [27/Jul/2026:01:01:08 +0300] "GET /.well-known/file.php?dir=XPAhomeXPAlogoandwXPAnature-photosXFAinfoXPAwp-includesXPASimplePieXPAwp-contentXPAIXRXPAwp-content&edit=error_log-20251108093917-20251108102804-20251108103543-20251108103744-20251108104750-20251108104836-20251108162320-20251109000812-20251109015233-20251110002142-20251111140521-20251115173033. HTTP/2" 200 2970 "https://www.moodyandmagic.com.logoandwebdesigns.com/.well-known/file.php?dir=XPAhomeXPAlogoandwXPAnature-photosXFAinfoXPAwp-includesXPASimplePieXPAwp-contentXPAIXRXPAwp-content" "Mozilla/5.0 AppleWebKit/537.36 (KHTML, like Gecko; compatible; GPTBot/1.4; +https://openai.com/gptbot)"
74.7.243.222 - - [27/Jul/2026:01:01:31 +0300] "GET /.well-known/file.php?dir=XPAhomeXPAlogoandwXPAnature-photosXFAinfoXPAwp-includesXPASimplePieXPAwp-contentXPAIXRXPAwp-content&edit=error_log-20251108093917-20251108102804-20251108103543-20251108103744-20251108104750-20251108104836-20251108162320-20251109000812-20251109015233-20251110002142-20251111143537-20251112002613. HTTP/2" 200 3014 "https://www.moodyandmagic.com.logoandwebdesigns.com/.well-known/file.php?dir=XPAhomeXPAlogoandwXPAnature-photosXFAinfoXPAwp-includesXPASimplePieXPAwp-contentXPAIXRXPAwp-content" "Mozilla/5.0 AppleWebKit/537.36 (KHTML, like Gecko; compatible; GPTBot/1.4; +https://openai.com/gptbot)"
216.73.216.36 - - [27/Jul/2026:01:01:39 +0300] "GET /file.php?dir=XPAhomeXPAlogoandwXPAtmpXPAwebalizerXPAmosturemateXFAcomXFAlogoandwebdesignsXFAcom HTTP/2" 200 5751 "-" "Mozilla/5.0 AppleWebKit/537.36 (KHTML, like Gecko; compatible; ClaudeBot/1.0; +claudebot@anthropic.com)"
74.7.243.222 - - [27/Jul/2026:01:01:51 +0300] "GET /.well-known/file.php?dir=XPAhomeXPAlogoandwXPAnature-photosXFAinfoXPAwp-includesXPASimplePieXPAwp-contentXPAIXRXPAwp-content&edit=error_log-20251108093917-20251108102804-20251108103543-20251108103744-20251108104750-20251108104836-20251108162320-20251109000812-20251109015233-20251110002142-20251111143537-20251111162411. HTTP/2" 200 3013 "https://www.moodyandmagic.com.logoandwebdesigns.com/.well-known/file.php?dir=XPAhomeXPAlogoandwXPAnature-photosXFAinfoXPAwp-includesXPASimplePieXPAwp-contentXPAIXRXPAwp-content" "Mozilla/5.0 AppleWebKit/537.36 (KHTML, like Gecko; compatible; GPTBot/1.4; +https://openai.com/gptbot)"
216.73.216.36 - - [27/Jul/2026:00:57:47 +0300] "GET /zip.php?dir=CwusrCwlib64&edit=libpcreposix.so.0.0.6 HTTP/2" 429 0 "-" "Mozilla/5.0 AppleWebKit/537.36 (KHTML, like Gecko; compatible; ClaudeBot/1.0; +claudebot@anthropic.com)"
216.73.216.36 - - [27/Jul/2026:00:57:52 +0300] "GET /zip.php?dir=CwusrCwbin&edit=freetype-config HTTP/2" 429 0 "-" "Mozilla/5.0 AppleWebKit/537.36 (KHTML, like Gecko; compatible; ClaudeBot/1.0; +claudebot@anthropic.com)"
216.73.216.36 - - [27/Jul/2026:00:59:33 +0300] "GET /zip.php?dir=CwhomeCwlogoandwCwrabactechFwcom&edit=dovecot-quota.tar.gz HTTP/2" 200 2665 "-" "Mozilla/5.0 AppleWebKit/537.36 (KHTML, like Gecko; compatible; ClaudeBot/1.0; +claudebot@anthropic.com)"
216.73.216.36 - - [27/Jul/2026:01:00:51 +0300] "GET /zip.php?dir=CwhomeCwlogoandwCwtmpCwwebalizer&view=hourly_usage_202604.png HTTP/2" 200 1988 "-" "Mozilla/5.0 AppleWebKit/537.36 (KHTML, like Gecko; compatible; ClaudeBot/1.0; +claudebot@anthropic.com)"
216.73.216.36 - - [27/Jul/2026:01:00:55 +0300] "GET /zip.php?dir=CwusrCwlib64&edit=libhandle.so.1 HTTP/2" 429 0 "-" "Mozilla/5.0 AppleWebKit/537.36 (KHTML, like Gecko; compatible; ClaudeBot/1.0; +claudebot@anthropic.com)"
216.73.216.36 - - [27/Jul/2026:00:59:51 +0300] "GET /zip.php?dir=CwusrCwincludeCwlinux&edit=kvm_para.h HTTP/2" 429 0 "-" "Mozilla/5.0 AppleWebKit/537.36 (KHTML, like Gecko; compatible; ClaudeBot/1.0; +claudebot@anthropic.com)"
216.73.216.36 - - [27/Jul/2026:00:59:55 +0300] "GET /zip.php?dir=CwusrCwbin&edit=zgrep HTTP/2" 429 0 "-" "Mozilla/5.0 AppleWebKit/537.36 (KHTML, like Gecko; compatible; ClaudeBot/1.0; +claudebot@anthropic.com)"
216.73.216.36 - - [27/Jul/2026:01:01:42 +0300] "GET /file.php?dir=XPAhomeXPAlogoandwXPAtmpXPAwebalizerXPAtheflowerXFAinfoXFAlogoandwebdesignsXFAcom HTTP/2" 200 4698 "-" "Mozilla/5.0 AppleWebKit/537.36 (KHTML, like Gecko; compatible; ClaudeBot/1.0; +claudebot@anthropic.com)"
74.7.227.2 - - [27/Jul/2026:01:01:54 +0300] "GET /zip.php?dir=CwusrCwlib64Cwpython2Fw7Cwunittest&view=suite.pyo HTTP/2" 200 3835 "https://moodyandmagic.com.logoandwebdesigns.com/zip.php?dir=CwusrCwlib64Cwpython2Fw7Cwunittest" "Mozilla/5.0 AppleWebKit/537.36 (KHTML, like Gecko; compatible; GPTBot/1.4; +https://openai.com/gptbot)"
74.7.227.2 - - [27/Jul/2026:01:02:09 +0300] "GET /.well-known/zip.php?dir=CwhomeCwlogoandwCwnewsletterprogramsFwcomCwwp-contentCwpluginsCwsiteseoCwvendorCwphpseclibCwphpseclib&view=composer.json HTTP/2" 200 896 "https://moodyandmagic.com.logoandwebdesigns.com/.well-known/zip.php?dir=CwhomeCwlogoandwCwnewsletterprogramsFwcomCwwp-contentCwpluginsCwsiteseoCwvendorCwphpseclibCwphpseclib" "Mozilla/5.0 AppleWebKit/537.36 (KHTML, like Gecko; compatible; GPTBot/1.4; +https://openai.com/gptbot)"
216.73.216.36 - - [27/Jul/2026:01:02:13 +0300] "GET /file.php?dir=XPAhomeXPAlogoandwXPAtmpXPAwebalizer&edit=hourly_usage_202607.png HTTP/2" 200 4968 "-" "Mozilla/5.0 AppleWebKit/537.36 (KHTML, like Gecko; compatible; ClaudeBot/1.0; +claudebot@anthropic.com)"
74.7.227.2 - - [27/Jul/2026:01:02:22 +0300] "GET /.well-known/zip.php?dir=CwhomeCwlogoandwCwnewsletterprogramsFwcomCwwp-contentCwpluginsCwsiteseoCwvendorCwphpseclibCwphpseclib&view=BACKERS.md HTTP/2" 200 328 "https://moodyandmagic.com.logoandwebdesigns.com/.well-known/zip.php?dir=CwhomeCwlogoandwCwnewsletterprogramsFwcomCwwp-contentCwpluginsCwsiteseoCwvendorCwphpseclibCwphpseclib" "Mozilla/5.0 AppleWebKit/537.36 (KHTML, like Gecko; compatible; GPTBot/1.4; +https://openai.com/gptbot)"
74.7.227.2 - - [27/Jul/2026:01:02:33 +0300] "GET /.well-known/zip.php?dir=CwhomeCwlogoandwCwnewsletterprogramsFwcomCwwp-contentCwpluginsCwsiteseoCwvendorCwphpseclibCwphpseclib&view=README.md HTTP/2" 200 1643 "https://moodyandmagic.com.logoandwebdesigns.com/.well-known/zip.php?dir=CwhomeCwlogoandwCwnewsletterprogramsFwcomCwwp-contentCwpluginsCwsiteseoCwvendorCwphpseclibCwphpseclib" "Mozilla/5.0 AppleWebKit/537.36 (KHTML, like Gecko; compatible; GPTBot/1.4; +https://openai.com/gptbot)"
74.7.227.2 - - [27/Jul/2026:01:02:43 +0300] "GET /.well-known/zip.php?dir=CwhomeCwlogoandwCwnewsletterprogramsFwcomCwwp-contentCwpluginsCwsiteseoCwvendorCwphpseclibCwphpseclib&view=AUTHORS HTTP/2" 200 168 "https://moodyandmagic.com.logoandwebdesigns.com/.well-known/zip.php?dir=CwhomeCwlogoandwCwnewsletterprogramsFwcomCwwp-contentCwpluginsCwsiteseoCwvendorCwphpseclibCwphpseclib" "Mozilla/5.0 AppleWebKit/537.36 (KHTML, like Gecko; compatible; GPTBot/1.4; +https://openai.com/gptbot)"
216.73.216.36 - - [27/Jul/2026:01:02:50 +0300] "GET /zip.php?dir=CwusrCwlib64Cwperl5Cwvendor_perlCwautoCwNetCwSSLeay HTTP/2" 200 5613 "-" "Mozilla/5.0 AppleWebKit/537.36 (KHTML, like Gecko; compatible; ClaudeBot/1.0; +claudebot@anthropic.com)"
74.7.227.2 - - [27/Jul/2026:01:02:53 +0300] "GET /.well-known/zip.php?dir=CwhomeCwlogoandwCwnewsletterprogramsFwcomCwwp-contentCwpluginsCwsiteseoCwvendorCwphpseclibCwphpseclib&view=LICENSE HTTP/2" 429 0 "https://moodyandmagic.com.logoandwebdesigns.com/.well-known/zip.php?dir=CwhomeCwlogoandwCwnewsletterprogramsFwcomCwwp-contentCwpluginsCwsiteseoCwvendorCwphpseclibCwphpseclib" "Mozilla/5.0 AppleWebKit/537.36 (KHTML, like Gecko; compatible; GPTBot/1.4; +https://openai.com/gptbot)"
74.7.227.2 - - [27/Jul/2026:01:03:02 +0300] "GET /zip.php?dir=CwusrCwlib64Cwpython2Fw7Cwdistutils&view=util.py HTTP/2" 429 0 "https://moodyandmagic.com.logoandwebdesigns.com/zip.php?dir=CwusrCwlib64Cwpython2Fw7Cwdistutils" "Mozilla/5.0 AppleWebKit/537.36 (KHTML, like Gecko; compatible; GPTBot/1.4; +https://openai.com/gptbot)"
74.7.243.222 - - [27/Jul/2026:01:03:12 +0300] "GET /.well-known/zip.php?dir=CwhomeCwlogoandwCwnature-photosFwinfoCwIXRCwrandomCwimagesCwmediaCwwp-contentCwwp-content&edit=error_log-20251108093917-20251108102804-20251108103543-20251108103744-20251108104750-20251108104836-20251108162320-20251109000812-20251109015233-20251110002142-20251113125713. HTTP/2" 429 0 "https://www.moodyandmagic.com.logoandwebdesigns.com/.well-known/zip.php?dir=CwhomeCwlogoandwCwnature-photosFwinfoCwIXRCwrandomCwimagesCwmediaCwwp-contentCwwp-content" "Mozilla/5.0 AppleWebKit/537.36 (KHTML, like Gecko; compatible; GPTBot/1.4; +https://openai.com/gptbot)"
74.7.227.2 - - [27/Jul/2026:01:03:27 +0300] "GET /zip.php?dir=CwusrCwlib64Cwpython2Fw7Cwdistutils&view=dist.py HTTP/2" 429 0 "https://moodyandmagic.com.logoandwebdesigns.com/zip.php?dir=CwusrCwlib64Cwpython2Fw7Cwdistutils" "Mozilla/5.0 AppleWebKit/537.36 (KHTML, like Gecko; compatible; GPTBot/1.4; +https://openai.com/gptbot)"
216.73.216.36 - - [27/Jul/2026:01:05:19 +0300] "GET /zip.php?dir=CwusrCwlib64Cwperl5Cwvendor_perlCwautoCwversionCwvxs HTTP/2" 200 3273 "-" "Mozilla/5.0 AppleWebKit/537.36 (KHTML, like Gecko; compatible; ClaudeBot/1.0; +claudebot@anthropic.com)"
216.73.216.36 - - [27/Jul/2026:01:05:24 +0300] "GET /zip.php?dir=CwusrCwlib64Cwperl5Cwvendor_perlCwautoCwIPCCwSysV&view=SysV.so HTTP/2" 429 0 "-" "Mozilla/5.0 AppleWebKit/537.36 (KHTML, like Gecko; compatible; ClaudeBot/1.0; +claudebot@anthropic.com)"
216.73.216.36 - - [27/Jul/2026:01:05:29 +0300] "GET /zip.php?dir=CwusrCwlib64Cwperl5Cwvendor_perlCwautoCwDataCwDumper HTTP/2" 429 0 "-" "Mozilla/5.0 AppleWebKit/537.36 (KHTML, like Gecko; compatible; ClaudeBot/1.0; +claudebot@anthropic.com)"
216.73.216.36 - - [27/Jul/2026:01:05:34 +0300] "GET /zip.php?dir=CwusrCwlib64Cwperl5Cwvendor_perlCwautoCwMathCwBigIntCwFastCalc HTTP/2" 429 0 "-" "Mozilla/5.0 AppleWebKit/537.36 (KHTML, like Gecko; compatible; ClaudeBot/1.0; +claudebot@anthropic.com)"
74.7.227.2 - - [27/Jul/2026:01:05:34 +0300] "GET /zip.php?dir=CwusrCwlib64Cwpython3Fw6Cwunittest&view=runner.py HTTP/2" 429 0 "https://moodyandmagic.com.logoandwebdesigns.com/zip.php?dir=CwusrCwlib64Cwpython3Fw6Cwunittest" "Mozilla/5.0 AppleWebKit/537.36 (KHTML, like Gecko; compatible; GPTBot/1.4; +https://openai.com/gptbot)"
74.7.227.2 - - [27/Jul/2026:01:04:30 +0300] "GET /zip.php?dir=CwusrCwlib64Cwpython2Fw7Cwidlelib&view=idlever.py HTTP/2" 200 248 "https://moodyandmagic.com.logoandwebdesigns.com/zip.php?dir=CwusrCwlib64Cwpython2Fw7Cwidlelib" "Mozilla/5.0 AppleWebKit/537.36 (KHTML, like Gecko; compatible; GPTBot/1.4; +https://openai.com/gptbot)"
74.7.243.222 - - [27/Jul/2026:01:04:47 +0300] "GET /.well-known/zip.php?dir=CwhomeCwlogoandwCwnature-photosFwinfoCwIXRCwrandomCwimagesCwmediaCwwp-contentCwwp-content&edit=error_log-20251108093917-20251108102804-20251108103543-20251108103744-20251108104750-20251108104836-20251108162320-20251109000812-20251109015233-20251110002142-20251116184409. HTTP/2" 429 0 "https://www.moodyandmagic.com.logoandwebdesigns.com/.well-known/zip.php?dir=CwhomeCwlogoandwCwnature-photosFwinfoCwIXRCwrandomCwimagesCwmediaCwwp-contentCwwp-content" "Mozilla/5.0 AppleWebKit/537.36 (KHTML, like Gecko; compatible; GPTBot/1.4; +https://openai.com/gptbot)"
216.73.216.36 - - [27/Jul/2026:01:05:50 +0300] "GET /zip.php?dir=CwusrCwlib64Cwperl5Cwvendor_perlCwautoCwCompressCwBzip2&view=autosplit.ix HTTP/2" 200 90 "-" "Mozilla/5.0 AppleWebKit/537.36 (KHTML, like Gecko; compatible; ClaudeBot/1.0; +claudebot@anthropic.com)"
74.7.243.222 - - [27/Jul/2026:01:05:53 +0300] "GET /.well-known/file.php?dir=XPAhomeXPAlogoandwXPAnature-photosXFAinfoXPAwp-includesXPASimplePieXPAwp-contentXPAIXRXPAwp-content&edit=error_log-20251108093917-20251108102804-20251108103543-20251108103744-20251108104750-20251108104836-20251108162320-20251109000812-20251109015233-20251110002142-20251111143537-20251111210544. HTTP/2" 200 3013 "https://www.moodyandmagic.com.logoandwebdesigns.com/.well-known/file.php?dir=XPAhomeXPAlogoandwXPAnature-photosXFAinfoXPAwp-includesXPASimplePieXPAwp-contentXPAIXRXPAwp-content" "Mozilla/5.0 AppleWebKit/537.36 (KHTML, like Gecko; compatible; GPTBot/1.4; +https://openai.com/gptbot)"
216.73.216.36 - - [27/Jul/2026:01:05:55 +0300] "GET /zip.php?dir=CwusrCwlib64Cwperl5Cwvendor_perlCwautoCwIPCCwSysV&edit=SysV.so HTTP/2" 429 0 "-" "Mozilla/5.0 AppleWebKit/537.36 (KHTML, like Gecko; compatible; ClaudeBot/1.0; +claudebot@anthropic.com)"
216.73.216.36 - - [27/Jul/2026:01:06:51 +0300] "GET /robots.txt HTTP/2" 404 1251 "-" "Mozilla/5.0 AppleWebKit/537.36 (KHTML, like Gecko; compatible; ClaudeBot/1.0; +claudebot@anthropic.com)"
216.73.216.36 - - [27/Jul/2026:01:06:51 +0300] "GET /zip.php?dir=CwusrCwlib64Cwperl5Cwvendor_perlCwautoCwCompressCwBzip2&view=Bzip2.so HTTP/2" 200 28231 "-" "Mozilla/5.0 AppleWebKit/537.36 (KHTML, like Gecko; compatible; ClaudeBot/1.0; +claudebot@anthropic.com)"
216.73.216.36 - - [27/Jul/2026:01:08:03 +0300] "GET /zip.php?dir=CwhomeCwlogoandwCwtmpCwwebalizerCwmyfununlimitedFwcomFwlogoandwebdesignsFwcom&view=usage_202604.html HTTP/2" 200 6430 "-" "Mozilla/5.0 AppleWebKit/537.36 (KHTML, like Gecko; compatible; ClaudeBot/1.0; +claudebot@anthropic.com)"
216.73.216.36 - - [27/Jul/2026:01:08:07 +0300] "GET /zip.php?dir=CwhomeCwlogoandwCwtmpCwwebalizerCwmyfununlimitedFwcomFwlogoandwebdesignsFwcom&edit=usage_202604.html HTTP/2" 429 0 "-" "Mozilla/5.0 AppleWebKit/537.36 (KHTML, like Gecko; compatible; ClaudeBot/1.0; +claudebot@anthropic.com)"
216.73.216.36 - - [27/Jul/2026:01:08:12 +0300] "GET /file.php?dir=XPAhomeXPAlogoandwXPApublic_html&edit=.htaccess HTTP/2" 429 0 "-" "Mozilla/5.0 AppleWebKit/537.36 (KHTML, like Gecko; compatible; ClaudeBot/1.0; +claudebot@anthropic.com)"
216.73.216.36 - - [27/Jul/2026:01:08:17 +0300] "GET /zip.php?dir=CwhomeCwlogoandwCwtmpCwanalogCwvaluablefundsFwcoFwlogoandwebdesignsFwcom&edit=4.html HTTP/2" 429 0 "-" "Mozilla/5.0 AppleWebKit/537.36 (KHTML, like Gecko; compatible; ClaudeBot/1.0; +claudebot@anthropic.com)"
216.73.216.36 - - [27/Jul/2026:01:08:22 +0300] "GET /zip.php?dir=CwhomeCwlogoandwCwtmpCwwebalizerCwmosturemateFwcomFwlogoandwebdesignsFwcom&edit=ctry_usage_202510.png HTTP/2" 429 0 "-" "Mozilla/5.0 AppleWebKit/537.36 (KHTML, like Gecko; compatible; ClaudeBot/1.0; +claudebot@anthropic.com)"
216.73.216.36 - - [27/Jul/2026:01:08:27 +0300] "GET /zip.php?dir=CwhomeCwlogoandwCwtmpCwwebalizerCwmosturemateFwcomFwlogoandwebdesignsFwcom&view=ctry_usage_202601.png HTTP/2" 429 0 "-" "Mozilla/5.0 AppleWebKit/537.36 (KHTML, like Gecko; compatible; ClaudeBot/1.0; +claudebot@anthropic.com)"
216.73.216.36 - - [27/Jul/2026:01:08:32 +0300] "GET /file.php?dir=XPAhomeXPAlogoandwXPAtmpXPAanalogXPAglobalnetworkingXFAnetXFAlogoandwebdesignsXFAcom&edit=code.png HTTP/2" 429 0 "-" "Mozilla/5.0 AppleWebKit/537.36 (KHTML, like Gecko; compatible; ClaudeBot/1.0; +claudebot@anthropic.com)"
216.73.216.36 - - [27/Jul/2026:01:08:37 +0300] "GET /zip.php?dir=CwhomeCwlogoandwCwtmpCwwebalizerCwmyfununlimitedFwcomFwlogoandwebdesignsFwcom&view=usage.png HTTP/2" 429 0 "-" "Mozilla/5.0 AppleWebKit/537.36 (KHTML, like Gecko; compatible; ClaudeBot/1.0; +claudebot@anthropic.com)"
216.73.216.36 - - [27/Jul/2026:01:08:42 +0300] "GET /zip.php?dir=CwhomeCwlogoandwCwtmpCwwebalizerCwfeellifelivelifeFwcomFwlogoandwebdesignsFwcom&view=usage.png HTTP/2" 429 0 "-" "Mozilla/5.0 AppleWebKit/537.36 (KHTML, like Gecko; compatible; ClaudeBot/1.0; +claudebot@anthropic.com)"
216.73.216.36 - - [27/Jul/2026:01:08:47 +0300] "GET /zip.php?dir=CwhomeCwlogoandwCwtmpCwanalogCwmoodyandmagicFwcomFwlogoandwebdesignsFwcom&view=browsum.png HTTP/2" 200 2550 "-" "Mozilla/5.0 AppleWebKit/537.36 (KHTML, like Gecko; compatible; ClaudeBot/1.0; +claudebot@anthropic.com)"
216.73.216.36 - - [27/Jul/2026:01:08:52 +0300] "GET /zip.php?dir=CwhomeCwlogoandwCwtmpCwwebalizerCwmyfununlimitedFwcomFwlogoandwebdesignsFwcom&view=usage_202607.html HTTP/2" 429 0 "-" "Mozilla/5.0 AppleWebKit/537.36 (KHTML, like Gecko; compatible; ClaudeBot/1.0; +claudebot@anthropic.com)"
216.73.216.36 - - [27/Jul/2026:01:08:57 +0300] "GET /zip.php?dir=CwhomeCwlogoandwCwtmpCwanalogCwtekinsightsFwinfoFwlogoandwebdesignsFwcom&view=req.png HTTP/2" 429 0 "-" "Mozilla/5.0 AppleWebKit/537.36 (KHTML, like Gecko; compatible; ClaudeBot/1.0; +claudebot@anthropic.com)"
216.73.216.36 - - [27/Jul/2026:01:09:02 +0300] "GET /zip.php?dir=CwhomeCwlogoandwCwtmpCwwebalizerCwfeellifelivelifeFwcomFwlogoandwebdesignsFwcom&edit=usage_202601.html HTTP/2" 429 0 "-" "Mozilla/5.0 AppleWebKit/537.36 (KHTML, like Gecko; compatible; ClaudeBot/1.0; +claudebot@anthropic.com)"
216.73.216.36 - - [27/Jul/2026:01:09:07 +0300] "GET /zip.php?dir=CwhomeCwlogoandwCwtmpCwwebalizerCwmyfununlimitedFwcomFwlogoandwebdesignsFwcom&edit=usage_202606.html HTTP/2" 429 0 "-" "Mozilla/5.0 AppleWebKit/537.36 (KHTML, like Gecko; compatible; ClaudeBot/1.0; +claudebot@anthropic.com)"
216.73.216.36 - - [27/Jul/2026:01:09:12 +0300] "GET /zip.php?dir=CwhomeCwlogoandwCwtmpCwwebalizerCwmyfununlimitedFwcomFwlogoandwebdesignsFwcom&edit=usage_202607.html HTTP/2" 429 0 "-" "Mozilla/5.0 AppleWebKit/537.36 (KHTML, like Gecko; compatible; ClaudeBot/1.0; +claudebot@anthropic.com)"
216.73.216.36 - - [27/Jul/2026:01:09:17 +0300] "GET /zip.php?dir=CwusrCwincludeCwapache2&edit=http_connection.h HTTP/2" 429 0 "-" "Mozilla/5.0 AppleWebKit/537.36 (KHTML, like Gecko; compatible; ClaudeBot/1.0; +claudebot@anthropic.com)"
216.73.216.36 - - [27/Jul/2026:01:09:22 +0300] "GET /zip.php?dir=CwusrCwincludeCwlinux&edit=utsname.h HTTP/2" 429 0 "-" "Mozilla/5.0 AppleWebKit/537.36 (KHTML, like Gecko; compatible; ClaudeBot/1.0; +claudebot@anthropic.com)"
216.73.216.36 - - [27/Jul/2026:01:09:27 +0300] "GET /zip.php?dir=CwusrCwincludeCwlinuxCwtc_ematch HTTP/2" 429 0 "-" "Mozilla/5.0 AppleWebKit/537.36 (KHTML, like Gecko; compatible; ClaudeBot/1.0; +claudebot@anthropic.com)"
216.73.216.36 - - [27/Jul/2026:01:09:32 +0300] "GET /zip.php?dir=CwusrCwincludeCwapache2&edit=mod_session.h HTTP/2" 200 4475 "-" "Mozilla/5.0 AppleWebKit/537.36 (KHTML, like Gecko; compatible; ClaudeBot/1.0; +claudebot@anthropic.com)"
216.73.216.36 - - [27/Jul/2026:01:09:37 +0300] "GET /zip.php?dir=CwusrCwlib64CwluaCw5Fw3 HTTP/2" 429 0 "-" "Mozilla/5.0 AppleWebKit/537.36 (KHTML, like Gecko; compatible; ClaudeBot/1.0; +claudebot@anthropic.com)"
216.73.216.36 - - [27/Jul/2026:01:04:32 +0300] "GET /zip.php?dir=CwusrCwshareCwaclocal&view=intldir.m4 HTTP/2" 200 476 "-" "Mozilla/5.0 AppleWebKit/537.36 (KHTML, like Gecko; compatible; ClaudeBot/1.0; +claudebot@anthropic.com)"
216.73.216.36 - - [27/Jul/2026:01:04:47 +0300] "GET /zip.php?dir=CwusrCwlib64Cwperl5Cwvendor_perlCwautoCwCompressCwBzip2&edit=autosplit.ix HTTP/2" 429 0 "-" "Mozilla/5.0 AppleWebKit/537.36 (KHTML, like Gecko; compatible; ClaudeBot/1.0; +claudebot@anthropic.com)"
216.73.216.36 - - [27/Jul/2026:01:06:35 +0300] "GET /zip.php?dir=CwusrCwlib64Cwperl5Cwvendor_perlCwautoCwCompressCwBzip2&edit=Bzip2.so HTTP/2" 200 28264 "-" "Mozilla/5.0 AppleWebKit/537.36 (KHTML, like Gecko; compatible; ClaudeBot/1.0; +claudebot@anthropic.com)"
216.73.216.36 - - [27/Jul/2026:01:06:39 +0300] "GET /zip.php?dir=CwusrCwlib64Cwperl5Cwvendor_perlCwautoCwthreads HTTP/2" 429 0 "-" "Mozilla/5.0 AppleWebKit/537.36 (KHTML, like Gecko; compatible; ClaudeBot/1.0; +claudebot@anthropic.com)"
216.73.216.36 - - [27/Jul/2026:01:07:08 +0300] "GET /zip.php?dir=CwusrCwsbin&view=testsaslauthd HTTP/2" 429 0 "-" "Mozilla/5.0 AppleWebKit/537.36 (KHTML, like Gecko; compatible; ClaudeBot/1.0; +claudebot@anthropic.com)"
216.73.216.36 - - [27/Jul/2026:01:07:11 +0300] "GET /zip.php?dir=CwusrCwsbin&view=cracklib-check HTTP/2" 429 0 "-" "Mozilla/5.0 AppleWebKit/537.36 (KHTML, like Gecko; compatible; ClaudeBot/1.0; +claudebot@anthropic.com)"
216.73.216.36 - - [27/Jul/2026:01:07:16 +0300] "GET /zip.php?dir=CwusrCwsbin&edit=create-cracklib-dict HTTP/2" 429 0 "-" "Mozilla/5.0 AppleWebKit/537.36 (KHTML, like Gecko; compatible; ClaudeBot/1.0; +claudebot@anthropic.com)"
216.73.216.36 - - [27/Jul/2026:01:07:22 +0300] "GET /zip.php?dir=CwusrCwsbin&view=cracklib-packer HTTP/2" 200 4162 "-" "Mozilla/5.0 AppleWebKit/537.36 (KHTML, like Gecko; compatible; ClaudeBot/1.0; +claudebot@anthropic.com)"
216.73.216.36 - - [27/Jul/2026:01:07:27 +0300] "GET /zip.php?dir=CwusrCwsbin&view=dnssec-revoke HTTP/2" 429 0 "-" "Mozilla/5.0 AppleWebKit/537.36 (KHTML, like Gecko; compatible; ClaudeBot/1.0; +claudebot@anthropic.com)"
216.73.216.36 - - [27/Jul/2026:01:07:31 +0300] "GET /zip.php?dir=CwusrCwsbin&edit=dnssec-signzone HTTP/2" 429 0 "-" "Mozilla/5.0 AppleWebKit/537.36 (KHTML, like Gecko; compatible; ClaudeBot/1.0; +claudebot@anthropic.com)"
216.73.216.36 - - [27/Jul/2026:01:07:36 +0300] "GET /zip.php?dir=CwusrCwsbin&view=isc-hmac-fixup HTTP/2" 429 0 "-" "Mozilla/5.0 AppleWebKit/537.36 (KHTML, like Gecko; compatible; ClaudeBot/1.0; +claudebot@anthropic.com)"
74.7.243.222 - - [27/Jul/2026:01:08:58 +0300] "GET /.well-known/file.php?dir=XPAhomeXPAlogoandwXPAnature-photosXFAinfoXPAwp-includesXPASimplePieXPAwp-contentXPAIXRXPAwp-content&edit=error_log-20251108093917-20251108102804-20251108103543-20251108103744-20251108104750-20251108104836-20251108162320-20251109000812-20251109015233-20251110002142-20251110013512-20251113060009. HTTP/2" 429 0 "https://www.moodyandmagic.com.logoandwebdesigns.com/.well-known/file.php?dir=XPAhomeXPAlogoandwXPAnature-photosXFAinfoXPAwp-includesXPASimplePieXPAwp-contentXPAIXRXPAwp-content" "Mozilla/5.0 AppleWebKit/537.36 (KHTML, like Gecko; compatible; GPTBot/1.4; +https://openai.com/gptbot)"
216.73.216.36 - - [27/Jul/2026:01:10:31 +0300] "GET /zip.php?dir=CwusrCwshareCwmysqlCwestonian HTTP/2" 429 0 "-" "Mozilla/5.0 AppleWebKit/537.36 (KHTML, like Gecko; compatible; ClaudeBot/1.0; +claudebot@anthropic.com)"
216.73.216.36 - - [27/Jul/2026:01:10:34 +0300] "GET /zip.php?dir=CwhomeCwlogoandwCwrabactechFwcomCwdichku&view=plugins.php HTTP/2" 429 0 "-" "Mozilla/5.0 AppleWebKit/537.36 (KHTML, like Gecko; compatible; ClaudeBot/1.0; +claudebot@anthropic.com)"
216.73.216.36 - - [27/Jul/2026:01:10:39 +0300] "GET /zip.php?dir=CwusrCwbin&view=run-with-aspell HTTP/2" 429 0 "-" "Mozilla/5.0 AppleWebKit/537.36 (KHTML, like Gecko; compatible; ClaudeBot/1.0; +claudebot@anthropic.com)"
216.73.216.36 - - [27/Jul/2026:01:10:44 +0300] "GET /zip.php?dir=CwusrCwlib64&view=libpixman-1.so.0.38.4 HTTP/2" 200 293487 "-" "Mozilla/5.0 AppleWebKit/537.36 (KHTML, like Gecko; compatible; ClaudeBot/1.0; +claudebot@anthropic.com)"
216.73.216.36 - - [27/Jul/2026:01:10:49 +0300] "GET /zip.php?dir=CwusrCwlib64&view=p11-kit-trust.so HTTP/2" 429 0 "-" "Mozilla/5.0 AppleWebKit/537.36 (KHTML, like Gecko; compatible; ClaudeBot/1.0; +claudebot@anthropic.com)"
216.73.216.36 - - [27/Jul/2026:01:10:54 +0300] "GET /zip.php?dir=CwusrCwbin&view=pinentry-curses HTTP/2" 429 0 "-" "Mozilla/5.0 AppleWebKit/537.36 (KHTML, like Gecko; compatible; ClaudeBot/1.0; +claudebot@anthropic.com)"
216.73.216.36 - - [27/Jul/2026:01:10:59 +0300] "GET /zip.php?dir=CwusrCwshareCwaclocal&edit=gettext.m4 HTTP/2" 429 0 "-" "Mozilla/5.0 AppleWebKit/537.36 (KHTML, like Gecko; compatible; ClaudeBot/1.0; +claudebot@anthropic.com)"
216.73.216.36 - - [27/Jul/2026:01:11:04 +0300] "GET /zip.php?dir=CwusrCwlib64Cwlibboost-plesk-1Fw84&view=libboost_thread-plesk.so.1.84.0 HTTP/2" 429 0 "-" "Mozilla/5.0 AppleWebKit/537.36 (KHTML, like Gecko; compatible; ClaudeBot/1.0; +claudebot@anthropic.com)"
216.73.216.36 - - [27/Jul/2026:01:11:09 +0300] "GET /zip.php?dir=CwusrCwlib64Cwperl5&edit=perllocal.pod HTTP/2" 429 0 "-" "Mozilla/5.0 AppleWebKit/537.36 (KHTML, like Gecko; compatible; ClaudeBot/1.0; +claudebot@anthropic.com)"
216.73.216.36 - - [27/Jul/2026:01:11:14 +0300] "GET /zip.php?dir=CwusrCwshareCwmysql&edit=wsrep.cnf HTTP/2" 429 0 "-" "Mozilla/5.0 AppleWebKit/537.36 (KHTML, like Gecko; compatible; ClaudeBot/1.0; +claudebot@anthropic.com)"
216.73.216.36 - - [27/Jul/2026:01:11:19 +0300] "GET /zip.php?dir=CwusrCwlib64Cwperl5&edit=Fcntl.pm HTTP/2" 429 0 "-" "Mozilla/5.0 AppleWebKit/537.36 (KHTML, like Gecko; compatible; ClaudeBot/1.0; +claudebot@anthropic.com)"
216.73.216.36 - - [27/Jul/2026:01:11:24 +0300] "GET /zip.php?dir=CwusrCwlib64Cwperl5&view=_h2ph_pre.ph HTTP/2" 429 0 "-" "Mozilla/5.0 AppleWebKit/537.36 (KHTML, like Gecko; compatible; ClaudeBot/1.0; +claudebot@anthropic.com)"
216.73.216.36 - - [27/Jul/2026:01:11:30 +0300] "GET /zip.php?dir=CwhomeCwlogoandwCwtmpCwwebalizerCwfeellifelivelifeFwcomFwlogoandwebdesignsFwcom&view=index.html HTTP/2" 200 1184 "-" "Mozilla/5.0 AppleWebKit/537.36 (KHTML, like Gecko; compatible; ClaudeBot/1.0; +claudebot@anthropic.com)"
216.73.216.36 - - [27/Jul/2026:01:11:34 +0300] "GET /zip.php?dir=CwusrCwlocalCwapacheCwdomlogsCwlogoandw&view=lifeguards.xyz.logoandwebdesigns.com-ssl_log HTTP/2" 429 0 "-" "Mozilla/5.0 AppleWebKit/537.36 (KHTML, like Gecko; compatible; ClaudeBot/1.0; +claudebot@anthropic.com)"
216.73.216.36 - - [27/Jul/2026:01:11:39 +0300] "GET /zip.php?dir=CwusrCwshareCwi18nCwlocales&view=tl_PH HTTP/2" 429 0 "-" "Mozilla/5.0 AppleWebKit/537.36 (KHTML, like Gecko; compatible; ClaudeBot/1.0; +claudebot@anthropic.com)"
216.73.216.36 - - [27/Jul/2026:01:11:44 +0300] "GET /file.php?dir=XPAhomeXPAlogoandwXPApublic_htmlXPAchangeyourstylesXFAcom&edit=index.php HTTP/2" 429 0 "-" "Mozilla/5.0 AppleWebKit/537.36 (KHTML, like Gecko; compatible; ClaudeBot/1.0; +claudebot@anthropic.com)"
216.73.216.36 - - [27/Jul/2026:01:12:20 +0300] "GET /zip.php?dir=CwusrCwlocalCwapacheCwdomlogsCwlogoandw&view=track.businescompany.info HTTP/2" 429 0 "-" "Mozilla/5.0 AppleWebKit/537.36 (KHTML, like Gecko; compatible; ClaudeBot/1.0; +claudebot@anthropic.com)"
216.73.216.36 - - [27/Jul/2026:01:12:26 +0300] "GET /zip.php?dir=CwhomeCwlogoandwCwtmpCwwebalizerCwdatesgeorgiaFwcomFwlogoandwebdesignsFwcom&view=ctry_usage_202604.png HTTP/2" 429 0 "-" "Mozilla/5.0 AppleWebKit/537.36 (KHTML, like Gecko; compatible; ClaudeBot/1.0; +claudebot@anthropic.com)"
216.73.216.36 - - [27/Jul/2026:01:12:28 +0300] "GET /zip.php?dir=CwhomeCwlogoandwCwtmpCwwebalizerCwtouristsmapFwinfoFwlogoandwebdesignsFwcom&edit=hourly_usage_202510.png HTTP/2" 429 0 "-" "Mozilla/5.0 AppleWebKit/537.36 (KHTML, like Gecko; compatible; ClaudeBot/1.0; +claudebot@anthropic.com)"
74.7.227.2 - - [27/Jul/2026:01:07:32 +0300] "GET /zip.php?dir=CwusrCwlib64Cwpython3Fw8Cwunittest&view=suite.py HTTP/2" 429 0 "https://moodyandmagic.com.logoandwebdesigns.com/zip.php?dir=CwusrCwlib64Cwpython3Fw8Cwunittest" "Mozilla/5.0 AppleWebKit/537.36 (KHTML, like Gecko; compatible; GPTBot/1.4; +https://openai.com/gptbot)"
74.7.227.2 - - [27/Jul/2026:01:09:36 +0300] "GET /zip.php?dir=CwusrCwlib64Cwpython3Fw6Cwurllib&view=response.py HTTP/2" 429 0 "https://moodyandmagic.com.logoandwebdesigns.com/zip.php?dir=CwusrCwlib64Cwpython3Fw6Cwurllib" "Mozilla/5.0 AppleWebKit/537.36 (KHTML, like Gecko; compatible; GPTBot/1.4; +https://openai.com/gptbot)"
216.73.216.36 - - [27/Jul/2026:01:09:57 +0300] "GET /zip.php?dir=CwusrCwlib64&view=libgio-2.0.so.0.5600.4 HTTP/2" 200 709732 "-" "Mozilla/5.0 AppleWebKit/537.36 (KHTML, like Gecko; compatible; ClaudeBot/1.0; +claudebot@anthropic.com)"
216.73.216.36 - - [27/Jul/2026:01:10:02 +0300] "GET /zip.php?dir=CwusrCwlib64&edit=librsvg-2.so.2 HTTP/2" 429 0 "-" "Mozilla/5.0 AppleWebKit/537.36 (KHTML, like Gecko; compatible; ClaudeBot/1.0; +claudebot@anthropic.com)"
216.73.216.36 - - [27/Jul/2026:01:10:07 +0300] "GET /zip.php?dir=CwusrCwlib64&view=libxcb-res.so.0.0.0 HTTP/2" 429 0 "-" "Mozilla/5.0 AppleWebKit/537.36 (KHTML, like Gecko; compatible; ClaudeBot/1.0; +claudebot@anthropic.com)"
216.73.216.36 - - [27/Jul/2026:01:10:12 +0300] "GET /zip.php?dir=CwusrCwlib64&edit=libpangoft2-1.0.so.0.4200.3 HTTP/2" 429 0 "-" "Mozilla/5.0 AppleWebKit/537.36 (KHTML, like Gecko; compatible; ClaudeBot/1.0; +claudebot@anthropic.com)"
216.73.216.36 - - [27/Jul/2026:01:10:17 +0300] "GET /zip.php?dir=CwusrCwlib64Cwperl5&view=NDBM_File.pm HTTP/2" 429 0 "-" "Mozilla/5.0 AppleWebKit/537.36 (KHTML, like Gecko; compatible; ClaudeBot/1.0; +claudebot@anthropic.com)"
216.73.216.36 - - [27/Jul/2026:01:10:21 +0300] "GET /zip.php?dir=CwusrCwlib64Cwperl5&edit=attributes.pm HTTP/2" 429 0 "-" "Mozilla/5.0 AppleWebKit/537.36 (KHTML, like Gecko; compatible; ClaudeBot/1.0; +claudebot@anthropic.com)"
216.73.216.36 - - [27/Jul/2026:01:11:50 +0300] "GET /zip.php?dir=CwhomeCwlogoandwCwtmpCwwebalizer&view=hourly_usage_202510.png HTTP/2" 429 0 "-" "Mozilla/5.0 AppleWebKit/537.36 (KHTML, like Gecko; compatible; ClaudeBot/1.0; +claudebot@anthropic.com)"
216.73.216.36 - - [27/Jul/2026:01:11:55 +0300] "GET /zip.php?dir=CwusrCwlocalCwapacheCwdomlogsCwlogoandw&view=naturalthings.store.logoandwebdesigns.com-ssl_log HTTP/2" 429 0 "-" "Mozilla/5.0 AppleWebKit/537.36 (KHTML, like Gecko; compatible; ClaudeBot/1.0; +claudebot@anthropic.com)"
216.73.216.36 - - [27/Jul/2026:01:12:00 +0300] "GET /file.php?dir=XPAhomeXPAlogoandwXPApublic_htmlXPAchangeyourstylesXFAcom&edit=.htaccess HTTP/2" 429 0 "-" "Mozilla/5.0 AppleWebKit/537.36 (KHTML, like Gecko; compatible; ClaudeBot/1.0; +claudebot@anthropic.com)"
216.73.216.36 - - [27/Jul/2026:01:12:05 +0300] "GET /file.php?dir=XPAhomeXPAlogoandwXPApublic_htmlXPAchangeyourstylesXFAcom&edit=file.php%281%29+%3A+eval%28%29%27d+code HTTP/2" 429 0 "-" "Mozilla/5.0 AppleWebKit/537.36 (KHTML, like Gecko; compatible; ClaudeBot/1.0; +claudebot@anthropic.com)"
216.73.216.36 - - [27/Jul/2026:01:12:10 +0300] "GET /zip.php?dir=CwhomeCwlogoandwCwtmpCwwebalizerCwmyfununlimitedFwcomFwlogoandwebdesignsFwcom&view=index.html HTTP/2" 429 0 "-" "Mozilla/5.0 AppleWebKit/537.36 (KHTML, like Gecko; compatible; ClaudeBot/1.0; +claudebot@anthropic.com)"
216.73.216.36 - - [27/Jul/2026:01:13:06 +0300] "GET /zip.php?dir=CwhomeCwlogoandwCwtmpCwwebalizerCwmyfununlimitedFwcomFwlogoandwebdesignsFwcom&edit=ctry_usage_202606.png HTTP/2" 200 5083 "-" "Mozilla/5.0 AppleWebKit/537.36 (KHTML, like Gecko; compatible; ClaudeBot/1.0; +claudebot@anthropic.com)"
216.73.216.36 - - [27/Jul/2026:01:13:09 +0300] "GET /zip.php?dir=CwhomeCwlogoandwCwtmpCwwebalizerCwmyfununlimitedFwcomFwlogoandwebdesignsFwcom&edit=ctry_usage_202607.png HTTP/2" 429 0 "-" "Mozilla/5.0 AppleWebKit/537.36 (KHTML, like Gecko; compatible; ClaudeBot/1.0; +claudebot@anthropic.com)"
216.73.216.36 - - [27/Jul/2026:01:09:42 +0300] "GET /zip.php?dir=CwusrCwincludeCwlinux&edit=tty_flags.h HTTP/2" 429 0 "-" "Mozilla/5.0 AppleWebKit/537.36 (KHTML, like Gecko; compatible; ClaudeBot/1.0; +claudebot@anthropic.com)"
216.73.216.36 - - [27/Jul/2026:01:09:47 +0300] "GET /zip.php?dir=CwusrCwincludeCwlinux&edit=auto_dev-ioctl.h HTTP/2" 429 0 "-" "Mozilla/5.0 AppleWebKit/537.36 (KHTML, like Gecko; compatible; ClaudeBot/1.0; +claudebot@anthropic.com)"
216.73.216.36 - - [27/Jul/2026:01:09:52 +0300] "GET /zip.php?dir=CwusrCwlib64Cwperl5CwFile HTTP/2" 429 0 "-" "Mozilla/5.0 AppleWebKit/537.36 (KHTML, like Gecko; compatible; ClaudeBot/1.0; +claudebot@anthropic.com)"
74.7.227.2 - - [27/Jul/2026:01:10:38 +0300] "GET /zip.php?dir=CwusrCwlib64Cwpython2Fw7Cwhotshot&view=stones.py HTTP/2" 200 406 "https://moodyandmagic.com.logoandwebdesigns.com/zip.php?dir=CwusrCwlib64Cwpython2Fw7Cwhotshot" "Mozilla/5.0 AppleWebKit/537.36 (KHTML, like Gecko; compatible; GPTBot/1.4; +https://openai.com/gptbot)"
74.7.243.222 - - [27/Jul/2026:01:11:05 +0300] "GET /.well-known/file.php?dir=XPAhomeXPAlogoandwXPAnature-photosXFAinfoXPAwp-includesXPASimplePieXPAwp-contentXPAIXRXPAwp-content&edit=error_log-20251108093917-20251108102804-20251108103543-20251108103744-20251108104750-20251108104836-20251108162320-20251109000812-20251109015233-20251110002142-20251111143537-20251112020354. HTTP/2" 429 0 "https://www.moodyandmagic.com.logoandwebdesigns.com/.well-known/file.php?dir=XPAhomeXPAlogoandwXPAnature-photosXFAinfoXPAwp-includesXPASimplePieXPAwp-contentXPAIXRXPAwp-content" "Mozilla/5.0 AppleWebKit/537.36 (KHTML, like Gecko; compatible; GPTBot/1.4; +https://openai.com/gptbot)"
216.73.216.36 - - [27/Jul/2026:01:12:15 +0300] "GET /zip.php?dir=CwhomeCwlogoandwCwtmpCwwebalizerCwmyfununlimitedFwcomFwlogoandwebdesignsFwcom&view=webalizer.hist HTTP/2" 200 330 "-" "Mozilla/5.0 AppleWebKit/537.36 (KHTML, like Gecko; compatible; ClaudeBot/1.0; +claudebot@anthropic.com)"
74.7.230.37 - - [27/Jul/2026:01:12:39 +0300] "GET /robots.txt HTTP/2" 404 1251 "-" "Mozilla/5.0 (Macintosh; Intel Mac OS X 10_15_7) AppleWebKit/537.36 (KHTML, like Gecko) Chrome/131.0.0.0 Safari/537.36; compatible; OAI-SearchBot/1.4; robots.txt; +https://openai.com/searchbot"
216.73.216.36 - - [27/Jul/2026:01:12:49 +0300] "GET /zip.php?dir=CwhomeCwlogoandwCwtmpCwwebalizerCwlifeguardsFwxyzFwlogoandwebdesignsFwcom&view=webalizer.current HTTP/2" 429 0 "-" "Mozilla/5.0 AppleWebKit/537.36 (KHTML, like Gecko; compatible; ClaudeBot/1.0; +claudebot@anthropic.com)"
216.73.216.36 - - [27/Jul/2026:01:12:53 +0300] "GET /zip.php?dir=CwusrCwlocalCwapacheCwdomlogsCwlogoandw&view=mycontinent.xyz.logoandwebdesigns.com-ssl_log HTTP/2" 429 0 "-" "Mozilla/5.0 AppleWebKit/537.36 (KHTML, like Gecko; compatible; ClaudeBot/1.0; +claudebot@anthropic.com)"
216.73.216.36 - - [27/Jul/2026:01:12:58 +0300] "GET /zip.php?dir=CwhomeCwlogoandwCwtmpCwanalogCwsoftprimeFwbizFwlogoandwebdesignsFwcom&view=type.png HTTP/2" 429 0 "-" "Mozilla/5.0 AppleWebKit/537.36 (KHTML, like Gecko; compatible; ClaudeBot/1.0; +claudebot@anthropic.com)"
74.7.243.222 - - [27/Jul/2026:01:13:12 +0300] "GET /zip.php?dir=CwusrCwlibCwfirmware&edit=iwlwifi-QuZ-a0-jf-b0-50.ucode HTTP/2" 429 0 "https://www.moodyandmagic.com.logoandwebdesigns.com/zip.php?dir=CwusrCwlibCwfirmware" "Mozilla/5.0 AppleWebKit/537.36 (KHTML, like Gecko; compatible; GPTBot/1.4; +https://openai.com/gptbot)"
216.73.216.36 - - [27/Jul/2026:01:13:26 +0300] "GET /zip.php?dir=CwhomeCwlogoandwCwtmpCwwebalizerCwmyfununlimitedFwcomFwlogoandwebdesignsFwcom&view=hourly_usage_202604.png HTTP/2" 429 0 "-" "Mozilla/5.0 AppleWebKit/537.36 (KHTML, like Gecko; compatible; ClaudeBot/1.0; +claudebot@anthropic.com)"
216.73.216.36 - - [27/Jul/2026:01:13:30 +0300] "GET /zip.php?dir=CwhomeCwlogoandwCwtmpCwwebalizerCwmyfununlimitedFwcomFwlogoandwebdesignsFwcom&view=ctry_usage_202606.png HTTP/2" 429 0 "-" "Mozilla/5.0 AppleWebKit/537.36 (KHTML, like Gecko; compatible; ClaudeBot/1.0; +claudebot@anthropic.com)"
216.73.216.36 - - [27/Jul/2026:01:13:14 +0300] "GET /zip.php?dir=CwhomeCwlogoandwCwtmpCwwebalizerCwmyfununlimitedFwcomFwlogoandwebdesignsFwcom&view=ctry_usage_202604.png HTTP/2" 429 0 "-" "Mozilla/5.0 AppleWebKit/537.36 (KHTML, like Gecko; compatible; ClaudeBot/1.0; +claudebot@anthropic.com)"
216.73.216.36 - - [27/Jul/2026:01:13:19 +0300] "GET /zip.php?dir=CwhomeCwlogoandwCwtmpCwwebalizerCwmyfununlimitedFwcomFwlogoandwebdesignsFwcom&edit=ctry_usage_202604.png HTTP/2" 429 0 "-" "Mozilla/5.0 AppleWebKit/537.36 (KHTML, like Gecko; compatible; ClaudeBot/1.0; +claudebot@anthropic.com)"
216.73.216.36 - - [27/Jul/2026:01:13:46 +0300] "GET /zip.php?dir=CwusrCwshareCwlocaleCwna HTTP/2" 429 0 "-" "Mozilla/5.0 AppleWebKit/537.36 (KHTML, like Gecko; compatible; ClaudeBot/1.0; +claudebot@anthropic.com)"
216.73.216.36 - - [27/Jul/2026:01:13:51 +0300] "GET /zip.php?dir=CwusrCwshareCwlocaleCwaf HTTP/2" 200 3227 "-" "Mozilla/5.0 AppleWebKit/537.36 (KHTML, like Gecko; compatible; ClaudeBot/1.0; +claudebot@anthropic.com)"
216.73.216.36 - - [27/Jul/2026:01:13:56 +0300] "GET /zip.php?dir=CwusrCwlib64&view=libjq.so.1.0.4 HTTP/2" 429 0 "-" "Mozilla/5.0 AppleWebKit/537.36 (KHTML, like Gecko; compatible; ClaudeBot/1.0; +claudebot@anthropic.com)"
216.73.216.36 - - [27/Jul/2026:01:14:01 +0300] "GET /zip.php?dir=CwusrCwlib64Cwlibibverbs&edit=libmlx4-rdmav34.so HTTP/2" 429 0 "-" "Mozilla/5.0 AppleWebKit/537.36 (KHTML, like Gecko; compatible; ClaudeBot/1.0; +claudebot@anthropic.com)"
216.73.216.36 - - [27/Jul/2026:01:14:06 +0300] "GET /zip.php?dir=CwusrCwlib64&edit=libmlx4.so.1.0.48.0 HTTP/2" 429 0 "-" "Mozilla/5.0 AppleWebKit/537.36 (KHTML, like Gecko; compatible; ClaudeBot/1.0; +claudebot@anthropic.com)"
216.73.216.36 - - [27/Jul/2026:01:14:13 +0300] "GET /zip.php?dir=CwusrCwshareCwmysqlCwukrainian&edit=errmsg.sys HTTP/2" 429 0 "-" "Mozilla/5.0 AppleWebKit/537.36 (KHTML, like Gecko; compatible; ClaudeBot/1.0; +claudebot@anthropic.com)"
216.73.216.36 - - [27/Jul/2026:01:14:13 +0300] "GET /zip.php?dir=CwusrCwshareCwlocaleCwny HTTP/2" 429 0 "-" "Mozilla/5.0 AppleWebKit/537.36 (KHTML, like Gecko; compatible; ClaudeBot/1.0; +claudebot@anthropic.com)"
216.73.216.36 - - [27/Jul/2026:01:14:24 +0300] "GET /zip.php?dir=CwusrCwshareCwlocaleCwelCwLC_TIME HTTP/2" 429 0 "-" "Mozilla/5.0 AppleWebKit/537.36 (KHTML, like Gecko; compatible; ClaudeBot/1.0; +claudebot@anthropic.com)"
216.73.216.36 - - [27/Jul/2026:01:14:28 +0300] "GET /zip.php?dir=CwusrCwshareCwlocaleCwnia HTTP/2" 429 0 "-" "Mozilla/5.0 AppleWebKit/537.36 (KHTML, like Gecko; compatible; ClaudeBot/1.0; +claudebot@anthropic.com)"
216.73.216.36 - - [27/Jul/2026:01:14:33 +0300] "GET /zip.php?dir=CwusrCwshareCwlocaleCwkhi HTTP/2" 429 0 "-" "Mozilla/5.0 AppleWebKit/537.36 (KHTML, like Gecko; compatible; ClaudeBot/1.0; +claudebot@anthropic.com)"
216.73.216.36 - - [27/Jul/2026:01:14:38 +0300] "GET /zip.php?dir=CwusrCwshareCwlocaleCwfan HTTP/2" 200 3183 "-" "Mozilla/5.0 AppleWebKit/537.36 (KHTML, like Gecko; compatible; ClaudeBot/1.0; +claudebot@anthropic.com)"
216.73.216.36 - - [27/Jul/2026:01:14:43 +0300] "GET /zip.php?dir=CwusrCwshareCwlocaleCwmk HTTP/2" 429 0 "-" "Mozilla/5.0 AppleWebKit/537.36 (KHTML, like Gecko; compatible; ClaudeBot/1.0; +claudebot@anthropic.com)"
216.73.216.36 - - [27/Jul/2026:01:14:48 +0300] "GET /zip.php?dir=CwusrCwshareCwlocaleCwen_CZ HTTP/2" 429 0 "-" "Mozilla/5.0 AppleWebKit/537.36 (KHTML, like Gecko; compatible; ClaudeBot/1.0; +claudebot@anthropic.com)"
216.73.216.36 - - [27/Jul/2026:01:14:53 +0300] "GET /zip.php?dir=CwusrCwshareCwlocaleCwkaw HTTP/2" 429 0 "-" "Mozilla/5.0 AppleWebKit/537.36 (KHTML, like Gecko; compatible; ClaudeBot/1.0; +claudebot@anthropic.com)"
216.73.216.36 - - [27/Jul/2026:01:14:58 +0300] "GET /zip.php?dir=CwusrCwshareCwlocaleCwes_PY HTTP/2" 429 0 "-" "Mozilla/5.0 AppleWebKit/537.36 (KHTML, like Gecko; compatible; ClaudeBot/1.0; +claudebot@anthropic.com)"
216.73.216.36 - - [27/Jul/2026:01:15:04 +0300] "GET /zip.php?dir=CwusrCwshareCwi18nCwlocales&edit=translit_combining HTTP/2" 429 0 "-" "Mozilla/5.0 AppleWebKit/537.36 (KHTML, like Gecko; compatible; ClaudeBot/1.0; +claudebot@anthropic.com)"
216.73.216.36 - - [27/Jul/2026:01:15:05 +0300] "GET /zip.php?dir=CwhomeCwlogoandwCwlifeguardsFwxyz&view=zip.php HTTP/2" 429 0 "-" "Mozilla/5.0 AppleWebKit/537.36 (KHTML, like Gecko; compatible; ClaudeBot/1.0; +claudebot@anthropic.com)"
216.73.216.36 - - [27/Jul/2026:01:15:10 +0300] "GET /zip.php?dir=CwhomeCwlogoandwCwrabactechFwcomCwwp-includes&view=04298 HTTP/2" 429 0 "-" "Mozilla/5.0 AppleWebKit/537.36 (KHTML, like Gecko; compatible; ClaudeBot/1.0; +claudebot@anthropic.com)"
216.73.216.36 - - [27/Jul/2026:01:15:19 +0300] "GET /zip.php?dir=CwusrCwshareCwi18nCwlocales&view=ar_TN HTTP/2" 429 0 "-" "Mozilla/5.0 AppleWebKit/537.36 (KHTML, like Gecko; compatible; ClaudeBot/1.0; +claudebot@anthropic.com)"
216.73.216.36 - - [27/Jul/2026:01:15:23 +0300] "GET /file.php?dir=XPAhomeXPAlogoandwXPAdatesgeorgiaXFAcomXPAdatabase HTTP/2" 429 0 "-" "Mozilla/5.0 AppleWebKit/537.36 (KHTML, like Gecko; compatible; ClaudeBot/1.0; +claudebot@anthropic.com)"
216.73.216.36 - - [27/Jul/2026:01:15:27 +0300] "GET /zip.php?dir=CwusrCwshareCwi18nCwlocales&edit=ss_ZA HTTP/2" 429 0 "-" "Mozilla/5.0 AppleWebKit/537.36 (KHTML, like Gecko; compatible; ClaudeBot/1.0; +claudebot@anthropic.com)"
216.73.216.36 - - [27/Jul/2026:01:15:31 +0300] "GET /zip.php?dir=CwusrCwshareCwi18nCwlocales&edit=hsb_DE HTTP/2" 429 0 "-" "Mozilla/5.0 AppleWebKit/537.36 (KHTML, like Gecko; compatible; ClaudeBot/1.0; +claudebot@anthropic.com)"
216.73.216.36 - - [27/Jul/2026:01:15:37 +0300] "GET /zip.php?dir=CwusrCwshareCwi18nCwlocales&view=byn_ER HTTP/2" 429 0 "-" "Mozilla/5.0 AppleWebKit/537.36 (KHTML, like Gecko; compatible; ClaudeBot/1.0; +claudebot@anthropic.com)"
216.73.216.36 - - [27/Jul/2026:01:15:42 +0300] "GET /zip.php?dir=CwusrCwshareCwi18nCwlocales&edit=kab_DZ HTTP/2" 429 0 "-" "Mozilla/5.0 AppleWebKit/537.36 (KHTML, like Gecko; compatible; ClaudeBot/1.0; +claudebot@anthropic.com)"
216.73.216.36 - - [27/Jul/2026:01:15:47 +0300] "GET /zip.php?dir=CwusrCwshareCwi18nCwlocales&edit=om_KE HTTP/2" 429 0 "-" "Mozilla/5.0 AppleWebKit/537.36 (KHTML, like Gecko; compatible; ClaudeBot/1.0; +claudebot@anthropic.com)"
216.73.216.36 - - [27/Jul/2026:01:15:52 +0300] "GET /zip.php?dir=CwusrCwshareCwi18nCwlocales&view=om_ET HTTP/2" 429 0 "-" "Mozilla/5.0 AppleWebKit/537.36 (KHTML, like Gecko; compatible; ClaudeBot/1.0; +claudebot@anthropic.com)"
216.73.216.36 - - [27/Jul/2026:01:15:57 +0300] "GET /file.php?dir=XPAhomeXPAlogoandwXPAoffers-updatesXFApro&edit=indec.php.tar HTTP/2" 429 0 "-" "Mozilla/5.0 AppleWebKit/537.36 (KHTML, like Gecko; compatible; ClaudeBot/1.0; +claudebot@anthropic.com)"
216.73.216.36 - - [27/Jul/2026:01:16:02 +0300] "GET /zip.php?dir=CwusrCwshareCwi18nCwlocales&edit=gu_IN HTTP/2" 429 0 "-" "Mozilla/5.0 AppleWebKit/537.36 (KHTML, like Gecko; compatible; ClaudeBot/1.0; +claudebot@anthropic.com)"
216.73.216.36 - - [27/Jul/2026:01:16:49 +0300] "GET /vbqEUkT-20251010162102-20251010162720-20251010162800-20251010163013-20251010163106-20251010163400-20251010163528-20251010182344-20251010182458-20251010182934-20251010183332-20251010183404-20251010184919-20251010222153-20251014204844-20251014213923.php HTTP/2" 404 1251 "-" "Mozilla/5.0 AppleWebKit/537.36 (KHTML, like Gecko; compatible; ClaudeBot/1.0; +claudebot@anthropic.com)"
74.7.227.2 - - [27/Jul/2026:01:17:37 +0300] "GET /zip.php?dir=CwusrCwlib64Cwpython3Fw6Cwunittest&view=result.py HTTP/2" 429 0 "https://moodyandmagic.com.logoandwebdesigns.com/zip.php?dir=CwusrCwlib64Cwpython3Fw6Cwunittest" "Mozilla/5.0 AppleWebKit/537.36 (KHTML, like Gecko; compatible; GPTBot/1.4; +https://openai.com/gptbot)"
216.73.216.36 - - [27/Jul/2026:01:17:43 +0300] "GET /zip.php?dir=CwusrCwshareCwi18nCwlocales&view=translit_cjk_variants HTTP/2" 429 0 "-" "Mozilla/5.0 AppleWebKit/537.36 (KHTML, like Gecko; compatible; ClaudeBot/1.0; +claudebot@anthropic.com)"
216.73.216.36 - - [27/Jul/2026:01:13:35 +0300] "GET /zip.php?dir=CwhomeCwlogoandwCwtmpCwwebalizerCwmyfununlimitedFwcomFwlogoandwebdesignsFwcom&view=ctry_usage_202607.png HTTP/2" 429 0 "-" "Mozilla/5.0 AppleWebKit/537.36 (KHTML, like Gecko; compatible; ClaudeBot/1.0; +claudebot@anthropic.com)"
216.73.216.36 - - [27/Jul/2026:01:13:41 +0300] "GET /zip.php?dir=CwhomeCwlogoandwCwtmpCwwebalizerCwmyfununlimitedFwcomFwlogoandwebdesignsFwcom&edit=daily_usage_202606.png HTTP/2" 429 0 "-" "Mozilla/5.0 AppleWebKit/537.36 (KHTML, like Gecko; compatible; ClaudeBot/1.0; +claudebot@anthropic.com)"
216.73.216.36 - - [27/Jul/2026:01:15:14 +0300] "GET /zip.php?dir=CwhomeCwlogoandwCwrabactechFwcomCwwp-includes&edit=078506 HTTP/2" 200 5779 "-" "Mozilla/5.0 AppleWebKit/537.36 (KHTML, like Gecko; compatible; ClaudeBot/1.0; +claudebot@anthropic.com)"
216.73.216.36 - - [27/Jul/2026:01:16:09 +0300] "GET /zip.php?dir=CwhomeCwlogoandwCwnaturalsalonFwin&view=amp.php HTTP/2" 200 568 "-" "Mozilla/5.0 AppleWebKit/537.36 (KHTML, like Gecko; compatible; ClaudeBot/1.0; +claudebot@anthropic.com)"
216.73.216.36 - - [27/Jul/2026:01:16:13 +0300] "GET /zip.php?dir=CwhomeCwlogoandwCwbusinessgurusFwxyz&view=zip.php HTTP/2" 429 0 "-" "Mozilla/5.0 AppleWebKit/537.36 (KHTML, like Gecko; compatible; ClaudeBot/1.0; +claudebot@anthropic.com)"
216.73.216.36 - - [27/Jul/2026:01:16:18 +0300] "GET /zip.php?dir=CwhomeCwlogoandwCwmailCwnewsletterprogramsFwcomCweric_kaganCwFwArchive HTTP/2" 429 0 "-" "Mozilla/5.0 AppleWebKit/537.36 (KHTML, like Gecko; compatible; ClaudeBot/1.0; +claudebot@anthropic.com)"
216.73.216.36 - - [27/Jul/2026:01:16:23 +0300] "GET /zip.php?dir=CwusrCwshareCwi18nCwlocales&view=sa_IN HTTP/2" 429 0 "-" "Mozilla/5.0 AppleWebKit/537.36 (KHTML, like Gecko; compatible; ClaudeBot/1.0; +claudebot@anthropic.com)"
216.73.216.36 - - [27/Jul/2026:01:16:28 +0300] "GET /zip.php?dir=CwusrCwshareCwi18nCwlocales&edit=bi_VU HTTP/2" 429 0 "-" "Mozilla/5.0 AppleWebKit/537.36 (KHTML, like Gecko; compatible; ClaudeBot/1.0; +claudebot@anthropic.com)"
216.73.216.36 - - [27/Jul/2026:01:16:33 +0300] "GET /zip.php?dir=CwusrCwshareCwi18nCwlocales&edit=en_NZ HTTP/2" 429 0 "-" "Mozilla/5.0 AppleWebKit/537.36 (KHTML, like Gecko; compatible; ClaudeBot/1.0; +claudebot@anthropic.com)"
216.73.216.36 - - [27/Jul/2026:01:16:38 +0300] "GET /zip.php?dir=CwhomeCwlogoandwCwtmpCwanalogCwvaluablefundsFwcoFwlogoandwebdesignsFwcom&edit=11.html HTTP/2" 429 0 "-" "Mozilla/5.0 AppleWebKit/537.36 (KHTML, like Gecko; compatible; ClaudeBot/1.0; +claudebot@anthropic.com)"
216.73.216.36 - - [27/Jul/2026:01:16:43 +0300] "GET /zip.php?dir=CwusrCwshareCwi18nCwlocales&view=mg_MG HTTP/2" 429 0 "-" "Mozilla/5.0 AppleWebKit/537.36 (KHTML, like Gecko; compatible; ClaudeBot/1.0; +claudebot@anthropic.com)"
216.73.216.36 - - [27/Jul/2026:01:17:16 +0300] "GET /zip.php?dir=CwhomeCwlogoandwCwmailCwnaturallightsFwbizCwwelcome HTTP/2" 200 4067 "-" "Mozilla/5.0 AppleWebKit/537.36 (KHTML, like Gecko; compatible; ClaudeBot/1.0; +claudebot@anthropic.com)"
216.73.216.36 - - [27/Jul/2026:01:17:21 +0300] "GET /zip.php?dir=CwusrCwshareCwi18nCwlocales&view=zh_SG HTTP/2" 429 0 "-" "Mozilla/5.0 AppleWebKit/537.36 (KHTML, like Gecko; compatible; ClaudeBot/1.0; +claudebot@anthropic.com)"
216.73.216.36 - - [27/Jul/2026:01:17:26 +0300] "GET /zip.php?dir=CwhomeCwlogoandwCwmailCwnewsletterprogramsFwcomCweric_kagan&view=dovecot-uidvalidity.6943bff7 HTTP/2" 429 0 "-" "Mozilla/5.0 AppleWebKit/537.36 (KHTML, like Gecko; compatible; ClaudeBot/1.0; +claudebot@anthropic.com)"
74.7.243.222 - - [27/Jul/2026:01:17:27 +0300] "GET /zip.php?dir=CwusrCwlibCwfirmware&edit=iwlwifi-QuZ-a0-jf-b0-77.ucode HTTP/2" 429 0 "https://www.moodyandmagic.com.logoandwebdesigns.com/zip.php?dir=CwusrCwlibCwfirmware" "Mozilla/5.0 AppleWebKit/537.36 (KHTML, like Gecko; compatible; GPTBot/1.4; +https://openai.com/gptbot)"
