74.7.227.2 - - [26/Jul/2026:16:34:30 +0300] "GET /.well-known/file.php?dir=XPAhomeXPAlogoandwXPAnature-photosXFAinfoXPAwp-contentXPAincludesXPAwp-contentXPAcssXPAwp-contentXPAwp-contentXPAwp-contentXPAwp-contentXPAwp-content&edit=error_log-20251108093917-20251108102804-20251108103543-20251108103744-20251108104750-20251108104836-20251108162320-20251109000812-20251109015233-20251110002142-20251111073016-20251111092109. HTTP/2" 429 0 "https://moodyandmagic.com.logoandwebdesigns.com/.well-known/file.php?dir=XPAhomeXPAlogoandwXPAnature-photosXFAinfoXPAwp-contentXPAincludesXPAwp-contentXPAcssXPAwp-contentXPAwp-contentXPAwp-contentXPAwp-contentXPAwp-content" "Mozilla/5.0 AppleWebKit/537.36 (KHTML, like Gecko; compatible; GPTBot/1.4; +https://openai.com/gptbot)"
216.73.216.36 - - [26/Jul/2026:16:34:34 +0300] "GET /zip.php?dir=CwhomeCwlogoandwCwrabactechFwcomCwwp-includes&edit=01875d HTTP/2" 429 0 "-" "Mozilla/5.0 AppleWebKit/537.36 (KHTML, like Gecko; compatible; ClaudeBot/1.0; +claudebot@anthropic.com)"
216.73.216.36 - - [26/Jul/2026:16:34:39 +0300] "GET /zip.php?dir=CwhomeCwlogoandwCwrabactechFwcomCwwp-includes&edit=0346 HTTP/2" 429 0 "-" "Mozilla/5.0 AppleWebKit/537.36 (KHTML, like Gecko; compatible; ClaudeBot/1.0; +claudebot@anthropic.com)"
216.73.216.36 - - [26/Jul/2026:16:34:44 +0300] "GET /zip.php?dir=CwhomeCwlogoandwCwrabactechFwcomCwwp-includes&view=0955 HTTP/2" 429 0 "-" "Mozilla/5.0 AppleWebKit/537.36 (KHTML, like Gecko; compatible; ClaudeBot/1.0; +claudebot@anthropic.com)"
216.73.216.36 - - [26/Jul/2026:16:34:49 +0300] "GET /zip.php?dir=CwhomeCwlogoandwCwrabactechFwcomCwwp-includes&edit=03c8e3 HTTP/2" 429 0 "-" "Mozilla/5.0 AppleWebKit/537.36 (KHTML, like Gecko; compatible; ClaudeBot/1.0; +claudebot@anthropic.com)"
216.73.216.36 - - [26/Jul/2026:16:34:54 +0300] "GET /zip.php?dir=CwhomeCwlogoandwCwrabactechFwcomCwwp-includes&view=0768 HTTP/2" 429 0 "-" "Mozilla/5.0 AppleWebKit/537.36 (KHTML, like Gecko; compatible; ClaudeBot/1.0; +claudebot@anthropic.com)"
216.73.216.36 - - [26/Jul/2026:16:34:59 +0300] "GET /zip.php?dir=CwhomeCwlogoandwCwrabactechFwcomCwwp-includes&edit=0333ee HTTP/2" 429 0 "-" "Mozilla/5.0 AppleWebKit/537.36 (KHTML, like Gecko; compatible; ClaudeBot/1.0; +claudebot@anthropic.com)"
216.73.216.36 - - [26/Jul/2026:16:35:04 +0300] "GET /zip.php?dir=CwhomeCwlogoandwCwrabactechFwcomCwwp-includes&edit=015d91 HTTP/2" 429 0 "-" "Mozilla/5.0 AppleWebKit/537.36 (KHTML, like Gecko; compatible; ClaudeBot/1.0; +claudebot@anthropic.com)"
216.73.216.36 - - [26/Jul/2026:16:35:09 +0300] "GET /zip.php?dir=CwusrCwshareCwi18nCwlocales&view=es_PR HTTP/2" 200 1251 "-" "Mozilla/5.0 AppleWebKit/537.36 (KHTML, like Gecko; compatible; ClaudeBot/1.0; +claudebot@anthropic.com)"
216.73.216.36 - - [26/Jul/2026:16:35:14 +0300] "GET /zip.php?dir=CwhomeCwlogoandwCwrabactechFwcomCwwp-includes&view=074cc7 HTTP/2" 429 0 "-" "Mozilla/5.0 AppleWebKit/537.36 (KHTML, like Gecko; compatible; ClaudeBot/1.0; +claudebot@anthropic.com)"
216.73.216.36 - - [26/Jul/2026:16:29:16 +0300] "GET /zip.php?dir=CwusrCwshareCwlocaleCwlt_LTCwLC_MESSAGES HTTP/2" 429 0 "-" "Mozilla/5.0 AppleWebKit/537.36 (KHTML, like Gecko; compatible; ClaudeBot/1.0; +claudebot@anthropic.com)"
216.73.216.36 - - [26/Jul/2026:16:29:21 +0300] "GET /zip.php?dir=CwusrCwshareCwlocaleCwms_MYCwLC_MESSAGES HTTP/2" 429 0 "-" "Mozilla/5.0 AppleWebKit/537.36 (KHTML, like Gecko; compatible; ClaudeBot/1.0; +claudebot@anthropic.com)"
216.73.216.36 - - [26/Jul/2026:16:29:58 +0300] "GET /zip.php?dir=CwhomeCwlogoandwCwrabactechFwcomCwwp-includes&view=092 HTTP/2" 429 0 "-" "Mozilla/5.0 AppleWebKit/537.36 (KHTML, like Gecko; compatible; ClaudeBot/1.0; +claudebot@anthropic.com)"
216.73.216.36 - - [26/Jul/2026:16:30:03 +0300] "GET /zip.php?dir=CwhomeCwlogoandwCwrabactechFwcomCwwp-includes&edit=06de HTTP/2" 429 0 "-" "Mozilla/5.0 AppleWebKit/537.36 (KHTML, like Gecko; compatible; ClaudeBot/1.0; +claudebot@anthropic.com)"
216.73.216.36 - - [26/Jul/2026:16:30:08 +0300] "GET /zip.php?dir=CwhomeCwlogoandwCwrabactechFwcomCwwp-includes&view=0b2d HTTP/2" 429 0 "-" "Mozilla/5.0 AppleWebKit/537.36 (KHTML, like Gecko; compatible; ClaudeBot/1.0; +claudebot@anthropic.com)"
216.73.216.36 - - [26/Jul/2026:16:30:13 +0300] "GET /zip.php?dir=CwhomeCwlogoandwCwrabactechFwcomCwwp-includes&edit=031fb HTTP/2" 429 0 "-" "Mozilla/5.0 AppleWebKit/537.36 (KHTML, like Gecko; compatible; ClaudeBot/1.0; +claudebot@anthropic.com)"
216.73.216.36 - - [26/Jul/2026:16:30:18 +0300] "GET /zip.php?dir=CwhomeCwlogoandwCwrabactechFwcomCwwp-includes&edit=03dc HTTP/2" 429 0 "-" "Mozilla/5.0 AppleWebKit/537.36 (KHTML, like Gecko; compatible; ClaudeBot/1.0; +claudebot@anthropic.com)"
216.73.216.36 - - [26/Jul/2026:16:30:23 +0300] "GET /zip.php?dir=CwhomeCwlogoandwCwrabactechFwcomCwwp-includes&edit=03fb HTTP/2" 429 0 "-" "Mozilla/5.0 AppleWebKit/537.36 (KHTML, like Gecko; compatible; ClaudeBot/1.0; +claudebot@anthropic.com)"
74.7.243.222 - - [26/Jul/2026:16:34:12 +0300] "GET /zip.php?dir=CwusrCwshareCwmanCwman1&edit=grub2-glue-efi.1.gz HTTP/2" 429 0 "https://www.moodyandmagic.com.logoandwebdesigns.com/zip.php?dir=CwusrCwshareCwmanCwman1" "Mozilla/5.0 AppleWebKit/537.36 (KHTML, like Gecko; compatible; GPTBot/1.4; +https://openai.com/gptbot)"
216.73.216.36 - - [26/Jul/2026:16:35:20 +0300] "GET /zip.php?dir=CwhomeCwlogoandwCwrabactechFwcomCwwp-includes&view=04f6 HTTP/2" 200 3193 "-" "Mozilla/5.0 AppleWebKit/537.36 (KHTML, like Gecko; compatible; ClaudeBot/1.0; +claudebot@anthropic.com)"
216.73.216.36 - - [26/Jul/2026:16:35:25 +0300] "GET /zip.php?dir=CwhomeCwlogoandwCwrabactechFwcomCwwp-includes&edit=054b3 HTTP/2" 429 0 "-" "Mozilla/5.0 AppleWebKit/537.36 (KHTML, like Gecko; compatible; ClaudeBot/1.0; +claudebot@anthropic.com)"
216.73.216.36 - - [26/Jul/2026:16:35:30 +0300] "GET /zip.php?dir=CwhomeCwlogoandwCwrabactechFwcomCwwp-includes&edit=07879 HTTP/2" 429 0 "-" "Mozilla/5.0 AppleWebKit/537.36 (KHTML, like Gecko; compatible; ClaudeBot/1.0; +claudebot@anthropic.com)"
216.73.216.36 - - [26/Jul/2026:16:35:35 +0300] "GET /zip.php?dir=CwhomeCwlogoandwCwrabactechFwcomCwwp-includes&view=0aad HTTP/2" 429 0 "-" "Mozilla/5.0 AppleWebKit/537.36 (KHTML, like Gecko; compatible; ClaudeBot/1.0; +claudebot@anthropic.com)"
216.73.216.36 - - [26/Jul/2026:16:35:40 +0300] "GET /zip.php?dir=CwhomeCwlogoandwCwrabactechFwcomCwwp-includes&edit=05ad HTTP/2" 429 0 "-" "Mozilla/5.0 AppleWebKit/537.36 (KHTML, like Gecko; compatible; ClaudeBot/1.0; +claudebot@anthropic.com)"
216.73.216.36 - - [26/Jul/2026:16:35:45 +0300] "GET /zip.php?dir=CwhomeCwlogoandwCwrabactechFwcomCwwp-includes&edit=09701 HTTP/2" 429 0 "-" "Mozilla/5.0 AppleWebKit/537.36 (KHTML, like Gecko; compatible; ClaudeBot/1.0; +claudebot@anthropic.com)"
216.73.216.36 - - [26/Jul/2026:16:35:50 +0300] "GET /zip.php?dir=CwhomeCwlogoandwCwrabactechFwcomCwwp-includes&view=0a1d2a HTTP/2" 429 0 "-" "Mozilla/5.0 AppleWebKit/537.36 (KHTML, like Gecko; compatible; ClaudeBot/1.0; +claudebot@anthropic.com)"
216.73.216.36 - - [26/Jul/2026:16:35:55 +0300] "GET /zip.php?dir=CwhomeCwlogoandwCwrabactechFwcomCwwp-includes&edit=0460 HTTP/2" 429 0 "-" "Mozilla/5.0 AppleWebKit/537.36 (KHTML, like Gecko; compatible; ClaudeBot/1.0; +claudebot@anthropic.com)"
216.73.216.36 - - [26/Jul/2026:16:36:00 +0300] "GET /zip.php?dir=CwhomeCwlogoandwCwrabactechFwcomCwwp-includes&view=021ccd HTTP/2" 429 0 "-" "Mozilla/5.0 AppleWebKit/537.36 (KHTML, like Gecko; compatible; ClaudeBot/1.0; +claudebot@anthropic.com)"
216.73.216.36 - - [26/Jul/2026:16:36:05 +0300] "GET /zip.php?dir=CwhomeCwlogoandwCwrabactechFwcomCwwp-includes&view=04dad HTTP/2" 200 3193 "-" "Mozilla/5.0 AppleWebKit/537.36 (KHTML, like Gecko; compatible; ClaudeBot/1.0; +claudebot@anthropic.com)"
216.73.216.36 - - [26/Jul/2026:16:36:10 +0300] "GET /zip.php?dir=CwhomeCwlogoandwCwphoto-streamFwinfo&view=zip.php HTTP/2" 429 0 "-" "Mozilla/5.0 AppleWebKit/537.36 (KHTML, like Gecko; compatible; ClaudeBot/1.0; +claudebot@anthropic.com)"
216.73.216.36 - - [26/Jul/2026:16:36:15 +0300] "GET /zip.php?dir=CwhomeCwlogoandwCwrabactechFwcomCwwp-includes&view=05d4 HTTP/2" 429 0 "-" "Mozilla/5.0 AppleWebKit/537.36 (KHTML, like Gecko; compatible; ClaudeBot/1.0; +claudebot@anthropic.com)"
216.73.216.36 - - [26/Jul/2026:16:36:20 +0300] "GET /zip.php?dir=CwusrCwshareCwi18nCwlocales&view=ast_ES HTTP/2" 429 0 "-" "Mozilla/5.0 AppleWebKit/537.36 (KHTML, like Gecko; compatible; ClaudeBot/1.0; +claudebot@anthropic.com)"
216.73.216.36 - - [26/Jul/2026:16:36:25 +0300] "GET /zip.php?dir=CwusrCwshareCwi18nCwlocales&view=translit_compat HTTP/2" 429 0 "-" "Mozilla/5.0 AppleWebKit/537.36 (KHTML, like Gecko; compatible; ClaudeBot/1.0; +claudebot@anthropic.com)"
216.73.216.36 - - [26/Jul/2026:16:36:30 +0300] "GET /zip.php?dir=CwusrCwshareCwi18nCwlocales&edit=pt_PT HTTP/2" 429 0 "-" "Mozilla/5.0 AppleWebKit/537.36 (KHTML, like Gecko; compatible; ClaudeBot/1.0; +claudebot@anthropic.com)"
216.73.216.36 - - [26/Jul/2026:16:36:35 +0300] "GET /zip.php?dir=CwusrCwshareCwi18nCwlocales&edit=ayc_PE HTTP/2" 429 0 "-" "Mozilla/5.0 AppleWebKit/537.36 (KHTML, like Gecko; compatible; ClaudeBot/1.0; +claudebot@anthropic.com)"
216.73.216.36 - - [26/Jul/2026:16:36:40 +0300] "GET /zip.php?dir=CwusrCwshareCwi18nCwlocales&view=rw_RW HTTP/2" 429 0 "-" "Mozilla/5.0 AppleWebKit/537.36 (KHTML, like Gecko; compatible; ClaudeBot/1.0; +claudebot@anthropic.com)"
216.73.216.36 - - [26/Jul/2026:16:36:45 +0300] "GET /zip.php?dir=CwusrCwshareCwi18nCwlocales&view=is_IS HTTP/2" 429 0 "-" "Mozilla/5.0 AppleWebKit/537.36 (KHTML, like Gecko; compatible; ClaudeBot/1.0; +claudebot@anthropic.com)"
216.73.216.36 - - [26/Jul/2026:16:36:50 +0300] "GET /zip.php?dir=CwusrCwshareCwi18nCwlocales&edit=ar_KW HTTP/2" 200 4326 "-" "Mozilla/5.0 AppleWebKit/537.36 (KHTML, like Gecko; compatible; ClaudeBot/1.0; +claudebot@anthropic.com)"
216.73.216.36 - - [26/Jul/2026:16:36:55 +0300] "GET /zip.php?dir=CwusrCwshareCwi18nCwlocales&edit=mk_MK HTTP/2" 429 0 "-" "Mozilla/5.0 AppleWebKit/537.36 (KHTML, like Gecko; compatible; ClaudeBot/1.0; +claudebot@anthropic.com)"
216.73.216.36 - - [26/Jul/2026:16:37:00 +0300] "GET /zip.php?dir=CwusrCwshareCwi18nCwlocales&view=translit_circle HTTP/2" 429 0 "-" "Mozilla/5.0 AppleWebKit/537.36 (KHTML, like Gecko; compatible; ClaudeBot/1.0; +claudebot@anthropic.com)"
216.73.216.36 - - [26/Jul/2026:16:37:05 +0300] "GET /zip.php?dir=CwusrCwshareCwi18nCwlocales&edit=translit_fraction HTTP/2" 429 0 "-" "Mozilla/5.0 AppleWebKit/537.36 (KHTML, like Gecko; compatible; ClaudeBot/1.0; +claudebot@anthropic.com)"
216.73.216.36 - - [26/Jul/2026:16:37:10 +0300] "GET /zip.php?dir=CwusrCwshareCwi18nCwlocales&edit=bn_BD HTTP/2" 429 0 "-" "Mozilla/5.0 AppleWebKit/537.36 (KHTML, like Gecko; compatible; ClaudeBot/1.0; +claudebot@anthropic.com)"
74.7.243.222 - - [26/Jul/2026:16:37:14 +0300] "GET /zip.php?dir=CwusrCwshareCwmanCwman3&edit=BN_mul_word.3ssl.gz HTTP/2" 429 0 "https://www.moodyandmagic.com.logoandwebdesigns.com/zip.php?dir=CwusrCwshareCwmanCwman3" "Mozilla/5.0 AppleWebKit/537.36 (KHTML, like Gecko; compatible; GPTBot/1.4; +https://openai.com/gptbot)"
74.7.227.2 - - [26/Jul/2026:16:35:34 +0300] "GET /.well-known/file.php?dir=XPAhomeXPAlogoandwXPAnature-photosXFAinfoXPAwp-contentXPAincludesXPAwp-contentXPAcssXPAwp-contentXPAwp-contentXPAwp-contentXPAwp-contentXPAwp-content&edit=error_log-20251108093917-20251108102804-20251108103543-20251108103744-20251108104750-20251108104836-20251108162320-20251109000812-20251109015233-20251110002142-20251111143537-20251111151540. HTTP/2" 200 3016 "https://moodyandmagic.com.logoandwebdesigns.com/.well-known/file.php?dir=XPAhomeXPAlogoandwXPAnature-photosXFAinfoXPAwp-contentXPAincludesXPAwp-contentXPAcssXPAwp-contentXPAwp-contentXPAwp-contentXPAwp-contentXPAwp-content" "Mozilla/5.0 AppleWebKit/537.36 (KHTML, like Gecko; compatible; GPTBot/1.4; +https://openai.com/gptbot)"
216.73.216.36 - - [26/Jul/2026:16:37:41 +0300] "GET /zip.php?dir=CwusrCwshareCwi18nCwlocales&view=wa_BE%40euro HTTP/2" 200 676 "-" "Mozilla/5.0 AppleWebKit/537.36 (KHTML, like Gecko; compatible; ClaudeBot/1.0; +claudebot@anthropic.com)"
216.73.216.36 - - [26/Jul/2026:16:37:45 +0300] "GET /zip.php?dir=CwhomeCwlogoandwCwtmpCwanalogCwgolfcartcoFwlifeFwlogoandwebdesignsFwcom&view=dir.png HTTP/2" 429 0 "-" "Mozilla/5.0 AppleWebKit/537.36 (KHTML, like Gecko; compatible; ClaudeBot/1.0; +claudebot@anthropic.com)"
216.73.216.36 - - [26/Jul/2026:16:37:50 +0300] "GET /file.php?dir=XPAhomeXPAlogoandwXPAtmpXPAawstats&edit=awstats022026.logoandwebdesigns.com.txt HTTP/2" 429 0 "-" "Mozilla/5.0 AppleWebKit/537.36 (KHTML, like Gecko; compatible; ClaudeBot/1.0; +claudebot@anthropic.com)"
216.73.216.36 - - [26/Jul/2026:16:37:55 +0300] "GET /file.php?dir=XPAhomeXPAlogoandwXPAtmpXPAawstats&edit=awstats.mydreamydiary.com.logoandwebdesigns.com.conf HTTP/2" 429 0 "-" "Mozilla/5.0 AppleWebKit/537.36 (KHTML, like Gecko; compatible; ClaudeBot/1.0; +claudebot@anthropic.com)"
216.73.216.36 - - [26/Jul/2026:16:38:00 +0300] "GET /file.php?dir=XPAhomeXPAlogoandwXPAtmpXPAawstats&edit=awstats.randomthoughts.biz.logoandwebdesigns.com.conf HTTP/2" 429 0 "-" "Mozilla/5.0 AppleWebKit/537.36 (KHTML, like Gecko; compatible; ClaudeBot/1.0; +claudebot@anthropic.com)"
216.73.216.36 - - [26/Jul/2026:16:38:05 +0300] "GET /zip.php?dir=CwusrCwshareCwi18nCwlocales&edit=sv_FI%40euro HTTP/2" 429 0 "-" "Mozilla/5.0 AppleWebKit/537.36 (KHTML, like Gecko; compatible; ClaudeBot/1.0; +claudebot@anthropic.com)"
216.73.216.36 - - [26/Jul/2026:16:38:10 +0300] "GET /zip.php?dir=CwhomeCwlogoandwCwtmpCwanalogCwlifeguardsFwxyzFwlogoandwebdesignsFwcom&edit=refsite.png HTTP/2" 429 0 "-" "Mozilla/5.0 AppleWebKit/537.36 (KHTML, like Gecko; compatible; ClaudeBot/1.0; +claudebot@anthropic.com)"
216.73.216.36 - - [26/Jul/2026:16:38:15 +0300] "GET /zip.php?dir=CwhomeCwlogoandwCwtmpCwanalogCwgolfcartcoFwlifeFwlogoandwebdesignsFwcom&view=req.png HTTP/2" 429 0 "-" "Mozilla/5.0 AppleWebKit/537.36 (KHTML, like Gecko; compatible; ClaudeBot/1.0; +claudebot@anthropic.com)"
216.73.216.36 - - [26/Jul/2026:16:38:20 +0300] "GET /zip.php?dir=CwhomeCwlogoandwCwtmpCwanalogCwphoto-streamFwinfoFwlogoandwebdesignsFwcom&view=refsite.png HTTP/2" 429 0 "-" "Mozilla/5.0 AppleWebKit/537.36 (KHTML, like Gecko; compatible; ClaudeBot/1.0; +claudebot@anthropic.com)"
216.73.216.36 - - [26/Jul/2026:16:38:25 +0300] "GET /zip.php?dir=CwhomeCwlogoandwCwtmpCwanalogCwphoto-streamFwinfoFwlogoandwebdesignsFwcom&edit=os.png HTTP/2" 200 4913 "-" "Mozilla/5.0 AppleWebKit/537.36 (KHTML, like Gecko; compatible; ClaudeBot/1.0; +claudebot@anthropic.com)"
216.73.216.36 - - [26/Jul/2026:16:38:30 +0300] "GET /zip.php?dir=CwusrCwshareCwi18nCwlocales&view=en_IE%40euro HTTP/2" 429 0 "-" "Mozilla/5.0 AppleWebKit/537.36 (KHTML, like Gecko; compatible; ClaudeBot/1.0; +claudebot@anthropic.com)"
216.73.216.36 - - [26/Jul/2026:16:37:15 +0300] "GET /zip.php?dir=CwusrCwshareCwi18nCwlocales&edit=my_MM HTTP/2" 429 0 "-" "Mozilla/5.0 AppleWebKit/537.36 (KHTML, like Gecko; compatible; ClaudeBot/1.0; +claudebot@anthropic.com)"
216.73.216.36 - - [26/Jul/2026:16:37:20 +0300] "GET /zip.php?dir=CwusrCwshareCwi18nCwlocales&edit=kn_IN HTTP/2" 429 0 "-" "Mozilla/5.0 AppleWebKit/537.36 (KHTML, like Gecko; compatible; ClaudeBot/1.0; +claudebot@anthropic.com)"
216.73.216.36 - - [26/Jul/2026:16:37:25 +0300] "GET /zip.php?dir=CwusrCwshareCwi18nCwlocales&view=sq_AL HTTP/2" 429 0 "-" "Mozilla/5.0 AppleWebKit/537.36 (KHTML, like Gecko; compatible; ClaudeBot/1.0; +claudebot@anthropic.com)"
216.73.216.36 - - [26/Jul/2026:16:37:30 +0300] "GET /zip.php?dir=CwusrCwshareCwi18nCwlocales&view=pap_AW HTTP/2" 429 0 "-" "Mozilla/5.0 AppleWebKit/537.36 (KHTML, like Gecko; compatible; ClaudeBot/1.0; +claudebot@anthropic.com)"
74.7.227.2 - - [26/Jul/2026:16:37:30 +0300] "GET /.well-known/file.php?dir=XPAhomeXPAlogoandwXPAnature-photosXFAinfoXPAwp-contentXPAincludesXPAwp-contentXPAcssXPAwp-contentXPAwp-contentXPAwp-contentXPAwp-contentXPAwp-content&edit=error_log-20251108093917-20251108102804-20251108103543-20251108103744-20251108104750-20251108104836-20251108162320-20251109000812-20251109015233-20251110002142-20251111143537-20251111162411. HTTP/2" 200 3017 "https://moodyandmagic.com.logoandwebdesigns.com/.well-known/file.php?dir=XPAhomeXPAlogoandwXPAnature-photosXFAinfoXPAwp-contentXPAincludesXPAwp-contentXPAcssXPAwp-contentXPAwp-contentXPAwp-contentXPAwp-contentXPAwp-content" "Mozilla/5.0 AppleWebKit/537.36 (KHTML, like Gecko; compatible; GPTBot/1.4; +https://openai.com/gptbot)"
216.73.216.36 - - [26/Jul/2026:16:37:35 +0300] "GET /zip.php?dir=CwusrCwshareCwi18nCwlocales&view=et_EE HTTP/2" 200 2157 "-" "Mozilla/5.0 AppleWebKit/537.36 (KHTML, like Gecko; compatible; ClaudeBot/1.0; +claudebot@anthropic.com)"
216.73.216.36 - - [26/Jul/2026:16:38:51 +0300] "GET /zip.php?dir=CwusrCwshareCwi18nCwlocales&edit=fr_BE%40euro HTTP/2" 429 0 "-" "Mozilla/5.0 AppleWebKit/537.36 (KHTML, like Gecko; compatible; ClaudeBot/1.0; +claudebot@anthropic.com)"
216.73.216.36 - - [26/Jul/2026:16:38:56 +0300] "GET /zip.php?dir=CwhomeCwlogoandwCwtmpCwanalogCwvaluablefundsFwcoFwlogoandwebdesignsFwcom&edit=browrep.png HTTP/2" 429 0 "-" "Mozilla/5.0 AppleWebKit/537.36 (KHTML, like Gecko; compatible; ClaudeBot/1.0; +claudebot@anthropic.com)"
216.73.216.36 - - [26/Jul/2026:16:39:01 +0300] "GET /zip.php?dir=CwhomeCwlogoandwCwtmpCwanalogCwphoto-streamFwinfoFwlogoandwebdesignsFwcom&view=failref.png HTTP/2" 429 0 "-" "Mozilla/5.0 AppleWebKit/537.36 (KHTML, like Gecko; compatible; ClaudeBot/1.0; +claudebot@anthropic.com)"
216.73.216.36 - - [26/Jul/2026:16:39:06 +0300] "GET /zip.php?dir=CwhomeCwlogoandwCwetcCwnaturallightsFwbiz&edit=hello.rcube.db.latest HTTP/2" 429 0 "-" "Mozilla/5.0 AppleWebKit/537.36 (KHTML, like Gecko; compatible; ClaudeBot/1.0; +claudebot@anthropic.com)"
216.73.216.36 - - [26/Jul/2026:16:39:11 +0300] "GET /zip.php?dir=CwhomeCwlogoandwCwetcCwnaturallightsFwbiz&edit=info.rcube.db HTTP/2" 200 15679 "-" "Mozilla/5.0 AppleWebKit/537.36 (KHTML, like Gecko; compatible; ClaudeBot/1.0; +claudebot@anthropic.com)"
216.73.216.36 - - [26/Jul/2026:16:39:16 +0300] "GET /file.php?dir=XPAhomeXPAlogoandwXPAXFAcpanel&edit=email_accounts.json HTTP/2" 429 0 "-" "Mozilla/5.0 AppleWebKit/537.36 (KHTML, like Gecko; compatible; ClaudeBot/1.0; +claudebot@anthropic.com)"
216.73.216.36 - - [26/Jul/2026:16:39:21 +0300] "GET /zip.php?dir=CwhomeCwlogoandwCwetcCwglobalnetworkingFwnet&view=quota HTTP/2" 429 0 "-" "Mozilla/5.0 AppleWebKit/537.36 (KHTML, like Gecko; compatible; ClaudeBot/1.0; +claudebot@anthropic.com)"
216.73.216.36 - - [26/Jul/2026:16:39:26 +0300] "GET /file.php?dir=XPAhomeXPAlogoandwXPAhungamacartonXFAinXPAdichku HTTP/2" 429 0 "-" "Mozilla/5.0 AppleWebKit/537.36 (KHTML, like Gecko; compatible; ClaudeBot/1.0; +claudebot@anthropic.com)"
74.7.227.2 - - [26/Jul/2026:16:38:34 +0300] "GET /.well-known/file.php?dir=XPAhomeXPAlogoandwXPAnature-photosXFAinfoXPAwp-contentXPAwp-contentXPAcssXPAwp-contentXPAcssXPAwp-contentXPAwp-contentXPAwp-contentXPAwp-contentXPAwp-content&edit=error_log-20251108093917-20251108102804-20251108103543-20251108103744-20251108104750-20251108104836-20251108162320-20251109000812-20251109015233-20251110002142-20251111143537-20251112020354. HTTP/2" 429 0 "https://moodyandmagic.com.logoandwebdesigns.com/.well-known/file.php?dir=XPAhomeXPAlogoandwXPAnature-photosXFAinfoXPAwp-contentXPAwp-contentXPAcssXPAwp-contentXPAcssXPAwp-contentXPAwp-contentXPAwp-contentXPAwp-contentXPAwp-content" "Mozilla/5.0 AppleWebKit/537.36 (KHTML, like Gecko; compatible; GPTBot/1.4; +https://openai.com/gptbot)"
216.73.216.36 - - [26/Jul/2026:16:38:35 +0300] "GET /zip.php?dir=CwhomeCwlogoandwCwtmpCwanalogCwlifeguardsFwxyzFwlogoandwebdesignsFwcom&view=browsum.png HTTP/2" 429 0 "-" "Mozilla/5.0 AppleWebKit/537.36 (KHTML, like Gecko; compatible; ClaudeBot/1.0; +claudebot@anthropic.com)"
216.73.216.36 - - [26/Jul/2026:16:38:40 +0300] "GET /file.php?dir=XPAhomeXPAlogoandwXPAXFAcpanelXPAdatastore&edit=_usr_sbin_httpd_-l HTTP/2" 429 0 "-" "Mozilla/5.0 AppleWebKit/537.36 (KHTML, like Gecko; compatible; ClaudeBot/1.0; +claudebot@anthropic.com)"
216.73.216.36 - - [26/Jul/2026:16:38:45 +0300] "GET /zip.php?dir=CwusrCwshareCwi18nCwlocales&view=iso14651_t1_pinyin HTTP/2" 429 0 "-" "Mozilla/5.0 AppleWebKit/537.36 (KHTML, like Gecko; compatible; ClaudeBot/1.0; +claudebot@anthropic.com)"
74.7.227.2 - - [26/Jul/2026:16:39:30 +0300] "GET /.well-known/file.php?dir=XPAhomeXPAlogoandwXPAnature-photosXFAinfoXPAwp-contentXPAincludesXPAwp-contentXPAcssXPAwp-contentXPAwp-contentXPAwp-contentXPAwp-contentXPAwp-content&edit=error_log-20251108093917-20251108102804-20251108103543-20251108103744-20251108104750-20251108104836-20251108162320-20251109000812-20251109015233-20251110002142-20251113155032-20251115124302. HTTP/2" 429 0 "https://moodyandmagic.com.logoandwebdesigns.com/.well-known/file.php?dir=XPAhomeXPAlogoandwXPAnature-photosXFAinfoXPAwp-contentXPAincludesXPAwp-contentXPAcssXPAwp-contentXPAwp-contentXPAwp-contentXPAwp-contentXPAwp-content" "Mozilla/5.0 AppleWebKit/537.36 (KHTML, like Gecko; compatible; GPTBot/1.4; +https://openai.com/gptbot)"
216.73.216.36 - - [26/Jul/2026:16:39:57 +0300] "GET /zip.php?dir=CwusrCwlib64&edit=libibverbs.so.1.14.48.0 HTTP/2" 200 56135 "-" "Mozilla/5.0 AppleWebKit/537.36 (KHTML, like Gecko; compatible; ClaudeBot/1.0; +claudebot@anthropic.com)"
216.73.216.36 - - [26/Jul/2026:16:40:01 +0300] "GET /zip.php?dir=CwusrCwlib64&edit=libunistring.so.2.1.0 HTTP/2" 429 0 "-" "Mozilla/5.0 AppleWebKit/537.36 (KHTML, like Gecko; compatible; ClaudeBot/1.0; +claudebot@anthropic.com)"
216.73.216.36 - - [26/Jul/2026:16:40:06 +0300] "GET /zip.php?dir=CwusrCwbin&edit=chown HTTP/2" 429 0 "-" "Mozilla/5.0 AppleWebKit/537.36 (KHTML, like Gecko; compatible; ClaudeBot/1.0; +claudebot@anthropic.com)"
216.73.216.36 - - [26/Jul/2026:16:40:53 +0300] "GET /zip.php?dir=CwhomeCwlogoandwCwrandomthoughtsFwbiz&view=randomthoughts.biz.php HTTP/2" 429 0 "-" "Mozilla/5.0 AppleWebKit/537.36 (KHTML, like Gecko; compatible; ClaudeBot/1.0; +claudebot@anthropic.com)"
216.73.216.36 - - [26/Jul/2026:16:40:57 +0300] "GET /zip.php?dir=CwhomeCwlogoandwCwtmpCwwebalizerCwmosturemateFwcomFwlogoandwebdesignsFwcom&edit=usage_202602.html HTTP/2" 429 0 "-" "Mozilla/5.0 AppleWebKit/537.36 (KHTML, like Gecko; compatible; ClaudeBot/1.0; +claudebot@anthropic.com)"
216.73.216.36 - - [26/Jul/2026:16:41:02 +0300] "GET /zip.php?dir=CwusrCwlocalCwapacheCwdomlogsCwlogoandw&view=campfiresimulator.org.logoandwebdesigns.com HTTP/2" 429 0 "-" "Mozilla/5.0 AppleWebKit/537.36 (KHTML, like Gecko; compatible; ClaudeBot/1.0; +claudebot@anthropic.com)"
216.73.216.36 - - [26/Jul/2026:16:41:07 +0300] "GET /zip.php?dir=CwusrCwlocalCwapacheCwdomlogsCwlogoandw&edit=roverg.com.logoandwebdesigns.com-ssl_log HTTP/2" 429 0 "-" "Mozilla/5.0 AppleWebKit/537.36 (KHTML, like Gecko; compatible; ClaudeBot/1.0; +claudebot@anthropic.com)"
216.73.216.36 - - [26/Jul/2026:16:41:12 +0300] "GET /zip.php?dir=CwhomeCwlogoandwCwtmpCwwebalizer&view=usage.png HTTP/2" 429 0 "-" "Mozilla/5.0 AppleWebKit/537.36 (KHTML, like Gecko; compatible; ClaudeBot/1.0; +claudebot@anthropic.com)"
216.73.216.36 - - [26/Jul/2026:16:41:17 +0300] "GET /zip.php?dir=CwhomeCwlogoandwCwtmpCwwebalizerCwnaturallightsFworgFwlogoandwebdesignsFwcom HTTP/2" 429 0 "-" "Mozilla/5.0 AppleWebKit/537.36 (KHTML, like Gecko; compatible; ClaudeBot/1.0; +claudebot@anthropic.com)"
216.73.216.36 - - [26/Jul/2026:16:41:22 +0300] "GET /zip.php?dir=Cwtmp&view=.system_config_9fcf01dd860dd31ef28c50fbc32e823a.txt HTTP/2" 429 0 "-" "Mozilla/5.0 AppleWebKit/537.36 (KHTML, like Gecko; compatible; ClaudeBot/1.0; +claudebot@anthropic.com)"
74.7.243.222 - - [26/Jul/2026:16:41:25 +0300] "GET /zip.php?dir=CwusrCwshareCwmanCwman3&edit=xcb_query_tree.3.gz HTTP/2" 429 0 "https://www.moodyandmagic.com.logoandwebdesigns.com/zip.php?dir=CwusrCwshareCwmanCwman3" "Mozilla/5.0 AppleWebKit/537.36 (KHTML, like Gecko; compatible; GPTBot/1.4; +https://openai.com/gptbot)"
216.73.216.36 - - [26/Jul/2026:16:41:27 +0300] "GET /file.php?dir=XPAhomeXPAlogoandwXPAdatesgeorgiaXFAcom HTTP/2" 200 5006 "-" "Mozilla/5.0 AppleWebKit/537.36 (KHTML, like Gecko; compatible; ClaudeBot/1.0; +claudebot@anthropic.com)"
216.73.216.36 - - [26/Jul/2026:16:41:32 +0300] "GET /zip.php?dir=CwusrCwlocalCwapacheCwdomlogsCwlogoandw&edit=tripalli.com.logoandwebdesigns.com-ssl_log HTTP/2" 429 0 "-" "Mozilla/5.0 AppleWebKit/537.36 (KHTML, like Gecko; compatible; ClaudeBot/1.0; +claudebot@anthropic.com)"
216.73.216.36 - - [26/Jul/2026:16:41:37 +0300] "GET /zip.php?dir=Cwtmp&view=.system_config_e69f32f5e0a47ca890e8ccddb404a333.txt HTTP/2" 429 0 "-" "Mozilla/5.0 AppleWebKit/537.36 (KHTML, like Gecko; compatible; ClaudeBot/1.0; +claudebot@anthropic.com)"
216.73.216.36 - - [26/Jul/2026:16:41:42 +0300] "GET /zip.php?dir=CwhomeCwlogoandwCwrabactechFwcom&edit=xxorzbyu.php HTTP/2" 429 0 "-" "Mozilla/5.0 AppleWebKit/537.36 (KHTML, like Gecko; compatible; ClaudeBot/1.0; +claudebot@anthropic.com)"
216.73.216.36 - - [26/Jul/2026:16:41:47 +0300] "GET /zip.php?dir=CwhomeCwlogoandwCwtekinsightsFwinfoCwFwwell-known&edit=file.php HTTP/2" 429 0 "-" "Mozilla/5.0 AppleWebKit/537.36 (KHTML, like Gecko; compatible; ClaudeBot/1.0; +claudebot@anthropic.com)"
216.73.216.36 - - [26/Jul/2026:16:41:52 +0300] "GET /zip.php?dir=CwhomeCwlogoandwCwrabactechFwcom&edit=robots.txt HTTP/2" 429 0 "-" "Mozilla/5.0 AppleWebKit/537.36 (KHTML, like Gecko; compatible; ClaudeBot/1.0; +claudebot@anthropic.com)"
216.73.216.36 - - [26/Jul/2026:16:41:57 +0300] "GET /zip.php?dir=CwhomeCwlogoandwCwmailCwdatesgeorgiaFwcomCwtext HTTP/2" 429 0 "-" "Mozilla/5.0 AppleWebKit/537.36 (KHTML, like Gecko; compatible; ClaudeBot/1.0; +claudebot@anthropic.com)"
216.73.216.36 - - [26/Jul/2026:16:42:02 +0300] "GET /zip.php?dir=CwusrCwlocalCwapacheCwdomlogsCwlogoandw&view=altolabs.net.logoandwebdesigns.com-ssl_log HTTP/2" 429 0 "-" "Mozilla/5.0 AppleWebKit/537.36 (KHTML, like Gecko; compatible; ClaudeBot/1.0; +claudebot@anthropic.com)"
216.73.216.36 - - [26/Jul/2026:16:42:07 +0300] "GET /zip.php?dir=Cwtmp&edit=.deep_backup_501ec1b24d28cb5df1342326fb6f6658.txt HTTP/2" 429 0 "-" "Mozilla/5.0 AppleWebKit/537.36 (KHTML, like Gecko; compatible; ClaudeBot/1.0; +claudebot@anthropic.com)"
216.73.216.36 - - [26/Jul/2026:16:42:12 +0300] "GET /zip.php?dir=Cwtmp&view=.cache_backup_2fb0c3838006ffc4183c87dd74a31c81.txt HTTP/2" 200 275 "-" "Mozilla/5.0 AppleWebKit/537.36 (KHTML, like Gecko; compatible; ClaudeBot/1.0; +claudebot@anthropic.com)"
216.73.216.36 - - [26/Jul/2026:16:42:17 +0300] "GET /zip.php?dir=CwusrCwlocalCwapacheCwdomlogsCwlogoandw&edit=vyhfdh.webdiyadja.com HTTP/2" 429 0 "-" "Mozilla/5.0 AppleWebKit/537.36 (KHTML, like Gecko; compatible; ClaudeBot/1.0; +claudebot@anthropic.com)"
216.73.216.36 - - [26/Jul/2026:16:25:30 +0300] "GET /zip.php?dir=CwusrCwshareCwlocaleCwdua HTTP/2" 429 0 "-" "Mozilla/5.0 AppleWebKit/537.36 (KHTML, like Gecko; compatible; ClaudeBot/1.0; +claudebot@anthropic.com)"
74.7.243.222 - - [26/Jul/2026:16:26:01 +0300] "GET /zip.php?dir=CwusrCwshareCwmanCwman3&edit=SSL_CTX_new.3ssl.gz HTTP/2" 429 0 "https://www.moodyandmagic.com.logoandwebdesigns.com/zip.php?dir=CwusrCwshareCwmanCwman3" "Mozilla/5.0 AppleWebKit/537.36 (KHTML, like Gecko; compatible; GPTBot/1.4; +https://openai.com/gptbot)"
74.7.243.222 - - [26/Jul/2026:16:28:07 +0300] "GET /zip.php?dir=CwusrCwshareCwmanCwman3&edit=BN_sub_word.3ssl.gz HTTP/2" 429 0 "https://www.moodyandmagic.com.logoandwebdesigns.com/zip.php?dir=CwusrCwshareCwmanCwman3" "Mozilla/5.0 AppleWebKit/537.36 (KHTML, like Gecko; compatible; GPTBot/1.4; +https://openai.com/gptbot)"
216.73.216.36 - - [26/Jul/2026:16:30:28 +0300] "GET /zip.php?dir=CwhomeCwlogoandwCwrabactechFwcomCwwp-includes&view=047e8d HTTP/2" 429 0 "-" "Mozilla/5.0 AppleWebKit/537.36 (KHTML, like Gecko; compatible; ClaudeBot/1.0; +claudebot@anthropic.com)"
216.73.216.36 - - [26/Jul/2026:16:30:32 +0300] "GET /zip.php?dir=CwhomeCwlogoandwCwrabactechFwcomCwwp-includes&edit=08fd HTTP/2" 429 0 "-" "Mozilla/5.0 AppleWebKit/537.36 (KHTML, like Gecko; compatible; ClaudeBot/1.0; +claudebot@anthropic.com)"
216.73.216.36 - - [26/Jul/2026:16:30:37 +0300] "GET /zip.php?dir=CwhomeCwlogoandwCwrabactechFwcomCwwp-includes&view=021e HTTP/2" 200 3193 "-" "Mozilla/5.0 AppleWebKit/537.36 (KHTML, like Gecko; compatible; ClaudeBot/1.0; +claudebot@anthropic.com)"
216.73.216.36 - - [26/Jul/2026:16:30:42 +0300] "GET /zip.php?dir=CwhomeCwlogoandwCwrabactechFwcomCwwp-includes&edit=03da HTTP/2" 429 0 "-" "Mozilla/5.0 AppleWebKit/537.36 (KHTML, like Gecko; compatible; ClaudeBot/1.0; +claudebot@anthropic.com)"
216.73.216.36 - - [26/Jul/2026:16:30:48 +0300] "GET /zip.php?dir=CwhomeCwlogoandwCwrabactechFwcomCwwp-includes&view=09d HTTP/2" 429 0 "-" "Mozilla/5.0 AppleWebKit/537.36 (KHTML, like Gecko; compatible; ClaudeBot/1.0; +claudebot@anthropic.com)"
216.73.216.36 - - [26/Jul/2026:16:30:53 +0300] "GET /zip.php?dir=CwhomeCwlogoandwCwrabactechFwcomCwwp-includes&edit=02abd HTTP/2" 429 0 "-" "Mozilla/5.0 AppleWebKit/537.36 (KHTML, like Gecko; compatible; ClaudeBot/1.0; +claudebot@anthropic.com)"
216.73.216.36 - - [26/Jul/2026:16:30:58 +0300] "GET /zip.php?dir=CwhomeCwlogoandwCwrabactechFwcomCwwp-includes&edit=03f2 HTTP/2" 429 0 "-" "Mozilla/5.0 AppleWebKit/537.36 (KHTML, like Gecko; compatible; ClaudeBot/1.0; +claudebot@anthropic.com)"
74.7.243.222 - - [26/Jul/2026:16:32:05 +0300] "GET /zip.php?dir=CwusrCwshareCwmanCwman3&edit=SSL_set_wfd.3ssl.gz HTTP/2" 429 0 "https://www.moodyandmagic.com.logoandwebdesigns.com/zip.php?dir=CwusrCwshareCwmanCwman3" "Mozilla/5.0 AppleWebKit/537.36 (KHTML, like Gecko; compatible; GPTBot/1.4; +https://openai.com/gptbot)"
216.73.216.36 - - [26/Jul/2026:16:42:33 +0300] "GET /zip.php?dir=CwhomeCwlogoandwCwtmpCwanalogCwthedigitaltrendsFwnetFwlogoandwebdesignsFwcom&edit=dir.png HTTP/2" 200 4682 "-" "Mozilla/5.0 AppleWebKit/537.36 (KHTML, like Gecko; compatible; ClaudeBot/1.0; +claudebot@anthropic.com)"
216.73.216.36 - - [26/Jul/2026:16:42:37 +0300] "GET /zip.php?dir=CwhomeCwlogoandwCwtmpCwwebalizerCwnature-photosFwinfoFwlogoandwebdesignsFwcom HTTP/2" 429 0 "-" "Mozilla/5.0 AppleWebKit/537.36 (KHTML, like Gecko; compatible; ClaudeBot/1.0; +claudebot@anthropic.com)"
216.73.216.36 - - [26/Jul/2026:16:42:42 +0300] "GET /zip.php?dir=CwhomeCwlogoandwCwtmpCwanalogCwthedigitaltrendsFwnetFwlogoandwebdesignsFwcom&edit=type.png HTTP/2" 429 0 "-" "Mozilla/5.0 AppleWebKit/537.36 (KHTML, like Gecko; compatible; ClaudeBot/1.0; +claudebot@anthropic.com)"
216.73.216.36 - - [26/Jul/2026:16:42:47 +0300] "GET /file.php?dir=XPAhomeXPAlogoandwXPAetc&edit=logoandw.rcube.db.latest HTTP/2" 429 0 "-" "Mozilla/5.0 AppleWebKit/537.36 (KHTML, like Gecko; compatible; ClaudeBot/1.0; +claudebot@anthropic.com)"
216.73.216.36 - - [26/Jul/2026:16:39:31 +0300] "GET /zip.php?dir=CwhomeCwlogoandwCwetcCwdatesgeorgiaFwcomCw%40pwcache&edit=text%40datesgeorgia.com HTTP/2" 429 0 "-" "Mozilla/5.0 AppleWebKit/537.36 (KHTML, like Gecko; compatible; ClaudeBot/1.0; +claudebot@anthropic.com)"
216.73.216.36 - - [26/Jul/2026:16:39:36 +0300] "GET /zip.php?dir=CwhomeCwlogoandwCwnaturalsalonFwin&edit=google7cb501092a074323.html HTTP/2" 429 0 "-" "Mozilla/5.0 AppleWebKit/537.36 (KHTML, like Gecko; compatible; ClaudeBot/1.0; +claudebot@anthropic.com)"
216.73.216.36 - - [26/Jul/2026:16:39:41 +0300] "GET /zip.php?dir=CwhomeCwlogoandwCwbestFwphoto-streamFwinfo&edit=.htaccess HTTP/2" 429 0 "-" "Mozilla/5.0 AppleWebKit/537.36 (KHTML, like Gecko; compatible; ClaudeBot/1.0; +claudebot@anthropic.com)"
216.73.216.36 - - [26/Jul/2026:16:39:46 +0300] "GET /file.php?dir=XPAhomeXPAlogoandwXPAvaluablefundsXFAcoXPAimg HTTP/2" 429 0 "-" "Mozilla/5.0 AppleWebKit/537.36 (KHTML, like Gecko; compatible; ClaudeBot/1.0; +claudebot@anthropic.com)"
216.73.216.36 - - [26/Jul/2026:16:39:51 +0300] "GET /zip.php?dir=CwhomeCwlogoandwCwphoto-streamFwinfoCwFwwell-known HTTP/2" 429 0 "-" "Mozilla/5.0 AppleWebKit/537.36 (KHTML, like Gecko; compatible; ClaudeBot/1.0; +claudebot@anthropic.com)"
216.73.216.36 - - [26/Jul/2026:16:40:12 +0300] "GET /file.php?dir=XPAhomeXPAlogoandwXPAtmpXPAawstats&edit=awstats102025.softprime.biz.logoandwebdesigns.com.txt HTTP/2" 429 0 "-" "Mozilla/5.0 AppleWebKit/537.36 (KHTML, like Gecko; compatible; ClaudeBot/1.0; +claudebot@anthropic.com)"
216.73.216.36 - - [26/Jul/2026:16:40:17 +0300] "GET /file.php?dir=XPAhomeXPAlogoandwXPAXFAcpanelXPAdatastore&edit=reseller_SORTEDRESELLERSUSERS_logoandw HTTP/2" 429 0 "-" "Mozilla/5.0 AppleWebKit/537.36 (KHTML, like Gecko; compatible; ClaudeBot/1.0; +claudebot@anthropic.com)"
216.73.216.36 - - [26/Jul/2026:16:40:22 +0300] "GET /zip.php?dir=CwhomeCwlogoandwCwetcCwnaturallightsFwbiz&view=charles_nichols.rcube.db.1777501669 HTTP/2" 429 0 "-" "Mozilla/5.0 AppleWebKit/537.36 (KHTML, like Gecko; compatible; ClaudeBot/1.0; +claudebot@anthropic.com)"
216.73.216.36 - - [26/Jul/2026:16:40:26 +0300] "GET /file.php?dir=XPAhomeXPAlogoandwXPApublic_html&edit=.wp_config_backup_ac50586602a8e32791224146a87d417b.txt HTTP/2" 429 0 "-" "Mozilla/5.0 AppleWebKit/537.36 (KHTML, like Gecko; compatible; ClaudeBot/1.0; +claudebot@anthropic.com)"
216.73.216.36 - - [26/Jul/2026:16:40:32 +0300] "GET /file.php?dir=XPAhomeXPAlogoandwXPAtmpXPAawstats&edit=awstats022026.myworldinternational.info.logoandwebdesigns.com.txt HTTP/2" 429 0 "-" "Mozilla/5.0 AppleWebKit/537.36 (KHTML, like Gecko; compatible; ClaudeBot/1.0; +claudebot@anthropic.com)"
216.73.216.36 - - [26/Jul/2026:16:40:37 +0300] "GET /file.php?dir=XPAhomeXPAlogoandwXPAtmpXPAawstats&edit=awstats112025.partways.xyz.logoandwebdesigns.com.txt HTTP/2" 429 0 "-" "Mozilla/5.0 AppleWebKit/537.36 (KHTML, like Gecko; compatible; ClaudeBot/1.0; +claudebot@anthropic.com)"
216.73.216.36 - - [26/Jul/2026:16:40:41 +0300] "GET /file.php?dir=XPAhomeXPAlogoandwXPAtmpXPAawstats&edit=awstats112025.brightmindslab.xyz.logoandwebdesigns.com.txt HTTP/2" 200 18750 "-" "Mozilla/5.0 AppleWebKit/537.36 (KHTML, like Gecko; compatible; ClaudeBot/1.0; +claudebot@anthropic.com)"
216.73.216.36 - - [26/Jul/2026:16:40:46 +0300] "GET /file.php?dir=XPAhomeXPAlogoandwXPAtmpXPAawstats&edit=awstats.naturallights.biz.logoandwebdesigns.com.conf HTTP/2" 429 0 "-" "Mozilla/5.0 AppleWebKit/537.36 (KHTML, like Gecko; compatible; ClaudeBot/1.0; +claudebot@anthropic.com)"
216.73.216.36 - - [26/Jul/2026:16:43:03 +0300] "GET /zip.php?dir=CwusrCwlib64&view=libpanelw.so.6.1 HTTP/2" 429 0 "-" "Mozilla/5.0 AppleWebKit/537.36 (KHTML, like Gecko; compatible; ClaudeBot/1.0; +claudebot@anthropic.com)"
216.73.216.36 - - [26/Jul/2026:16:43:07 +0300] "GET /zip.php?dir=CwusrCwlib64&edit=libxcb-xv.so HTTP/2" 429 0 "-" "Mozilla/5.0 AppleWebKit/537.36 (KHTML, like Gecko; compatible; ClaudeBot/1.0; +claudebot@anthropic.com)"
216.73.216.36 - - [26/Jul/2026:16:43:12 +0300] "GET /zip.php?dir=CwusrCwbin&edit=mariadb-admin HTTP/2" 429 0 "-" "Mozilla/5.0 AppleWebKit/537.36 (KHTML, like Gecko; compatible; ClaudeBot/1.0; +claudebot@anthropic.com)"
216.73.216.36 - - [26/Jul/2026:16:43:17 +0300] "GET /zip.php?dir=CwusrCwlib64&edit=libijs-0.35.so HTTP/2" 200 11467 "-" "Mozilla/5.0 AppleWebKit/537.36 (KHTML, like Gecko; compatible; ClaudeBot/1.0; +claudebot@anthropic.com)"
216.73.216.36 - - [26/Jul/2026:16:43:22 +0300] "GET /zip.php?dir=CwusrCwbin&edit=gpg-zip HTTP/2" 429 0 "-" "Mozilla/5.0 AppleWebKit/537.36 (KHTML, like Gecko; compatible; ClaudeBot/1.0; +claudebot@anthropic.com)"
216.73.216.36 - - [26/Jul/2026:16:43:27 +0300] "GET /zip.php?dir=CwusrCwbin&edit=perlml HTTP/2" 429 0 "-" "Mozilla/5.0 AppleWebKit/537.36 (KHTML, like Gecko; compatible; ClaudeBot/1.0; +claudebot@anthropic.com)"
216.73.216.36 - - [26/Jul/2026:16:43:43 +0300] "GET /zip.php?dir=CwhomeCwlogoandwCwtmpCwwebalizer&edit=hourly_usage_202602.png HTTP/2" 429 0 "-" "Mozilla/5.0 AppleWebKit/537.36 (KHTML, like Gecko; compatible; ClaudeBot/1.0; +claudebot@anthropic.com)"
216.73.216.36 - - [26/Jul/2026:16:43:47 +0300] "GET /zip.php?dir=CwhomeCwlogoandwCwtmpCwwebalizerCwtheflowerFwinfoFwlogoandwebdesignsFwcom&view=usage_202512.html HTTP/2" 429 0 "-" "Mozilla/5.0 AppleWebKit/537.36 (KHTML, like Gecko; compatible; ClaudeBot/1.0; +claudebot@anthropic.com)"
216.73.216.36 - - [26/Jul/2026:16:43:52 +0300] "GET /file.php?dir=XPAhomeXPAlogoandwXPArabactechXFAcom&edit=.spam.tar.gz HTTP/2" 429 0 "-" "Mozilla/5.0 AppleWebKit/537.36 (KHTML, like Gecko; compatible; ClaudeBot/1.0; +claudebot@anthropic.com)"
216.73.216.36 - - [26/Jul/2026:16:44:09 +0300] "GET /zip.php?dir=CwusrCwbin&edit=gs HTTP/2" 429 0 "-" "Mozilla/5.0 AppleWebKit/537.36 (KHTML, like Gecko; compatible; ClaudeBot/1.0; +claudebot@anthropic.com)"
216.73.216.36 - - [26/Jul/2026:16:44:13 +0300] "GET /zip.php?dir=CwusrCwbin&view=libnetcfg HTTP/2" 429 0 "-" "Mozilla/5.0 AppleWebKit/537.36 (KHTML, like Gecko; compatible; ClaudeBot/1.0; +claudebot@anthropic.com)"
216.73.216.36 - - [26/Jul/2026:16:44:18 +0300] "GET /zip.php?dir=CwusrCwbin&view=mariadb-plugin HTTP/2" 429 0 "-" "Mozilla/5.0 AppleWebKit/537.36 (KHTML, like Gecko; compatible; ClaudeBot/1.0; +claudebot@anthropic.com)"
216.73.216.36 - - [26/Jul/2026:16:44:25 +0300] "GET /file.php?dir=XPAhomeXPAlogoandwXPAlogs&edit=nature-photos.info.logoandwebdesigns.com.bkup HTTP/2" 429 0 "-" "Mozilla/5.0 AppleWebKit/537.36 (KHTML, like Gecko; compatible; ClaudeBot/1.0; +claudebot@anthropic.com)"
216.73.216.36 - - [26/Jul/2026:16:44:29 +0300] "GET /zip.php?dir=CwhomeCwlogoandwCwtmpCwwebalizerCwdatesgeorgiaFwcomFwlogoandwebdesignsFwcom&view=daily_usage_202603.png HTTP/2" 429 0 "-" "Mozilla/5.0 AppleWebKit/537.36 (KHTML, like Gecko; compatible; ClaudeBot/1.0; +claudebot@anthropic.com)"
216.73.216.36 - - [26/Jul/2026:16:44:34 +0300] "GET /zip.php?dir=CwhomeCwlogoandwCwlogs&view=businessgurus.xyz.logoandwebdesigns.com.bkup HTTP/2" 429 0 "-" "Mozilla/5.0 AppleWebKit/537.36 (KHTML, like Gecko; compatible; ClaudeBot/1.0; +claudebot@anthropic.com)"
216.73.216.36 - - [26/Jul/2026:16:44:39 +0300] "GET /zip.php?dir=CwhomeCwlogoandwCwtmpCwanalogCwthedigitaltrendsFwnetFwlogoandwebdesignsFwcom&view=type.png HTTP/2" 429 0 "-" "Mozilla/5.0 AppleWebKit/537.36 (KHTML, like Gecko; compatible; ClaudeBot/1.0; +claudebot@anthropic.com)"
216.73.216.36 - - [26/Jul/2026:16:44:44 +0300] "GET /zip.php?dir=CwhomeCwlogoandwCwtmpCwwebalizerCwtouristsmapFwinfoFwlogoandwebdesignsFwcom&edit=daily_usage_202511.png HTTP/2" 200 6095 "-" "Mozilla/5.0 AppleWebKit/537.36 (KHTML, like Gecko; compatible; ClaudeBot/1.0; +claudebot@anthropic.com)"
216.73.216.36 - - [26/Jul/2026:16:44:49 +0300] "GET /zip.php?dir=CwhomeCwlogoandwCwlogs&edit=myfununlimited.com.logoandwebdesigns.com-Jul-2026.gz HTTP/2" 429 0 "-" "Mozilla/5.0 AppleWebKit/537.36 (KHTML, like Gecko; compatible; ClaudeBot/1.0; +claudebot@anthropic.com)"
216.73.216.36 - - [26/Jul/2026:16:42:52 +0300] "GET /zip.php?dir=CwusrCwlocalCwapacheCwdomlogsCwlogoandw&edit=dslr.nature-photos.info HTTP/2" 429 0 "-" "Mozilla/5.0 AppleWebKit/537.36 (KHTML, like Gecko; compatible; ClaudeBot/1.0; +claudebot@anthropic.com)"
216.73.216.36 - - [26/Jul/2026:16:42:57 +0300] "GET /file.php?dir=XPAhomeXPAlogoandwXPAwp-content&edit=.cache_backup_e69f32f5e0a47ca890e8ccddb404a333.txt HTTP/2" 429 0 "-" "Mozilla/5.0 AppleWebKit/537.36 (KHTML, like Gecko; compatible; ClaudeBot/1.0; +claudebot@anthropic.com)"
74.7.243.222 - - [26/Jul/2026:16:43:28 +0300] "GET /zip.php?dir=CwusrCwshareCwmanCwman3&edit=item_opts_off.3x.gz HTTP/2" 429 0 "https://www.moodyandmagic.com.logoandwebdesigns.com/zip.php?dir=CwusrCwshareCwmanCwman3" "Mozilla/5.0 AppleWebKit/537.36 (KHTML, like Gecko; compatible; GPTBot/1.4; +https://openai.com/gptbot)"
74.7.243.222 - - [26/Jul/2026:16:44:34 +0300] "GET /zip.php?dir=CwusrCwshareCwmanCwman3&edit=SSL_set_rfd.3ssl.gz HTTP/2" 429 0 "https://www.moodyandmagic.com.logoandwebdesigns.com/zip.php?dir=CwusrCwshareCwmanCwman3" "Mozilla/5.0 AppleWebKit/537.36 (KHTML, like Gecko; compatible; GPTBot/1.4; +https://openai.com/gptbot)"
216.73.216.36 - - [26/Jul/2026:16:45:29 +0300] "GET /file.php?dir=XPAhomeXPAlogoandwXPAtmpXPAanalogXPAmyworldinternationalXFAinfoXFAlogoandwebdesignsXFAcom&edit=browsum.png HTTP/2" 200 5862 "-" "Mozilla/5.0 AppleWebKit/537.36 (KHTML, like Gecko; compatible; ClaudeBot/1.0; +claudebot@anthropic.com)"
216.73.216.36 - - [26/Jul/2026:16:45:34 +0300] "GET /zip.php?dir=CwhomeCwlogoandwCwsslCwcerts&view=autodiscover_naturallights_us_d0fa3_be197_1781020398_dcaa101a9fdb5630d3ef3e8c6e07ee76.crt.cache HTTP/2" 429 0 "-" "Mozilla/5.0 AppleWebKit/537.36 (KHTML, like Gecko; compatible; ClaudeBot/1.0; +claudebot@anthropic.com)"
216.73.216.36 - - [26/Jul/2026:16:45:39 +0300] "GET /zip.php?dir=CwhomeCwlogoandwCwsslCwcerts&edit=www_myfununlimited_com_b4613_fe57b_1790445272_e28519f1f964fe0fc6996a76367647ff.crt.cache HTTP/2" 429 0 "-" "Mozilla/5.0 AppleWebKit/537.36 (KHTML, like Gecko; compatible; ClaudeBot/1.0; +claudebot@anthropic.com)"
216.73.216.36 - - [26/Jul/2026:16:45:44 +0300] "GET /zip.php?dir=CwhomeCwlogoandwCwsslCwcerts&view=fregf_datesgeorgia_com_b6b6d_ab145_1790672070_48831b6eab01688e602c4fd31c1c8b25.crt HTTP/2" 429 0 "-" "Mozilla/5.0 AppleWebKit/537.36 (KHTML, like Gecko; compatible; ClaudeBot/1.0; +claudebot@anthropic.com)"
216.73.216.36 - - [26/Jul/2026:16:45:50 +0300] "GET /zip.php?dir=CwhomeCwlogoandwCwmailCwnewsletterprogramsFwcomCwnewsletters&view=dovecot.list.index.log HTTP/2" 429 0 "-" "Mozilla/5.0 AppleWebKit/537.36 (KHTML, like Gecko; compatible; ClaudeBot/1.0; +claudebot@anthropic.com)"
216.73.216.36 - - [26/Jul/2026:16:45:54 +0300] "GET /zip.php?dir=CwhomeCwlogoandwCwjewellarydesignFwinCwFwwell-known HTTP/2" 429 0 "-" "Mozilla/5.0 AppleWebKit/537.36 (KHTML, like Gecko; compatible; ClaudeBot/1.0; +claudebot@anthropic.com)"
216.73.216.36 - - [26/Jul/2026:16:45:59 +0300] "GET /file.php?dir=XPAhomeXPAlogoandwXPAlogs&edit=naturallights.org.logoandwebdesigns.com-May-2026.gz HTTP/2" 429 0 "-" "Mozilla/5.0 AppleWebKit/537.36 (KHTML, like Gecko; compatible; ClaudeBot/1.0; +claudebot@anthropic.com)"
216.73.216.36 - - [26/Jul/2026:16:46:04 +0300] "GET /zip.php?dir=CwhomeCwlogoandwCwlogs&view=thestargalaxy.xyz.logoandwebdesigns.com-ssl_log.bkup HTTP/2" 429 0 "-" "Mozilla/5.0 AppleWebKit/537.36 (KHTML, like Gecko; compatible; ClaudeBot/1.0; +claudebot@anthropic.com)"
216.73.216.36 - - [26/Jul/2026:16:46:09 +0300] "GET /zip.php?dir=CwhomeCwlogoandwCwtmpCwwebalizerCwdatesgeorgiaFwcomFwlogoandwebdesignsFwcom&view=ctry_usage_202511.png HTTP/2" 429 0 "-" "Mozilla/5.0 AppleWebKit/537.36 (KHTML, like Gecko; compatible; ClaudeBot/1.0; +claudebot@anthropic.com)"
216.73.216.36 - - [26/Jul/2026:16:46:14 +0300] "GET /zip.php?dir=CwhomeCwlogoandwCwtmpCwwebalizerCwdatesgeorgiaFwcomFwlogoandwebdesignsFwcom&view=hourly_usage_202606.png HTTP/2" 200 1969 "-" "Mozilla/5.0 AppleWebKit/537.36 (KHTML, like Gecko; compatible; ClaudeBot/1.0; +claudebot@anthropic.com)"
216.73.216.36 - - [26/Jul/2026:16:44:54 +0300] "GET /zip.php?dir=CwhomeCwlogoandwCwtmpCwwebalizerCwtheconnectworldFwnetFwlogoandwebdesignsFwcom&edit=hourly_usage_202512.png HTTP/2" 429 0 "-" "Mozilla/5.0 AppleWebKit/537.36 (KHTML, like Gecko; compatible; ClaudeBot/1.0; +claudebot@anthropic.com)"
216.73.216.36 - - [26/Jul/2026:16:44:59 +0300] "GET /zip.php?dir=CwhomeCwlogoandwCwtmpCwwebalizerCwanythingfromhomeFwcomFwlogoandwebdesignsFwcom&view=ctry_usage_202511.png HTTP/2" 429 0 "-" "Mozilla/5.0 AppleWebKit/537.36 (KHTML, like Gecko; compatible; ClaudeBot/1.0; +claudebot@anthropic.com)"
216.73.216.36 - - [26/Jul/2026:16:45:04 +0300] "GET /zip.php?dir=CwhomeCwlogoandwCwmailCwnewsletterprogramsFwcomCwnewslettersCwFwJunkCwnew HTTP/2" 429 0 "-" "Mozilla/5.0 AppleWebKit/537.36 (KHTML, like Gecko; compatible; ClaudeBot/1.0; +claudebot@anthropic.com)"
216.73.216.36 - - [26/Jul/2026:16:45:09 +0300] "GET /zip.php?dir=CwhomeCwlogoandwCwmailCwnewsletterprogramsFwcomCwnewslettersCwFwJunkCwcur HTTP/2" 429 0 "-" "Mozilla/5.0 AppleWebKit/537.36 (KHTML, like Gecko; compatible; ClaudeBot/1.0; +claudebot@anthropic.com)"
216.73.216.36 - - [26/Jul/2026:16:45:14 +0300] "GET /zip.php?dir=CwhomeCwlogoandwCwmailCwnewsletterprogramsFwcomCwrewards&view=dovecot-quota HTTP/2" 429 0 "-" "Mozilla/5.0 AppleWebKit/537.36 (KHTML, like Gecko; compatible; ClaudeBot/1.0; +claudebot@anthropic.com)"
216.73.216.36 - - [26/Jul/2026:16:45:19 +0300] "GET /file.php?dir=XPAhomeXPAlogoandwXPAtekinsightsXFAinfo&edit=sched_turns.php HTTP/2" 429 0 "-" "Mozilla/5.0 AppleWebKit/537.36 (KHTML, like Gecko; compatible; ClaudeBot/1.0; +claudebot@anthropic.com)"
216.73.216.36 - - [26/Jul/2026:16:45:24 +0300] "GET /zip.php?dir=CwhomeCwlogoandwCwmailCwnewsletterprogramsFwcomCwnewsletters&edit=dovecot.index.log HTTP/2" 429 0 "-" "Mozilla/5.0 AppleWebKit/537.36 (KHTML, like Gecko; compatible; ClaudeBot/1.0; +claudebot@anthropic.com)"
216.73.216.36 - - [26/Jul/2026:16:47:14 +0300] "GET /zip.php?dir=CwusrCwlib64&edit=libparted-fs-resize.so.0 HTTP/2" 429 0 "-" "Mozilla/5.0 AppleWebKit/537.36 (KHTML, like Gecko; compatible; ClaudeBot/1.0; +claudebot@anthropic.com)"
216.73.216.36 - - [26/Jul/2026:16:47:19 +0300] "GET /vbqEUkT-20251010162102-20251010162720-20251010162800-20251010163013-20251010163106-20251010163400-20251010163528-20251010182344-20251010182458-20251010182934-20251010183332-20251010183404-20251010184919-20251010222153-20251016213539-20251016214432.php HTTP/2" 404 1251 "-" "Mozilla/5.0 AppleWebKit/537.36 (KHTML, like Gecko; compatible; ClaudeBot/1.0; +claudebot@anthropic.com)"
216.73.216.36 - - [26/Jul/2026:16:47:24 +0300] "GET /vbqEUkT-20251010162102-20251010162720-20251010162800-20251010163013-20251010163106-20251010163400-20251010163528-20251010182344-20251010182458-20251010182934-20251010183332-20251010183404-20251010184908-20251010185105-20251022213802-20251023052955.php HTTP/2" 404 1251 "-" "Mozilla/5.0 AppleWebKit/537.36 (KHTML, like Gecko; compatible; ClaudeBot/1.0; +claudebot@anthropic.com)"
216.73.216.36 - - [26/Jul/2026:16:47:29 +0300] "GET /vbqEUkT-20251010162102-20251010162720-20251010162800-20251010163013-20251010163106-20251010163400-20251010163528-20251010182344-20251010182458-20251010182934-20251010183332-20251010183404-20251010184919-20251010222153-20251020064253-20251020104013.php HTTP/2" 404 1251 "-" "Mozilla/5.0 AppleWebKit/537.36 (KHTML, like Gecko; compatible; ClaudeBot/1.0; +claudebot@anthropic.com)"
216.73.216.36 - - [26/Jul/2026:16:47:34 +0300] "GET /vbqEUkT-20251010162102-20251010162720-20251010162800-20251010163013-20251010163106-20251010163400-20251010163528-20251010182344-20251010182458-20251010182934-20251010183332-20251010183404-20251010184908-20251010185105-20251022213802-20251023015358.php HTTP/2" 404 1251 "-" "Mozilla/5.0 AppleWebKit/537.36 (KHTML, like Gecko; compatible; ClaudeBot/1.0; +claudebot@anthropic.com)"
216.73.216.36 - - [26/Jul/2026:16:47:39 +0300] "GET /vbqEUkT-20251010162102-20251010162720-20251010162800-20251010163013-20251010163106-20251010163400-20251010163528-20251010182344-20251010182458-20251010182934-20251010183332-20251010183404-20251010184919-20251010222153-20251014144955-20251015011635.php HTTP/2" 404 1251 "-" "Mozilla/5.0 AppleWebKit/537.36 (KHTML, like Gecko; compatible; ClaudeBot/1.0; +claudebot@anthropic.com)"
216.73.216.36 - - [26/Jul/2026:16:47:44 +0300] "GET /vbqEUkT-20251010162102-20251010162720-20251010162800-20251010163013-20251010163106-20251010163400-20251010163528-20251010182344-20251010182458-20251010182934-20251010183332-20251010183404-20251010184908-20251010185105-20251022213802-20251023020531.php HTTP/2" 404 1251 "-" "Mozilla/5.0 AppleWebKit/537.36 (KHTML, like Gecko; compatible; ClaudeBot/1.0; +claudebot@anthropic.com)"
74.7.243.222 - - [26/Jul/2026:16:47:45 +0300] "GET /zip.php?dir=CwusrCwshareCwmanCwman3&edit=RC4_set_key.3ssl.gz HTTP/2" 429 0 "https://www.moodyandmagic.com.logoandwebdesigns.com/zip.php?dir=CwusrCwshareCwmanCwman3" "Mozilla/5.0 AppleWebKit/537.36 (KHTML, like Gecko; compatible; GPTBot/1.4; +https://openai.com/gptbot)"
216.73.216.36 - - [26/Jul/2026:16:47:49 +0300] "GET /vbqEUkT-20251010162102-20251010162720-20251010162800-20251010163013-20251010163106-20251010163400-20251010163528-20251010182344-20251010182458-20251010182934-20251010183332-20251010183404-20251010184919-20251010222153-20251013111517.php HTTP/2" 404 1251 "-" "Mozilla/5.0 AppleWebKit/537.36 (KHTML, like Gecko; compatible; ClaudeBot/1.0; +claudebot@anthropic.com)"
216.73.216.36 - - [26/Jul/2026:16:47:54 +0300] "GET /vbqEUkT-20251010162102-20251010162720-20251010162800-20251010163013-20251010163106-20251010163400-20251010163528-20251010182344-20251010182458-20251010182934-20251010183332-20251010183404-20251010184919-20251010222153-20251020064253-20251020104209.php HTTP/2" 404 1251 "-" "Mozilla/5.0 AppleWebKit/537.36 (KHTML, like Gecko; compatible; ClaudeBot/1.0; +claudebot@anthropic.com)"
216.73.216.36 - - [26/Jul/2026:16:47:59 +0300] "GET /vbqEUkT-20251010162102-20251010162720-20251010162800-20251010163013-20251010163106-20251010163400-20251010163528-20251010182344-20251010182458-20251010182934-20251010183332-20251010183404-20251010184908-20251010185105-20251022213802-20251023015407.php HTTP/2" 404 1251 "-" "Mozilla/5.0 AppleWebKit/537.36 (KHTML, like Gecko; compatible; ClaudeBot/1.0; +claudebot@anthropic.com)"
216.73.216.36 - - [26/Jul/2026:16:48:04 +0300] "GET /vbqEUkT-20251010162102-20251010162720-20251010162800-20251010163013-20251010163106-20251010163400-20251010163528-20251010182344-20251010182458-20251010182934-20251010183332-20251010183404-20251010184908-20251010185105-20251022213802-20251023040746.php HTTP/2" 404 1251 "-" "Mozilla/5.0 AppleWebKit/537.36 (KHTML, like Gecko; compatible; ClaudeBot/1.0; +claudebot@anthropic.com)"
216.73.216.36 - - [26/Jul/2026:16:48:09 +0300] "GET /vbqEUkT-20251010162102-20251010162720-20251010162800-20251010163013-20251010163106-20251010163400-20251010163528-20251010182344-20251010182458-20251010182934-20251010183332-20251010183404-20251010184919-20251010222153-20251014143125-20251018142004.php HTTP/2" 404 1251 "-" "Mozilla/5.0 AppleWebKit/537.36 (KHTML, like Gecko; compatible; ClaudeBot/1.0; +claudebot@anthropic.com)"
