74.7.227.2 - - [26/Jul/2026:20:18:46 +0300] "GET /.well-known/file.php?dir=XPAhomeXPAlogoandwXPAnature-photosXFAinfoXPAwp-contentXPAincludesXPAwp-contentXPAcssXPAwp-contentXPAwp-contentXPAwp-contentXPAwp-contentXPAwp-content&edit=error_log-20251108093917-20251108102804-20251108103543-20251108103744-20251108104750-20251108104836-20251108162320-20251109000812-20251109015233-20251110002142-20251111143537-20251113212100. HTTP/2" 200 3018 "https://moodyandmagic.com.logoandwebdesigns.com/.well-known/file.php?dir=XPAhomeXPAlogoandwXPAnature-photosXFAinfoXPAwp-contentXPAincludesXPAwp-contentXPAcssXPAwp-contentXPAwp-contentXPAwp-contentXPAwp-contentXPAwp-content" "Mozilla/5.0 AppleWebKit/537.36 (KHTML, like Gecko; compatible; GPTBot/1.4; +https://openai.com/gptbot)"
216.73.216.36 - - [26/Jul/2026:20:18:46 +0300] "GET /zip.php?dir=CwhomeCwlogoandwCwrabactechFwcomCwwp-includes&edit=05dd3e HTTP/2" 200 5779 "-" "Mozilla/5.0 AppleWebKit/537.36 (KHTML, like Gecko; compatible; ClaudeBot/1.0; +claudebot@anthropic.com)"
216.73.216.36 - - [26/Jul/2026:20:18:51 +0300] "GET /file.php?dir=XPAhomeXPAlogoandwXPAdatesgeorgiaXFAcomXPAcss&edit=index.php HTTP/2" 429 0 "-" "Mozilla/5.0 AppleWebKit/537.36 (KHTML, like Gecko; compatible; ClaudeBot/1.0; +claudebot@anthropic.com)"
216.73.216.36 - - [26/Jul/2026:20:18:56 +0300] "GET /zip.php?dir=CwusrCwshareCwi18nCwlocales&view=eu_ES HTTP/2" 429 0 "-" "Mozilla/5.0 AppleWebKit/537.36 (KHTML, like Gecko; compatible; ClaudeBot/1.0; +claudebot@anthropic.com)"
74.7.243.222 - - [26/Jul/2026:20:19:17 +0300] "GET /.well-known/zip.php?dir=CwhomeCwlogoandwCwpublic_htmlCwnaturallightsFwbizCwwp-contentCwpluginsCwfluentformCwvendorCwcomposer&view=autoload_psr4.php HTTP/2" 429 0 "https://www.moodyandmagic.com.logoandwebdesigns.com/.well-known/zip.php?dir=CwhomeCwlogoandwCwpublic_htmlCwnaturallightsFwbizCwwp-contentCwpluginsCwfluentformCwvendorCwcomposer" "Mozilla/5.0 AppleWebKit/537.36 (KHTML, like Gecko; compatible; GPTBot/1.4; +https://openai.com/gptbot)"
74.7.227.2 - - [26/Jul/2026:20:19:50 +0300] "GET /.well-known/file.php?dir=XPAhomeXPAlogoandwXPAnature-photosXFAinfoXPAwp-contentXPAincludesXPAwp-contentXPAcssXPAwp-contentXPAwp-contentXPAwp-contentXPAwp-contentXPAwp-content&edit=error_log-20251108093917-20251108102804-20251108103543-20251108103744-20251108104750-20251108104836-20251108162320-20251109000812-20251109015233-20251110002142-20251111140521-20251111144018. HTTP/2" 429 0 "https://moodyandmagic.com.logoandwebdesigns.com/.well-known/file.php?dir=XPAhomeXPAlogoandwXPAnature-photosXFAinfoXPAwp-contentXPAincludesXPAwp-contentXPAcssXPAwp-contentXPAwp-contentXPAwp-contentXPAwp-contentXPAwp-content" "Mozilla/5.0 AppleWebKit/537.36 (KHTML, like Gecko; compatible; GPTBot/1.4; +https://openai.com/gptbot)"
216.73.216.36 - - [26/Jul/2026:20:19:56 +0300] "GET /zip.php?dir=CwhomeCwlogoandwCwrabactechFwcomCwwp-includes&view=0b6d HTTP/2" 200 3193 "-" "Mozilla/5.0 AppleWebKit/537.36 (KHTML, like Gecko; compatible; ClaudeBot/1.0; +claudebot@anthropic.com)"
216.73.216.36 - - [26/Jul/2026:20:20:01 +0300] "GET /zip.php?dir=CwhomeCwlogoandwCwrabactechFwcomCwwp-includes&view=076 HTTP/2" 429 0 "-" "Mozilla/5.0 AppleWebKit/537.36 (KHTML, like Gecko; compatible; ClaudeBot/1.0; +claudebot@anthropic.com)"
216.73.216.36 - - [26/Jul/2026:20:20:06 +0300] "GET /zip.php?dir=CwhomeCwlogoandwCwrabactechFwcomCwwp-includes&view=0465 HTTP/2" 429 0 "-" "Mozilla/5.0 AppleWebKit/537.36 (KHTML, like Gecko; compatible; ClaudeBot/1.0; +claudebot@anthropic.com)"
216.73.216.36 - - [26/Jul/2026:20:20:23 +0300] "GET /zip.php?dir=CwhomeCwlogoandwCwrabactechFwcomCwwp-includes&edit=0938b HTTP/2" 429 0 "-" "Mozilla/5.0 AppleWebKit/537.36 (KHTML, like Gecko; compatible; ClaudeBot/1.0; +claudebot@anthropic.com)"
216.73.216.36 - - [26/Jul/2026:20:20:28 +0300] "GET /zip.php?dir=CwhomeCwlogoandwCwrabactechFwcomCwwp-includes&edit=0695e4 HTTP/2" 429 0 "-" "Mozilla/5.0 AppleWebKit/537.36 (KHTML, like Gecko; compatible; ClaudeBot/1.0; +claudebot@anthropic.com)"
216.73.216.36 - - [26/Jul/2026:20:20:33 +0300] "GET /zip.php?dir=CwhomeCwlogoandwCwrabactechFwcomCwwp-includes&edit=01a070 HTTP/2" 429 0 "-" "Mozilla/5.0 AppleWebKit/537.36 (KHTML, like Gecko; compatible; ClaudeBot/1.0; +claudebot@anthropic.com)"
216.73.216.36 - - [26/Jul/2026:20:20:38 +0300] "GET /zip.php?dir=CwhomeCwlogoandwCwrabactechFwcomCwwp-includes&edit=0602e HTTP/2" 429 0 "-" "Mozilla/5.0 AppleWebKit/537.36 (KHTML, like Gecko; compatible; ClaudeBot/1.0; +claudebot@anthropic.com)"
216.73.216.36 - - [26/Jul/2026:20:20:43 +0300] "GET /zip.php?dir=CwhomeCwlogoandwCwrabactechFwcomCwwp-includes&edit=0a40 HTTP/2" 429 0 "-" "Mozilla/5.0 AppleWebKit/537.36 (KHTML, like Gecko; compatible; ClaudeBot/1.0; +claudebot@anthropic.com)"
74.7.227.2 - - [26/Jul/2026:20:20:47 +0300] "GET /.well-known/file.php?dir=XPAhomeXPAlogoandwXPAnature-photosXFAinfoXPAwp-contentXPAwp-contentXPAcssXPAwp-contentXPAcssXPAwp-contentXPAwp-contentXPAwp-contentXPAwp-contentXPAwp-content&edit=error_log-20251108093917-20251108102804-20251108103543-20251108103744-20251108104750-20251108104836-20251108162320-20251109000812-20251109015233-20251110002142-20251111143537-20251112002613. HTTP/2" 429 0 "https://moodyandmagic.com.logoandwebdesigns.com/.well-known/file.php?dir=XPAhomeXPAlogoandwXPAnature-photosXFAinfoXPAwp-contentXPAwp-contentXPAcssXPAwp-contentXPAcssXPAwp-contentXPAwp-contentXPAwp-contentXPAwp-contentXPAwp-content" "Mozilla/5.0 AppleWebKit/537.36 (KHTML, like Gecko; compatible; GPTBot/1.4; +https://openai.com/gptbot)"
216.73.216.36 - - [26/Jul/2026:20:20:48 +0300] "GET /zip.php?dir=CwhomeCwlogoandwCwphoto-streamFwinfo&edit=zoko.php HTTP/2" 429 0 "-" "Mozilla/5.0 AppleWebKit/537.36 (KHTML, like Gecko; compatible; ClaudeBot/1.0; +claudebot@anthropic.com)"
216.73.216.36 - - [26/Jul/2026:20:20:53 +0300] "GET /zip.php?dir=CwhomeCwlogoandwCwrabactechFwcomCwwp-includes&view=0a4ec HTTP/2" 429 0 "-" "Mozilla/5.0 AppleWebKit/537.36 (KHTML, like Gecko; compatible; ClaudeBot/1.0; +claudebot@anthropic.com)"
216.73.216.36 - - [26/Jul/2026:20:20:58 +0300] "GET /zip.php?dir=CwhomeCwlogoandwCwrabactechFwcomCwwp-includes&edit=0969c2 HTTP/2" 200 5780 "-" "Mozilla/5.0 AppleWebKit/537.36 (KHTML, like Gecko; compatible; ClaudeBot/1.0; +claudebot@anthropic.com)"
216.73.216.36 - - [26/Jul/2026:20:21:03 +0300] "GET /zip.php?dir=CwhomeCwlogoandwCwrabactechFwcomCwwp-includes&edit=074cc7 HTTP/2" 429 0 "-" "Mozilla/5.0 AppleWebKit/537.36 (KHTML, like Gecko; compatible; ClaudeBot/1.0; +claudebot@anthropic.com)"
216.73.216.36 - - [26/Jul/2026:20:21:11 +0300] "GET /zip.php?dir=CwhomeCwlogoandwCwrabactechFwcomCwwp-includes&view=04854 HTTP/2" 429 0 "-" "Mozilla/5.0 AppleWebKit/537.36 (KHTML, like Gecko; compatible; ClaudeBot/1.0; +claudebot@anthropic.com)"
216.73.216.36 - - [26/Jul/2026:20:21:13 +0300] "GET /zip.php?dir=CwhomeCwlogoandwCwrabactechFwcomCwwp-includes&view=066c HTTP/2" 429 0 "-" "Mozilla/5.0 AppleWebKit/537.36 (KHTML, like Gecko; compatible; ClaudeBot/1.0; +claudebot@anthropic.com)"
216.73.216.36 - - [26/Jul/2026:20:21:18 +0300] "GET /zip.php?dir=CwhomeCwlogoandwCwrabactechFwcomCwwp-includes&view=037f7b HTTP/2" 429 0 "-" "Mozilla/5.0 AppleWebKit/537.36 (KHTML, like Gecko; compatible; ClaudeBot/1.0; +claudebot@anthropic.com)"
216.73.216.36 - - [26/Jul/2026:20:21:21 +0300] "GET /zip.php?dir=CwhomeCwlogoandwCwrabactechFwcomCwwp-includes&edit=095af HTTP/2" 429 0 "-" "Mozilla/5.0 AppleWebKit/537.36 (KHTML, like Gecko; compatible; ClaudeBot/1.0; +claudebot@anthropic.com)"
216.73.216.36 - - [26/Jul/2026:20:21:26 +0300] "GET /zip.php?dir=CwhomeCwlogoandwCwrabactechFwcomCwwp-includes&edit=00f1 HTTP/2" 429 0 "-" "Mozilla/5.0 AppleWebKit/537.36 (KHTML, like Gecko; compatible; ClaudeBot/1.0; +claudebot@anthropic.com)"
216.73.216.36 - - [26/Jul/2026:20:21:31 +0300] "GET /zip.php?dir=CwhomeCwlogoandwCwrabactechFwcomCwwp-includes&view=04be0 HTTP/2" 429 0 "-" "Mozilla/5.0 AppleWebKit/537.36 (KHTML, like Gecko; compatible; ClaudeBot/1.0; +claudebot@anthropic.com)"
216.73.216.36 - - [26/Jul/2026:20:17:08 +0300] "GET /zip.php?dir=CwhomeCwlogoandwCwrabactechFwcomCwwp-includes&edit=07d480 HTTP/2" 200 5779 "-" "Mozilla/5.0 AppleWebKit/537.36 (KHTML, like Gecko; compatible; ClaudeBot/1.0; +claudebot@anthropic.com)"
216.73.216.36 - - [26/Jul/2026:20:17:11 +0300] "GET /zip.php?dir=CwhomeCwlogoandwCwrabactechFwcomCwwp-includes&edit=0041 HTTP/2" 429 0 "-" "Mozilla/5.0 AppleWebKit/537.36 (KHTML, like Gecko; compatible; ClaudeBot/1.0; +claudebot@anthropic.com)"
216.73.216.36 - - [26/Jul/2026:20:17:55 +0300] "GET /zip.php?dir=CwusrCwlocalCwapacheCwdomlogsCwlogoandw&view=innovativeech.com.logoandwebdesigns.com HTTP/2" 429 0 "-" "Mozilla/5.0 AppleWebKit/537.36 (KHTML, like Gecko; compatible; ClaudeBot/1.0; +claudebot@anthropic.com)"
216.73.216.36 - - [26/Jul/2026:20:17:58 +0300] "GET /zip.php?dir=CwusrCwlocalCwapacheCwdomlogsCwlogoandw&view=theconnectworld.net.logoandwebdesigns.com HTTP/2" 429 0 "-" "Mozilla/5.0 AppleWebKit/537.36 (KHTML, like Gecko; compatible; ClaudeBot/1.0; +claudebot@anthropic.com)"
216.73.216.36 - - [26/Jul/2026:20:18:03 +0300] "GET /zip.php?dir=CwusrCwlocalCwapacheCwdomlogsCwlogoandw&view=includtech.com.logoandwebdesigns.com-ssl_log HTTP/2" 200 12 "-" "Mozilla/5.0 AppleWebKit/537.36 (KHTML, like Gecko; compatible; ClaudeBot/1.0; +claudebot@anthropic.com)"
216.73.216.36 - - [26/Jul/2026:20:18:08 +0300] "GET /zip.php?dir=CwusrCwlib64&edit=libxcb-xselinux.so.0.0.0 HTTP/2" 429 0 "-" "Mozilla/5.0 AppleWebKit/537.36 (KHTML, like Gecko; compatible; ClaudeBot/1.0; +claudebot@anthropic.com)"
216.73.216.36 - - [26/Jul/2026:20:19:02 +0300] "GET /wp-content/images/languages/ HTTP/2" 404 1251 "-" "Mozilla/5.0 AppleWebKit/537.36 (KHTML, like Gecko; compatible; ClaudeBot/1.0; +claudebot@anthropic.com)"
216.73.216.36 - - [26/Jul/2026:20:19:05 +0300] "GET /wp-content/images/languages/Text/random/ HTTP/2" 404 1251 "-" "Mozilla/5.0 AppleWebKit/537.36 (KHTML, like Gecko; compatible; ClaudeBot/1.0; +claudebot@anthropic.com)"
216.73.216.36 - - [26/Jul/2026:20:19:10 +0300] "GET /wp-content/images/wp/ HTTP/2" 404 1251 "-" "Mozilla/5.0 AppleWebKit/537.36 (KHTML, like Gecko; compatible; ClaudeBot/1.0; +claudebot@anthropic.com)"
216.73.216.36 - - [26/Jul/2026:20:19:15 +0300] "GET /wp-content/images/ HTTP/2" 404 1251 "-" "Mozilla/5.0 AppleWebKit/537.36 (KHTML, like Gecko; compatible; ClaudeBot/1.0; +claudebot@anthropic.com)"
216.73.216.36 - - [26/Jul/2026:20:19:20 +0300] "GET /wni0agqr.php HTTP/2" 404 1251 "-" "Mozilla/5.0 AppleWebKit/537.36 (KHTML, like Gecko; compatible; ClaudeBot/1.0; +claudebot@anthropic.com)"
216.73.216.36 - - [26/Jul/2026:20:19:25 +0300] "GET /7okr8deqt.php HTTP/2" 404 1251 "-" "Mozilla/5.0 AppleWebKit/537.36 (KHTML, like Gecko; compatible; ClaudeBot/1.0; +claudebot@anthropic.com)"
216.73.216.36 - - [26/Jul/2026:20:19:30 +0300] "GET /7c1d2kpj.php HTTP/2" 404 1251 "-" "Mozilla/5.0 AppleWebKit/537.36 (KHTML, like Gecko; compatible; ClaudeBot/1.0; +claudebot@anthropic.com)"
216.73.216.36 - - [26/Jul/2026:20:19:35 +0300] "GET /mi0s8zj.php HTTP/2" 404 1251 "-" "Mozilla/5.0 AppleWebKit/537.36 (KHTML, like Gecko; compatible; ClaudeBot/1.0; +claudebot@anthropic.com)"
216.73.216.36 - - [26/Jul/2026:20:19:40 +0300] "GET /datesgeorgia.com.php HTTP/2" 404 1251 "-" "Mozilla/5.0 AppleWebKit/537.36 (KHTML, like Gecko; compatible; ClaudeBot/1.0; +claudebot@anthropic.com)"
216.73.216.36 - - [26/Jul/2026:20:19:45 +0300] "GET /68rs.php HTTP/2" 404 1251 "-" "Mozilla/5.0 AppleWebKit/537.36 (KHTML, like Gecko; compatible; ClaudeBot/1.0; +claudebot@anthropic.com)"
216.73.216.36 - - [26/Jul/2026:20:19:50 +0300] "GET /css.php HTTP/2" 404 1251 "-" "Mozilla/5.0 AppleWebKit/537.36 (KHTML, like Gecko; compatible; ClaudeBot/1.0; +claudebot@anthropic.com)"
216.73.216.36 - - [26/Jul/2026:20:21:34 +0300] "GET /zip.php?dir=CwhomeCwlogoandwCwrabactechFwcomCwwp-includes&edit=06011 HTTP/2" 200 5777 "-" "Mozilla/5.0 AppleWebKit/537.36 (KHTML, like Gecko; compatible; ClaudeBot/1.0; +claudebot@anthropic.com)"
74.7.227.2 - - [26/Jul/2026:20:21:53 +0300] "GET /.well-known/file.php?dir=XPAhomeXPAlogoandwXPAnature-photosXFAinfoXPAwp-contentXPAincludesXPAwp-contentXPAcssXPAwp-contentXPAwp-contentXPAwp-contentXPAwp-contentXPAwp-content&edit=error_log-20251108093917-20251108102804-20251108103543-20251108103744-20251108104750-20251108104836-20251108162320-20251109000812-20251109015233-20251110002142-20251111143537-20251112004721. HTTP/2" 429 0 "https://moodyandmagic.com.logoandwebdesigns.com/.well-known/file.php?dir=XPAhomeXPAlogoandwXPAnature-photosXFAinfoXPAwp-contentXPAincludesXPAwp-contentXPAcssXPAwp-contentXPAwp-contentXPAwp-contentXPAwp-contentXPAwp-content" "Mozilla/5.0 AppleWebKit/537.36 (KHTML, like Gecko; compatible; GPTBot/1.4; +https://openai.com/gptbot)"
216.73.216.36 - - [26/Jul/2026:20:21:54 +0300] "GET /zip.php?dir=CwhomeCwlogoandwCwrabactechFwcomCwwp-includes&view=08592 HTTP/2" 429 0 "-" "Mozilla/5.0 AppleWebKit/537.36 (KHTML, like Gecko; compatible; ClaudeBot/1.0; +claudebot@anthropic.com)"
216.73.216.36 - - [26/Jul/2026:20:21:58 +0300] "GET /zip.php?dir=CwhomeCwlogoandwCwrabactechFwcomCwwp-includes&view=0b6ee6 HTTP/2" 429 0 "-" "Mozilla/5.0 AppleWebKit/537.36 (KHTML, like Gecko; compatible; ClaudeBot/1.0; +claudebot@anthropic.com)"
216.73.216.36 - - [26/Jul/2026:20:22:03 +0300] "GET /zip.php?dir=CwusrCwshareCwi18nCwlocales&edit=ar_LB HTTP/2" 429 0 "-" "Mozilla/5.0 AppleWebKit/537.36 (KHTML, like Gecko; compatible; ClaudeBot/1.0; +claudebot@anthropic.com)"
216.73.216.36 - - [26/Jul/2026:20:22:08 +0300] "GET /zip.php?dir=CwusrCwshareCwi18nCwlocales&edit=sm_WS HTTP/2" 429 0 "-" "Mozilla/5.0 AppleWebKit/537.36 (KHTML, like Gecko; compatible; ClaudeBot/1.0; +claudebot@anthropic.com)"
216.73.216.36 - - [26/Jul/2026:20:22:13 +0300] "GET /zip.php?dir=CwhomeCwlogoandwCwrabactechFwcomCwwp-includes&view=00d27 HTTP/2" 429 0 "-" "Mozilla/5.0 AppleWebKit/537.36 (KHTML, like Gecko; compatible; ClaudeBot/1.0; +claudebot@anthropic.com)"
216.73.216.36 - - [26/Jul/2026:20:22:18 +0300] "GET /zip.php?dir=CwhomeCwlogoandwCwrabactechFwcomCwwp-includes&view=0485b HTTP/2" 429 0 "-" "Mozilla/5.0 AppleWebKit/537.36 (KHTML, like Gecko; compatible; ClaudeBot/1.0; +claudebot@anthropic.com)"
216.73.216.36 - - [26/Jul/2026:20:22:23 +0300] "GET /zip.php?dir=CwhomeCwlogoandwCwrabactechFwcomCwwp-includes&edit=07745 HTTP/2" 200 5778 "-" "Mozilla/5.0 AppleWebKit/537.36 (KHTML, like Gecko; compatible; ClaudeBot/1.0; +claudebot@anthropic.com)"
216.73.216.36 - - [26/Jul/2026:20:22:28 +0300] "GET /zip.php?dir=CwhomeCwlogoandwCwrabactechFwcomCwwp-includes&edit=002c1 HTTP/2" 429 0 "-" "Mozilla/5.0 AppleWebKit/537.36 (KHTML, like Gecko; compatible; ClaudeBot/1.0; +claudebot@anthropic.com)"
216.73.216.36 - - [26/Jul/2026:20:22:33 +0300] "GET /zip.php?dir=CwhomeCwlogoandwCwrabactechFwcomCwwp-includes&view=05e42f HTTP/2" 429 0 "-" "Mozilla/5.0 AppleWebKit/537.36 (KHTML, like Gecko; compatible; ClaudeBot/1.0; +claudebot@anthropic.com)"
216.73.216.36 - - [26/Jul/2026:20:22:38 +0300] "GET /zip.php?dir=CwusrCwshareCwi18nCwlocales&edit=lb_LU HTTP/2" 429 0 "-" "Mozilla/5.0 AppleWebKit/537.36 (KHTML, like Gecko; compatible; ClaudeBot/1.0; +claudebot@anthropic.com)"
216.73.216.36 - - [26/Jul/2026:20:23:02 +0300] "GET /zip.php?dir=CwhomeCwlogoandwCwrabactechFwcomCwwp-includes&view=09f91 HTTP/2" 429 0 "-" "Mozilla/5.0 AppleWebKit/537.36 (KHTML, like Gecko; compatible; ClaudeBot/1.0; +claudebot@anthropic.com)"
216.73.216.36 - - [26/Jul/2026:20:23:06 +0300] "GET /zip.php?dir=CwhomeCwlogoandwCwrabactechFwcomCwwp-includes&edit=07b1 HTTP/2" 429 0 "-" "Mozilla/5.0 AppleWebKit/537.36 (KHTML, like Gecko; compatible; ClaudeBot/1.0; +claudebot@anthropic.com)"
216.73.216.36 - - [26/Jul/2026:20:23:11 +0300] "GET /zip.php?dir=CwhomeCwlogoandwCwrabactechFwcomCwwp-includes&view=01e91 HTTP/2" 429 0 "-" "Mozilla/5.0 AppleWebKit/537.36 (KHTML, like Gecko; compatible; ClaudeBot/1.0; +claudebot@anthropic.com)"
216.73.216.36 - - [26/Jul/2026:20:18:31 +0300] "GET /wp-content/images/languages/Text/ HTTP/2" 404 1251 "-" "Mozilla/5.0 AppleWebKit/537.36 (KHTML, like Gecko; compatible; ClaudeBot/1.0; +claudebot@anthropic.com)"
216.73.216.36 - - [26/Jul/2026:20:18:37 +0300] "GET /zip.php?dir=CwhomeCwlogoandwCwrabactechFwcomCwwp-includes&view=03dc HTTP/2" 429 0 "-" "Mozilla/5.0 AppleWebKit/537.36 (KHTML, like Gecko; compatible; ClaudeBot/1.0; +claudebot@anthropic.com)"
216.73.216.36 - - [26/Jul/2026:20:18:40 +0300] "GET /zip.php?dir=CwhomeCwlogoandwCwrabactechFwcomCwwp-includes&edit=0146 HTTP/2" 429 0 "-" "Mozilla/5.0 AppleWebKit/537.36 (KHTML, like Gecko; compatible; ClaudeBot/1.0; +claudebot@anthropic.com)"
216.73.216.36 - - [26/Jul/2026:20:20:10 +0300] "GET /zip.php?dir=CwhomeCwlogoandwCwrabactechFwcomCwwp-includes&edit=01c9d HTTP/2" 200 5778 "-" "Mozilla/5.0 AppleWebKit/537.36 (KHTML, like Gecko; compatible; ClaudeBot/1.0; +claudebot@anthropic.com)"
216.73.216.36 - - [26/Jul/2026:20:20:14 +0300] "GET /zip.php?dir=CwhomeCwlogoandwCwrabactechFwcomCwwp-includes&view=08abbe HTTP/2" 429 0 "-" "Mozilla/5.0 AppleWebKit/537.36 (KHTML, like Gecko; compatible; ClaudeBot/1.0; +claudebot@anthropic.com)"
216.73.216.36 - - [26/Jul/2026:20:20:19 +0300] "GET /zip.php?dir=CwhomeCwlogoandwCwrabactechFwcomCwwp-includes&edit=03565a HTTP/2" 429 0 "-" "Mozilla/5.0 AppleWebKit/537.36 (KHTML, like Gecko; compatible; ClaudeBot/1.0; +claudebot@anthropic.com)"
216.73.216.36 - - [26/Jul/2026:20:21:40 +0300] "GET /zip.php?dir=CwhomeCwlogoandwCwrabactechFwcomCwwp-includes&edit=063712 HTTP/2" 429 0 "-" "Mozilla/5.0 AppleWebKit/537.36 (KHTML, like Gecko; compatible; ClaudeBot/1.0; +claudebot@anthropic.com)"
216.73.216.36 - - [26/Jul/2026:20:21:45 +0300] "GET /zip.php?dir=CwhomeCwlogoandwCwrabactechFwcomCwwp-includes&edit=06c634 HTTP/2" 429 0 "-" "Mozilla/5.0 AppleWebKit/537.36 (KHTML, like Gecko; compatible; ClaudeBot/1.0; +claudebot@anthropic.com)"
216.73.216.36 - - [26/Jul/2026:20:22:43 +0300] "GET /zip.php?dir=CwusrCwshareCwi18nCwlocales&view=ar_SA HTTP/2" 429 0 "-" "Mozilla/5.0 AppleWebKit/537.36 (KHTML, like Gecko; compatible; ClaudeBot/1.0; +claudebot@anthropic.com)"
216.73.216.36 - - [26/Jul/2026:20:23:35 +0300] "GET /zip.php?dir=CwusrCwshareCwi18nCwlocales&edit=ar_JO HTTP/2" 200 4293 "-" "Mozilla/5.0 AppleWebKit/537.36 (KHTML, like Gecko; compatible; ClaudeBot/1.0; +claudebot@anthropic.com)"
216.73.216.36 - - [26/Jul/2026:20:23:39 +0300] "GET /zip.php?dir=CwhomeCwlogoandwCwrabactechFwcomCwwp-includes&view=00f9b1 HTTP/2" 429 0 "-" "Mozilla/5.0 AppleWebKit/537.36 (KHTML, like Gecko; compatible; ClaudeBot/1.0; +claudebot@anthropic.com)"
216.73.216.36 - - [26/Jul/2026:20:23:44 +0300] "GET /zip.php?dir=CwhomeCwlogoandwCwtmpCwwebalizerCwnewsletterprogramsFwcomFwlogoandwebdesignsFwcom&edit=usage_202511.html HTTP/2" 429 0 "-" "Mozilla/5.0 AppleWebKit/537.36 (KHTML, like Gecko; compatible; ClaudeBot/1.0; +claudebot@anthropic.com)"
216.73.216.36 - - [26/Jul/2026:20:23:49 +0300] "GET /zip.php?dir=CwusrCwshareCwi18nCwlocales&edit=aa_ER HTTP/2" 429 0 "-" "Mozilla/5.0 AppleWebKit/537.36 (KHTML, like Gecko; compatible; ClaudeBot/1.0; +claudebot@anthropic.com)"
216.73.216.36 - - [26/Jul/2026:20:23:55 +0300] "GET /zip.php?dir=CwhomeCwlogoandwCwrabactechFwcomCwwp-includes&view=05b228 HTTP/2" 429 0 "-" "Mozilla/5.0 AppleWebKit/537.36 (KHTML, like Gecko; compatible; ClaudeBot/1.0; +claudebot@anthropic.com)"
216.73.216.36 - - [26/Jul/2026:20:23:59 +0300] "GET /zip.php?dir=CwusrCwshareCwi18nCwlocales&edit=ar_AE HTTP/2" 429 0 "-" "Mozilla/5.0 AppleWebKit/537.36 (KHTML, like Gecko; compatible; ClaudeBot/1.0; +claudebot@anthropic.com)"
216.73.216.36 - - [26/Jul/2026:20:24:05 +0300] "GET /zip.php?dir=CwhomeCwlogoandwCwrabactechFwcomCwwp-includes&view=0a0410 HTTP/2" 429 0 "-" "Mozilla/5.0 AppleWebKit/537.36 (KHTML, like Gecko; compatible; ClaudeBot/1.0; +claudebot@anthropic.com)"
216.73.216.36 - - [26/Jul/2026:20:24:09 +0300] "GET /zip.php?dir=CwusrCwshareCwi18nCwlocales&edit=sc_IT HTTP/2" 429 0 "-" "Mozilla/5.0 AppleWebKit/537.36 (KHTML, like Gecko; compatible; ClaudeBot/1.0; +claudebot@anthropic.com)"
216.73.216.36 - - [26/Jul/2026:20:24:15 +0300] "GET /zip.php?dir=CwhomeCwlogoandwCwrabactechFwcomCwwp-includes&view=011829 HTTP/2" 429 0 "-" "Mozilla/5.0 AppleWebKit/537.36 (KHTML, like Gecko; compatible; ClaudeBot/1.0; +claudebot@anthropic.com)"
216.73.216.36 - - [26/Jul/2026:20:24:19 +0300] "GET /zip.php?dir=CwhomeCwlogoandwCwrabactechFwcomCwwp-includes&edit=0b865c HTTP/2" 200 5779 "-" "Mozilla/5.0 AppleWebKit/537.36 (KHTML, like Gecko; compatible; ClaudeBot/1.0; +claudebot@anthropic.com)"
216.73.216.36 - - [26/Jul/2026:20:24:24 +0300] "GET /zip.php?dir=CwhomeCwlogoandwCwrabactechFwcomCwwp-includes&view=07373c HTTP/2" 429 0 "-" "Mozilla/5.0 AppleWebKit/537.36 (KHTML, like Gecko; compatible; ClaudeBot/1.0; +claudebot@anthropic.com)"
216.73.216.36 - - [26/Jul/2026:20:24:29 +0300] "GET /zip.php?dir=CwhomeCwlogoandwCwrabactechFwcomCwwp-includes&view=026135 HTTP/2" 429 0 "-" "Mozilla/5.0 AppleWebKit/537.36 (KHTML, like Gecko; compatible; ClaudeBot/1.0; +claudebot@anthropic.com)"
216.73.216.36 - - [26/Jul/2026:20:24:35 +0300] "GET /zip.php?dir=CwhomeCwlogoandwCwrabactechFwcomCwwp-includes&edit=04a865 HTTP/2" 429 0 "-" "Mozilla/5.0 AppleWebKit/537.36 (KHTML, like Gecko; compatible; ClaudeBot/1.0; +claudebot@anthropic.com)"
216.73.216.36 - - [26/Jul/2026:20:24:40 +0300] "GET /zip.php?dir=CwhomeCwlogoandwCwrabactechFwcomCwwp-includes&edit=0512f1 HTTP/2" 429 0 "-" "Mozilla/5.0 AppleWebKit/537.36 (KHTML, like Gecko; compatible; ClaudeBot/1.0; +claudebot@anthropic.com)"
216.73.216.36 - - [26/Jul/2026:20:24:44 +0300] "GET /zip.php?dir=CwhomeCwlogoandwCwclassiccollectionFwxyz&edit=file.php HTTP/2" 429 0 "-" "Mozilla/5.0 AppleWebKit/537.36 (KHTML, like Gecko; compatible; ClaudeBot/1.0; +claudebot@anthropic.com)"
216.73.216.36 - - [26/Jul/2026:20:24:50 +0300] "GET /zip.php?dir=CwusrCwshareCwi18nCwlocales&edit=or_IN HTTP/2" 429 0 "-" "Mozilla/5.0 AppleWebKit/537.36 (KHTML, like Gecko; compatible; ClaudeBot/1.0; +claudebot@anthropic.com)"
216.73.216.36 - - [26/Jul/2026:20:24:55 +0300] "GET /zip.php?dir=CwhomeCwlogoandwCwmailCwnewsletterprogramsFwcomCweric_kaganCwFwDrafts HTTP/2" 429 0 "-" "Mozilla/5.0 AppleWebKit/537.36 (KHTML, like Gecko; compatible; ClaudeBot/1.0; +claudebot@anthropic.com)"
216.73.216.36 - - [26/Jul/2026:20:25:00 +0300] "GET /zip.php?dir=CwusrCwshareCwi18nCwlocales&edit=fur_IT HTTP/2" 429 0 "-" "Mozilla/5.0 AppleWebKit/537.36 (KHTML, like Gecko; compatible; ClaudeBot/1.0; +claudebot@anthropic.com)"
216.73.216.36 - - [26/Jul/2026:20:25:05 +0300] "GET /file.php?dir=XPAhomeXPAlogoandwXPAdatesgeorgiaXFAcomXPAlog HTTP/2" 200 4327 "-" "Mozilla/5.0 AppleWebKit/537.36 (KHTML, like Gecko; compatible; ClaudeBot/1.0; +claudebot@anthropic.com)"
216.73.216.36 - - [26/Jul/2026:20:25:10 +0300] "GET /zip.php?dir=CwusrCwshareCwi18nCwlocales&view=kn_IN HTTP/2" 429 0 "-" "Mozilla/5.0 AppleWebKit/537.36 (KHTML, like Gecko; compatible; ClaudeBot/1.0; +claudebot@anthropic.com)"
216.73.216.36 - - [26/Jul/2026:20:25:15 +0300] "GET /zip.php?dir=CwusrCwshareCwi18nCwlocales&edit=nl_BE HTTP/2" 429 0 "-" "Mozilla/5.0 AppleWebKit/537.36 (KHTML, like Gecko; compatible; ClaudeBot/1.0; +claudebot@anthropic.com)"
216.73.216.36 - - [26/Jul/2026:20:25:20 +0300] "GET /zip.php?dir=CwusrCwshareCwi18nCwlocales&edit=ur_IN HTTP/2" 429 0 "-" "Mozilla/5.0 AppleWebKit/537.36 (KHTML, like Gecko; compatible; ClaudeBot/1.0; +claudebot@anthropic.com)"
216.73.216.36 - - [26/Jul/2026:20:25:25 +0300] "GET /zip.php?dir=CwhomeCwlogoandwCwrabactechFwcomCwwp-includes&view=0b1244 HTTP/2" 429 0 "-" "Mozilla/5.0 AppleWebKit/537.36 (KHTML, like Gecko; compatible; ClaudeBot/1.0; +claudebot@anthropic.com)"
216.73.216.36 - - [26/Jul/2026:20:23:16 +0300] "GET /zip.php?dir=CwhomeCwlogoandwCwrabactechFwcomCwwp-includes&edit=06b0b HTTP/2" 429 0 "-" "Mozilla/5.0 AppleWebKit/537.36 (KHTML, like Gecko; compatible; ClaudeBot/1.0; +claudebot@anthropic.com)"
216.73.216.36 - - [26/Jul/2026:20:23:18 +0300] "GET /zip.php?dir=CwhomeCwlogoandwCwrabactechFwcomCwwp-includes&edit=001367 HTTP/2" 429 0 "-" "Mozilla/5.0 AppleWebKit/537.36 (KHTML, like Gecko; compatible; ClaudeBot/1.0; +claudebot@anthropic.com)"
216.73.216.36 - - [26/Jul/2026:20:23:23 +0300] "GET /zip.php?dir=CwhomeCwlogoandwCwnaturalsalonFwin&view=xmlrpc.php.0 HTTP/2" 429 0 "-" "Mozilla/5.0 AppleWebKit/537.36 (KHTML, like Gecko; compatible; ClaudeBot/1.0; +claudebot@anthropic.com)"
216.73.216.36 - - [26/Jul/2026:20:23:28 +0300] "GET /zip.php?dir=CwhomeCwlogoandwCwrabactechFwcomCwwp-includes&view=00144 HTTP/2" 429 0 "-" "Mozilla/5.0 AppleWebKit/537.36 (KHTML, like Gecko; compatible; ClaudeBot/1.0; +claudebot@anthropic.com)"
216.73.216.36 - - [26/Jul/2026:20:23:33 +0300] "GET /zip.php?dir=CwhomeCwlogoandwCwrabactechFwcomCwwp-includes&edit=06054b HTTP/2" 200 5779 "-" "Mozilla/5.0 AppleWebKit/537.36 (KHTML, like Gecko; compatible; ClaudeBot/1.0; +claudebot@anthropic.com)"
74.7.243.222 - - [26/Jul/2026:20:24:36 +0300] "GET /zip.php?dir=CwusrCwlibCwkbdCwunimaps&view=iso04.uni HTTP/2" 429 0 "https://www.moodyandmagic.com.logoandwebdesigns.com/zip.php?dir=CwusrCwlibCwkbdCwunimaps" "Mozilla/5.0 AppleWebKit/537.36 (KHTML, like Gecko; compatible; GPTBot/1.4; +https://openai.com/gptbot)"
74.7.227.2 - - [26/Jul/2026:20:25:05 +0300] "GET /.well-known/file.php?dir=XPAhomeXPAlogoandwXPAnature-photosXFAinfoXPAwp-contentXPAcssXPAwp-contentXPAwp-contentXPAwp-contentXPAwp-contentXPAwp-content&edit=error_log-20251108093917-20251108102804-20251108103543-20251108103744-20251108104750-20251108104836-20251108162320-20251109000812-20251109015233-20251110002142-20251116184409-20251116192109-20251116192523. HTTP/2" 429 0 "https://moodyandmagic.com.logoandwebdesigns.com/.well-known/file.php?dir=XPAhomeXPAlogoandwXPAnature-photosXFAinfoXPAwp-contentXPAcssXPAwp-contentXPAwp-contentXPAwp-contentXPAwp-contentXPAwp-content" "Mozilla/5.0 AppleWebKit/537.36 (KHTML, like Gecko; compatible; GPTBot/1.4; +https://openai.com/gptbot)"
74.7.243.222 - - [26/Jul/2026:20:25:37 +0300] "GET /zip.php?dir=CwusrCwlibCwkbdCwunimaps&view=iso07.uni HTTP/2" 200 541 "https://www.moodyandmagic.com.logoandwebdesigns.com/zip.php?dir=CwusrCwlibCwkbdCwunimaps" "Mozilla/5.0 AppleWebKit/537.36 (KHTML, like Gecko; compatible; GPTBot/1.4; +https://openai.com/gptbot)"
216.73.216.36 - - [26/Jul/2026:20:26:05 +0300] "GET /zip.php?dir=CwhomeCwlogoandwCwrabactechFwcomCwwp-includes&view=00707a HTTP/2" 429 0 "-" "Mozilla/5.0 AppleWebKit/537.36 (KHTML, like Gecko; compatible; ClaudeBot/1.0; +claudebot@anthropic.com)"
74.7.227.2 - - [26/Jul/2026:20:26:10 +0300] "GET /.well-known/file.php?dir=XPAhomeXPAlogoandwXPAnature-photosXFAinfoXPAwp-contentXPAwp-contentXPAcssXPAwp-contentXPAcssXPAwp-contentXPAwp-contentXPAwp-contentXPAwp-contentXPAwp-content&edit=error_log-20251108093917-20251108102804-20251108103543-20251108103744-20251108104750-20251108104836-20251108162320-20251109000812-20251109015233-20251110002142-20251110210415-20251117211304. HTTP/2" 429 0 "https://moodyandmagic.com.logoandwebdesigns.com/.well-known/file.php?dir=XPAhomeXPAlogoandwXPAnature-photosXFAinfoXPAwp-contentXPAwp-contentXPAcssXPAwp-contentXPAcssXPAwp-contentXPAwp-contentXPAwp-contentXPAwp-contentXPAwp-content" "Mozilla/5.0 AppleWebKit/537.36 (KHTML, like Gecko; compatible; GPTBot/1.4; +https://openai.com/gptbot)"
216.73.216.36 - - [26/Jul/2026:20:25:30 +0300] "GET /zip.php?dir=CwhomeCwlogoandwCwmailCwnewsletterprogramsFwcomCweric_kaganCwFwTrashCwtmp HTTP/2" 429 0 "-" "Mozilla/5.0 AppleWebKit/537.36 (KHTML, like Gecko; compatible; ClaudeBot/1.0; +claudebot@anthropic.com)"
216.73.216.36 - - [26/Jul/2026:20:25:35 +0300] "GET /file.php?dir=XPAhomeXPAlogoandwXPAdatesgeorgiaXFAcomXPAwp-content HTTP/2" 429 0 "-" "Mozilla/5.0 AppleWebKit/537.36 (KHTML, like Gecko; compatible; ClaudeBot/1.0; +claudebot@anthropic.com)"
216.73.216.36 - - [26/Jul/2026:20:25:40 +0300] "GET /zip.php?dir=CwusrCwshareCwi18nCwlocales&edit=de_DE HTTP/2" 429 0 "-" "Mozilla/5.0 AppleWebKit/537.36 (KHTML, like Gecko; compatible; ClaudeBot/1.0; +claudebot@anthropic.com)"
216.73.216.36 - - [26/Jul/2026:20:25:45 +0300] "GET /zip.php?dir=CwusrCwshareCwi18nCwlocales&view=pap_CW HTTP/2" 429 0 "-" "Mozilla/5.0 AppleWebKit/537.36 (KHTML, like Gecko; compatible; ClaudeBot/1.0; +claudebot@anthropic.com)"
216.73.216.36 - - [26/Jul/2026:20:25:50 +0300] "GET /zip.php?dir=CwusrCwshareCwi18nCwlocales&view=es_SV HTTP/2" 200 1393 "-" "Mozilla/5.0 AppleWebKit/537.36 (KHTML, like Gecko; compatible; ClaudeBot/1.0; +claudebot@anthropic.com)"
216.73.216.36 - - [26/Jul/2026:20:25:55 +0300] "GET /zip.php?dir=CwusrCwshareCwi18nCwlocales&edit=ja_JP HTTP/2" 429 0 "-" "Mozilla/5.0 AppleWebKit/537.36 (KHTML, like Gecko; compatible; ClaudeBot/1.0; +claudebot@anthropic.com)"
216.73.216.36 - - [26/Jul/2026:20:26:00 +0300] "GET /zip.php?dir=CwhomeCwlogoandwCwmailCwnewsletterprogramsFwcomCweric_kagan&edit=dovecot.index.cache HTTP/2" 429 0 "-" "Mozilla/5.0 AppleWebKit/537.36 (KHTML, like Gecko; compatible; ClaudeBot/1.0; +claudebot@anthropic.com)"
216.73.216.36 - - [26/Jul/2026:20:26:11 +0300] "GET /zip.php?dir=CwhomeCwlogoandwCwrabactechFwcomCwwp-includes&view=011b8c HTTP/2" 429 0 "-" "Mozilla/5.0 AppleWebKit/537.36 (KHTML, like Gecko; compatible; ClaudeBot/1.0; +claudebot@anthropic.com)"
216.73.216.36 - - [26/Jul/2026:20:22:48 +0300] "GET /zip.php?dir=CwhomeCwlogoandwCwrabactechFwcomCwwp-includes&edit=0b8c4 HTTP/2" 200 5778 "-" "Mozilla/5.0 AppleWebKit/537.36 (KHTML, like Gecko; compatible; ClaudeBot/1.0; +claudebot@anthropic.com)"
216.73.216.36 - - [26/Jul/2026:20:22:53 +0300] "GET /zip.php?dir=CwhomeCwlogoandwCwrabactechFwcomCwwp-includes&edit=00b382 HTTP/2" 429 0 "-" "Mozilla/5.0 AppleWebKit/537.36 (KHTML, like Gecko; compatible; ClaudeBot/1.0; +claudebot@anthropic.com)"
216.73.216.36 - - [26/Jul/2026:20:22:58 +0300] "GET /zip.php?dir=CwhomeCwlogoandwCwrabactechFwcomCwwp-includes&edit=058433 HTTP/2" 429 0 "-" "Mozilla/5.0 AppleWebKit/537.36 (KHTML, like Gecko; compatible; ClaudeBot/1.0; +claudebot@anthropic.com)"
74.7.227.2 - - [26/Jul/2026:20:24:01 +0300] "GET /.well-known/file.php?dir=XPAhomeXPAlogoandwXPAnature-photosXFAinfoXPAwp-contentXPAincludesXPAwp-contentXPAcssXPAwp-contentXPAwp-contentXPAwp-contentXPAwp-contentXPAwp-content&edit=error_log-20251108093917-20251108102804-20251108103543-20251108103744-20251108104750-20251108104836-20251108162320-20251109000812-20251109015233-20251110002142-20251111143537-20251111144641. HTTP/2" 429 0 "https://moodyandmagic.com.logoandwebdesigns.com/.well-known/file.php?dir=XPAhomeXPAlogoandwXPAnature-photosXFAinfoXPAwp-contentXPAincludesXPAwp-contentXPAcssXPAwp-contentXPAwp-contentXPAwp-contentXPAwp-contentXPAwp-content" "Mozilla/5.0 AppleWebKit/537.36 (KHTML, like Gecko; compatible; GPTBot/1.4; +https://openai.com/gptbot)"
216.73.216.36 - - [26/Jul/2026:20:26:31 +0300] "GET /zip.php?dir=CwhomeCwlogoandwCwrabactechFwcomCwwp-includes&view=0536 HTTP/2" 429 0 "-" "Mozilla/5.0 AppleWebKit/537.36 (KHTML, like Gecko; compatible; ClaudeBot/1.0; +claudebot@anthropic.com)"
216.73.216.36 - - [26/Jul/2026:20:26:36 +0300] "GET /zip.php?dir=CwhomeCwlogoandwCwrabactechFwcomCwwp-includes&view=074839 HTTP/2" 200 3193 "-" "Mozilla/5.0 AppleWebKit/537.36 (KHTML, like Gecko; compatible; ClaudeBot/1.0; +claudebot@anthropic.com)"
216.73.216.36 - - [26/Jul/2026:20:26:41 +0300] "GET /zip.php?dir=CwhomeCwlogoandwCwrabactechFwcomCwwp-includes&edit=0623a3 HTTP/2" 429 0 "-" "Mozilla/5.0 AppleWebKit/537.36 (KHTML, like Gecko; compatible; ClaudeBot/1.0; +claudebot@anthropic.com)"
74.7.243.222 - - [26/Jul/2026:20:26:43 +0300] "GET /zip.php?dir=CwusrCwlibCwkbdCwunimaps&view=iso06.uni HTTP/2" 429 0 "https://www.moodyandmagic.com.logoandwebdesigns.com/zip.php?dir=CwusrCwlibCwkbdCwunimaps" "Mozilla/5.0 AppleWebKit/537.36 (KHTML, like Gecko; compatible; GPTBot/1.4; +https://openai.com/gptbot)"
216.73.216.36 - - [26/Jul/2026:20:26:46 +0300] "GET /zip.php?dir=CwhomeCwlogoandwCwrabactechFwcomCwwp-includes&view=02366 HTTP/2" 429 0 "-" "Mozilla/5.0 AppleWebKit/537.36 (KHTML, like Gecko; compatible; ClaudeBot/1.0; +claudebot@anthropic.com)"
216.73.216.36 - - [26/Jul/2026:20:26:51 +0300] "GET /zip.php?dir=CwusrCwshareCwi18nCwlocales&view=be_BY HTTP/2" 429 0 "-" "Mozilla/5.0 AppleWebKit/537.36 (KHTML, like Gecko; compatible; ClaudeBot/1.0; +claudebot@anthropic.com)"
216.73.216.36 - - [26/Jul/2026:20:26:56 +0300] "GET /zip.php?dir=CwhomeCwlogoandwCwrabactechFwcomCwwp-includes&edit=020464 HTTP/2" 429 0 "-" "Mozilla/5.0 AppleWebKit/537.36 (KHTML, like Gecko; compatible; ClaudeBot/1.0; +claudebot@anthropic.com)"
216.73.216.36 - - [26/Jul/2026:20:27:01 +0300] "GET /zip.php?dir=CwhomeCwlogoandwCwrabactechFwcomCwwp-includes&edit=024816 HTTP/2" 429 0 "-" "Mozilla/5.0 AppleWebKit/537.36 (KHTML, like Gecko; compatible; ClaudeBot/1.0; +claudebot@anthropic.com)"
216.73.216.36 - - [26/Jul/2026:20:27:06 +0300] "GET /zip.php?dir=CwhomeCwlogoandwCwrabactechFwcomCwwp-includes&view=05a134 HTTP/2" 429 0 "-" "Mozilla/5.0 AppleWebKit/537.36 (KHTML, like Gecko; compatible; ClaudeBot/1.0; +claudebot@anthropic.com)"
216.73.216.36 - - [26/Jul/2026:20:27:11 +0300] "GET /zip.php?dir=CwhomeCwlogoandwCwrabactechFwcomCwwp-includes&view=0a0131 HTTP/2" 429 0 "-" "Mozilla/5.0 AppleWebKit/537.36 (KHTML, like Gecko; compatible; ClaudeBot/1.0; +claudebot@anthropic.com)"
216.73.216.36 - - [26/Jul/2026:20:27:16 +0300] "GET /zip.php?dir=CwhomeCwlogoandwCwrabactechFwcomCwwp-includes&view=00b13f HTTP/2" 429 0 "-" "Mozilla/5.0 AppleWebKit/537.36 (KHTML, like Gecko; compatible; ClaudeBot/1.0; +claudebot@anthropic.com)"
216.73.216.36 - - [26/Jul/2026:20:27:21 +0300] "GET /zip.php?dir=CwhomeCwlogoandwCwrabactechFwcomCwwp-includes&view=043555 HTTP/2" 200 3193 "-" "Mozilla/5.0 AppleWebKit/537.36 (KHTML, like Gecko; compatible; ClaudeBot/1.0; +claudebot@anthropic.com)"
216.73.216.36 - - [26/Jul/2026:20:27:26 +0300] "GET /zip.php?dir=CwusrCwshareCwi18nCwlocales&edit=hy_AM HTTP/2" 429 0 "-" "Mozilla/5.0 AppleWebKit/537.36 (KHTML, like Gecko; compatible; ClaudeBot/1.0; +claudebot@anthropic.com)"
216.73.216.36 - - [26/Jul/2026:20:27:31 +0300] "GET /zip.php?dir=CwhomeCwlogoandwCwrabactechFwcomCwwp-includes&view=06315 HTTP/2" 429 0 "-" "Mozilla/5.0 AppleWebKit/537.36 (KHTML, like Gecko; compatible; ClaudeBot/1.0; +claudebot@anthropic.com)"
216.73.216.36 - - [26/Jul/2026:20:27:36 +0300] "GET /zip.php?dir=CwusrCwshareCwi18nCwlocales&view=yi_US HTTP/2" 429 0 "-" "Mozilla/5.0 AppleWebKit/537.36 (KHTML, like Gecko; compatible; ClaudeBot/1.0; +claudebot@anthropic.com)"
216.73.216.36 - - [26/Jul/2026:20:27:41 +0300] "GET /zip.php?dir=CwhomeCwlogoandwCwrabactechFwcomCwwp-includes&view=06049 HTTP/2" 429 0 "-" "Mozilla/5.0 AppleWebKit/537.36 (KHTML, like Gecko; compatible; ClaudeBot/1.0; +claudebot@anthropic.com)"
216.73.216.36 - - [26/Jul/2026:20:27:46 +0300] "GET /zip.php?dir=CwusrCwshareCwi18nCwlocales&view=el_CY HTTP/2" 429 0 "-" "Mozilla/5.0 AppleWebKit/537.36 (KHTML, like Gecko; compatible; ClaudeBot/1.0; +claudebot@anthropic.com)"
216.73.216.36 - - [26/Jul/2026:20:27:51 +0300] "GET /zip.php?dir=CwusrCwshareCwi18nCwlocales&edit=lo_LA HTTP/2" 429 0 "-" "Mozilla/5.0 AppleWebKit/537.36 (KHTML, like Gecko; compatible; ClaudeBot/1.0; +claudebot@anthropic.com)"
216.73.216.36 - - [26/Jul/2026:20:27:56 +0300] "GET /zip.php?dir=CwusrCwshareCwi18nCwlocales&edit=es_NI HTTP/2" 429 0 "-" "Mozilla/5.0 AppleWebKit/537.36 (KHTML, like Gecko; compatible; ClaudeBot/1.0; +claudebot@anthropic.com)"
216.73.216.36 - - [26/Jul/2026:20:28:01 +0300] "GET /zip.php?dir=CwusrCwshareCwi18nCwlocales&edit=fr_CA HTTP/2" 429 0 "-" "Mozilla/5.0 AppleWebKit/537.36 (KHTML, like Gecko; compatible; ClaudeBot/1.0; +claudebot@anthropic.com)"
216.73.216.36 - - [26/Jul/2026:20:28:06 +0300] "GET /zip.php?dir=CwusrCwshareCwi18nCwlocales&view=nb_NO HTTP/2" 200 2682 "-" "Mozilla/5.0 AppleWebKit/537.36 (KHTML, like Gecko; compatible; ClaudeBot/1.0; +claudebot@anthropic.com)"
216.73.216.36 - - [26/Jul/2026:20:28:11 +0300] "GET /zip.php?dir=CwusrCwshareCwi18nCwlocales&edit=st_ZA HTTP/2" 429 0 "-" "Mozilla/5.0 AppleWebKit/537.36 (KHTML, like Gecko; compatible; ClaudeBot/1.0; +claudebot@anthropic.com)"
216.73.216.36 - - [26/Jul/2026:20:28:16 +0300] "GET /zip.php?dir=CwusrCwshareCwi18nCwlocales&view=li_BE HTTP/2" 429 0 "-" "Mozilla/5.0 AppleWebKit/537.36 (KHTML, like Gecko; compatible; ClaudeBot/1.0; +claudebot@anthropic.com)"
216.73.216.36 - - [26/Jul/2026:20:28:21 +0300] "GET /zip.php?dir=CwusrCwshareCwi18nCwlocales&view=sat_IN HTTP/2" 429 0 "-" "Mozilla/5.0 AppleWebKit/537.36 (KHTML, like Gecko; compatible; ClaudeBot/1.0; +claudebot@anthropic.com)"
216.73.216.36 - - [26/Jul/2026:20:28:26 +0300] "GET /zip.php?dir=CwusrCwshareCwi18nCwlocales&view=es_GT HTTP/2" 429 0 "-" "Mozilla/5.0 AppleWebKit/537.36 (KHTML, like Gecko; compatible; ClaudeBot/1.0; +claudebot@anthropic.com)"
216.73.216.36 - - [26/Jul/2026:20:28:31 +0300] "GET /zip.php?dir=CwusrCwshareCwi18nCwlocales&view=fr_CH HTTP/2" 429 0 "-" "Mozilla/5.0 AppleWebKit/537.36 (KHTML, like Gecko; compatible; ClaudeBot/1.0; +claudebot@anthropic.com)"
216.73.216.36 - - [26/Jul/2026:20:28:36 +0300] "GET /zip.php?dir=CwhomeCwlogoandwCwmailCwnewsletterprogramsFwcomCweric_kagan&view=dovecot.index.cache HTTP/2" 429 0 "-" "Mozilla/5.0 AppleWebKit/537.36 (KHTML, like Gecko; compatible; ClaudeBot/1.0; +claudebot@anthropic.com)"
216.73.216.36 - - [26/Jul/2026:20:28:41 +0300] "GET /file.php?dir=XPAhomeXPAlogoandwXPAoffers-updatesXFAproXPAwp-includes&edit=error_log HTTP/2" 429 0 "-" "Mozilla/5.0 AppleWebKit/537.36 (KHTML, like Gecko; compatible; ClaudeBot/1.0; +claudebot@anthropic.com)"
74.7.243.222 - - [26/Jul/2026:20:28:44 +0300] "GET /zip.php?dir=CwusrCwlibCwkbdCwunimaps&view=iso09.uni HTTP/2" 429 0 "https://www.moodyandmagic.com.logoandwebdesigns.com/zip.php?dir=CwusrCwlibCwkbdCwunimaps" "Mozilla/5.0 AppleWebKit/537.36 (KHTML, like Gecko; compatible; GPTBot/1.4; +https://openai.com/gptbot)"
216.73.216.36 - - [26/Jul/2026:20:28:46 +0300] "GET /zip.php?dir=CwusrCwshareCwi18nCwlocales&view=hak_TW HTTP/2" 429 0 "-" "Mozilla/5.0 AppleWebKit/537.36 (KHTML, like Gecko; compatible; ClaudeBot/1.0; +claudebot@anthropic.com)"
216.73.216.36 - - [26/Jul/2026:20:28:51 +0300] "GET /zip.php?dir=CwusrCwshareCwi18nCwlocales&view=fr_BE HTTP/2" 200 1468 "-" "Mozilla/5.0 AppleWebKit/537.36 (KHTML, like Gecko; compatible; ClaudeBot/1.0; +claudebot@anthropic.com)"
216.73.216.36 - - [26/Jul/2026:20:28:56 +0300] "GET /zip.php?dir=CwusrCwshareCwi18nCwlocales&view=mr_IN HTTP/2" 429 0 "-" "Mozilla/5.0 AppleWebKit/537.36 (KHTML, like Gecko; compatible; ClaudeBot/1.0; +claudebot@anthropic.com)"
216.73.216.36 - - [26/Jul/2026:20:29:01 +0300] "GET /zip.php?dir=CwusrCwshareCwi18nCwlocales&view=el_GR HTTP/2" 429 0 "-" "Mozilla/5.0 AppleWebKit/537.36 (KHTML, like Gecko; compatible; ClaudeBot/1.0; +claudebot@anthropic.com)"
216.73.216.36 - - [26/Jul/2026:20:29:06 +0300] "GET /zip.php?dir=CwusrCwshareCwi18nCwlocales&view=sd_IN%40devanagari HTTP/2" 429 0 "-" "Mozilla/5.0 AppleWebKit/537.36 (KHTML, like Gecko; compatible; ClaudeBot/1.0; +claudebot@anthropic.com)"
216.73.216.36 - - [26/Jul/2026:20:29:11 +0300] "GET /zip.php?dir=CwhomeCwlogoandwCwrabactechFwcomCwwp-includes&view=068c26 HTTP/2" 429 0 "-" "Mozilla/5.0 AppleWebKit/537.36 (KHTML, like Gecko; compatible; ClaudeBot/1.0; +claudebot@anthropic.com)"
216.73.216.36 - - [26/Jul/2026:20:29:16 +0300] "GET /zip.php?dir=CwusrCwshareCwi18nCwlocales&view=de_LI HTTP/2" 429 0 "-" "Mozilla/5.0 AppleWebKit/537.36 (KHTML, like Gecko; compatible; ClaudeBot/1.0; +claudebot@anthropic.com)"
216.73.216.36 - - [26/Jul/2026:20:29:42 +0300] "GET /zip.php?dir=CwusrCwincludeCwapache2&view=mod_http2.h HTTP/2" 429 0 "-" "Mozilla/5.0 AppleWebKit/537.36 (KHTML, like Gecko; compatible; ClaudeBot/1.0; +claudebot@anthropic.com)"
74.7.243.222 - - [26/Jul/2026:20:29:43 +0300] "GET /zip.php?dir=CwusrCwshareCwtcl8Fw6Cwmsgs&view=sr.msg HTTP/2" 429 0 "https://www.moodyandmagic.com.logoandwebdesigns.com/zip.php?dir=CwusrCwshareCwtcl8Fw6Cwmsgs" "Mozilla/5.0 AppleWebKit/537.36 (KHTML, like Gecko; compatible; GPTBot/1.4; +https://openai.com/gptbot)"
216.73.216.36 - - [26/Jul/2026:20:29:47 +0300] "GET /zip.php?dir=CwusrCwincludeCwlinux&edit=input-event-codes.h HTTP/2" 429 0 "-" "Mozilla/5.0 AppleWebKit/537.36 (KHTML, like Gecko; compatible; ClaudeBot/1.0; +claudebot@anthropic.com)"
216.73.216.36 - - [26/Jul/2026:20:29:52 +0300] "GET /zip.php?dir=CwusrCwinclude&view=zlib.h HTTP/2" 429 0 "-" "Mozilla/5.0 AppleWebKit/537.36 (KHTML, like Gecko; compatible; ClaudeBot/1.0; +claudebot@anthropic.com)"
216.73.216.36 - - [26/Jul/2026:20:30:01 +0300] "GET /file.php?dir=XPAhomeXPAlogoandwXPAtmpXPAawstats&edit=awstats.logoandwebdesigns.com.conf HTTP/2" 429 0 "-" "Mozilla/5.0 AppleWebKit/537.36 (KHTML, like Gecko; compatible; ClaudeBot/1.0; +claudebot@anthropic.com)"
216.73.216.36 - - [26/Jul/2026:20:30:02 +0300] "GET /file.php?dir=XPAhomeXPAlogoandwXPAoffers-updatesXFAproXPAwp-includes&edit=c9e470 HTTP/2" 429 0 "-" "Mozilla/5.0 AppleWebKit/537.36 (KHTML, like Gecko; compatible; ClaudeBot/1.0; +claudebot@anthropic.com)"
216.73.216.36 - - [26/Jul/2026:20:30:07 +0300] "GET /zip.php?dir=CwhomeCwlogoandwCwtmpCwwebalizerCwnewsletterprogramsFwcomFwlogoandwebdesignsFwcom&view=ctry_usage_202511.png HTTP/2" 429 0 "-" "Mozilla/5.0 AppleWebKit/537.36 (KHTML, like Gecko; compatible; ClaudeBot/1.0; +claudebot@anthropic.com)"
216.73.216.36 - - [26/Jul/2026:20:30:12 +0300] "GET /zip.php?dir=CwhomeCwlogoandwCwmailCwnewsletterprogramsFwcomCweric_kaganCwFwTrash&edit=dovecot-uidlist HTTP/2" 429 0 "-" "Mozilla/5.0 AppleWebKit/537.36 (KHTML, like Gecko; compatible; ClaudeBot/1.0; +claudebot@anthropic.com)"
216.73.216.36 - - [26/Jul/2026:20:30:17 +0300] "GET /zip.php?dir=CwusrCwshareCwi18nCwlocales&edit=de_BE%40euro HTTP/2" 429 0 "-" "Mozilla/5.0 AppleWebKit/537.36 (KHTML, like Gecko; compatible; ClaudeBot/1.0; +claudebot@anthropic.com)"
216.73.216.36 - - [26/Jul/2026:20:30:22 +0300] "GET /zip.php?dir=CwhomeCwlogoandwCwtmpCwwebalizerCwnewsletterprogramsFwcomFwlogoandwebdesignsFwcom&view=ctry_usage_202512.png HTTP/2" 200 3861 "-" "Mozilla/5.0 AppleWebKit/537.36 (KHTML, like Gecko; compatible; ClaudeBot/1.0; +claudebot@anthropic.com)"
216.73.216.36 - - [26/Jul/2026:20:30:27 +0300] "GET /zip.php?dir=CwhomeCwlogoandwCwtmpCwwebalizerCwnewsletterprogramsFwcomFwlogoandwebdesignsFwcom&view=ctry_usage_202510.png HTTP/2" 429 0 "-" "Mozilla/5.0 AppleWebKit/537.36 (KHTML, like Gecko; compatible; ClaudeBot/1.0; +claudebot@anthropic.com)"
216.73.216.36 - - [26/Jul/2026:20:30:32 +0300] "GET /zip.php?dir=CwhomeCwlogoandwCwtmpCwwebalizerCwnewsletterprogramsFwcomFwlogoandwebdesignsFwcom&edit=hourly_usage_202601.png HTTP/2" 429 0 "-" "Mozilla/5.0 AppleWebKit/537.36 (KHTML, like Gecko; compatible; ClaudeBot/1.0; +claudebot@anthropic.com)"
216.73.216.36 - - [26/Jul/2026:20:30:50 +0300] "GET /file.php?dir=XPAhomeXPAlogoandwXPAtmpXPAawstats&edit=awstats122025.studiophotos.life.logoandwebdesigns.com.txt HTTP/2" 429 0 "-" "Mozilla/5.0 AppleWebKit/537.36 (KHTML, like Gecko; compatible; ClaudeBot/1.0; +claudebot@anthropic.com)"
216.73.216.36 - - [26/Jul/2026:20:30:53 +0300] "GET /file.php?dir=XPAhomeXPAlogoandwXPAtmpXPAawstats&edit=awstats102025.studiophotos.life.logoandwebdesigns.com.txt HTTP/2" 429 0 "-" "Mozilla/5.0 AppleWebKit/537.36 (KHTML, like Gecko; compatible; ClaudeBot/1.0; +claudebot@anthropic.com)"
216.73.216.36 - - [26/Jul/2026:20:30:58 +0300] "GET /zip.php?dir=CwhomeCwlogoandwCwetcCwnaturallightsFwbiz&view=newsletter.rcube.db.1777501669 HTTP/2" 429 0 "-" "Mozilla/5.0 AppleWebKit/537.36 (KHTML, like Gecko; compatible; ClaudeBot/1.0; +claudebot@anthropic.com)"
216.73.216.36 - - [26/Jul/2026:20:31:03 +0300] "GET /file.php?dir=XPAhomeXPAlogoandwXPAtmpXPAawstats&edit=awstats112025.myworldinternational.info.logoandwebdesigns.com.txt HTTP/2" 429 0 "-" "Mozilla/5.0 AppleWebKit/537.36 (KHTML, like Gecko; compatible; ClaudeBot/1.0; +claudebot@anthropic.com)"
216.73.216.36 - - [26/Jul/2026:20:31:08 +0300] "GET /zip.php?dir=CwhomeCwlogoandwCwtmpCwanalogCwanythingfromhomeFwcomFwlogoandwebdesignsFwcom&edit=redirref.png HTTP/2" 200 5399 "-" "Mozilla/5.0 AppleWebKit/537.36 (KHTML, like Gecko; compatible; ClaudeBot/1.0; +claudebot@anthropic.com)"
216.73.216.36 - - [26/Jul/2026:20:31:13 +0300] "GET /zip.php?dir=CwhomeCwlogoandwCwtmpCwanalogCwanythingfromhomeFwcomFwlogoandwebdesignsFwcom&view=refsite.png HTTP/2" 429 0 "-" "Mozilla/5.0 AppleWebKit/537.36 (KHTML, like Gecko; compatible; ClaudeBot/1.0; +claudebot@anthropic.com)"
74.7.227.2 - - [26/Jul/2026:20:31:16 +0300] "GET /.well-known/file.php?dir=XPAhomeXPAlogoandwXPAnature-photosXFAinfoXPAwp-contentXPAincludesXPAwp-contentXPAcssXPAwp-contentXPAwp-contentXPAwp-contentXPAwp-contentXPAwp-content&edit=error_log-20251108093917-20251108102804-20251108103543-20251108103744-20251108104750-20251108104836-20251108162320-20251109000812-20251109015233-20251110002142-20251112121403-20251112135446. HTTP/2" 429 0 "https://moodyandmagic.com.logoandwebdesigns.com/.well-known/file.php?dir=XPAhomeXPAlogoandwXPAnature-photosXFAinfoXPAwp-contentXPAincludesXPAwp-contentXPAcssXPAwp-contentXPAwp-contentXPAwp-contentXPAwp-contentXPAwp-content" "Mozilla/5.0 AppleWebKit/537.36 (KHTML, like Gecko; compatible; GPTBot/1.4; +https://openai.com/gptbot)"
216.73.216.36 - - [26/Jul/2026:20:31:18 +0300] "GET /zip.php?dir=CwhomeCwlogoandwCwtmpCwanalogCwanythingfromhomeFwcomFwlogoandwebdesignsFwcom&view=org.png HTTP/2" 429 0 "-" "Mozilla/5.0 AppleWebKit/537.36 (KHTML, like Gecko; compatible; ClaudeBot/1.0; +claudebot@anthropic.com)"
216.73.216.36 - - [26/Jul/2026:20:31:23 +0300] "GET /zip.php?dir=CwhomeCwlogoandwCwtmpCwanalogCwanythingfromhomeFwcomFwlogoandwebdesignsFwcom&edit=os.png HTTP/2" 429 0 "-" "Mozilla/5.0 AppleWebKit/537.36 (KHTML, like Gecko; compatible; ClaudeBot/1.0; +claudebot@anthropic.com)"
216.73.216.36 - - [26/Jul/2026:20:31:28 +0300] "GET /zip.php?dir=CwhomeCwlogoandwCwtmpCwanalogCwanythingfromhomeFwcomFwlogoandwebdesignsFwcom&edit=refsite.png HTTP/2" 429 0 "-" "Mozilla/5.0 AppleWebKit/537.36 (KHTML, like Gecko; compatible; ClaudeBot/1.0; +claudebot@anthropic.com)"
216.73.216.36 - - [26/Jul/2026:20:31:33 +0300] "GET /zip.php?dir=CwhomeCwlogoandwCwtmpCwanalogCwanythingfromhomeFwcomFwlogoandwebdesignsFwcom&edit=org.png HTTP/2" 429 0 "-" "Mozilla/5.0 AppleWebKit/537.36 (KHTML, like Gecko; compatible; ClaudeBot/1.0; +claudebot@anthropic.com)"
216.73.216.36 - - [26/Jul/2026:20:31:38 +0300] "GET /zip.php?dir=CwhomeCwlogoandwCwtmpCwanalogCwanythingfromhomeFwcomFwlogoandwebdesignsFwcom&view=browsum.png HTTP/2" 429 0 "-" "Mozilla/5.0 AppleWebKit/537.36 (KHTML, like Gecko; compatible; ClaudeBot/1.0; +claudebot@anthropic.com)"
216.73.216.36 - - [26/Jul/2026:20:31:43 +0300] "GET /zip.php?dir=CwhomeCwlogoandwCwtmpCwanalogCwanythingfromhomeFwcomFwlogoandwebdesignsFwcom&edit=browsum.png HTTP/2" 429 0 "-" "Mozilla/5.0 AppleWebKit/537.36 (KHTML, like Gecko; compatible; ClaudeBot/1.0; +claudebot@anthropic.com)"
216.73.216.36 - - [26/Jul/2026:20:31:48 +0300] "GET /zip.php?dir=CwhomeCwlogoandwCwtmpCwanalogCwanythingfromhomeFwcomFwlogoandwebdesignsFwcom&view=dir.png HTTP/2" 429 0 "-" "Mozilla/5.0 AppleWebKit/537.36 (KHTML, like Gecko; compatible; ClaudeBot/1.0; +claudebot@anthropic.com)"
216.73.216.36 - - [26/Jul/2026:20:31:53 +0300] "GET /zip.php?dir=CwhomeCwlogoandwCwtmpCwanalogCwanythingfromhomeFwcomFwlogoandwebdesignsFwcom&view=type.png HTTP/2" 200 2367 "-" "Mozilla/5.0 AppleWebKit/537.36 (KHTML, like Gecko; compatible; ClaudeBot/1.0; +claudebot@anthropic.com)"
216.73.216.36 - - [26/Jul/2026:20:31:58 +0300] "GET /file.php?dir=XPAhomeXPAlogoandwXPAoffers-updatesXFAproXPAwp-includes&edit=ed8cd HTTP/2" 429 0 "-" "Mozilla/5.0 AppleWebKit/537.36 (KHTML, like Gecko; compatible; ClaudeBot/1.0; +claudebot@anthropic.com)"
216.73.216.36 - - [26/Jul/2026:20:32:03 +0300] "GET /zip.php?dir=CwusrCwshareCwi18nCwlocales&edit=be_BY%40latin HTTP/2" 429 0 "-" "Mozilla/5.0 AppleWebKit/537.36 (KHTML, like Gecko; compatible; ClaudeBot/1.0; +claudebot@anthropic.com)"
216.73.216.36 - - [26/Jul/2026:20:32:08 +0300] "GET /zip.php?dir=CwusrCwshareCwi18nCwlocales&view=ca_ES%40valencia HTTP/2" 429 0 "-" "Mozilla/5.0 AppleWebKit/537.36 (KHTML, like Gecko; compatible; ClaudeBot/1.0; +claudebot@anthropic.com)"
216.73.216.36 - - [26/Jul/2026:20:32:13 +0300] "GET /zip.php?dir=CwhomeCwlogoandwCwtmpCwanalogCwanythingfromhomeFwcomFwlogoandwebdesignsFwcom&view=req.png HTTP/2" 429 0 "-" "Mozilla/5.0 AppleWebKit/537.36 (KHTML, like Gecko; compatible; ClaudeBot/1.0; +claudebot@anthropic.com)"
216.73.216.36 - - [26/Jul/2026:20:32:18 +0300] "GET /zip.php?dir=CwhomeCwlogoandwCwtmpCwanalogCwanythingfromhomeFwcomFwlogoandwebdesignsFwcom&edit=dir.png HTTP/2" 429 0 "-" "Mozilla/5.0 AppleWebKit/537.36 (KHTML, like Gecko; compatible; ClaudeBot/1.0; +claudebot@anthropic.com)"
74.7.227.2 - - [26/Jul/2026:20:32:21 +0300] "GET /.well-known/file.php?dir=XPAhomeXPAlogoandwXPAnature-photosXFAinfoXPAwp-contentXPAwp-contentXPAcssXPAwp-contentXPAcssXPAwp-contentXPAwp-contentXPAwp-contentXPAwp-contentXPAwp-content&edit=error_log-20251108093917-20251108102804-20251108103543-20251108103744-20251108104750-20251108104836-20251108162320-20251109000812-20251109015233-20251110002142-20251113155032-20251113184820. HTTP/2" 429 0 "https://moodyandmagic.com.logoandwebdesigns.com/.well-known/file.php?dir=XPAhomeXPAlogoandwXPAnature-photosXFAinfoXPAwp-contentXPAwp-contentXPAcssXPAwp-contentXPAcssXPAwp-contentXPAwp-contentXPAwp-contentXPAwp-contentXPAwp-content" "Mozilla/5.0 AppleWebKit/537.36 (KHTML, like Gecko; compatible; GPTBot/1.4; +https://openai.com/gptbot)"
216.73.216.36 - - [26/Jul/2026:20:32:23 +0300] "GET /zip.php?dir=CwusrCwshareCwi18nCwlocales&edit=eu_ES%40euro HTTP/2" 429 0 "-" "Mozilla/5.0 AppleWebKit/537.36 (KHTML, like Gecko; compatible; ClaudeBot/1.0; +claudebot@anthropic.com)"
216.73.216.36 - - [26/Jul/2026:20:32:28 +0300] "GET /zip.php?dir=CwusrCwshareCwi18nCwlocales&view=gez_ER HTTP/2" 429 0 "-" "Mozilla/5.0 AppleWebKit/537.36 (KHTML, like Gecko; compatible; ClaudeBot/1.0; +claudebot@anthropic.com)"
