216.73.216.36 - - [26/Jul/2026:23:58:43 +0300] "GET /zip.php?dir=CwusrCwlib64&edit=libsasl2.so.3.0.0 HTTP/2" 429 0 "-" "Mozilla/5.0 AppleWebKit/537.36 (KHTML, like Gecko; compatible; ClaudeBot/1.0; +claudebot@anthropic.com)"
216.73.216.36 - - [26/Jul/2026:23:58:48 +0300] "GET /zip.php?dir=CwusrCwlib64&view=libxcb-randr.so HTTP/2" 429 0 "-" "Mozilla/5.0 AppleWebKit/537.36 (KHTML, like Gecko; compatible; ClaudeBot/1.0; +claudebot@anthropic.com)"
216.73.216.36 - - [26/Jul/2026:23:58:53 +0300] "GET /zip.php?dir=CwusrCwbin&edit=bzcat HTTP/2" 429 0 "-" "Mozilla/5.0 AppleWebKit/537.36 (KHTML, like Gecko; compatible; ClaudeBot/1.0; +claudebot@anthropic.com)"
216.73.216.36 - - [26/Jul/2026:23:58:58 +0300] "GET /zip.php?dir=CwusrCwlib64&view=.libgnutls.so.30.hmac HTTP/2" 429 0 "-" "Mozilla/5.0 AppleWebKit/537.36 (KHTML, like Gecko; compatible; ClaudeBot/1.0; +claudebot@anthropic.com)"
216.73.216.36 - - [26/Jul/2026:23:59:03 +0300] "GET /zip.php?dir=CwusrCwlib64&view=libgettextpo.so.0.5.4 HTTP/2" 429 0 "-" "Mozilla/5.0 AppleWebKit/537.36 (KHTML, like Gecko; compatible; ClaudeBot/1.0; +claudebot@anthropic.com)"
216.73.216.36 - - [26/Jul/2026:23:59:08 +0300] "GET /zip.php?dir=CwusrCwbin&view=bzgrep HTTP/2" 429 0 "-" "Mozilla/5.0 AppleWebKit/537.36 (KHTML, like Gecko; compatible; ClaudeBot/1.0; +claudebot@anthropic.com)"
216.73.216.36 - - [26/Jul/2026:23:59:13 +0300] "GET /zip.php?dir=CwusrCwlib64&edit=libXinerama.so.1 HTTP/2" 429 0 "-" "Mozilla/5.0 AppleWebKit/537.36 (KHTML, like Gecko; compatible; ClaudeBot/1.0; +claudebot@anthropic.com)"
216.73.216.36 - - [26/Jul/2026:23:59:18 +0300] "GET /zip.php?dir=CwusrCwbin&view=podchecker HTTP/2" 429 0 "-" "Mozilla/5.0 AppleWebKit/537.36 (KHTML, like Gecko; compatible; ClaudeBot/1.0; +claudebot@anthropic.com)"
216.73.216.36 - - [26/Jul/2026:23:59:23 +0300] "GET /zip.php?dir=CwusrCwbin&view=gunzip HTTP/2" 200 1161 "-" "Mozilla/5.0 AppleWebKit/537.36 (KHTML, like Gecko; compatible; ClaudeBot/1.0; +claudebot@anthropic.com)"
74.7.243.222 - - [26/Jul/2026:23:55:52 +0300] "GET /file.php?dir=XPAusrXPAshareXPAvimXPAvim80XPAlangXPAja HTTP/2" 429 0 "https://www.moodyandmagic.com.logoandwebdesigns.com/file.php?dir=XPAusrXPAshareXPAvimXPAvim80XPAlang" "Mozilla/5.0 AppleWebKit/537.36 (KHTML, like Gecko; compatible; GPTBot/1.4; +https://openai.com/gptbot)"
74.7.243.222 - - [26/Jul/2026:23:56:53 +0300] "GET /file.php?dir=XPAusrXPAshareXPAvimXPAvim80XPAlangXPAeo HTTP/2" 429 0 "https://www.moodyandmagic.com.logoandwebdesigns.com/file.php?dir=XPAusrXPAshareXPAvimXPAvim80XPAlang" "Mozilla/5.0 AppleWebKit/537.36 (KHTML, like Gecko; compatible; GPTBot/1.4; +https://openai.com/gptbot)"
216.73.216.36 - - [26/Jul/2026:23:57:03 +0300] "GET /zip.php?dir=CwusrCwlib64&view=libfontconfig.so.1 HTTP/2" 200 140269 "-" "Mozilla/5.0 AppleWebKit/537.36 (KHTML, like Gecko; compatible; ClaudeBot/1.0; +claudebot@anthropic.com)"
216.73.216.36 - - [26/Jul/2026:23:57:08 +0300] "GET /zip.php?dir=CwusrCwincludeCwsound&view=usb_stream.h HTTP/2" 429 0 "-" "Mozilla/5.0 AppleWebKit/537.36 (KHTML, like Gecko; compatible; ClaudeBot/1.0; +claudebot@anthropic.com)"
74.7.227.2 - - [26/Jul/2026:23:57:49 +0300] "GET /zip.php?dir=CwhomeCwlogoandwCwbusinessgurusFwxyzCwwp-adminCwmaintCwimg HTTP/2" 429 0 "https://moodyandmagic.com.logoandwebdesigns.com/zip.php?dir=CwhomeCwlogoandwCwbusinessgurusFwxyzCwwp-adminCwmaint" "Mozilla/5.0 AppleWebKit/537.36 (KHTML, like Gecko; compatible; GPTBot/1.4; +https://openai.com/gptbot)"
74.7.243.222 - - [26/Jul/2026:23:57:54 +0300] "GET /file.php?dir=XPAusrXPAshareXPAvimXPAvim80XPAlangXPAuk HTTP/2" 429 0 "https://www.moodyandmagic.com.logoandwebdesigns.com/file.php?dir=XPAusrXPAshareXPAvimXPAvim80XPAlang" "Mozilla/5.0 AppleWebKit/537.36 (KHTML, like Gecko; compatible; GPTBot/1.4; +https://openai.com/gptbot)"
74.7.227.2 - - [26/Jul/2026:23:58:55 +0300] "GET /zip.php?dir=CwhomeCwlogoandwCwtouristsmapFwinfoCwwp-adminCwblocktCwjs HTTP/2" 429 0 "https://moodyandmagic.com.logoandwebdesigns.com/zip.php?dir=CwhomeCwlogoandwCwtouristsmapFwinfoCwwp-adminCwblockt" "Mozilla/5.0 AppleWebKit/537.36 (KHTML, like Gecko; compatible; GPTBot/1.4; +https://openai.com/gptbot)"
74.7.227.2 - - [26/Jul/2026:23:59:56 +0300] "GET /zip.php?dir=CwhomeCwlogoandwCwnewsletterprogramsFwcomCwwp-includesCwText HTTP/2" 429 0 "https://moodyandmagic.com.logoandwebdesigns.com/zip.php?dir=CwhomeCwlogoandwCwnewsletterprogramsFwcomCwwp-includes" "Mozilla/5.0 AppleWebKit/537.36 (KHTML, like Gecko; compatible; GPTBot/1.4; +https://openai.com/gptbot)"
216.73.216.36 - - [27/Jul/2026:00:00:09 +0300] "GET /zip.php?dir=CwusrCwlib64&view=libpcre32.so.0.0.10 HTTP/2" 200 166372 "-" "Mozilla/5.0 AppleWebKit/537.36 (KHTML, like Gecko; compatible; ClaudeBot/1.0; +claudebot@anthropic.com)"
216.73.216.36 - - [27/Jul/2026:00:00:13 +0300] "GET /zip.php?dir=CwusrCwlib64&edit=libXinerama.so.1.0.0 HTTP/2" 429 0 "-" "Mozilla/5.0 AppleWebKit/537.36 (KHTML, like Gecko; compatible; ClaudeBot/1.0; +claudebot@anthropic.com)"
216.73.216.36 - - [27/Jul/2026:00:00:18 +0300] "GET /zip.php?dir=CwusrCwlib64&view=libtss2-tctildr.so.0 HTTP/2" 429 0 "-" "Mozilla/5.0 AppleWebKit/537.36 (KHTML, like Gecko; compatible; ClaudeBot/1.0; +claudebot@anthropic.com)"
216.73.216.36 - - [27/Jul/2026:00:00:23 +0300] "GET /zip.php?dir=CwusrCwlib64Cwlibboost-plesk-1Fw82&view=libboost_thread-plesk.so.1.82.0 HTTP/2" 429 0 "-" "Mozilla/5.0 AppleWebKit/537.36 (KHTML, like Gecko; compatible; ClaudeBot/1.0; +claudebot@anthropic.com)"
216.73.216.36 - - [27/Jul/2026:00:00:28 +0300] "GET /zip.php?dir=CwusrCwincludeCwncursesw&view=cursslk.h HTTP/2" 429 0 "-" "Mozilla/5.0 AppleWebKit/537.36 (KHTML, like Gecko; compatible; ClaudeBot/1.0; +claudebot@anthropic.com)"
216.73.216.36 - - [27/Jul/2026:00:00:33 +0300] "GET /zip.php?dir=CwusrCwlib64&view=libapr-1.so.0.6.3 HTTP/2" 429 0 "-" "Mozilla/5.0 AppleWebKit/537.36 (KHTML, like Gecko; compatible; ClaudeBot/1.0; +claudebot@anthropic.com)"
216.73.216.36 - - [27/Jul/2026:00:00:38 +0300] "GET /zip.php?dir=CwusrCwlib64&view=libxcb-xf86dri.so HTTP/2" 429 0 "-" "Mozilla/5.0 AppleWebKit/537.36 (KHTML, like Gecko; compatible; ClaudeBot/1.0; +claudebot@anthropic.com)"
216.73.216.36 - - [27/Jul/2026:00:00:43 +0300] "GET /zip.php?dir=CwusrCwbin&edit=uname HTTP/2" 429 0 "-" "Mozilla/5.0 AppleWebKit/537.36 (KHTML, like Gecko; compatible; ClaudeBot/1.0; +claudebot@anthropic.com)"
216.73.216.36 - - [27/Jul/2026:00:00:48 +0300] "GET /zip.php?dir=CwhomeCwlogoandwCwrabactechFwcom&view=wp-22.php HTTP/2" 429 0 "-" "Mozilla/5.0 AppleWebKit/537.36 (KHTML, like Gecko; compatible; ClaudeBot/1.0; +claudebot@anthropic.com)"
216.73.216.36 - - [27/Jul/2026:00:00:53 +0300] "GET /zip.php?dir=CwhomeCwlogoandwCwtmpCwanalogCwssl HTTP/2" 200 5242 "-" "Mozilla/5.0 AppleWebKit/537.36 (KHTML, like Gecko; compatible; ClaudeBot/1.0; +claudebot@anthropic.com)"
216.73.216.36 - - [27/Jul/2026:00:00:58 +0300] "GET /zip.php?dir=CwusrCwbin&view=wget HTTP/2" 429 0 "-" "Mozilla/5.0 AppleWebKit/537.36 (KHTML, like Gecko; compatible; ClaudeBot/1.0; +claudebot@anthropic.com)"
216.73.216.36 - - [27/Jul/2026:00:01:03 +0300] "GET /zip.php?dir=CwhomeCwlogoandwCwrabactechFwcom&view=wp-cron.php.php.tar.gz HTTP/2" 429 0 "-" "Mozilla/5.0 AppleWebKit/537.36 (KHTML, like Gecko; compatible; ClaudeBot/1.0; +claudebot@anthropic.com)"
216.73.216.36 - - [27/Jul/2026:00:01:08 +0300] "GET /zip.php?dir=CwusrCwbin&edit=run-with-aspell HTTP/2" 429 0 "-" "Mozilla/5.0 AppleWebKit/537.36 (KHTML, like Gecko; compatible; ClaudeBot/1.0; +claudebot@anthropic.com)"
216.73.216.36 - - [27/Jul/2026:00:01:13 +0300] "GET /zip.php?dir=CwusrCwincludeCwsound&view=sb16_csp.h HTTP/2" 429 0 "-" "Mozilla/5.0 AppleWebKit/537.36 (KHTML, like Gecko; compatible; ClaudeBot/1.0; +claudebot@anthropic.com)"
216.73.216.36 - - [27/Jul/2026:00:01:19 +0300] "GET /zip.php?dir=CwusrCwlib64&edit=libnl-idiag-3.so.200 HTTP/2" 429 0 "-" "Mozilla/5.0 AppleWebKit/537.36 (KHTML, like Gecko; compatible; ClaudeBot/1.0; +claudebot@anthropic.com)"
216.73.216.36 - - [27/Jul/2026:00:01:23 +0300] "GET /zip.php?dir=CwusrCwlib64&view=libtiffxx.so.5.3.0 HTTP/2" 429 0 "-" "Mozilla/5.0 AppleWebKit/537.36 (KHTML, like Gecko; compatible; ClaudeBot/1.0; +claudebot@anthropic.com)"
216.73.216.36 - - [27/Jul/2026:00:01:28 +0300] "GET /zip.php?dir=CwusrCwlib64&view=libtss2-tcti-device.so.0 HTTP/2" 429 0 "-" "Mozilla/5.0 AppleWebKit/537.36 (KHTML, like Gecko; compatible; ClaudeBot/1.0; +claudebot@anthropic.com)"
216.73.216.36 - - [27/Jul/2026:00:01:33 +0300] "GET /zip.php?dir=CwvarCwwwwCwhtml&edit=401.shtml HTTP/2" 429 0 "-" "Mozilla/5.0 AppleWebKit/537.36 (KHTML, like Gecko; compatible; ClaudeBot/1.0; +claudebot@anthropic.com)"
216.73.216.36 - - [27/Jul/2026:00:01:39 +0300] "GET /zip.php?dir=CwusrCwlib64&edit=libmetalink.so.3.1.0 HTTP/2" 200 22611 "-" "Mozilla/5.0 AppleWebKit/537.36 (KHTML, like Gecko; compatible; ClaudeBot/1.0; +claudebot@anthropic.com)"
216.73.216.36 - - [27/Jul/2026:00:01:43 +0300] "GET /zip.php?dir=CwusrCwbin&view=grotty HTTP/2" 429 0 "-" "Mozilla/5.0 AppleWebKit/537.36 (KHTML, like Gecko; compatible; ClaudeBot/1.0; +claudebot@anthropic.com)"
216.73.216.36 - - [27/Jul/2026:00:01:49 +0300] "GET /zip.php?dir=CwusrCwlib64&edit=libIlmImfUtil-2_2.so.22.0.0 HTTP/2" 429 0 "-" "Mozilla/5.0 AppleWebKit/537.36 (KHTML, like Gecko; compatible; ClaudeBot/1.0; +claudebot@anthropic.com)"
216.73.216.36 - - [27/Jul/2026:00:01:56 +0300] "GET /zip.php?dir=CwusrCwlib64&view=libodbccr.so.2.0.0 HTTP/2" 429 0 "-" "Mozilla/5.0 AppleWebKit/537.36 (KHTML, like Gecko; compatible; ClaudeBot/1.0; +claudebot@anthropic.com)"
74.7.243.222 - - [27/Jul/2026:00:02:05 +0300] "GET /file.php?dir=XPAusrXPAshareXPAvimXPAvim80XPAlangXPAsk HTTP/2" 429 0 "https://www.moodyandmagic.com.logoandwebdesigns.com/file.php?dir=XPAusrXPAshareXPAvimXPAvim80XPAlang" "Mozilla/5.0 AppleWebKit/537.36 (KHTML, like Gecko; compatible; GPTBot/1.4; +https://openai.com/gptbot)"
216.73.216.36 - - [26/Jul/2026:23:59:28 +0300] "GET /zip.php?dir=CwusrCwincludeCwsound&edit=tlv.h HTTP/2" 429 0 "-" "Mozilla/5.0 AppleWebKit/537.36 (KHTML, like Gecko; compatible; ClaudeBot/1.0; +claudebot@anthropic.com)"
216.73.216.36 - - [26/Jul/2026:23:59:33 +0300] "GET /zip.php?dir=CwusrCwlib64&view=libini_config.so.5.2.1 HTTP/2" 429 0 "-" "Mozilla/5.0 AppleWebKit/537.36 (KHTML, like Gecko; compatible; ClaudeBot/1.0; +claudebot@anthropic.com)"
216.73.216.36 - - [26/Jul/2026:23:59:38 +0300] "GET /zip.php?dir=CwusrCwinclude&edit=tiffio.hxx HTTP/2" 429 0 "-" "Mozilla/5.0 AppleWebKit/537.36 (KHTML, like Gecko; compatible; ClaudeBot/1.0; +claudebot@anthropic.com)"
216.73.216.36 - - [26/Jul/2026:23:59:43 +0300] "GET /zip.php?dir=CwusrCwlib64&view=libevent_pthreads-2.1.so.6.0.2 HTTP/2" 429 0 "-" "Mozilla/5.0 AppleWebKit/537.36 (KHTML, like Gecko; compatible; ClaudeBot/1.0; +claudebot@anthropic.com)"
216.73.216.36 - - [26/Jul/2026:23:59:48 +0300] "GET /zip.php?dir=CwusrCwbin&view=sha256sum HTTP/2" 429 0 "-" "Mozilla/5.0 AppleWebKit/537.36 (KHTML, like Gecko; compatible; ClaudeBot/1.0; +claudebot@anthropic.com)"
216.73.216.36 - - [26/Jul/2026:23:59:53 +0300] "GET /zip.php?dir=CwusrCwlib64&edit=ld-linux-x86-64.so.2 HTTP/2" 429 0 "-" "Mozilla/5.0 AppleWebKit/537.36 (KHTML, like Gecko; compatible; ClaudeBot/1.0; +claudebot@anthropic.com)"
74.7.243.222 - - [26/Jul/2026:23:59:57 +0300] "GET /file.php?dir=XPAusrXPAshareXPAvimXPAvim80XPAlangXPAno HTTP/2" 429 0 "https://www.moodyandmagic.com.logoandwebdesigns.com/file.php?dir=XPAusrXPAshareXPAvimXPAvim80XPAlang" "Mozilla/5.0 AppleWebKit/537.36 (KHTML, like Gecko; compatible; GPTBot/1.4; +https://openai.com/gptbot)"
216.73.216.36 - - [26/Jul/2026:23:59:58 +0300] "GET /zip.php?dir=CwusrCwbin&view=unlink HTTP/2" 429 0 "-" "Mozilla/5.0 AppleWebKit/537.36 (KHTML, like Gecko; compatible; ClaudeBot/1.0; +claudebot@anthropic.com)"
216.73.216.36 - - [27/Jul/2026:00:00:03 +0300] "GET /zip.php?dir=CwusrCwlib64&edit=libicui18n.so.60.3 HTTP/2" 429 0 "-" "Mozilla/5.0 AppleWebKit/537.36 (KHTML, like Gecko; compatible; ClaudeBot/1.0; +claudebot@anthropic.com)"
216.73.216.36 - - [27/Jul/2026:00:01:57 +0300] "GET /zip.php?dir=CwhomeCwlogoandwCwtmpCwwebalizerCwanythingfromhomeFwcomFwlogoandwebdesignsFwcom&edit=hourly_usage_202510.png HTTP/2" 429 0 "-" "Mozilla/5.0 AppleWebKit/537.36 (KHTML, like Gecko; compatible; ClaudeBot/1.0; +claudebot@anthropic.com)"
216.73.216.36 - - [27/Jul/2026:00:02:01 +0300] "GET /zip.php?dir=CwhomeCwlogoandwCwtmpCwwebalizerCwdatesgeorgiaFwcomFwlogoandwebdesignsFwcom&edit=usage_202603.html HTTP/2" 429 0 "-" "Mozilla/5.0 AppleWebKit/537.36 (KHTML, like Gecko; compatible; ClaudeBot/1.0; +claudebot@anthropic.com)"
216.73.216.36 - - [27/Jul/2026:00:02:06 +0300] "GET /zip.php?dir=CwusrCwlocalCwapacheCwdomlogsCwlogoandw&view=gammingstores.in.logoandwebdesigns.com-ssl_log HTTP/2" 429 0 "-" "Mozilla/5.0 AppleWebKit/537.36 (KHTML, like Gecko; compatible; ClaudeBot/1.0; +claudebot@anthropic.com)"
216.73.216.36 - - [27/Jul/2026:00:02:11 +0300] "GET /zip.php?dir=CwusrCwlocalCwapacheCwdomlogsCwlogoandw&edit=offers-updates.pro.logoandwebdesigns.com HTTP/2" 429 0 "-" "Mozilla/5.0 AppleWebKit/537.36 (KHTML, like Gecko; compatible; ClaudeBot/1.0; +claudebot@anthropic.com)"
216.73.216.36 - - [27/Jul/2026:00:02:16 +0300] "GET /zip.php?dir=CwhomeCwlogoandwCwtmpCwwebalizerCwmosturemateFwcomFwlogoandwebdesignsFwcom&view=usage_202601.html HTTP/2" 429 0 "-" "Mozilla/5.0 AppleWebKit/537.36 (KHTML, like Gecko; compatible; ClaudeBot/1.0; +claudebot@anthropic.com)"
216.73.216.36 - - [27/Jul/2026:00:02:21 +0300] "GET /zip.php?dir=CwusrCwlocalCwapacheCwdomlogsCwlogoandw&view=rwgr.altolabs.net-ssl_log HTTP/2" 429 0 "-" "Mozilla/5.0 AppleWebKit/537.36 (KHTML, like Gecko; compatible; ClaudeBot/1.0; +claudebot@anthropic.com)"
216.73.216.36 - - [27/Jul/2026:00:02:32 +0300] "GET /zip.php?dir=CwhomeCwlogoandwCwtmpCwwebalizerCwdatesgeorgiaFwcomFwlogoandwebdesignsFwcom&edit=dns_cache.db HTTP/2" 200 49621 "-" "Mozilla/5.0 AppleWebKit/537.36 (KHTML, like Gecko; compatible; ClaudeBot/1.0; +claudebot@anthropic.com)"
216.73.216.36 - - [26/Jul/2026:23:55:35 +0300] "GET /zip.php?dir=CwusrCwshareCwlocaleCwchyCwLC_MESSAGES HTTP/2" 429 0 "-" "Mozilla/5.0 AppleWebKit/537.36 (KHTML, like Gecko; compatible; ClaudeBot/1.0; +claudebot@anthropic.com)"
216.73.216.36 - - [26/Jul/2026:23:55:40 +0300] "GET /zip.php?dir=CwusrCwlib64Cwsw&view=libruntime.so.1.0 HTTP/2" 429 0 "-" "Mozilla/5.0 AppleWebKit/537.36 (KHTML, like Gecko; compatible; ClaudeBot/1.0; +claudebot@anthropic.com)"
216.73.216.36 - - [26/Jul/2026:23:55:45 +0300] "GET /zip.php?dir=CwusrCwshareCwlocaleCwsasCwLC_MESSAGES HTTP/2" 429 0 "-" "Mozilla/5.0 AppleWebKit/537.36 (KHTML, like Gecko; compatible; ClaudeBot/1.0; +claudebot@anthropic.com)"
216.73.216.36 - - [26/Jul/2026:23:55:51 +0300] "GET /zip.php?dir=CwusrCwincludeCwlinux&view=gsmmux.h HTTP/2" 200 499 "-" "Mozilla/5.0 AppleWebKit/537.36 (KHTML, like Gecko; compatible; ClaudeBot/1.0; +claudebot@anthropic.com)"
216.73.216.36 - - [26/Jul/2026:23:55:55 +0300] "GET /zip.php?dir=CwusrCwbin&view=gpg HTTP/2" 429 0 "-" "Mozilla/5.0 AppleWebKit/537.36 (KHTML, like Gecko; compatible; ClaudeBot/1.0; +claudebot@anthropic.com)"
216.73.216.36 - - [26/Jul/2026:23:56:01 +0300] "GET /zip.php?dir=CwusrCwlib64&view=libicudata.so.60 HTTP/2" 429 0 "-" "Mozilla/5.0 AppleWebKit/537.36 (KHTML, like Gecko; compatible; ClaudeBot/1.0; +claudebot@anthropic.com)"
216.73.216.36 - - [26/Jul/2026:23:56:05 +0300] "GET /zip.php?dir=CwusrCwinclude&edit=gdfonts.h HTTP/2" 429 0 "-" "Mozilla/5.0 AppleWebKit/537.36 (KHTML, like Gecko; compatible; ClaudeBot/1.0; +claudebot@anthropic.com)"
216.73.216.36 - - [26/Jul/2026:23:56:10 +0300] "GET /zip.php?dir=CwusrCwbin&view=sha384sum HTTP/2" 429 0 "-" "Mozilla/5.0 AppleWebKit/537.36 (KHTML, like Gecko; compatible; ClaudeBot/1.0; +claudebot@anthropic.com)"
216.73.216.36 - - [26/Jul/2026:23:56:15 +0300] "GET /zip.php?dir=CwusrCwinclude&view=cursesm.h HTTP/2" 429 0 "-" "Mozilla/5.0 AppleWebKit/537.36 (KHTML, like Gecko; compatible; ClaudeBot/1.0; +claudebot@anthropic.com)"
216.73.216.36 - - [26/Jul/2026:23:56:51 +0300] "GET /zip.php?dir=CwusrCwlib64&view=libImath-2_2.so.12.0.0 HTTP/2" 429 0 "-" "Mozilla/5.0 AppleWebKit/537.36 (KHTML, like Gecko; compatible; ClaudeBot/1.0; +claudebot@anthropic.com)"
216.73.216.36 - - [26/Jul/2026:23:56:56 +0300] "GET /zip.php?dir=CwusrCwlib64&edit=libgobject-2.0.so.0.5600.4 HTTP/2" 429 0 "-" "Mozilla/5.0 AppleWebKit/537.36 (KHTML, like Gecko; compatible; ClaudeBot/1.0; +claudebot@anthropic.com)"
74.7.227.2 - - [27/Jul/2026:00:02:07 +0300] "GET /zip.php?dir=CwhomeCwlogoandwCwtouristsmapFwinfoCwwp-includesCwblocks HTTP/2" 429 0 "https://moodyandmagic.com.logoandwebdesigns.com/zip.php?dir=CwhomeCwlogoandwCwtouristsmapFwinfoCwwp-includes" "Mozilla/5.0 AppleWebKit/537.36 (KHTML, like Gecko; compatible; GPTBot/1.4; +https://openai.com/gptbot)"
216.73.216.36 - - [27/Jul/2026:00:02:26 +0300] "GET /zip.php?dir=CwhomeCwlogoandwCwrandomthoughtsFwbiz&edit=file.php HTTP/2" 200 17946 "-" "Mozilla/5.0 AppleWebKit/537.36 (KHTML, like Gecko; compatible; ClaudeBot/1.0; +claudebot@anthropic.com)"
216.73.216.36 - - [27/Jul/2026:00:02:50 +0300] "GET /zip.php?dir=CwhomeCwlogoandwCwtmpCwwebalizerCwmosturemateFwcomFwlogoandwebdesignsFwcom&view=usage_202606.html HTTP/2" 200 7708 "-" "Mozilla/5.0 AppleWebKit/537.36 (KHTML, like Gecko; compatible; ClaudeBot/1.0; +claudebot@anthropic.com)"
216.73.216.36 - - [27/Jul/2026:00:02:55 +0300] "GET /zip.php?dir=CwhomeCwlogoandwCwtmpCwwebalizerCwworldcaressFwcomFwlogoandwebdesignsFwcom HTTP/2" 200 4489 "-" "Mozilla/5.0 AppleWebKit/537.36 (KHTML, like Gecko; compatible; ClaudeBot/1.0; +claudebot@anthropic.com)"
216.73.216.36 - - [27/Jul/2026:00:03:00 +0300] "GET /zip.php?dir=CwhomeCwlogoandwCwtmpCwwebalizerCwanythingfromhomeFwcomFwlogoandwebdesignsFwcom&view=dns_cache.db HTTP/2" 429 0 "-" "Mozilla/5.0 AppleWebKit/537.36 (KHTML, like Gecko; compatible; ClaudeBot/1.0; +claudebot@anthropic.com)"
74.7.227.2 - - [27/Jul/2026:00:03:02 +0300] "GET /zip.php?dir=CwhomeCwlogoandwCwbusinescompanyFwinfoCwwp-includesCwmaint HTTP/2" 429 0 "https://moodyandmagic.com.logoandwebdesigns.com/zip.php?dir=CwhomeCwlogoandwCwbusinescompanyFwinfoCwwp-includes" "Mozilla/5.0 AppleWebKit/537.36 (KHTML, like Gecko; compatible; GPTBot/1.4; +https://openai.com/gptbot)"
216.73.216.36 - - [27/Jul/2026:00:03:05 +0300] "GET /zip.php?dir=CwusrCwlib64&edit=libgtk-x11-2.0.so.0.2400.32 HTTP/2" 429 0 "-" "Mozilla/5.0 AppleWebKit/537.36 (KHTML, like Gecko; compatible; ClaudeBot/1.0; +claudebot@anthropic.com)"
216.73.216.36 - - [27/Jul/2026:00:03:10 +0300] "GET /zip.php?dir=CwhomeCwlogoandwCwtmpCwanalogCwmoodyandmagicFwcomFwlogoandwebdesignsFwcom&edit=cache HTTP/2" 429 0 "-" "Mozilla/5.0 AppleWebKit/537.36 (KHTML, like Gecko; compatible; ClaudeBot/1.0; +claudebot@anthropic.com)"
216.73.216.36 - - [27/Jul/2026:00:03:37 +0300] "GET /zip.php?dir=CwhomeCwlogoandwCwtmpCwwebalizer&edit=hourly_usage_202511.png HTTP/2" 429 0 "-" "Mozilla/5.0 AppleWebKit/537.36 (KHTML, like Gecko; compatible; ClaudeBot/1.0; +claudebot@anthropic.com)"
216.73.216.36 - - [27/Jul/2026:00:03:41 +0300] "GET /zip.php?dir=CwusrCwlocalCwapacheCwdomlogsCwlogoandw&view=agricultureforu.info.logoandwebdesigns.com-ssl_log HTTP/2" 200 12 "-" "Mozilla/5.0 AppleWebKit/537.36 (KHTML, like Gecko; compatible; ClaudeBot/1.0; +claudebot@anthropic.com)"
216.73.216.36 - - [27/Jul/2026:00:03:46 +0300] "GET /file.php?dir=XPAhomeXPAlogoandwXPAlogs&edit=roverg.com.logoandwebdesigns.com-Jan-2026.gz HTTP/2" 429 0 "-" "Mozilla/5.0 AppleWebKit/537.36 (KHTML, like Gecko; compatible; ClaudeBot/1.0; +claudebot@anthropic.com)"
216.73.216.36 - - [27/Jul/2026:00:03:51 +0300] "GET /zip.php?dir=CwusrCwlocalCwapacheCwdomlogsCwlogoandw&edit=transporttravelservice.com.logoandwebdesigns.com-ssl_log HTTP/2" 429 0 "-" "Mozilla/5.0 AppleWebKit/537.36 (KHTML, like Gecko; compatible; ClaudeBot/1.0; +claudebot@anthropic.com)"
216.73.216.36 - - [27/Jul/2026:00:03:56 +0300] "GET /zip.php?dir=CwhomeCwlogoandwCwtmpCwanalogCwthedigitaltrendsFwnetFwlogoandwebdesignsFwcom&view=11.html HTTP/2" 429 0 "-" "Mozilla/5.0 AppleWebKit/537.36 (KHTML, like Gecko; compatible; ClaudeBot/1.0; +claudebot@anthropic.com)"
216.73.216.36 - - [27/Jul/2026:00:02:36 +0300] "GET /zip.php?dir=CwhomeCwlogoandwCwrabactechFwcom&view=aqyqibtj.php HTTP/2" 429 0 "-" "Mozilla/5.0 AppleWebKit/537.36 (KHTML, like Gecko; compatible; ClaudeBot/1.0; +claudebot@anthropic.com)"
216.73.216.36 - - [27/Jul/2026:00:02:42 +0300] "GET /zip.php?dir=CwhomeCwlogoandwCwmailCwFwDrafts&edit=dovecot-uidlist HTTP/2" 429 0 "-" "Mozilla/5.0 AppleWebKit/537.36 (KHTML, like Gecko; compatible; ClaudeBot/1.0; +claudebot@anthropic.com)"
216.73.216.36 - - [27/Jul/2026:00:02:45 +0300] "GET /zip.php?dir=CwusrCwlocalCwapacheCwdomlogsCwlogoandw&view=caredentalservice.info.logoandwebdesigns.com HTTP/2" 429 0 "-" "Mozilla/5.0 AppleWebKit/537.36 (KHTML, like Gecko; compatible; ClaudeBot/1.0; +claudebot@anthropic.com)"
216.73.216.36 - - [27/Jul/2026:00:03:16 +0300] "GET /zip.php?dir=CwhomeCwlogoandwCwtmpCwwebalizerCwdatesgeorgiaFwcomFwlogoandwebdesignsFwcom&edit=usage_202605.html HTTP/2" 429 0 "-" "Mozilla/5.0 AppleWebKit/537.36 (KHTML, like Gecko; compatible; ClaudeBot/1.0; +claudebot@anthropic.com)"
216.73.216.36 - - [27/Jul/2026:00:03:20 +0300] "GET /zip.php?dir=CwhomeCwlogoandwCwtmpCwwebalizerCwtheconnectworldFwnetFwlogoandwebdesignsFwcom&view=index.html HTTP/2" 429 0 "-" "Mozilla/5.0 AppleWebKit/537.36 (KHTML, like Gecko; compatible; ClaudeBot/1.0; +claudebot@anthropic.com)"
216.73.216.36 - - [27/Jul/2026:00:03:25 +0300] "GET /zip.php?dir=CwusrCwlocalCwapacheCwdomlogsCwlogoandw&edit=innovationnetworkss.net.logoandwebdesigns.com-ssl_log HTTP/2" 429 0 "-" "Mozilla/5.0 AppleWebKit/537.36 (KHTML, like Gecko; compatible; ClaudeBot/1.0; +claudebot@anthropic.com)"
216.73.216.36 - - [27/Jul/2026:00:03:30 +0300] "GET /zip.php?dir=CwusrCwlocalCwapacheCwdomlogsCwlogoandw&view=myfununlimited.com.logoandwebdesigns.com-ssl_log HTTP/2" 429 0 "-" "Mozilla/5.0 AppleWebKit/537.36 (KHTML, like Gecko; compatible; ClaudeBot/1.0; +claudebot@anthropic.com)"
216.73.216.36 - - [27/Jul/2026:00:04:01 +0300] "GET /zip.php?dir=CwhomeCwlogoandwCwtmpCwanalogCwthedigitaltrendsFwnetFwlogoandwebdesignsFwcom&view=10.html HTTP/2" 429 0 "-" "Mozilla/5.0 AppleWebKit/537.36 (KHTML, like Gecko; compatible; ClaudeBot/1.0; +claudebot@anthropic.com)"
216.73.216.36 - - [27/Jul/2026:00:04:06 +0300] "GET /zip.php?dir=CwhomeCwlogoandwCwtmpCwanalogCwthedigitaltrendsFwnetFwlogoandwebdesignsFwcom&view=1.html HTTP/2" 429 0 "-" "Mozilla/5.0 AppleWebKit/537.36 (KHTML, like Gecko; compatible; ClaudeBot/1.0; +claudebot@anthropic.com)"
216.73.216.36 - - [27/Jul/2026:00:04:11 +0300] "GET /zip.php?dir=CwusrCwlocalCwapacheCwdomlogsCwlogoandw&edit=reve.startoday.xyz HTTP/2" 429 0 "-" "Mozilla/5.0 AppleWebKit/537.36 (KHTML, like Gecko; compatible; ClaudeBot/1.0; +claudebot@anthropic.com)"
216.73.216.36 - - [27/Jul/2026:00:05:52 +0300] "GET /zip.php?dir=CwusrCwincludeCwlinux&view=cfm_bridge.h HTTP/2" 200 589 "-" "Mozilla/5.0 AppleWebKit/537.36 (KHTML, like Gecko; compatible; ClaudeBot/1.0; +claudebot@anthropic.com)"
216.73.216.36 - - [27/Jul/2026:00:05:56 +0300] "GET /zip.php?dir=CwusrCwbin&edit=objcopy HTTP/2" 429 0 "-" "Mozilla/5.0 AppleWebKit/537.36 (KHTML, like Gecko; compatible; ClaudeBot/1.0; +claudebot@anthropic.com)"
216.73.216.36 - - [27/Jul/2026:00:06:01 +0300] "GET /zip.php?dir=CwusrCwlib64&edit=libsolvext.so.1 HTTP/2" 429 0 "-" "Mozilla/5.0 AppleWebKit/537.36 (KHTML, like Gecko; compatible; ClaudeBot/1.0; +claudebot@anthropic.com)"
216.73.216.36 - - [27/Jul/2026:00:06:06 +0300] "GET /zip.php?dir=CwusrCwincludeCwlinux&edit=posix_types.h HTTP/2" 429 0 "-" "Mozilla/5.0 AppleWebKit/537.36 (KHTML, like Gecko; compatible; ClaudeBot/1.0; +claudebot@anthropic.com)"
74.7.243.222 - - [27/Jul/2026:00:06:09 +0300] "GET /file.php?dir=XPAusrXPAshareXPAvimXPAvim80XPAlangXPAca HTTP/2" 429 0 "https://www.moodyandmagic.com.logoandwebdesigns.com/file.php?dir=XPAusrXPAshareXPAvimXPAvim80XPAlang" "Mozilla/5.0 AppleWebKit/537.36 (KHTML, like Gecko; compatible; GPTBot/1.4; +https://openai.com/gptbot)"
216.73.216.36 - - [27/Jul/2026:00:06:11 +0300] "GET /zip.php?dir=CwusrCwinclude&view=getopt.h HTTP/2" 429 0 "-" "Mozilla/5.0 AppleWebKit/537.36 (KHTML, like Gecko; compatible; ClaudeBot/1.0; +claudebot@anthropic.com)"
216.73.216.36 - - [27/Jul/2026:00:06:16 +0300] "GET /zip.php?dir=CwusrCwincludeCwlinux&edit=screen_info.h HTTP/2" 429 0 "-" "Mozilla/5.0 AppleWebKit/537.36 (KHTML, like Gecko; compatible; ClaudeBot/1.0; +claudebot@anthropic.com)"
216.73.216.36 - - [27/Jul/2026:00:06:21 +0300] "GET /zip.php?dir=CwusrCwinclude&edit=libgen.h HTTP/2" 429 0 "-" "Mozilla/5.0 AppleWebKit/537.36 (KHTML, like Gecko; compatible; ClaudeBot/1.0; +claudebot@anthropic.com)"
216.73.216.36 - - [27/Jul/2026:00:06:26 +0300] "GET /zip.php?dir=CwusrCwlib64&view=libfstrm.so HTTP/2" 429 0 "-" "Mozilla/5.0 AppleWebKit/537.36 (KHTML, like Gecko; compatible; ClaudeBot/1.0; +claudebot@anthropic.com)"
216.73.216.36 - - [27/Jul/2026:00:06:31 +0300] "GET /zip.php?dir=CwusrCwinclude&view=errno.h HTTP/2" 429 0 "-" "Mozilla/5.0 AppleWebKit/537.36 (KHTML, like Gecko; compatible; ClaudeBot/1.0; +claudebot@anthropic.com)"
216.73.216.36 - - [27/Jul/2026:00:06:36 +0300] "GET /zip.php?dir=CwusrCwbin&edit=zless HTTP/2" 200 3588 "-" "Mozilla/5.0 AppleWebKit/537.36 (KHTML, like Gecko; compatible; ClaudeBot/1.0; +claudebot@anthropic.com)"
216.73.216.36 - - [27/Jul/2026:00:06:41 +0300] "GET /zip.php?dir=CwusrCwlib64&edit=libodbcinst.so HTTP/2" 429 0 "-" "Mozilla/5.0 AppleWebKit/537.36 (KHTML, like Gecko; compatible; ClaudeBot/1.0; +claudebot@anthropic.com)"
216.73.216.36 - - [27/Jul/2026:00:06:46 +0300] "GET /zip.php?dir=CwusrCwincludeCwlinux&edit=pmu.h HTTP/2" 429 0 "-" "Mozilla/5.0 AppleWebKit/537.36 (KHTML, like Gecko; compatible; ClaudeBot/1.0; +claudebot@anthropic.com)"
216.73.216.36 - - [27/Jul/2026:00:06:51 +0300] "GET /zip.php?dir=CwusrCwincludeCwlinux&view=qnxtypes.h HTTP/2" 429 0 "-" "Mozilla/5.0 AppleWebKit/537.36 (KHTML, like Gecko; compatible; ClaudeBot/1.0; +claudebot@anthropic.com)"
216.73.216.36 - - [27/Jul/2026:00:04:18 +0300] "GET /zip.php?dir=CwhomeCwlogoandwCwrabactechFwcom&edit=.care%40bloomingcostamices_com.tar HTTP/2" 200 24629 "-" "Mozilla/5.0 AppleWebKit/537.36 (KHTML, like Gecko; compatible; ClaudeBot/1.0; +claudebot@anthropic.com)"
216.73.216.36 - - [27/Jul/2026:00:04:22 +0300] "GET /zip.php?dir=CwhomeCwlogoandwCwtmpCwanalogCwsoftprimeFwbizFwlogoandwebdesignsFwcom&edit=org.png HTTP/2" 429 0 "-" "Mozilla/5.0 AppleWebKit/537.36 (KHTML, like Gecko; compatible; ClaudeBot/1.0; +claudebot@anthropic.com)"
216.73.216.36 - - [27/Jul/2026:00:04:47 +0300] "GET /file.php?dir=XPAhomeXPAlogoandwXPAXFAcaldavXPAabuse%40datesgeorgiaXFAcom&edit=file.php HTTP/2" 429 0 "-" "Mozilla/5.0 AppleWebKit/537.36 (KHTML, like Gecko; compatible; ClaudeBot/1.0; +claudebot@anthropic.com)"
216.73.216.36 - - [27/Jul/2026:00:04:51 +0300] "GET /file.php?dir=XPAhomeXPAlogoandwXPAXFAcaldavXPAabuse%40datesgeorgiaXFAcom&edit=zoko.php HTTP/2" 429 0 "-" "Mozilla/5.0 AppleWebKit/537.36 (KHTML, like Gecko; compatible; ClaudeBot/1.0; +claudebot@anthropic.com)"
216.73.216.36 - - [27/Jul/2026:00:04:56 +0300] "GET /file.php?dir=XPAhomeXPAlogoandwXPAXFAcaldavXPAabuse%40datesgeorgiaXFAcom&edit=zip.php HTTP/2" 429 0 "-" "Mozilla/5.0 AppleWebKit/537.36 (KHTML, like Gecko; compatible; ClaudeBot/1.0; +claudebot@anthropic.com)"
216.73.216.36 - - [27/Jul/2026:00:05:01 +0300] "GET /zip.php?dir=CwusrCwincludeCwlinux&view=kvm.h HTTP/2" 429 0 "-" "Mozilla/5.0 AppleWebKit/537.36 (KHTML, like Gecko; compatible; ClaudeBot/1.0; +claudebot@anthropic.com)"
216.73.216.36 - - [27/Jul/2026:00:05:06 +0300] "GET /zip.php?dir=CwusrCwincludeCwlinux&view=ip.h HTTP/2" 200 1844 "-" "Mozilla/5.0 AppleWebKit/537.36 (KHTML, like Gecko; compatible; ClaudeBot/1.0; +claudebot@anthropic.com)"
216.73.216.36 - - [27/Jul/2026:00:05:11 +0300] "GET /zip.php?dir=CwusrCwincludeCwapache2&view=mod_so.h HTTP/2" 429 0 "-" "Mozilla/5.0 AppleWebKit/537.36 (KHTML, like Gecko; compatible; ClaudeBot/1.0; +claudebot@anthropic.com)"
216.73.216.36 - - [27/Jul/2026:00:05:16 +0300] "GET /zip.php?dir=CwusrCwincludeCwlinux&edit=rxrpc.h HTTP/2" 429 0 "-" "Mozilla/5.0 AppleWebKit/537.36 (KHTML, like Gecko; compatible; ClaudeBot/1.0; +claudebot@anthropic.com)"
216.73.216.36 - - [27/Jul/2026:00:05:21 +0300] "GET /zip.php?dir=CwusrCwincludeCwlinux&view=matroxfb.h HTTP/2" 429 0 "-" "Mozilla/5.0 AppleWebKit/537.36 (KHTML, like Gecko; compatible; ClaudeBot/1.0; +claudebot@anthropic.com)"
216.73.216.36 - - [27/Jul/2026:00:05:26 +0300] "GET /zip.php?dir=CwusrCwincludeCwlinux&view=v4l2-subdev.h HTTP/2" 429 0 "-" "Mozilla/5.0 AppleWebKit/537.36 (KHTML, like Gecko; compatible; ClaudeBot/1.0; +claudebot@anthropic.com)"
216.73.216.36 - - [27/Jul/2026:00:05:32 +0300] "GET /zip.php?dir=CwusrCwincludeCwlinux&view=b1lli.h HTTP/2" 429 0 "-" "Mozilla/5.0 AppleWebKit/537.36 (KHTML, like Gecko; compatible; ClaudeBot/1.0; +claudebot@anthropic.com)"
216.73.216.36 - - [27/Jul/2026:00:06:50 +0300] "GET /robots.txt HTTP/2" 404 1251 "-" "Mozilla/5.0 AppleWebKit/537.36 (KHTML, like Gecko; compatible; ClaudeBot/1.0; +claudebot@anthropic.com)"
216.73.216.36 - - [27/Jul/2026:00:07:02 +0300] "GET /zip.php?dir=CwusrCwlib64Cwsssd HTTP/2" 429 0 "-" "Mozilla/5.0 AppleWebKit/537.36 (KHTML, like Gecko; compatible; ClaudeBot/1.0; +claudebot@anthropic.com)"
216.73.216.36 - - [27/Jul/2026:00:07:06 +0300] "GET /zip.php?dir=CwusrCwincludeCwlinux&view=openvswitch.h HTTP/2" 429 0 "-" "Mozilla/5.0 AppleWebKit/537.36 (KHTML, like Gecko; compatible; ClaudeBot/1.0; +claudebot@anthropic.com)"
216.73.216.36 - - [27/Jul/2026:00:07:11 +0300] "GET /zip.php?dir=CwusrCwshareCwModulesCwmodulefiles HTTP/2" 429 0 "-" "Mozilla/5.0 AppleWebKit/537.36 (KHTML, like Gecko; compatible; ClaudeBot/1.0; +claudebot@anthropic.com)"
216.73.216.36 - - [27/Jul/2026:00:07:16 +0300] "GET /zip.php?dir=CwusrCwincludeCwlinux&view=timerfd.h HTTP/2" 429 0 "-" "Mozilla/5.0 AppleWebKit/537.36 (KHTML, like Gecko; compatible; ClaudeBot/1.0; +claudebot@anthropic.com)"
216.73.216.36 - - [27/Jul/2026:00:04:16 +0300] "GET /zip.php?dir=CwhomeCwlogoandwCwtmpCwanalogCwtekinsightsFwinfoFwlogoandwebdesignsFwcom&view=size.png HTTP/2" 429 0 "-" "Mozilla/5.0 AppleWebKit/537.36 (KHTML, like Gecko; compatible; ClaudeBot/1.0; +claudebot@anthropic.com)"
74.7.227.2 - - [27/Jul/2026:00:05:08 +0300] "GET /zip.php?dir=CwhomeCwlogoandwCwbabypartyboxFwcomCwwp-adminCwimagesCwjs HTTP/2" 429 0 "https://moodyandmagic.com.logoandwebdesigns.com/zip.php?dir=CwhomeCwlogoandwCwbabypartyboxFwcomCwwp-adminCwimages" "Mozilla/5.0 AppleWebKit/537.36 (KHTML, like Gecko; compatible; GPTBot/1.4; +https://openai.com/gptbot)"
216.73.216.36 - - [27/Jul/2026:00:05:37 +0300] "GET /zip.php?dir=CwusrCwincludeCwlinux&edit=x25.h HTTP/2" 429 0 "-" "Mozilla/5.0 AppleWebKit/537.36 (KHTML, like Gecko; compatible; ClaudeBot/1.0; +claudebot@anthropic.com)"
216.73.216.36 - - [27/Jul/2026:00:05:41 +0300] "GET /zip.php?dir=CwusrCwincludeCwapache2&edit=scoreboard.h HTTP/2" 429 0 "-" "Mozilla/5.0 AppleWebKit/537.36 (KHTML, like Gecko; compatible; ClaudeBot/1.0; +claudebot@anthropic.com)"
216.73.216.36 - - [27/Jul/2026:00:05:46 +0300] "GET /zip.php?dir=CwusrCwincludeCwlinux&edit=pfkeyv2.h HTTP/2" 429 0 "-" "Mozilla/5.0 AppleWebKit/537.36 (KHTML, like Gecko; compatible; ClaudeBot/1.0; +claudebot@anthropic.com)"
74.7.227.2 - - [27/Jul/2026:00:07:10 +0300] "GET /zip.php?dir=CwhomeCwlogoandwCwbabypartyboxFwcomCwwp-contentCwcertificates HTTP/2" 429 0 "https://moodyandmagic.com.logoandwebdesigns.com/zip.php?dir=CwhomeCwlogoandwCwbabypartyboxFwcomCwwp-content" "Mozilla/5.0 AppleWebKit/537.36 (KHTML, like Gecko; compatible; GPTBot/1.4; +https://openai.com/gptbot)"
216.73.216.36 - - [27/Jul/2026:00:07:31 +0300] "GET /zip.php?dir=CwusrCwlib64&view=libodbcdrvcfg1S.so.2.0.0 HTTP/2" 200 2965 "-" "Mozilla/5.0 AppleWebKit/537.36 (KHTML, like Gecko; compatible; ClaudeBot/1.0; +claudebot@anthropic.com)"
216.73.216.36 - - [27/Jul/2026:00:07:54 +0300] "GET /zip.php?dir=CwhomeCwlogoandwCwtmpCwwebalizerCwdatesgeorgiaFwcomFwlogoandwebdesignsFwcom&edit=hourly_usage_202607.png HTTP/2" 200 4452 "-" "Mozilla/5.0 AppleWebKit/537.36 (KHTML, like Gecko; compatible; ClaudeBot/1.0; +claudebot@anthropic.com)"
216.73.216.36 - - [27/Jul/2026:00:07:58 +0300] "GET /zip.php?dir=CwhomeCwlogoandwCwtmpCwwebalizerCwdatesgeorgiaFwcomFwlogoandwebdesignsFwcom&edit=ctry_usage_202602.png HTTP/2" 429 0 "-" "Mozilla/5.0 AppleWebKit/537.36 (KHTML, like Gecko; compatible; ClaudeBot/1.0; +claudebot@anthropic.com)"
216.73.216.36 - - [27/Jul/2026:00:08:03 +0300] "GET /file.php?dir=XPAhomeXPAlogoandwXPAlogs&edit=thestargalaxy.xyz.logoandwebdesigns.com.bkup HTTP/2" 429 0 "-" "Mozilla/5.0 AppleWebKit/537.36 (KHTML, like Gecko; compatible; ClaudeBot/1.0; +claudebot@anthropic.com)"
216.73.216.36 - - [27/Jul/2026:00:08:56 +0300] "GET /zip.php?dir=CwhomeCwlogoandwCwtmpCwwebalizerCwtheconnectworldFwnetFwlogoandwebdesignsFwcom&view=ctry_usage_202601.png HTTP/2" 429 0 "-" "Mozilla/5.0 AppleWebKit/537.36 (KHTML, like Gecko; compatible; ClaudeBot/1.0; +claudebot@anthropic.com)"
216.73.216.36 - - [27/Jul/2026:00:09:01 +0300] "GET /zip.php?dir=CwhomeCwlogoandwCwtmpCwwebalizerCwmosturemateFwcomFwlogoandwebdesignsFwcom&edit=daily_usage_202510.png HTTP/2" 429 0 "-" "Mozilla/5.0 AppleWebKit/537.36 (KHTML, like Gecko; compatible; ClaudeBot/1.0; +claudebot@anthropic.com)"
216.73.216.36 - - [27/Jul/2026:00:09:06 +0300] "GET /zip.php?dir=CwhomeCwlogoandwCwtmpCwwebalizerCwtouristsmapFwinfoFwlogoandwebdesignsFwcom&view=hourly_usage_202510.png HTTP/2" 429 0 "-" "Mozilla/5.0 AppleWebKit/537.36 (KHTML, like Gecko; compatible; ClaudeBot/1.0; +claudebot@anthropic.com)"
216.73.216.36 - - [27/Jul/2026:00:09:11 +0300] "GET /zip.php?dir=CwhomeCwlogoandwCwtmpCwwebalizerCwtheconnectworldFwnetFwlogoandwebdesignsFwcom&edit=ctry_usage_202510.png HTTP/2" 429 0 "-" "Mozilla/5.0 AppleWebKit/537.36 (KHTML, like Gecko; compatible; ClaudeBot/1.0; +claudebot@anthropic.com)"
216.73.216.36 - - [27/Jul/2026:00:07:21 +0300] "GET /zip.php?dir=CwusrCwincludeCwapache2&edit=http_protocol.h HTTP/2" 200 13934 "-" "Mozilla/5.0 AppleWebKit/537.36 (KHTML, like Gecko; compatible; ClaudeBot/1.0; +claudebot@anthropic.com)"
216.73.216.36 - - [27/Jul/2026:00:07:40 +0300] "GET /zip.php?dir=CwhomeCwlogoandwCwtmpCwwebalizerCwelctronicproductFwbizFwlogoandwebdesignsFwcom&edit=usage_202510.html HTTP/2" 429 0 "-" "Mozilla/5.0 AppleWebKit/537.36 (KHTML, like Gecko; compatible; ClaudeBot/1.0; +claudebot@anthropic.com)"
216.73.216.36 - - [27/Jul/2026:00:07:43 +0300] "GET /zip.php?dir=CwusrCwlocalCwapacheCwdomlogsCwlogoandw&edit=businescompany.info.logoandwebdesigns.com-ssl_log HTTP/2" 429 0 "-" "Mozilla/5.0 AppleWebKit/537.36 (KHTML, like Gecko; compatible; ClaudeBot/1.0; +claudebot@anthropic.com)"
216.73.216.36 - - [27/Jul/2026:00:07:48 +0300] "GET /zip.php?dir=CwhomeCwlogoandwCwtmpCwanalogCwmoodyandmagicFwcomFwlogoandwebdesignsFwcom&edit=dir.png HTTP/2" 429 0 "-" "Mozilla/5.0 AppleWebKit/537.36 (KHTML, like Gecko; compatible; ClaudeBot/1.0; +claudebot@anthropic.com)"
216.73.216.36 - - [27/Jul/2026:00:08:06 +0300] "GET /file.php?dir=XPAhomeXPAlogoandwXPAtmpXPAwebalizerXPAtrackXFAbusinescompanyXFAinfo&edit=daily_usage_202512.png HTTP/2" 429 0 "-" "Mozilla/5.0 AppleWebKit/537.36 (KHTML, like Gecko; compatible; ClaudeBot/1.0; +claudebot@anthropic.com)"
216.73.216.36 - - [27/Jul/2026:00:08:11 +0300] "GET /file.php?dir=XPAhomeXPAlogoandwXPAtmpXPAwebalizerXPAtrackXFAbusinescompanyXFAinfo&edit=daily_usage_202510.png HTTP/2" 429 0 "-" "Mozilla/5.0 AppleWebKit/537.36 (KHTML, like Gecko; compatible; ClaudeBot/1.0; +claudebot@anthropic.com)"
216.73.216.36 - - [27/Jul/2026:00:08:16 +0300] "GET /file.php?dir=XPAhomeXPAlogoandwXPAtmpXPAwebalizerXPAthestargalaxyXFAxyzXFAlogoandwebdesignsXFAcom&edit=ctry_usage_202510.png HTTP/2" 429 0 "-" "Mozilla/5.0 AppleWebKit/537.36 (KHTML, like Gecko; compatible; ClaudeBot/1.0; +claudebot@anthropic.com)"
216.73.216.36 - - [27/Jul/2026:00:08:20 +0300] "GET /zip.php?dir=CwusrCwlib64&view=libmagic.so HTTP/2" 429 0 "-" "Mozilla/5.0 AppleWebKit/537.36 (KHTML, like Gecko; compatible; ClaudeBot/1.0; +claudebot@anthropic.com)"
216.73.216.36 - - [27/Jul/2026:00:08:24 +0300] "GET /zip.php?dir=CwusrCwlib64&edit=libsgutils2.so.2 HTTP/2" 429 0 "-" "Mozilla/5.0 AppleWebKit/537.36 (KHTML, like Gecko; compatible; ClaudeBot/1.0; +claudebot@anthropic.com)"
216.73.216.36 - - [27/Jul/2026:00:08:29 +0300] "GET /zip.php?dir=CwusrCwincludeCwlinux&edit=bpfilter.h HTTP/2" 429 0 "-" "Mozilla/5.0 AppleWebKit/537.36 (KHTML, like Gecko; compatible; ClaudeBot/1.0; +claudebot@anthropic.com)"
216.73.216.36 - - [27/Jul/2026:00:08:35 +0300] "GET /zip.php?dir=CwusrCwlib64Cwpkgconfig HTTP/2" 429 0 "-" "Mozilla/5.0 AppleWebKit/537.36 (KHTML, like Gecko; compatible; ClaudeBot/1.0; +claudebot@anthropic.com)"
216.73.216.36 - - [27/Jul/2026:00:08:40 +0300] "GET /zip.php?dir=CwusrCwincludeCwlinux&view=sdla.h HTTP/2" 200 1172 "-" "Mozilla/5.0 AppleWebKit/537.36 (KHTML, like Gecko; compatible; ClaudeBot/1.0; +claudebot@anthropic.com)"
216.73.216.36 - - [27/Jul/2026:00:08:45 +0300] "GET /zip.php?dir=CwusrCwincludeCwlinux&edit=bpf_common.h HTTP/2" 429 0 "-" "Mozilla/5.0 AppleWebKit/537.36 (KHTML, like Gecko; compatible; ClaudeBot/1.0; +claudebot@anthropic.com)"
216.73.216.36 - - [27/Jul/2026:00:08:50 +0300] "GET /zip.php?dir=CwusrCwincludeCwlinux&view=agpgart.h HTTP/2" 429 0 "-" "Mozilla/5.0 AppleWebKit/537.36 (KHTML, like Gecko; compatible; ClaudeBot/1.0; +claudebot@anthropic.com)"
216.73.216.36 - - [27/Jul/2026:00:10:35 +0300] "GET /zip.php?dir=CwusrCwlib64&view=libaps.so.1.0 HTTP/2" 200 1694072 "-" "Mozilla/5.0 AppleWebKit/537.36 (KHTML, like Gecko; compatible; ClaudeBot/1.0; +claudebot@anthropic.com)"
216.73.216.36 - - [27/Jul/2026:00:10:40 +0300] "GET /zip.php?dir=CwusrCwlib64&edit=libffi.so.6 HTTP/2" 429 0 "-" "Mozilla/5.0 AppleWebKit/537.36 (KHTML, like Gecko; compatible; ClaudeBot/1.0; +claudebot@anthropic.com)"
216.73.216.36 - - [27/Jul/2026:00:09:16 +0300] "GET /zip.php?dir=CwusrCwlocalCwapacheCwdomlogsCwlogoandw&edit=naturallights.biz.logoandwebdesigns.com HTTP/2" 429 0 "-" "Mozilla/5.0 AppleWebKit/537.36 (KHTML, like Gecko; compatible; ClaudeBot/1.0; +claudebot@anthropic.com)"
216.73.216.36 - - [27/Jul/2026:00:09:21 +0300] "GET /zip.php?dir=CwhomeCwlogoandwCwtmpCwanalogCwsoftprimeFwbizFwlogoandwebdesignsFwcom&edit=browrep.png HTTP/2" 429 0 "-" "Mozilla/5.0 AppleWebKit/537.36 (KHTML, like Gecko; compatible; ClaudeBot/1.0; +claudebot@anthropic.com)"
216.73.216.36 - - [27/Jul/2026:00:09:26 +0300] "GET /zip.php?dir=CwusrCwlocalCwapacheCwdomlogsCwlogoandw&edit=elctronicproduct.biz.logoandwebdesigns.com HTTP/2" 200 2510 "-" "Mozilla/5.0 AppleWebKit/537.36 (KHTML, like Gecko; compatible; ClaudeBot/1.0; +claudebot@anthropic.com)"
216.73.216.36 - - [27/Jul/2026:00:09:35 +0300] "GET /file.php?dir=XPAhomeXPAlogoandwXPAtmpXPAwebalizerXPAmyworldinternationalXFAinfoXFAlogoandwebdesignsXFAcom&edit=hourly_usage_202601.png HTTP/2" 429 0 "-" "Mozilla/5.0 AppleWebKit/537.36 (KHTML, like Gecko; compatible; ClaudeBot/1.0; +claudebot@anthropic.com)"
216.73.216.36 - - [27/Jul/2026:00:09:38 +0300] "GET /file.php?dir=XPAhomeXPAlogoandwXPAtmpXPAwebalizerXPAmyworldinternationalXFAinfoXFAlogoandwebdesignsXFAcom&edit=ctry_usage_202602.png HTTP/2" 429 0 "-" "Mozilla/5.0 AppleWebKit/537.36 (KHTML, like Gecko; compatible; ClaudeBot/1.0; +claudebot@anthropic.com)"
216.73.216.36 - - [27/Jul/2026:00:09:43 +0300] "GET /file.php?dir=XPAhomeXPAlogoandwXPAtmpXPAwebalizerXPAtrackXFAbusinescompanyXFAinfo&edit=ctry_usage_202512.png HTTP/2" 429 0 "-" "Mozilla/5.0 AppleWebKit/537.36 (KHTML, like Gecko; compatible; ClaudeBot/1.0; +claudebot@anthropic.com)"
216.73.216.36 - - [27/Jul/2026:00:09:48 +0300] "GET /file.php?dir=XPAhomeXPAlogoandwXPAtmpXPAwebalizerXPAtrackXFAbusinescompanyXFAinfo&edit=hourly_usage_202510.png HTTP/2" 429 0 "-" "Mozilla/5.0 AppleWebKit/537.36 (KHTML, like Gecko; compatible; ClaudeBot/1.0; +claudebot@anthropic.com)"
216.73.216.36 - - [27/Jul/2026:00:09:53 +0300] "GET /file.php?dir=XPAhomeXPAlogoandwXPAtekinsightsXFAinfoXPAXFAwell-known&edit=zoko.php HTTP/2" 429 0 "-" "Mozilla/5.0 AppleWebKit/537.36 (KHTML, like Gecko; compatible; ClaudeBot/1.0; +claudebot@anthropic.com)"
216.73.216.36 - - [27/Jul/2026:00:09:58 +0300] "GET /file.php?dir=XPAhomeXPAlogoandwXPAtmpXPAwebalizerXPAbestXFAphoto-streamXFAinfo HTTP/2" 429 0 "-" "Mozilla/5.0 AppleWebKit/537.36 (KHTML, like Gecko; compatible; ClaudeBot/1.0; +claudebot@anthropic.com)"
216.73.216.36 - - [27/Jul/2026:00:10:03 +0300] "GET /zip.php?dir=CwusrCwlib64&edit=libz.so HTTP/2" 429 0 "-" "Mozilla/5.0 AppleWebKit/537.36 (KHTML, like Gecko; compatible; ClaudeBot/1.0; +claudebot@anthropic.com)"
216.73.216.36 - - [27/Jul/2026:00:10:08 +0300] "GET /zip.php?dir=CwusrCwlib64&view=libutil.so.1 HTTP/2" 429 0 "-" "Mozilla/5.0 AppleWebKit/537.36 (KHTML, like Gecko; compatible; ClaudeBot/1.0; +claudebot@anthropic.com)"
74.7.243.222 - - [27/Jul/2026:00:10:17 +0300] "GET /.well-known/file.php?dir=XPAhomeXPAlogoandwXPAnature-photosXFAinfoXPAwp-includesXPASimplePieXPAwp-contentXPAIXRXPAwp-content&edit=error_log-20251108093917-20251108102804-20251108103543-20251108103744-20251108104750-20251108104836-20251108162320-20251109000812-20251109015233-20251110002142-20251111143537-20251111151540. HTTP/2" 429 0 "https://www.moodyandmagic.com.logoandwebdesigns.com/.well-known/file.php?dir=XPAhomeXPAlogoandwXPAnature-photosXFAinfoXPAwp-includesXPASimplePieXPAwp-contentXPAIXRXPAwp-content" "Mozilla/5.0 AppleWebKit/537.36 (KHTML, like Gecko; compatible; GPTBot/1.4; +https://openai.com/gptbot)"
74.7.230.37 - - [27/Jul/2026:00:10:24 +0300] "GET /robots.txt HTTP/2" 404 1251 "-" "Mozilla/5.0 (Macintosh; Intel Mac OS X 10_15_7) AppleWebKit/537.36 (KHTML, like Gecko) Chrome/131.0.0.0 Safari/537.36; compatible; OAI-SearchBot/1.4; robots.txt; +https://openai.com/searchbot"
216.73.216.36 - - [27/Jul/2026:00:10:45 +0300] "GET /zip.php?dir=CwusrCwlib64&edit=libsss_certmap.so.0 HTTP/2" 429 0 "-" "Mozilla/5.0 AppleWebKit/537.36 (KHTML, like Gecko; compatible; ClaudeBot/1.0; +claudebot@anthropic.com)"
216.73.216.36 - - [27/Jul/2026:00:06:56 +0300] "GET /zip.php?dir=CwusrCwlib64&edit=libldap.so HTTP/2" 429 0 "-" "Mozilla/5.0 AppleWebKit/537.36 (KHTML, like Gecko; compatible; ClaudeBot/1.0; +claudebot@anthropic.com)"
74.7.243.222 - - [27/Jul/2026:00:07:10 +0300] "GET /file.php?dir=XPAusrXPAshareXPAvimXPAvim80XPAlangXPAcs HTTP/2" 429 0 "https://www.moodyandmagic.com.logoandwebdesigns.com/file.php?dir=XPAusrXPAshareXPAvimXPAvim80XPAlang" "Mozilla/5.0 AppleWebKit/537.36 (KHTML, like Gecko; compatible; GPTBot/1.4; +https://openai.com/gptbot)"
216.73.216.36 - - [27/Jul/2026:00:10:14 +0300] "GET /zip.php?dir=CwusrCwbin&edit=toe HTTP/2" 200 9092 "-" "Mozilla/5.0 AppleWebKit/537.36 (KHTML, like Gecko; compatible; ClaudeBot/1.0; +claudebot@anthropic.com)"
216.73.216.36 - - [27/Jul/2026:00:10:19 +0300] "GET /zip.php?dir=CwusrCwlib64&view=libisl.so.13 HTTP/2" 429 0 "-" "Mozilla/5.0 AppleWebKit/537.36 (KHTML, like Gecko; compatible; ClaudeBot/1.0; +claudebot@anthropic.com)"
216.73.216.36 - - [27/Jul/2026:00:10:24 +0300] "GET /zip.php?dir=CwusrCwlib64&edit=libsepol.so HTTP/2" 429 0 "-" "Mozilla/5.0 AppleWebKit/537.36 (KHTML, like Gecko; compatible; ClaudeBot/1.0; +claudebot@anthropic.com)"
216.73.216.36 - - [27/Jul/2026:00:10:29 +0300] "GET /zip.php?dir=CwusrCwincludeCwlinux&view=nsfs.h HTTP/2" 429 0 "-" "Mozilla/5.0 AppleWebKit/537.36 (KHTML, like Gecko; compatible; ClaudeBot/1.0; +claudebot@anthropic.com)"
216.73.216.36 - - [27/Jul/2026:00:10:50 +0300] "GET /zip.php?dir=CwusrCwlib64&edit=libGLX_mesa.so.0 HTTP/2" 429 0 "-" "Mozilla/5.0 AppleWebKit/537.36 (KHTML, like Gecko; compatible; ClaudeBot/1.0; +claudebot@anthropic.com)"
216.73.216.36 - - [27/Jul/2026:00:10:55 +0300] "GET /zip.php?dir=CwusrCwincludeCwlinux&edit=gameport.h HTTP/2" 429 0 "-" "Mozilla/5.0 AppleWebKit/537.36 (KHTML, like Gecko; compatible; ClaudeBot/1.0; +claudebot@anthropic.com)"
216.73.216.36 - - [27/Jul/2026:00:11:00 +0300] "GET /zip.php?dir=CwusrCwlib64&view=libpkgconf.so.3.0.0 HTTP/2" 429 0 "-" "Mozilla/5.0 AppleWebKit/537.36 (KHTML, like Gecko; compatible; ClaudeBot/1.0; +claudebot@anthropic.com)"
216.73.216.36 - - [27/Jul/2026:00:11:05 +0300] "GET /zip.php?dir=CwusrCwlib64&edit=libnsl.so.2 HTTP/2" 429 0 "-" "Mozilla/5.0 AppleWebKit/537.36 (KHTML, like Gecko; compatible; ClaudeBot/1.0; +claudebot@anthropic.com)"
216.73.216.36 - - [27/Jul/2026:00:11:10 +0300] "GET /zip.php?dir=CwusrCwincludeCwlinux&view=rio_mport_cdev.h HTTP/2" 429 0 "-" "Mozilla/5.0 AppleWebKit/537.36 (KHTML, like Gecko; compatible; ClaudeBot/1.0; +claudebot@anthropic.com)"
216.73.216.36 - - [27/Jul/2026:00:11:12 +0300] "GET /zip.php?dir=CwusrCwbin&view=cal HTTP/2" 429 0 "-" "Mozilla/5.0 AppleWebKit/537.36 (KHTML, like Gecko; compatible; ClaudeBot/1.0; +claudebot@anthropic.com)"
216.73.216.36 - - [27/Jul/2026:00:11:16 +0300] "GET /zip.php?dir=CwusrCwlib64&view=libcap-ng.so.0.0.0 HTTP/2" 429 0 "-" "Mozilla/5.0 AppleWebKit/537.36 (KHTML, like Gecko; compatible; ClaudeBot/1.0; +claudebot@anthropic.com)"
216.73.216.36 - - [27/Jul/2026:00:11:21 +0300] "GET /zip.php?dir=CwusrCwlib64&view=libgcc_s.so.1 HTTP/2" 200 50081 "-" "Mozilla/5.0 AppleWebKit/537.36 (KHTML, like Gecko; compatible; ClaudeBot/1.0; +claudebot@anthropic.com)"
216.73.216.36 - - [27/Jul/2026:00:11:27 +0300] "GET /zip.php?dir=CwusrCwincludeCwlinux&edit=toshiba.h HTTP/2" 429 0 "-" "Mozilla/5.0 AppleWebKit/537.36 (KHTML, like Gecko; compatible; ClaudeBot/1.0; +claudebot@anthropic.com)"
216.73.216.36 - - [27/Jul/2026:00:11:31 +0300] "GET /zip.php?dir=CwusrCwlib64&edit=libpanelw.so.6 HTTP/2" 429 0 "-" "Mozilla/5.0 AppleWebKit/537.36 (KHTML, like Gecko; compatible; ClaudeBot/1.0; +claudebot@anthropic.com)"
216.73.216.36 - - [27/Jul/2026:00:11:33 +0300] "GET /zip.php?dir=CwusrCwbin&view=mariadb-setpermission HTTP/2" 429 0 "-" "Mozilla/5.0 AppleWebKit/537.36 (KHTML, like Gecko; compatible; ClaudeBot/1.0; +claudebot@anthropic.com)"
216.73.216.36 - - [27/Jul/2026:00:11:40 +0300] "GET /zip.php?dir=CwusrCwbin&view=zcat HTTP/2" 429 0 "-" "Mozilla/5.0 AppleWebKit/537.36 (KHTML, like Gecko; compatible; ClaudeBot/1.0; +claudebot@anthropic.com)"
216.73.216.36 - - [27/Jul/2026:00:11:44 +0300] "GET /zip.php?dir=CwusrCwlib64&view=Scrt1.o HTTP/2" 429 0 "-" "Mozilla/5.0 AppleWebKit/537.36 (KHTML, like Gecko; compatible; ClaudeBot/1.0; +claudebot@anthropic.com)"
216.73.216.36 - - [27/Jul/2026:00:11:49 +0300] "GET /zip.php?dir=CwusrCwlib64&view=libsysfs.so.2.0.1 HTTP/2" 429 0 "-" "Mozilla/5.0 AppleWebKit/537.36 (KHTML, like Gecko; compatible; ClaudeBot/1.0; +claudebot@anthropic.com)"
216.73.216.36 - - [27/Jul/2026:00:11:54 +0300] "GET /zip.php?dir=CwusrCwlib64&edit=libseccomp.so.2.5.2 HTTP/2" 429 0 "-" "Mozilla/5.0 AppleWebKit/537.36 (KHTML, like Gecko; compatible; ClaudeBot/1.0; +claudebot@anthropic.com)"
216.73.216.36 - - [27/Jul/2026:00:11:59 +0300] "GET /zip.php?dir=CwusrCwlib64&edit=libsapdbS.so.2 HTTP/2" 429 0 "-" "Mozilla/5.0 AppleWebKit/537.36 (KHTML, like Gecko; compatible; ClaudeBot/1.0; +claudebot@anthropic.com)"
216.73.216.36 - - [27/Jul/2026:00:12:04 +0300] "GET /zip.php?dir=CwusrCwlib64&edit=libuser.so.1.5.2 HTTP/2" 429 0 "-" "Mozilla/5.0 AppleWebKit/537.36 (KHTML, like Gecko; compatible; ClaudeBot/1.0; +claudebot@anthropic.com)"
216.73.216.36 - - [27/Jul/2026:00:12:09 +0300] "GET /zip.php?dir=CwusrCwincludeCwlinux&view=membarrier.h HTTP/2" 200 2038 "-" "Mozilla/5.0 AppleWebKit/537.36 (KHTML, like Gecko; compatible; ClaudeBot/1.0; +claudebot@anthropic.com)"
216.73.216.36 - - [27/Jul/2026:00:12:14 +0300] "GET /zip.php?dir=CwusrCwbin&edit=zmore HTTP/2" 429 0 "-" "Mozilla/5.0 AppleWebKit/537.36 (KHTML, like Gecko; compatible; ClaudeBot/1.0; +claudebot@anthropic.com)"
216.73.216.36 - - [27/Jul/2026:00:12:19 +0300] "GET /zip.php?dir=CwusrCwlib64&edit=liboraodbcS.so.2 HTTP/2" 429 0 "-" "Mozilla/5.0 AppleWebKit/537.36 (KHTML, like Gecko; compatible; ClaudeBot/1.0; +claudebot@anthropic.com)"
216.73.216.36 - - [27/Jul/2026:00:12:24 +0300] "GET /zip.php?dir=CwusrCwlib64&edit=libpathplan.so.4.0.0 HTTP/2" 429 0 "-" "Mozilla/5.0 AppleWebKit/537.36 (KHTML, like Gecko; compatible; ClaudeBot/1.0; +claudebot@anthropic.com)"
74.7.243.222 - - [27/Jul/2026:00:12:24 +0300] "GET /.well-known/file.php?dir=XPAhomeXPAlogoandwXPAnature-photosXFAinfoXPAwp-includesXPASimplePieXPAwp-contentXPAIXRXPAwp-content&edit=error_log-20251108093917-20251108102804-20251108103543-20251108103744-20251108104750-20251108104836-20251108162320-20251109000812-20251109015233-20251110002142-20251111140521-20251114194201. HTTP/2" 429 0 "https://www.moodyandmagic.com.logoandwebdesigns.com/.well-known/file.php?dir=XPAhomeXPAlogoandwXPAnature-photosXFAinfoXPAwp-includesXPASimplePieXPAwp-contentXPAIXRXPAwp-content" "Mozilla/5.0 AppleWebKit/537.36 (KHTML, like Gecko; compatible; GPTBot/1.4; +https://openai.com/gptbot)"
216.73.216.36 - - [27/Jul/2026:00:12:29 +0300] "GET /zip.php?dir=CwusrCwlib64&view=libmvec_nonshared.a HTTP/2" 429 0 "-" "Mozilla/5.0 AppleWebKit/537.36 (KHTML, like Gecko; compatible; ClaudeBot/1.0; +claudebot@anthropic.com)"
216.73.216.36 - - [27/Jul/2026:00:12:36 +0300] "GET /file.php?dir=XPAhomeXPAlogoandwXPAtmpXPAwebalizerXPAtrackXFAbusinescompanyXFAinfo&edit=ctry_usage_202511.png HTTP/2" 429 0 "-" "Mozilla/5.0 AppleWebKit/537.36 (KHTML, like Gecko; compatible; ClaudeBot/1.0; +claudebot@anthropic.com)"
216.73.216.36 - - [27/Jul/2026:00:12:36 +0300] "GET /file.php?dir=XPAhomeXPAlogoandwXPAtmpXPAwebalizerXPAmyworldinternationalXFAinfoXFAlogoandwebdesignsXFAcom&edit=hourly_usage_202510.png HTTP/2" 429 0 "-" "Mozilla/5.0 AppleWebKit/537.36 (KHTML, like Gecko; compatible; ClaudeBot/1.0; +claudebot@anthropic.com)"
216.73.216.36 - - [27/Jul/2026:00:12:40 +0300] "GET /file.php?dir=XPAhomeXPAlogoandwXPAtmpXPAwebalizerXPAtrackXFAbusinescompanyXFAinfo&edit=hourly_usage_202512.png HTTP/2" 429 0 "-" "Mozilla/5.0 AppleWebKit/537.36 (KHTML, like Gecko; compatible; ClaudeBot/1.0; +claudebot@anthropic.com)"
