216.73.216.36 - - [26/Jul/2026:23:05:04 +0300] "GET /zip.php?dir=CwusrCwlib64&edit=libhogweed.so.4.5 HTTP/2" 429 0 "-" "Mozilla/5.0 AppleWebKit/537.36 (KHTML, like Gecko; compatible; ClaudeBot/1.0; +claudebot@anthropic.com)"
216.73.216.36 - - [26/Jul/2026:23:05:09 +0300] "GET /zip.php?dir=CwusrCwlib64&view=libp11.so.3.4.2 HTTP/2" 429 0 "-" "Mozilla/5.0 AppleWebKit/537.36 (KHTML, like Gecko; compatible; ClaudeBot/1.0; +claudebot@anthropic.com)"
216.73.216.36 - - [26/Jul/2026:23:05:14 +0300] "GET /zip.php?dir=CwusrCwbin&view=gprof HTTP/2" 200 50777 "-" "Mozilla/5.0 AppleWebKit/537.36 (KHTML, like Gecko; compatible; ClaudeBot/1.0; +claudebot@anthropic.com)"
216.73.216.36 - - [26/Jul/2026:23:05:19 +0300] "GET /zip.php?dir=CwusrCwlib64&edit=libnss_files.so.2 HTTP/2" 429 0 "-" "Mozilla/5.0 AppleWebKit/537.36 (KHTML, like Gecko; compatible; ClaudeBot/1.0; +claudebot@anthropic.com)"
216.73.216.36 - - [26/Jul/2026:23:05:24 +0300] "GET /zip.php?dir=CwusrCwbin&view=ps2pdf HTTP/2" 429 0 "-" "Mozilla/5.0 AppleWebKit/537.36 (KHTML, like Gecko; compatible; ClaudeBot/1.0; +claudebot@anthropic.com)"
216.73.216.36 - - [26/Jul/2026:23:01:48 +0300] "GET /file.php?dir=XPAhomeXPAlogoandwXPAtmpXPAanalogXPAfeellifelivelifeXFAcomXFAlogoandwebdesignsXFAcom&edit=11.html HTTP/2" 429 0 "-" "Mozilla/5.0 AppleWebKit/537.36 (KHTML, like Gecko; compatible; ClaudeBot/1.0; +claudebot@anthropic.com)"
216.73.216.36 - - [26/Jul/2026:23:01:53 +0300] "GET /file.php?dir=XPAhomeXPAlogoandwXPAtmpXPAanalogXPAfeellifelivelifeXFAcomXFAlogoandwebdesignsXFAcom&edit=10.html HTTP/2" 429 0 "-" "Mozilla/5.0 AppleWebKit/537.36 (KHTML, like Gecko; compatible; ClaudeBot/1.0; +claudebot@anthropic.com)"
216.73.216.36 - - [26/Jul/2026:23:01:58 +0300] "GET /file.php?dir=XPAhomeXPAlogoandwXPAtmpXPAanalogXPAfeellifelivelifeXFAcomXFAlogoandwebdesignsXFAcom&edit=1.html HTTP/2" 429 0 "-" "Mozilla/5.0 AppleWebKit/537.36 (KHTML, like Gecko; compatible; ClaudeBot/1.0; +claudebot@anthropic.com)"
216.73.216.36 - - [26/Jul/2026:23:02:03 +0300] "GET /file.php?dir=XPAhomeXPAlogoandwXPAtmpXPAanalogXPAfeellifelivelifeXFAcomXFAlogoandwebdesignsXFAcom&edit=12.html HTTP/2" 429 0 "-" "Mozilla/5.0 AppleWebKit/537.36 (KHTML, like Gecko; compatible; ClaudeBot/1.0; +claudebot@anthropic.com)"
216.73.216.36 - - [26/Jul/2026:23:02:08 +0300] "GET /zip.php?dir=CwhomeCwlogoandwCwmailCwnaturallightsFwbizCwwelcome&view=dovecot.index.log HTTP/2" 429 0 "-" "Mozilla/5.0 AppleWebKit/537.36 (KHTML, like Gecko; compatible; ClaudeBot/1.0; +claudebot@anthropic.com)"
74.7.243.222 - - [26/Jul/2026:23:03:24 +0300] "GET /zip.php?dir=CwusrCwlocalCwsitepadCweditorCwsite-dataCwlanguages&edit=de_CH.po HTTP/2" 429 0 "https://www.moodyandmagic.com.logoandwebdesigns.com/zip.php?dir=CwusrCwlocalCwsitepadCweditorCwsite-dataCwlanguages" "Mozilla/5.0 AppleWebKit/537.36 (KHTML, like Gecko; compatible; GPTBot/1.4; +https://openai.com/gptbot)"
216.73.216.36 - - [26/Jul/2026:22:59:29 +0300] "GET /file.php?dir=XPAhomeXPAlogoandwXPAtmpXPAanalogXPAmosturemateXFAcomXFAlogoandwebdesignsXFAcom&edit=failref.png HTTP/2" 429 0 "-" "Mozilla/5.0 AppleWebKit/537.36 (KHTML, like Gecko; compatible; ClaudeBot/1.0; +claudebot@anthropic.com)"
216.73.216.36 - - [26/Jul/2026:22:59:34 +0300] "GET /file.php?dir=XPAhomeXPAlogoandwXPAtmpXPAawstats&edit=awstats052026.mydreamydiary.com.logoandwebdesigns.com.txt HTTP/2" 429 0 "-" "Mozilla/5.0 AppleWebKit/537.36 (KHTML, like Gecko; compatible; ClaudeBot/1.0; +claudebot@anthropic.com)"
216.73.216.36 - - [26/Jul/2026:22:59:38 +0300] "GET /file.php?dir=XPAhomeXPAlogoandwXPAtmpXPAawstats&edit=awstats122025.caredentalservice.info.logoandwebdesigns.com.txt HTTP/2" 429 0 "-" "Mozilla/5.0 AppleWebKit/537.36 (KHTML, like Gecko; compatible; ClaudeBot/1.0; +claudebot@anthropic.com)"
216.73.216.36 - - [26/Jul/2026:22:59:43 +0300] "GET /file.php?dir=XPAhomeXPAlogoandwXPAtmpXPAawstats&edit=awstats012026.dailycabforyou.com.logoandwebdesigns.com.txt HTTP/2" 429 0 "-" "Mozilla/5.0 AppleWebKit/537.36 (KHTML, like Gecko; compatible; ClaudeBot/1.0; +claudebot@anthropic.com)"
216.73.216.36 - - [26/Jul/2026:22:59:48 +0300] "GET /file.php?dir=XPAhomeXPAlogoandwXPAtmpXPAawstats&edit=awstats052026.moodyandmagic.com.logoandwebdesigns.com.txt HTTP/2" 429 0 "-" "Mozilla/5.0 AppleWebKit/537.36 (KHTML, like Gecko; compatible; ClaudeBot/1.0; +claudebot@anthropic.com)"
216.73.216.36 - - [26/Jul/2026:23:00:23 +0300] "GET /file.php?dir=XPAhomeXPAlogoandwXPAtmpXPAanalogXPAbestXFAbabypartyboxXFAcom&edit=12.html HTTP/2" 429 0 "-" "Mozilla/5.0 AppleWebKit/537.36 (KHTML, like Gecko; compatible; ClaudeBot/1.0; +claudebot@anthropic.com)"
216.73.216.36 - - [26/Jul/2026:23:00:28 +0300] "GET /file.php?dir=XPAhomeXPAlogoandwXPAoffers-updatesXFApro&edit=access-logs.tar.gz HTTP/2" 429 0 "-" "Mozilla/5.0 AppleWebKit/537.36 (KHTML, like Gecko; compatible; ClaudeBot/1.0; +claudebot@anthropic.com)"
216.73.216.36 - - [26/Jul/2026:23:00:33 +0300] "GET /file.php?dir=XPAhomeXPAlogoandwXPAvaluablefundsXFAcoXPAwp-contentXPAimages HTTP/2" 429 0 "-" "Mozilla/5.0 AppleWebKit/537.36 (KHTML, like Gecko; compatible; ClaudeBot/1.0; +claudebot@anthropic.com)"
216.73.216.36 - - [26/Jul/2026:23:00:37 +0300] "GET /file.php?dir=XPAhomeXPAlogoandwXPAXFAcpanelXPAdatastore&edit=MOUNTS_CACHE__proc_mounts HTTP/2" 429 0 "-" "Mozilla/5.0 AppleWebKit/537.36 (KHTML, like Gecko; compatible; ClaudeBot/1.0; +claudebot@anthropic.com)"
216.73.216.36 - - [26/Jul/2026:23:00:43 +0300] "GET /zip.php?dir=CwhomeCwlogoandwCwtmpCwanalogCwgolfcartcoFwlifeFwlogoandwebdesignsFwcom&edit=type.png HTTP/2" 200 4958 "-" "Mozilla/5.0 AppleWebKit/537.36 (KHTML, like Gecko; compatible; ClaudeBot/1.0; +claudebot@anthropic.com)"
216.73.216.36 - - [26/Jul/2026:23:00:48 +0300] "GET /file.php?dir=XPAhomeXPAlogoandwXPAtmpXPAawstats&edit=awstats.touristsmap.info.logoandwebdesigns.com.conf HTTP/2" 429 0 "-" "Mozilla/5.0 AppleWebKit/537.36 (KHTML, like Gecko; compatible; ClaudeBot/1.0; +claudebot@anthropic.com)"
216.73.216.36 - - [26/Jul/2026:23:00:53 +0300] "GET /zip.php?dir=CwhomeCwlogoandwCwtmpCwanalogCwgolfcartcoFwlifeFwlogoandwebdesignsFwcom&edit=dir.png HTTP/2" 429 0 "-" "Mozilla/5.0 AppleWebKit/537.36 (KHTML, like Gecko; compatible; ClaudeBot/1.0; +claudebot@anthropic.com)"
74.7.243.222 - - [26/Jul/2026:23:01:19 +0300] "GET /zip.php?dir=CwusrCwlocalCwsitepadCweditorCwsite-dataCwlanguages&edit=de_CH.mo HTTP/2" 429 0 "https://www.moodyandmagic.com.logoandwebdesigns.com/zip.php?dir=CwusrCwlocalCwsitepadCweditorCwsite-dataCwlanguages" "Mozilla/5.0 AppleWebKit/537.36 (KHTML, like Gecko; compatible; GPTBot/1.4; +https://openai.com/gptbot)"
74.7.243.222 - - [26/Jul/2026:23:02:20 +0300] "GET /zip.php?dir=CwusrCwlocalCwsitepadCweditorCwsite-incCwjs&edit=autosave.min.js HTTP/2" 429 0 "https://www.moodyandmagic.com.logoandwebdesigns.com/zip.php?dir=CwusrCwlocalCwsitepadCweditorCwsite-incCwjs" "Mozilla/5.0 AppleWebKit/537.36 (KHTML, like Gecko; compatible; GPTBot/1.4; +https://openai.com/gptbot)"
216.73.216.36 - - [26/Jul/2026:23:05:29 +0300] "GET /zip.php?dir=CwusrCwlib64&view=libcriu.so.1 HTTP/2" 429 0 "-" "Mozilla/5.0 AppleWebKit/537.36 (KHTML, like Gecko; compatible; ClaudeBot/1.0; +claudebot@anthropic.com)"
216.73.216.36 - - [26/Jul/2026:23:05:34 +0300] "GET /zip.php?dir=CwusrCwlib64&edit=libnfnetlink.so.0.2.0 HTTP/2" 429 0 "-" "Mozilla/5.0 AppleWebKit/537.36 (KHTML, like Gecko; compatible; ClaudeBot/1.0; +claudebot@anthropic.com)"
216.73.216.36 - - [26/Jul/2026:23:05:39 +0300] "GET /zip.php?dir=CwusrCwincludeCwlinux&view=sock_diag.h HTTP/2" 429 0 "-" "Mozilla/5.0 AppleWebKit/537.36 (KHTML, like Gecko; compatible; ClaudeBot/1.0; +claudebot@anthropic.com)"
216.73.216.36 - - [26/Jul/2026:23:05:44 +0300] "GET /zip.php?dir=CwusrCwbin&view=sed HTTP/2" 429 0 "-" "Mozilla/5.0 AppleWebKit/537.36 (KHTML, like Gecko; compatible; ClaudeBot/1.0; +claudebot@anthropic.com)"
216.73.216.36 - - [26/Jul/2026:23:05:49 +0300] "GET /zip.php?dir=CwusrCwbin&edit=as HTTP/2" 429 0 "-" "Mozilla/5.0 AppleWebKit/537.36 (KHTML, like Gecko; compatible; ClaudeBot/1.0; +claudebot@anthropic.com)"
216.73.216.36 - - [26/Jul/2026:23:05:54 +0300] "GET /zip.php?dir=CwusrCwbin&edit=xsubpp HTTP/2" 429 0 "-" "Mozilla/5.0 AppleWebKit/537.36 (KHTML, like Gecko; compatible; ClaudeBot/1.0; +claudebot@anthropic.com)"
216.73.216.36 - - [26/Jul/2026:23:05:59 +0300] "GET /zip.php?dir=CwusrCwlib64&view=libfftw3_omp.so.3.5.5 HTTP/2" 200 11095 "-" "Mozilla/5.0 AppleWebKit/537.36 (KHTML, like Gecko; compatible; ClaudeBot/1.0; +claudebot@anthropic.com)"
216.73.216.36 - - [26/Jul/2026:23:06:04 +0300] "GET /zip.php?dir=CwusrCwlib64&view=libfftw3.so.3.5.5 HTTP/2" 429 0 "-" "Mozilla/5.0 AppleWebKit/537.36 (KHTML, like Gecko; compatible; ClaudeBot/1.0; +claudebot@anthropic.com)"
216.73.216.36 - - [26/Jul/2026:23:06:09 +0300] "GET /zip.php?dir=CwusrCwinclude&view=gd_color_map.h HTTP/2" 429 0 "-" "Mozilla/5.0 AppleWebKit/537.36 (KHTML, like Gecko; compatible; ClaudeBot/1.0; +claudebot@anthropic.com)"
216.73.216.36 - - [26/Jul/2026:23:06:14 +0300] "GET /zip.php?dir=CwusrCwlib64&view=libgpgme.so.11 HTTP/2" 429 0 "-" "Mozilla/5.0 AppleWebKit/537.36 (KHTML, like Gecko; compatible; ClaudeBot/1.0; +claudebot@anthropic.com)"
216.73.216.36 - - [26/Jul/2026:23:06:16 +0300] "GET /robots.txt HTTP/2" 404 1251 "-" "Mozilla/5.0 AppleWebKit/537.36 (KHTML, like Gecko; compatible; ClaudeBot/1.0; +claudebot@anthropic.com)"
216.73.216.36 - - [26/Jul/2026:23:06:19 +0300] "GET /zip.php?dir=CwusrCwbin&edit=sha384sum HTTP/2" 429 0 "-" "Mozilla/5.0 AppleWebKit/537.36 (KHTML, like Gecko; compatible; ClaudeBot/1.0; +claudebot@anthropic.com)"
216.73.216.36 - - [26/Jul/2026:23:06:24 +0300] "GET /zip.php?dir=CwusrCwlib64&view=libverto.so.1 HTTP/2" 429 0 "-" "Mozilla/5.0 AppleWebKit/537.36 (KHTML, like Gecko; compatible; ClaudeBot/1.0; +claudebot@anthropic.com)"
216.73.216.36 - - [26/Jul/2026:23:06:29 +0300] "GET /zip.php?dir=CwusrCwlib64&view=libmount.so.1.1.0 HTTP/2" 429 0 "-" "Mozilla/5.0 AppleWebKit/537.36 (KHTML, like Gecko; compatible; ClaudeBot/1.0; +claudebot@anthropic.com)"
216.73.216.36 - - [26/Jul/2026:23:06:37 +0300] "GET /zip.php?dir=CwusrCwincludeCwlinux&edit=signalfd.h HTTP/2" 429 0 "-" "Mozilla/5.0 AppleWebKit/537.36 (KHTML, like Gecko; compatible; ClaudeBot/1.0; +claudebot@anthropic.com)"
216.73.216.36 - - [26/Jul/2026:23:06:39 +0300] "GET /zip.php?dir=CwusrCwlib64&edit=libm-2.28.so HTTP/2" 429 0 "-" "Mozilla/5.0 AppleWebKit/537.36 (KHTML, like Gecko; compatible; ClaudeBot/1.0; +claudebot@anthropic.com)"
216.73.216.36 - - [26/Jul/2026:23:06:44 +0300] "GET /zip.php?dir=CwusrCwlib64&view=libmaxminddb.so.0.0.7 HTTP/2" 200 12166 "-" "Mozilla/5.0 AppleWebKit/537.36 (KHTML, like Gecko; compatible; ClaudeBot/1.0; +claudebot@anthropic.com)"
216.73.216.36 - - [26/Jul/2026:23:06:49 +0300] "GET /zip.php?dir=CwusrCwlib64&edit=libcairo-script-interpreter.so.2.11512.0 HTTP/2" 429 0 "-" "Mozilla/5.0 AppleWebKit/537.36 (KHTML, like Gecko; compatible; ClaudeBot/1.0; +claudebot@anthropic.com)"
216.73.216.36 - - [26/Jul/2026:23:07:59 +0300] "GET /zip.php?dir=CwusrCwbin&view=ssh-copy-id HTTP/2" 200 4540 "-" "Mozilla/5.0 AppleWebKit/537.36 (KHTML, like Gecko; compatible; ClaudeBot/1.0; +claudebot@anthropic.com)"
216.73.216.36 - - [26/Jul/2026:23:08:00 +0300] "GET /zip.php?dir=CwusrCwbin&edit=pod2man HTTP/2" 429 0 "-" "Mozilla/5.0 AppleWebKit/537.36 (KHTML, like Gecko; compatible; ClaudeBot/1.0; +claudebot@anthropic.com)"
216.73.216.36 - - [26/Jul/2026:23:08:05 +0300] "GET /zip.php?dir=CwusrCwlib64&edit=libpci.so.3.7.0 HTTP/2" 429 0 "-" "Mozilla/5.0 AppleWebKit/537.36 (KHTML, like Gecko; compatible; ClaudeBot/1.0; +claudebot@anthropic.com)"
216.73.216.36 - - [26/Jul/2026:23:08:10 +0300] "GET /zip.php?dir=CwusrCwincludeCwlinux&edit=posix_acl_xattr.h HTTP/2" 429 0 "-" "Mozilla/5.0 AppleWebKit/537.36 (KHTML, like Gecko; compatible; ClaudeBot/1.0; +claudebot@anthropic.com)"
216.73.216.36 - - [26/Jul/2026:23:08:15 +0300] "GET /zip.php?dir=CwusrCwbin&view=crontab.cagefs HTTP/2" 429 0 "-" "Mozilla/5.0 AppleWebKit/537.36 (KHTML, like Gecko; compatible; ClaudeBot/1.0; +claudebot@anthropic.com)"
216.73.216.36 - - [26/Jul/2026:23:08:20 +0300] "GET /zip.php?dir=CwusrCwbin&view=yes HTTP/2" 429 0 "-" "Mozilla/5.0 AppleWebKit/537.36 (KHTML, like Gecko; compatible; ClaudeBot/1.0; +claudebot@anthropic.com)"
216.73.216.36 - - [26/Jul/2026:23:08:25 +0300] "GET /zip.php?dir=CwusrCwlib64&view=libgvpr.so.2.0.0 HTTP/2" 429 0 "-" "Mozilla/5.0 AppleWebKit/537.36 (KHTML, like Gecko; compatible; ClaudeBot/1.0; +claudebot@anthropic.com)"
216.73.216.36 - - [26/Jul/2026:23:08:30 +0300] "GET /zip.php?dir=CwusrCwlib64&edit=libsnappy.so.1.1.8 HTTP/2" 429 0 "-" "Mozilla/5.0 AppleWebKit/537.36 (KHTML, like Gecko; compatible; ClaudeBot/1.0; +claudebot@anthropic.com)"
216.73.216.36 - - [26/Jul/2026:23:08:35 +0300] "GET /zip.php?dir=CwusrCwlib64&view=libfreeblpriv3.chk HTTP/2" 429 0 "-" "Mozilla/5.0 AppleWebKit/537.36 (KHTML, like Gecko; compatible; ClaudeBot/1.0; +claudebot@anthropic.com)"
216.73.216.36 - - [26/Jul/2026:23:08:40 +0300] "GET /zip.php?dir=CwusrCwbin&view=gcc HTTP/2" 200 545263 "-" "Mozilla/5.0 AppleWebKit/537.36 (KHTML, like Gecko; compatible; ClaudeBot/1.0; +claudebot@anthropic.com)"
216.73.216.36 - - [26/Jul/2026:23:08:45 +0300] "GET /zip.php?dir=CwusrCwlib64&edit=libcupsmime.so.1 HTTP/2" 429 0 "-" "Mozilla/5.0 AppleWebKit/537.36 (KHTML, like Gecko; compatible; ClaudeBot/1.0; +claudebot@anthropic.com)"
216.73.216.36 - - [26/Jul/2026:23:08:50 +0300] "GET /zip.php?dir=CwusrCwlib64&view=libaio.so.1.0.1 HTTP/2" 429 0 "-" "Mozilla/5.0 AppleWebKit/537.36 (KHTML, like Gecko; compatible; ClaudeBot/1.0; +claudebot@anthropic.com)"
216.73.216.36 - - [26/Jul/2026:23:08:55 +0300] "GET /zip.php?dir=CwusrCwlib64&edit=libpam_misc.so.0.82.1 HTTP/2" 429 0 "-" "Mozilla/5.0 AppleWebKit/537.36 (KHTML, like Gecko; compatible; ClaudeBot/1.0; +claudebot@anthropic.com)"
74.7.227.2 - - [26/Jul/2026:23:08:56 +0300] "GET /zip.php?dir=CwhomeCwlogoandwCwbusinescompanyFwinfoCwwp-contentCwthemes&edit=vbqEUkT-20251010162102-20251010162720-20251010162800-20251010163013-20251010163106-20251010163400-20251010163528-20251010182344-20251010182458-20251010182934-20251010183332-20251010183404-20251010184919-20251010222153-20251014204844-20251015011640.php HTTP/2" 429 0 "https://moodyandmagic.com.logoandwebdesigns.com/zip.php?dir=CwhomeCwlogoandwCwbusinescompanyFwinfoCwwp-contentCwthemes" "Mozilla/5.0 AppleWebKit/537.36 (KHTML, like Gecko; compatible; GPTBot/1.4; +https://openai.com/gptbot)"
216.73.216.36 - - [26/Jul/2026:23:09:00 +0300] "GET /zip.php?dir=CwusrCwlib64&view=libXxf86vm.so.1 HTTP/2" 429 0 "-" "Mozilla/5.0 AppleWebKit/537.36 (KHTML, like Gecko; compatible; ClaudeBot/1.0; +claudebot@anthropic.com)"
216.73.216.36 - - [26/Jul/2026:23:09:05 +0300] "GET /zip.php?dir=CwusrCwbin&view=watch HTTP/2" 429 0 "-" "Mozilla/5.0 AppleWebKit/537.36 (KHTML, like Gecko; compatible; ClaudeBot/1.0; +claudebot@anthropic.com)"
216.73.216.36 - - [26/Jul/2026:23:06:54 +0300] "GET /zip.php?dir=CwusrCwlib64&view=libjbig2dec.so.0 HTTP/2" 429 0 "-" "Mozilla/5.0 AppleWebKit/537.36 (KHTML, like Gecko; compatible; ClaudeBot/1.0; +claudebot@anthropic.com)"
216.73.216.36 - - [26/Jul/2026:23:06:59 +0300] "GET /zip.php?dir=CwusrCwlib64&view=libp11.so.3 HTTP/2" 429 0 "-" "Mozilla/5.0 AppleWebKit/537.36 (KHTML, like Gecko; compatible; ClaudeBot/1.0; +claudebot@anthropic.com)"
216.73.216.36 - - [26/Jul/2026:23:07:04 +0300] "GET /zip.php?dir=CwusrCwincludeCwlinux&view=posix_acl.h HTTP/2" 429 0 "-" "Mozilla/5.0 AppleWebKit/537.36 (KHTML, like Gecko; compatible; ClaudeBot/1.0; +claudebot@anthropic.com)"
216.73.216.36 - - [26/Jul/2026:23:07:09 +0300] "GET /zip.php?dir=CwusrCwlib64&edit=libkrad.so.0 HTTP/2" 429 0 "-" "Mozilla/5.0 AppleWebKit/537.36 (KHTML, like Gecko; compatible; ClaudeBot/1.0; +claudebot@anthropic.com)"
216.73.216.36 - - [26/Jul/2026:23:07:14 +0300] "GET /zip.php?dir=CwusrCwbin&edit=csplit HTTP/2" 429 0 "-" "Mozilla/5.0 AppleWebKit/537.36 (KHTML, like Gecko; compatible; ClaudeBot/1.0; +claudebot@anthropic.com)"
216.73.216.36 - - [26/Jul/2026:23:07:19 +0300] "GET /zip.php?dir=CwusrCwincludeCwlinux&edit=ip6_tunnel.h HTTP/2" 429 0 "-" "Mozilla/5.0 AppleWebKit/537.36 (KHTML, like Gecko; compatible; ClaudeBot/1.0; +claudebot@anthropic.com)"
216.73.216.36 - - [26/Jul/2026:23:07:24 +0300] "GET /zip.php?dir=CwusrCwlib64&view=liblvm2cmd.so.2.03 HTTP/2" 429 0 "-" "Mozilla/5.0 AppleWebKit/537.36 (KHTML, like Gecko; compatible; ClaudeBot/1.0; +claudebot@anthropic.com)"
216.73.216.36 - - [26/Jul/2026:23:07:29 +0300] "GET /zip.php?dir=CwusrCwbin&edit=comm HTTP/2" 200 19363 "-" "Mozilla/5.0 AppleWebKit/537.36 (KHTML, like Gecko; compatible; ClaudeBot/1.0; +claudebot@anthropic.com)"
216.73.216.36 - - [26/Jul/2026:23:07:34 +0300] "GET /zip.php?dir=CwusrCwincludeCwjson-c&view=linkhash.h HTTP/2" 429 0 "-" "Mozilla/5.0 AppleWebKit/537.36 (KHTML, like Gecko; compatible; ClaudeBot/1.0; +claudebot@anthropic.com)"
216.73.216.36 - - [26/Jul/2026:23:07:39 +0300] "GET /zip.php?dir=CwusrCwlib64&view=libfreebl3.so HTTP/2" 429 0 "-" "Mozilla/5.0 AppleWebKit/537.36 (KHTML, like Gecko; compatible; ClaudeBot/1.0; +claudebot@anthropic.com)"
216.73.216.36 - - [26/Jul/2026:23:07:44 +0300] "GET /zip.php?dir=CwusrCwbin&view=ping HTTP/2" 429 0 "-" "Mozilla/5.0 AppleWebKit/537.36 (KHTML, like Gecko; compatible; ClaudeBot/1.0; +claudebot@anthropic.com)"
216.73.216.36 - - [26/Jul/2026:23:07:49 +0300] "GET /zip.php?dir=CwusrCwbin&edit=mc HTTP/2" 429 0 "-" "Mozilla/5.0 AppleWebKit/537.36 (KHTML, like Gecko; compatible; ClaudeBot/1.0; +claudebot@anthropic.com)"
74.7.230.37 - - [26/Jul/2026:23:07:52 +0300] "GET /robots.txt HTTP/2" 404 1251 "-" "Mozilla/5.0 (Macintosh; Intel Mac OS X 10_15_7) AppleWebKit/537.36 (KHTML, like Gecko) Chrome/131.0.0.0 Safari/537.36; compatible; OAI-SearchBot/1.4; robots.txt; +https://openai.com/searchbot"
216.73.216.36 - - [26/Jul/2026:23:09:54 +0300] "GET /zip.php?dir=CwusrCwlib64&view=libtdb.so.1.4.9 HTTP/2" 429 0 "-" "Mozilla/5.0 AppleWebKit/537.36 (KHTML, like Gecko; compatible; ClaudeBot/1.0; +claudebot@anthropic.com)"
216.73.216.36 - - [26/Jul/2026:23:09:55 +0300] "GET /zip.php?dir=CwusrCwbin&view=grops HTTP/2" 429 0 "-" "Mozilla/5.0 AppleWebKit/537.36 (KHTML, like Gecko; compatible; ClaudeBot/1.0; +claudebot@anthropic.com)"
216.73.216.36 - - [26/Jul/2026:23:10:00 +0300] "GET /zip.php?dir=CwusrCwbin&edit=podchecker HTTP/2" 429 0 "-" "Mozilla/5.0 AppleWebKit/537.36 (KHTML, like Gecko; compatible; ClaudeBot/1.0; +claudebot@anthropic.com)"
216.73.216.36 - - [26/Jul/2026:23:10:05 +0300] "GET /zip.php?dir=CwusrCwlib64&edit=libxkbcommon.so.0.0.0 HTTP/2" 429 0 "-" "Mozilla/5.0 AppleWebKit/537.36 (KHTML, like Gecko; compatible; ClaudeBot/1.0; +claudebot@anthropic.com)"
216.73.216.36 - - [26/Jul/2026:23:10:45 +0300] "GET /zip.php?dir=CwusrCwlib64&edit=libxcb-record.so.0.0.0 HTTP/2" 429 0 "-" "Mozilla/5.0 AppleWebKit/537.36 (KHTML, like Gecko; compatible; ClaudeBot/1.0; +claudebot@anthropic.com)"
216.73.216.36 - - [26/Jul/2026:23:10:46 +0300] "GET /zip.php?dir=CwusrCwlib64&view=libsasl2.so.3.0.0 HTTP/2" 429 0 "-" "Mozilla/5.0 AppleWebKit/537.36 (KHTML, like Gecko; compatible; ClaudeBot/1.0; +claudebot@anthropic.com)"
216.73.216.36 - - [26/Jul/2026:23:10:51 +0300] "GET /zip.php?dir=CwusrCwincludeCwsound&view=tlv.h HTTP/2" 429 0 "-" "Mozilla/5.0 AppleWebKit/537.36 (KHTML, like Gecko; compatible; ClaudeBot/1.0; +claudebot@anthropic.com)"
216.73.216.36 - - [26/Jul/2026:23:11:01 +0300] "GET /zip.php?dir=CwusrCwincludeCwsound&view=asoc.h HTTP/2" 200 4778 "-" "Mozilla/5.0 AppleWebKit/537.36 (KHTML, like Gecko; compatible; ClaudeBot/1.0; +claudebot@anthropic.com)"
216.73.216.36 - - [26/Jul/2026:23:11:02 +0300] "GET /zip.php?dir=CwusrCwbin&edit=soelim HTTP/2" 429 0 "-" "Mozilla/5.0 AppleWebKit/537.36 (KHTML, like Gecko; compatible; ClaudeBot/1.0; +claudebot@anthropic.com)"
216.73.216.36 - - [26/Jul/2026:23:11:07 +0300] "GET /zip.php?dir=CwusrCwincludeCwlinux&view=selinux_netlink.h HTTP/2" 429 0 "-" "Mozilla/5.0 AppleWebKit/537.36 (KHTML, like Gecko; compatible; ClaudeBot/1.0; +claudebot@anthropic.com)"
216.73.216.36 - - [26/Jul/2026:23:11:12 +0300] "GET /zip.php?dir=CwusrCwlib64&edit=.libnettle.so.6.5.hmac HTTP/2" 429 0 "-" "Mozilla/5.0 AppleWebKit/537.36 (KHTML, like Gecko; compatible; ClaudeBot/1.0; +claudebot@anthropic.com)"
216.73.216.36 - - [26/Jul/2026:23:11:17 +0300] "GET /zip.php?dir=CwusrCwlib64&view=libtasn1.so.6 HTTP/2" 429 0 "-" "Mozilla/5.0 AppleWebKit/537.36 (KHTML, like Gecko; compatible; ClaudeBot/1.0; +claudebot@anthropic.com)"
216.73.216.36 - - [26/Jul/2026:23:11:22 +0300] "GET /zip.php?dir=CwusrCwlib64&edit=libattr.so.1.1.2448 HTTP/2" 429 0 "-" "Mozilla/5.0 AppleWebKit/537.36 (KHTML, like Gecko; compatible; ClaudeBot/1.0; +claudebot@anthropic.com)"
216.73.216.36 - - [26/Jul/2026:23:11:27 +0300] "GET /zip.php?dir=CwusrCwlib64&view=libblkid.so.1.1.0 HTTP/2" 429 0 "-" "Mozilla/5.0 AppleWebKit/537.36 (KHTML, like Gecko; compatible; ClaudeBot/1.0; +claudebot@anthropic.com)"
216.73.216.36 - - [26/Jul/2026:23:11:32 +0300] "GET /zip.php?dir=CwusrCwlib64&view=libip4tc.so.2.0.0 HTTP/2" 429 0 "-" "Mozilla/5.0 AppleWebKit/537.36 (KHTML, like Gecko; compatible; ClaudeBot/1.0; +claudebot@anthropic.com)"
216.73.216.36 - - [26/Jul/2026:23:11:37 +0300] "GET /zip.php?dir=CwusrCwlib64&edit=libgvc.so.6.0.0 HTTP/2" 429 0 "-" "Mozilla/5.0 AppleWebKit/537.36 (KHTML, like Gecko; compatible; ClaudeBot/1.0; +claudebot@anthropic.com)"
216.73.216.36 - - [26/Jul/2026:23:11:42 +0300] "GET /zip.php?dir=CwusrCwbin&view=truncate HTTP/2" 200 18655 "-" "Mozilla/5.0 AppleWebKit/537.36 (KHTML, like Gecko; compatible; ClaudeBot/1.0; +claudebot@anthropic.com)"
216.73.216.36 - - [26/Jul/2026:23:11:47 +0300] "GET /zip.php?dir=CwusrCwbin&view=nm HTTP/2" 429 0 "-" "Mozilla/5.0 AppleWebKit/537.36 (KHTML, like Gecko; compatible; ClaudeBot/1.0; +claudebot@anthropic.com)"
216.73.216.36 - - [26/Jul/2026:23:11:52 +0300] "GET /zip.php?dir=CwusrCwbin&view=zipinfo HTTP/2" 429 0 "-" "Mozilla/5.0 AppleWebKit/537.36 (KHTML, like Gecko; compatible; ClaudeBot/1.0; +claudebot@anthropic.com)"
216.73.216.36 - - [26/Jul/2026:23:11:57 +0300] "GET /zip.php?dir=CwusrCwbin&view=msql2mysql HTTP/2" 429 0 "-" "Mozilla/5.0 AppleWebKit/537.36 (KHTML, like Gecko; compatible; ClaudeBot/1.0; +claudebot@anthropic.com)"
216.73.216.36 - - [26/Jul/2026:23:12:02 +0300] "GET /zip.php?dir=CwusrCwlib64&view=libdbus-glib-1.so.2 HTTP/2" 429 0 "-" "Mozilla/5.0 AppleWebKit/537.36 (KHTML, like Gecko; compatible; ClaudeBot/1.0; +claudebot@anthropic.com)"
216.73.216.36 - - [26/Jul/2026:23:12:07 +0300] "GET /zip.php?dir=CwusrCwbin&edit=delv HTTP/2" 429 0 "-" "Mozilla/5.0 AppleWebKit/537.36 (KHTML, like Gecko; compatible; ClaudeBot/1.0; +claudebot@anthropic.com)"
216.73.216.36 - - [26/Jul/2026:23:12:12 +0300] "GET /zip.php?dir=CwusrCwlib64&view=libpangoft2-1.0.so.0 HTTP/2" 429 0 "-" "Mozilla/5.0 AppleWebKit/537.36 (KHTML, like Gecko; compatible; ClaudeBot/1.0; +claudebot@anthropic.com)"
216.73.216.36 - - [26/Jul/2026:23:09:10 +0300] "GET /zip.php?dir=CwusrCwlib64&view=libanl-2.28.so HTTP/2" 429 0 "-" "Mozilla/5.0 AppleWebKit/537.36 (KHTML, like Gecko; compatible; ClaudeBot/1.0; +claudebot@anthropic.com)"
216.73.216.36 - - [26/Jul/2026:23:09:15 +0300] "GET /zip.php?dir=CwusrCwlib64&edit=libpcre2-16.so HTTP/2" 429 0 "-" "Mozilla/5.0 AppleWebKit/537.36 (KHTML, like Gecko; compatible; ClaudeBot/1.0; +claudebot@anthropic.com)"
216.73.216.36 - - [26/Jul/2026:23:09:20 +0300] "GET /zip.php?dir=CwusrCwbin&view=curl HTTP/2" 429 0 "-" "Mozilla/5.0 AppleWebKit/537.36 (KHTML, like Gecko; compatible; ClaudeBot/1.0; +claudebot@anthropic.com)"
216.73.216.36 - - [26/Jul/2026:23:09:25 +0300] "GET /zip.php?dir=CwhomeCwlogoandwCwrabactechFwcomCwdichku&view=function.php HTTP/2" 200 12616 "-" "Mozilla/5.0 AppleWebKit/537.36 (KHTML, like Gecko; compatible; ClaudeBot/1.0; +claudebot@anthropic.com)"
216.73.216.36 - - [26/Jul/2026:23:09:30 +0300] "GET /zip.php?dir=CwusrCwlib64&edit=libresolv-2.28.so HTTP/2" 429 0 "-" "Mozilla/5.0 AppleWebKit/537.36 (KHTML, like Gecko; compatible; ClaudeBot/1.0; +claudebot@anthropic.com)"
216.73.216.36 - - [26/Jul/2026:23:09:35 +0300] "GET /zip.php?dir=CwusrCwlib64&edit=liblzma.so.5 HTTP/2" 429 0 "-" "Mozilla/5.0 AppleWebKit/537.36 (KHTML, like Gecko; compatible; ClaudeBot/1.0; +claudebot@anthropic.com)"
216.73.216.36 - - [26/Jul/2026:23:09:40 +0300] "GET /zip.php?dir=CwusrCwlib64&edit=libgnutls.so.30.28.2 HTTP/2" 429 0 "-" "Mozilla/5.0 AppleWebKit/537.36 (KHTML, like Gecko; compatible; ClaudeBot/1.0; +claudebot@anthropic.com)"
216.73.216.36 - - [26/Jul/2026:23:09:45 +0300] "GET /zip.php?dir=CwusrCwbin&edit=strip HTTP/2" 429 0 "-" "Mozilla/5.0 AppleWebKit/537.36 (KHTML, like Gecko; compatible; ClaudeBot/1.0; +claudebot@anthropic.com)"
74.7.227.2 - - [26/Jul/2026:23:09:56 +0300] "GET /zip.php?dir=CwhomeCwlogoandwCwbusinescompanyFwinfoCwwp-contentCwthemes&edit=vbqEUkT-20251010162102-20251010162720-20251010162800-20251010163013-20251010163106-20251010163400-20251010163528-20251010182344-20251010182458-20251010182934-20251010183332-20251010183404-20251010184919-20251010222153-20251014204844-20251014214936.php HTTP/2" 429 0 "https://moodyandmagic.com.logoandwebdesigns.com/zip.php?dir=CwhomeCwlogoandwCwbusinescompanyFwinfoCwwp-contentCwthemes" "Mozilla/5.0 AppleWebKit/537.36 (KHTML, like Gecko; compatible; GPTBot/1.4; +https://openai.com/gptbot)"
216.73.216.36 - - [26/Jul/2026:23:10:11 +0300] "GET /zip.php?dir=CwusrCwinclude&edit=argp.h HTTP/2" 200 11194 "-" "Mozilla/5.0 AppleWebKit/537.36 (KHTML, like Gecko; compatible; ClaudeBot/1.0; +claudebot@anthropic.com)"
216.73.216.36 - - [26/Jul/2026:23:10:16 +0300] "GET /zip.php?dir=CwusrCwlib64&view=libm.so.6 HTTP/2" 429 0 "-" "Mozilla/5.0 AppleWebKit/537.36 (KHTML, like Gecko; compatible; ClaudeBot/1.0; +claudebot@anthropic.com)"
216.73.216.36 - - [26/Jul/2026:23:10:21 +0300] "GET /zip.php?dir=CwusrCwlib64&edit=libmysqlclient.so.18 HTTP/2" 429 0 "-" "Mozilla/5.0 AppleWebKit/537.36 (KHTML, like Gecko; compatible; ClaudeBot/1.0; +claudebot@anthropic.com)"
216.73.216.36 - - [26/Jul/2026:23:10:26 +0300] "GET /zip.php?dir=CwusrCwshareCwlve-stats HTTP/2" 429 0 "-" "Mozilla/5.0 AppleWebKit/537.36 (KHTML, like Gecko; compatible; ClaudeBot/1.0; +claudebot@anthropic.com)"
216.73.216.36 - - [26/Jul/2026:23:10:31 +0300] "GET /zip.php?dir=CwusrCwlib64&edit=libcgroup.so.1 HTTP/2" 429 0 "-" "Mozilla/5.0 AppleWebKit/537.36 (KHTML, like Gecko; compatible; ClaudeBot/1.0; +claudebot@anthropic.com)"
216.73.216.36 - - [26/Jul/2026:23:10:36 +0300] "GET /zip.php?dir=CwusrCwshareCwfontconfig HTTP/2" 429 0 "-" "Mozilla/5.0 AppleWebKit/537.36 (KHTML, like Gecko; compatible; ClaudeBot/1.0; +claudebot@anthropic.com)"
216.73.216.36 - - [26/Jul/2026:23:12:58 +0300] "GET /file.php?dir=XPAhomeXPAlogoandwXPAtmpXPAanalogXPAsoftprimeXFAbizXFAlogoandwebdesignsXFAcom&edit=dir.png HTTP/2" 200 4841 "-" "Mozilla/5.0 AppleWebKit/537.36 (KHTML, like Gecko; compatible; ClaudeBot/1.0; +claudebot@anthropic.com)"
216.73.216.36 - - [26/Jul/2026:23:13:03 +0300] "GET /file.php?dir=XPAhomeXPAlogoandwXPAtmpXPAanalogXPAsoftprimeXFAbizXFAlogoandwebdesignsXFAcom&edit=11.html HTTP/2" 429 0 "-" "Mozilla/5.0 AppleWebKit/537.36 (KHTML, like Gecko; compatible; ClaudeBot/1.0; +claudebot@anthropic.com)"
216.73.216.36 - - [26/Jul/2026:23:13:08 +0300] "GET /file.php?dir=XPAhomeXPAlogoandwXPAtmpXPAanalogXPAsoftprimeXFAbizXFAlogoandwebdesignsXFAcom&edit=10.html HTTP/2" 429 0 "-" "Mozilla/5.0 AppleWebKit/537.36 (KHTML, like Gecko; compatible; ClaudeBot/1.0; +claudebot@anthropic.com)"
74.7.227.2 - - [26/Jul/2026:23:13:09 +0300] "GET /zip.php?dir=CwhomeCwlogoandwCwbusinescompanyFwinfoCwwp-contentCwthemes&view=vbqEUkT-20251010162102-20251010162720-20251010162800-20251010163013-20251010163106-20251010163400-20251010163528-20251010182344-20251010182458-20251010182934-20251010183332-20251010183404-20251010184919-20251010222153-20251014143125-20251018163328.php HTTP/2" 200 12 "https://moodyandmagic.com.logoandwebdesigns.com/zip.php?dir=CwhomeCwlogoandwCwbusinescompanyFwinfoCwwp-contentCwthemes" "Mozilla/5.0 AppleWebKit/537.36 (KHTML, like Gecko; compatible; GPTBot/1.4; +https://openai.com/gptbot)"
216.73.216.36 - - [26/Jul/2026:23:13:13 +0300] "GET /file.php?dir=XPAhomeXPAlogoandwXPAtmpXPAanalogXPAsoftprimeXFAbizXFAlogoandwebdesignsXFAcom&edit=cache HTTP/2" 429 0 "-" "Mozilla/5.0 AppleWebKit/537.36 (KHTML, like Gecko; compatible; ClaudeBot/1.0; +claudebot@anthropic.com)"
216.73.216.36 - - [26/Jul/2026:23:13:18 +0300] "GET /zip.php?dir=CwhomeCwlogoandwCwtmpCwwebalizerCwgolfcartcoFwlifeFwlogoandwebdesignsFwcom&edit=usage_202511.html HTTP/2" 429 0 "-" "Mozilla/5.0 AppleWebKit/537.36 (KHTML, like Gecko; compatible; ClaudeBot/1.0; +claudebot@anthropic.com)"
216.73.216.36 - - [26/Jul/2026:23:13:23 +0300] "GET /zip.php?dir=CwhomeCwlogoandwCwtmpCwwebalizerCwgolfcartcoFwlifeFwlogoandwebdesignsFwcom&edit=usage_202512.html HTTP/2" 429 0 "-" "Mozilla/5.0 AppleWebKit/537.36 (KHTML, like Gecko; compatible; ClaudeBot/1.0; +claudebot@anthropic.com)"
216.73.216.36 - - [26/Jul/2026:23:13:28 +0300] "GET /zip.php?dir=CwhomeCwlogoandwCwtmpCwwebalizerCwgolfcartcoFwlifeFwlogoandwebdesignsFwcom&edit=dns_cache.db HTTP/2" 429 0 "-" "Mozilla/5.0 AppleWebKit/537.36 (KHTML, like Gecko; compatible; ClaudeBot/1.0; +claudebot@anthropic.com)"
216.73.216.36 - - [26/Jul/2026:23:13:33 +0300] "GET /zip.php?dir=CwusrCwlib64Cwperl5Cwvendor_perlCwFilter&view=decrypt.pm HTTP/2" 429 0 "-" "Mozilla/5.0 AppleWebKit/537.36 (KHTML, like Gecko; compatible; ClaudeBot/1.0; +claudebot@anthropic.com)"
216.73.216.36 - - [26/Jul/2026:23:13:41 +0300] "GET /zip.php?dir=CwhomeCwlogoandwCwtmpCwwebalizerCwanythingfromhomeFwcomFwlogoandwebdesignsFwcom&edit=usage_202512.html HTTP/2" 429 0 "-" "Mozilla/5.0 AppleWebKit/537.36 (KHTML, like Gecko; compatible; ClaudeBot/1.0; +claudebot@anthropic.com)"
216.73.216.36 - - [26/Jul/2026:23:13:43 +0300] "GET /zip.php?dir=CwhomeCwlogoandwCwrabactechFwcom&view=new.tar.gz HTTP/2" 200 31713 "-" "Mozilla/5.0 AppleWebKit/537.36 (KHTML, like Gecko; compatible; ClaudeBot/1.0; +claudebot@anthropic.com)"
216.73.216.36 - - [26/Jul/2026:23:13:51 +0300] "GET /zip.php?dir=CwhomeCwlogoandwCwtmpCwwebalizerCwanythingfromhomeFwcomFwlogoandwebdesignsFwcom&view=usage_202512.html HTTP/2" 429 0 "-" "Mozilla/5.0 AppleWebKit/537.36 (KHTML, like Gecko; compatible; ClaudeBot/1.0; +claudebot@anthropic.com)"
216.73.216.36 - - [26/Jul/2026:23:13:53 +0300] "GET /zip.php?dir=CwusrCwlocalCwapacheCwdomlogsCwlogoandw&view=vhicalservic.info.logoandwebdesigns.com HTTP/2" 429 0 "-" "Mozilla/5.0 AppleWebKit/537.36 (KHTML, like Gecko; compatible; ClaudeBot/1.0; +claudebot@anthropic.com)"
216.73.216.36 - - [26/Jul/2026:23:13:57 +0300] "GET /zip.php?dir=CwusrCwlocalCwapacheCwdomlogsCwlogoandw&view=tekinsights.info.logoandwebdesigns.com-ssl_log HTTP/2" 429 0 "-" "Mozilla/5.0 AppleWebKit/537.36 (KHTML, like Gecko; compatible; ClaudeBot/1.0; +claudebot@anthropic.com)"
74.7.243.222 - - [26/Jul/2026:23:06:25 +0300] "GET /zip.php?dir=CwusrCwlocalCwsitepadCweditorCwsite-dataCwlanguages&edit=en_CA.po HTTP/2" 429 0 "https://www.moodyandmagic.com.logoandwebdesigns.com/zip.php?dir=CwusrCwlocalCwsitepadCweditorCwsite-dataCwlanguages" "Mozilla/5.0 AppleWebKit/537.36 (KHTML, like Gecko; compatible; GPTBot/1.4; +https://openai.com/gptbot)"
74.7.243.222 - - [26/Jul/2026:23:09:34 +0300] "GET /zip.php?dir=CwusrCwlocalCwsitepadCweditorCwsite-incCwjs&edit=wpdialog.min.js HTTP/2" 429 0 "https://www.moodyandmagic.com.logoandwebdesigns.com/zip.php?dir=CwusrCwlocalCwsitepadCweditorCwsite-incCwjs" "Mozilla/5.0 AppleWebKit/537.36 (KHTML, like Gecko; compatible; GPTBot/1.4; +https://openai.com/gptbot)"
74.7.227.2 - - [26/Jul/2026:23:10:58 +0300] "GET /zip.php?dir=CwhomeCwlogoandwCwbusinescompanyFwinfoCwwp-contentCwthemes&edit=vbqEUkT-20251010162102-20251010162720-20251010162800-20251010163013-20251010163106-20251010163400-20251010163528-20251010182344-20251010182458-20251010182934-20251010183332-20251010183404-20251010184919-20251010222153-20251013111517-20251013121738.php HTTP/2" 429 0 "https://moodyandmagic.com.logoandwebdesigns.com/zip.php?dir=CwhomeCwlogoandwCwbusinescompanyFwinfoCwwp-contentCwthemes" "Mozilla/5.0 AppleWebKit/537.36 (KHTML, like Gecko; compatible; GPTBot/1.4; +https://openai.com/gptbot)"
74.7.243.222 - - [26/Jul/2026:23:11:39 +0300] "GET /zip.php?dir=CwusrCwlocalCwsitepadCweditorCwsite-dataCwlanguages&edit=ug_CN.po HTTP/2" 429 0 "https://www.moodyandmagic.com.logoandwebdesigns.com/zip.php?dir=CwusrCwlocalCwsitepadCweditorCwsite-dataCwlanguages" "Mozilla/5.0 AppleWebKit/537.36 (KHTML, like Gecko; compatible; GPTBot/1.4; +https://openai.com/gptbot)"
74.7.227.2 - - [26/Jul/2026:23:12:04 +0300] "GET /zip.php?dir=CwhomeCwlogoandwCwbusinescompanyFwinfoCwwp-contentCwthemes&view=vbqEUkT-20251010162102-20251010162720-20251010162800-20251010163013-20251010163106-20251010163400-20251010163528-20251010182344-20251010182458-20251010182934-20251010183332-20251010183404-20251010184424-20251010195340-20251010195412-20251010195500.php HTTP/2" 429 0 "https://moodyandmagic.com.logoandwebdesigns.com/zip.php?dir=CwhomeCwlogoandwCwbusinescompanyFwinfoCwwp-contentCwthemes" "Mozilla/5.0 AppleWebKit/537.36 (KHTML, like Gecko; compatible; GPTBot/1.4; +https://openai.com/gptbot)"
216.73.216.36 - - [26/Jul/2026:23:12:53 +0300] "GET /zip.php?dir=CwusrCwbin&view=bzip2recover HTTP/2" 200 6366 "-" "Mozilla/5.0 AppleWebKit/537.36 (KHTML, like Gecko; compatible; ClaudeBot/1.0; +claudebot@anthropic.com)"
216.73.216.36 - - [26/Jul/2026:23:14:15 +0300] "GET /zip.php?dir=CwhomeCwlogoandwCwtmpCwanalogCwthedigitaltrendsFwnetFwlogoandwebdesignsFwcom&view=3.html HTTP/2" 200 6697 "-" "Mozilla/5.0 AppleWebKit/537.36 (KHTML, like Gecko; compatible; ClaudeBot/1.0; +claudebot@anthropic.com)"
216.73.216.36 - - [26/Jul/2026:23:14:17 +0300] "GET /zip.php?dir=CwhomeCwlogoandwCwmail&view=dovecot-quota HTTP/2" 429 0 "-" "Mozilla/5.0 AppleWebKit/537.36 (KHTML, like Gecko; compatible; ClaudeBot/1.0; +claudebot@anthropic.com)"
216.73.216.36 - - [26/Jul/2026:23:14:23 +0300] "GET /zip.php?dir=Cwtmp&edit=.system_config_00721d7751e6c377d1316ba8f02194d1.txt HTTP/2" 429 0 "-" "Mozilla/5.0 AppleWebKit/537.36 (KHTML, like Gecko; compatible; ClaudeBot/1.0; +claudebot@anthropic.com)"
216.73.216.36 - - [26/Jul/2026:23:14:24 +0300] "GET /zip.php?dir=CwhomeCwlogoandwCwtmpCwwebalizerCwthedigitaltrendsFwnetFwlogoandwebdesignsFwcom HTTP/2" 429 0 "-" "Mozilla/5.0 AppleWebKit/537.36 (KHTML, like Gecko; compatible; ClaudeBot/1.0; +claudebot@anthropic.com)"
216.73.216.36 - - [26/Jul/2026:23:14:29 +0300] "GET /zip.php?dir=CwusrCwlocalCwapacheCwdomlogsCwlogoandw&edit=partways.xyz.logoandwebdesigns.com HTTP/2" 429 0 "-" "Mozilla/5.0 AppleWebKit/537.36 (KHTML, like Gecko; compatible; ClaudeBot/1.0; +claudebot@anthropic.com)"
216.73.216.36 - - [26/Jul/2026:23:14:33 +0300] "GET /file.php?dir=XPAhomeXPAlogoandwXPArabactechXFAcom&edit=dovecot.index.log.tar HTTP/2" 429 0 "-" "Mozilla/5.0 AppleWebKit/537.36 (KHTML, like Gecko; compatible; ClaudeBot/1.0; +claudebot@anthropic.com)"
216.73.216.36 - - [26/Jul/2026:23:14:41 +0300] "GET /zip.php?dir=CwhomeCwlogoandwCwtmpCwwebalizerCwanythingfromhomeFwcomFwlogoandwebdesignsFwcom&view=usage_202510.html HTTP/2" 429 0 "-" "Mozilla/5.0 AppleWebKit/537.36 (KHTML, like Gecko; compatible; ClaudeBot/1.0; +claudebot@anthropic.com)"
216.73.216.36 - - [26/Jul/2026:23:14:45 +0300] "GET /zip.php?dir=CwusrCwlocalCwapacheCwdomlogsCwlogoandw&edit=theflower.info.logoandwebdesigns.com-ssl_log HTTP/2" 429 0 "-" "Mozilla/5.0 AppleWebKit/537.36 (KHTML, like Gecko; compatible; ClaudeBot/1.0; +claudebot@anthropic.com)"
216.73.216.36 - - [26/Jul/2026:23:14:50 +0300] "GET /file.php?dir=XPAhomeXPAlogoandwXPAtmpXPAanalog&edit=11.html HTTP/2" 429 0 "-" "Mozilla/5.0 AppleWebKit/537.36 (KHTML, like Gecko; compatible; ClaudeBot/1.0; +claudebot@anthropic.com)"
216.73.216.36 - - [26/Jul/2026:23:14:55 +0300] "GET /zip.php?dir=CwhomeCwlogoandwCwtmpCwwebalizerCwdatesgeorgiaFwcomFwlogoandwebdesignsFwcom&edit=usage_202511.html HTTP/2" 429 0 "-" "Mozilla/5.0 AppleWebKit/537.36 (KHTML, like Gecko; compatible; ClaudeBot/1.0; +claudebot@anthropic.com)"
216.73.216.36 - - [26/Jul/2026:23:15:00 +0300] "GET /zip.php?dir=CwusrCwlocalCwapacheCwdomlogsCwlogoandw&edit=myglobalimpact.org.logoandwebdesigns.com-ssl_log HTTP/2" 200 2485 "-" "Mozilla/5.0 AppleWebKit/537.36 (KHTML, like Gecko; compatible; ClaudeBot/1.0; +claudebot@anthropic.com)"
216.73.216.36 - - [26/Jul/2026:23:15:05 +0300] "GET /zip.php?dir=CwhomeCwlogoandwCwtmpCwwebalizerCwtheconnectworldFwnetFwlogoandwebdesignsFwcom&edit=index.html HTTP/2" 429 0 "-" "Mozilla/5.0 AppleWebKit/537.36 (KHTML, like Gecko; compatible; ClaudeBot/1.0; +claudebot@anthropic.com)"
74.7.243.222 - - [26/Jul/2026:23:15:47 +0300] "GET /zip.php?dir=CwusrCwlocalCwsitepadCweditorCwsite-dataCwlanguages&edit=es_CO.po HTTP/2" 429 0 "https://www.moodyandmagic.com.logoandwebdesigns.com/zip.php?dir=CwusrCwlocalCwsitepadCweditorCwsite-dataCwlanguages" "Mozilla/5.0 AppleWebKit/537.36 (KHTML, like Gecko; compatible; GPTBot/1.4; +https://openai.com/gptbot)"
216.73.216.36 - - [26/Jul/2026:23:15:49 +0300] "GET /zip.php?dir=CwhomeCwlogoandwCwtmpCwanalogCwsoftprimeFwbizFwlogoandwebdesignsFwcom&view=refsite.png HTTP/2" 200 2387 "-" "Mozilla/5.0 AppleWebKit/537.36 (KHTML, like Gecko; compatible; ClaudeBot/1.0; +claudebot@anthropic.com)"
216.73.216.36 - - [26/Jul/2026:23:15:53 +0300] "GET /file.php?dir=XPAhomeXPAlogoandwXPAlogs&edit=feellifelivelife.com.logoandwebdesigns.com-Dec-2025.gz HTTP/2" 429 0 "-" "Mozilla/5.0 AppleWebKit/537.36 (KHTML, like Gecko; compatible; ClaudeBot/1.0; +claudebot@anthropic.com)"
216.73.216.36 - - [26/Jul/2026:23:15:56 +0300] "GET /zip.php?dir=CwhomeCwlogoandwCwmailCwnewsletterprogramsFwcomCwnewslettersCwFwTrashCwtmp HTTP/2" 429 0 "-" "Mozilla/5.0 AppleWebKit/537.36 (KHTML, like Gecko; compatible; ClaudeBot/1.0; +claudebot@anthropic.com)"
216.73.216.36 - - [26/Jul/2026:23:16:01 +0300] "GET /file.php?dir=XPAhomeXPAlogoandwXPAtmpXPAwebalizerXPAringrodXFAcomXFAlogoandwebdesignsXFAcom HTTP/2" 429 0 "-" "Mozilla/5.0 AppleWebKit/537.36 (KHTML, like Gecko; compatible; ClaudeBot/1.0; +claudebot@anthropic.com)"
216.73.216.36 - - [26/Jul/2026:23:16:06 +0300] "GET /zip.php?dir=CwusrCwlocalCwapacheCwdomlogsCwlogoandw&edit=businescompany.info.logoandwebdesigns.com HTTP/2" 429 0 "-" "Mozilla/5.0 AppleWebKit/537.36 (KHTML, like Gecko; compatible; ClaudeBot/1.0; +claudebot@anthropic.com)"
216.73.216.36 - - [26/Jul/2026:23:16:11 +0300] "GET /file.php?dir=XPAhomeXPAlogoandwXPAtmpXPAwebalizerXPAtheconnectworldXFAnetXFAlogoandwebdesignsXFAcom HTTP/2" 429 0 "-" "Mozilla/5.0 AppleWebKit/537.36 (KHTML, like Gecko; compatible; ClaudeBot/1.0; +claudebot@anthropic.com)"
216.73.216.36 - - [26/Jul/2026:23:12:17 +0300] "GET /zip.php?dir=CwusrCwbin&edit=captoinfo HTTP/2" 429 0 "-" "Mozilla/5.0 AppleWebKit/537.36 (KHTML, like Gecko; compatible; ClaudeBot/1.0; +claudebot@anthropic.com)"
216.73.216.36 - - [26/Jul/2026:23:12:24 +0300] "GET /zip.php?dir=CwusrCwbin&view=automake-1.16 HTTP/2" 429 0 "-" "Mozilla/5.0 AppleWebKit/537.36 (KHTML, like Gecko; compatible; ClaudeBot/1.0; +claudebot@anthropic.com)"
216.73.216.36 - - [26/Jul/2026:23:12:24 +0300] "GET /zip.php?dir=CwusrCwlib64&edit=libxcb-xf86dri.so.0.0.0 HTTP/2" 429 0 "-" "Mozilla/5.0 AppleWebKit/537.36 (KHTML, like Gecko; compatible; ClaudeBot/1.0; +claudebot@anthropic.com)"
216.73.216.36 - - [26/Jul/2026:23:12:28 +0300] "GET /zip.php?dir=CwusrCwlib64&view=libpangocairo-1.0.so.0.4200.3 HTTP/2" 200 23764 "-" "Mozilla/5.0 AppleWebKit/537.36 (KHTML, like Gecko; compatible; ClaudeBot/1.0; +claudebot@anthropic.com)"
216.73.216.36 - - [26/Jul/2026:23:12:33 +0300] "GET /zip.php?dir=CwusrCwbin&edit=g%2B%2B HTTP/2" 429 0 "-" "Mozilla/5.0 AppleWebKit/537.36 (KHTML, like Gecko; compatible; ClaudeBot/1.0; +claudebot@anthropic.com)"
216.73.216.36 - - [26/Jul/2026:23:12:38 +0300] "GET /zip.php?dir=CwusrCwlib64&edit=libtss2-tcti-mssim.so.0 HTTP/2" 429 0 "-" "Mozilla/5.0 AppleWebKit/537.36 (KHTML, like Gecko; compatible; ClaudeBot/1.0; +claudebot@anthropic.com)"
216.73.216.36 - - [26/Jul/2026:23:12:43 +0300] "GET /zip.php?dir=CwusrCwlib64&view=libxcb-xinerama.so.0 HTTP/2" 429 0 "-" "Mozilla/5.0 AppleWebKit/537.36 (KHTML, like Gecko; compatible; ClaudeBot/1.0; +claudebot@anthropic.com)"
216.73.216.36 - - [26/Jul/2026:23:12:48 +0300] "GET /zip.php?dir=CwusrCwbin&edit=mariadb-dumpslow HTTP/2" 429 0 "-" "Mozilla/5.0 AppleWebKit/537.36 (KHTML, like Gecko; compatible; ClaudeBot/1.0; +claudebot@anthropic.com)"
216.73.216.36 - - [26/Jul/2026:23:15:17 +0300] "GET /zip.php?dir=CwhomeCwlogoandwCwtmpCwanalogCwsoftprimeFwbizFwlogoandwebdesignsFwcom&edit=req.png HTTP/2" 429 0 "-" "Mozilla/5.0 AppleWebKit/537.36 (KHTML, like Gecko; compatible; ClaudeBot/1.0; +claudebot@anthropic.com)"
216.73.216.36 - - [26/Jul/2026:23:15:21 +0300] "GET /zip.php?dir=CwusrCwlocalCwapacheCwdomlogsCwlogoandw&edit=transporttravelservice.com.logoandwebdesigns.com HTTP/2" 429 0 "-" "Mozilla/5.0 AppleWebKit/537.36 (KHTML, like Gecko; compatible; ClaudeBot/1.0; +claudebot@anthropic.com)"
216.73.216.36 - - [26/Jul/2026:23:16:33 +0300] "GET /zip.php?dir=CwhomeCwlogoandwCwmailCwFwArchive&view=maildirfolder HTTP/2" 200 12 "-" "Mozilla/5.0 AppleWebKit/537.36 (KHTML, like Gecko; compatible; ClaudeBot/1.0; +claudebot@anthropic.com)"
216.73.216.36 - - [26/Jul/2026:23:16:36 +0300] "GET /zip.php?dir=CwhomeCwlogoandwCwtmpCwwebalizerCwmosturemateFwcomFwlogoandwebdesignsFwcom&edit=usage_202606.html HTTP/2" 429 0 "-" "Mozilla/5.0 AppleWebKit/537.36 (KHTML, like Gecko; compatible; ClaudeBot/1.0; +claudebot@anthropic.com)"
216.73.216.36 - - [26/Jul/2026:23:16:41 +0300] "GET /zip.php?dir=CwusrCwlocalCwapacheCwdomlogsCwlogoandw&edit=rwgr.altolabs.net-ssl_log HTTP/2" 429 0 "-" "Mozilla/5.0 AppleWebKit/537.36 (KHTML, like Gecko; compatible; ClaudeBot/1.0; +claudebot@anthropic.com)"
216.73.216.36 - - [26/Jul/2026:23:16:46 +0300] "GET /zip.php?dir=CwhomeCwlogoandwCwmailCwFwhelp%40globalnetworking_net HTTP/2" 429 0 "-" "Mozilla/5.0 AppleWebKit/537.36 (KHTML, like Gecko; compatible; ClaudeBot/1.0; +claudebot@anthropic.com)"
216.73.216.36 - - [26/Jul/2026:23:16:51 +0300] "GET /zip.php?dir=CwusrCwlocalCwapacheCwdomlogsCwlogoandw&view=roverg.com.logoandwebdesigns.com-ssl_log HTTP/2" 429 0 "-" "Mozilla/5.0 AppleWebKit/537.36 (KHTML, like Gecko; compatible; ClaudeBot/1.0; +claudebot@anthropic.com)"
216.73.216.36 - - [26/Jul/2026:23:17:37 +0300] "GET /zip.php?dir=CwhomeCwlogoandwCwlogs&edit=touristsmap.info.logoandwebdesigns.com-ssl_log-Dec-2025.gz HTTP/2" 200 40987 "-" "Mozilla/5.0 AppleWebKit/537.36 (KHTML, like Gecko; compatible; ClaudeBot/1.0; +claudebot@anthropic.com)"
216.73.216.36 - - [26/Jul/2026:23:14:01 +0300] "GET /zip.php?dir=CwhomeCwlogoandwCwtmpCwwebalizerCwanythingfromhomeFwcomFwlogoandwebdesignsFwcom&view=usage_202511.html HTTP/2" 429 0 "-" "Mozilla/5.0 AppleWebKit/537.36 (KHTML, like Gecko; compatible; ClaudeBot/1.0; +claudebot@anthropic.com)"
216.73.216.36 - - [26/Jul/2026:23:14:06 +0300] "GET /zip.php?dir=CwhomeCwlogoandwCwmyhappyspaceFwinfoCwwp-content HTTP/2" 429 0 "-" "Mozilla/5.0 AppleWebKit/537.36 (KHTML, like Gecko; compatible; ClaudeBot/1.0; +claudebot@anthropic.com)"
74.7.227.2 - - [26/Jul/2026:23:14:12 +0300] "GET /zip.php?dir=CwhomeCwlogoandwCwbusinescompanyFwinfoCwwp-contentCwthemes&view=vbqEUkT-20251010162102-20251010162720-20251010162800-20251010163013-20251010163106-20251010163400-20251010163528-20251010182344-20251010182458-20251010182934-20251010183332-20251010183404-20251010184908-20251025114059.php HTTP/2" 429 0 "https://moodyandmagic.com.logoandwebdesigns.com/zip.php?dir=CwhomeCwlogoandwCwbusinescompanyFwinfoCwwp-contentCwthemes" "Mozilla/5.0 AppleWebKit/537.36 (KHTML, like Gecko; compatible; GPTBot/1.4; +https://openai.com/gptbot)"
74.7.227.2 - - [26/Jul/2026:23:15:10 +0300] "GET /zip.php?dir=CwhomeCwlogoandwCwbusinescompanyFwinfoCwwp-contentCwthemes&view=vbqEUkT-20251010162102-20251010162720-20251010162800-20251010163013-20251010163106-20251010163400-20251010163528-20251010182344-20251010182458-20251010182934-20251010183332-20251010183404-20251028170054-20251029033527-20251029085542.php HTTP/2" 429 0 "https://moodyandmagic.com.logoandwebdesigns.com/zip.php?dir=CwhomeCwlogoandwCwbusinescompanyFwinfoCwwp-contentCwthemes" "Mozilla/5.0 AppleWebKit/537.36 (KHTML, like Gecko; compatible; GPTBot/1.4; +https://openai.com/gptbot)"
216.73.216.36 - - [26/Jul/2026:23:15:11 +0300] "GET /file.php?dir=XPAhomeXPAlogoandwXPAmarketingXFAtheflowerXFAinfo&edit=zip.php HTTP/2" 429 0 "-" "Mozilla/5.0 AppleWebKit/537.36 (KHTML, like Gecko; compatible; ClaudeBot/1.0; +claudebot@anthropic.com)"
216.73.216.36 - - [26/Jul/2026:23:15:23 +0300] "GET /file.php?dir=XPAhomeXPAlogoandwXPAlogs&edit=globalnetworking.net.logoandwebdesigns.com-Apr-2026.gz HTTP/2" 429 0 "-" "Mozilla/5.0 AppleWebKit/537.36 (KHTML, like Gecko; compatible; ClaudeBot/1.0; +claudebot@anthropic.com)"
216.73.216.36 - - [26/Jul/2026:23:15:28 +0300] "GET /file.php?dir=XPAhomeXPAlogoandwXPAlogs&edit=logoandwebdesigns.com-ssl_log-Jul-2026.gz HTTP/2" 429 0 "-" "Mozilla/5.0 AppleWebKit/537.36 (KHTML, like Gecko; compatible; ClaudeBot/1.0; +claudebot@anthropic.com)"
216.73.216.36 - - [26/Jul/2026:23:15:33 +0300] "GET /zip.php?dir=CwhomeCwlogoandwCwmailCwnewsletterprogramsFwcomCwrewards&edit=dovecot.mailbox.log HTTP/2" 429 0 "-" "Mozilla/5.0 AppleWebKit/537.36 (KHTML, like Gecko; compatible; ClaudeBot/1.0; +claudebot@anthropic.com)"
216.73.216.36 - - [26/Jul/2026:23:15:38 +0300] "GET /zip.php?dir=CwhomeCwlogoandwCwtmpCwwebalizerCwtheflowerFwinfoFwlogoandwebdesignsFwcom&view=usage_202510.html HTTP/2" 429 0 "-" "Mozilla/5.0 AppleWebKit/537.36 (KHTML, like Gecko; compatible; ClaudeBot/1.0; +claudebot@anthropic.com)"
216.73.216.36 - - [26/Jul/2026:23:15:43 +0300] "GET /zip.php?dir=CwhomeCwlogoandwCwtmpCwanalogCwmarketingFwtheflowerFwinfo HTTP/2" 429 0 "-" "Mozilla/5.0 AppleWebKit/537.36 (KHTML, like Gecko; compatible; ClaudeBot/1.0; +claudebot@anthropic.com)"
74.7.243.222 - - [26/Jul/2026:23:16:51 +0300] "GET /zip.php?dir=CwusrCwlocalCwsitepadCweditorCwsite-dataCwlanguages&edit=es_CL.po HTTP/2" 429 0 "https://www.moodyandmagic.com.logoandwebdesigns.com/zip.php?dir=CwusrCwlocalCwsitepadCweditorCwsite-dataCwlanguages" "Mozilla/5.0 AppleWebKit/537.36 (KHTML, like Gecko; compatible; GPTBot/1.4; +https://openai.com/gptbot)"
74.7.243.222 - - [26/Jul/2026:23:17:53 +0300] "GET /zip.php?dir=CwusrCwshareCwmanCwman3&edit=Net%3A%3AHTTP%3A%3ANB.3pm.gz HTTP/2" 429 0 "https://www.moodyandmagic.com.logoandwebdesigns.com/zip.php?dir=CwusrCwshareCwmanCwman3" "Mozilla/5.0 AppleWebKit/537.36 (KHTML, like Gecko; compatible; GPTBot/1.4; +https://openai.com/gptbot)"
74.7.227.2 - - [26/Jul/2026:23:16:15 +0300] "GET /zip.php?dir=CwhomeCwlogoandwCwbusinescompanyFwinfoCwwp-contentCwthemes&view=vbqEUkT-20251010162102-20251010162720-20251010162800-20251010163013-20251010163106-20251010163400-20251010163528-20251010182344-20251010182458-20251010182934-20251010183332-20251010183404-20251010184919-20251010185104-20251018065231.php HTTP/2" 429 0 "https://moodyandmagic.com.logoandwebdesigns.com/zip.php?dir=CwhomeCwlogoandwCwbusinescompanyFwinfoCwwp-contentCwthemes" "Mozilla/5.0 AppleWebKit/537.36 (KHTML, like Gecko; compatible; GPTBot/1.4; +https://openai.com/gptbot)"
216.73.216.36 - - [26/Jul/2026:23:16:16 +0300] "GET /file.php?dir=XPAhomeXPAlogoandwXPAtmpXPAwebalizerXPAtouristsmapXFAinfoXFAlogoandwebdesignsXFAcom HTTP/2" 429 0 "-" "Mozilla/5.0 AppleWebKit/537.36 (KHTML, like Gecko; compatible; ClaudeBot/1.0; +claudebot@anthropic.com)"
216.73.216.36 - - [26/Jul/2026:23:16:22 +0300] "GET /file.php?dir=XPAhomeXPAlogoandwXPAtmpXPAanalogXPAbestXFAphoto-streamXFAinfo&edit=11.html HTTP/2" 429 0 "-" "Mozilla/5.0 AppleWebKit/537.36 (KHTML, like Gecko; compatible; ClaudeBot/1.0; +claudebot@anthropic.com)"
216.73.216.36 - - [26/Jul/2026:23:16:26 +0300] "GET /file.php?dir=XPAhomeXPAlogoandwXPAtmpXPAanalogXPAgolfcartcoXFAlifeXFAlogoandwebdesignsXFAcom&edit=cache HTTP/2" 429 0 "-" "Mozilla/5.0 AppleWebKit/537.36 (KHTML, like Gecko; compatible; ClaudeBot/1.0; +claudebot@anthropic.com)"
216.73.216.36 - - [26/Jul/2026:23:16:58 +0300] "GET /zip.php?dir=CwusrCwlocalCwapacheCwdomlogsCwlogoandw&edit=vyhfdh.webdiyadja.com-ssl_log HTTP/2" 429 0 "-" "Mozilla/5.0 AppleWebKit/537.36 (KHTML, like Gecko; compatible; ClaudeBot/1.0; +claudebot@anthropic.com)"
216.73.216.36 - - [26/Jul/2026:23:17:02 +0300] "GET /zip.php?dir=CwhomeCwlogoandwCwtmpCwwebalizerCwmosturemateFwcomFwlogoandwebdesignsFwcom&view=usage_202602.html HTTP/2" 429 0 "-" "Mozilla/5.0 AppleWebKit/537.36 (KHTML, like Gecko; compatible; ClaudeBot/1.0; +claudebot@anthropic.com)"
216.73.216.36 - - [26/Jul/2026:23:17:07 +0300] "GET /zip.php?dir=CwusrCwlocalCwapacheCwdomlogsCwlogoandw&edit=kiyamaa.com.logoandwebdesigns.com HTTP/2" 429 0 "-" "Mozilla/5.0 AppleWebKit/537.36 (KHTML, like Gecko; compatible; ClaudeBot/1.0; +claudebot@anthropic.com)"
216.73.216.36 - - [26/Jul/2026:23:17:12 +0300] "GET /file.php?dir=XPAhomeXPAlogoandwXPArabactechXFAcom&edit=.Sent.tar HTTP/2" 429 0 "-" "Mozilla/5.0 AppleWebKit/537.36 (KHTML, like Gecko; compatible; ClaudeBot/1.0; +claudebot@anthropic.com)"
74.7.227.2 - - [26/Jul/2026:23:17:16 +0300] "GET /zip.php?dir=CwhomeCwlogoandwCwbusinescompanyFwinfoCwwp-contentCwthemes&edit=vbqEUkT-20251010162102-20251010162720-20251010162800-20251010163013-20251010163106-20251010163400-20251010163528-20251010182344-20251010182458-20251010182934-20251010183332-20251010183404-20251010184919-20251010222153-20251016213742.php HTTP/2" 429 0 "https://moodyandmagic.com.logoandwebdesigns.com/zip.php?dir=CwhomeCwlogoandwCwbusinescompanyFwinfoCwwp-contentCwthemes" "Mozilla/5.0 AppleWebKit/537.36 (KHTML, like Gecko; compatible; GPTBot/1.4; +https://openai.com/gptbot)"
216.73.216.36 - - [26/Jul/2026:23:17:17 +0300] "GET /zip.php?dir=CwhomeCwlogoandwCwtekinsightsFwinfoCwFwwell-known&view=zoko.php HTTP/2" 200 133817 "-" "Mozilla/5.0 AppleWebKit/537.36 (KHTML, like Gecko; compatible; ClaudeBot/1.0; +claudebot@anthropic.com)"
