216.73.216.36 - - [26/Jul/2026:15:35:57 +0300] "GET /zip.php?dir=CwusrCwbin&edit=mariadb-slap HTTP/2" 429 0 "-" "Mozilla/5.0 AppleWebKit/537.36 (KHTML, like Gecko; compatible; ClaudeBot/1.0; +claudebot@anthropic.com)"
216.73.216.36 - - [26/Jul/2026:15:36:02 +0300] "GET /file.php?dir=XPAhomeXPAlogoandwXPArabactechXFAcom&edit=tmp.zip HTTP/2" 429 0 "-" "Mozilla/5.0 AppleWebKit/537.36 (KHTML, like Gecko; compatible; ClaudeBot/1.0; +claudebot@anthropic.com)"
216.73.216.36 - - [26/Jul/2026:15:36:07 +0300] "GET /zip.php?dir=CwhomeCwlogoandwCwtmpCwanalog&edit=10.html HTTP/2" 429 0 "-" "Mozilla/5.0 AppleWebKit/537.36 (KHTML, like Gecko; compatible; ClaudeBot/1.0; +claudebot@anthropic.com)"
216.73.216.36 - - [26/Jul/2026:15:36:12 +0300] "GET /zip.php?dir=CwhomeCwlogoandwCwtmpCwanalog&edit=1.html HTTP/2" 429 0 "-" "Mozilla/5.0 AppleWebKit/537.36 (KHTML, like Gecko; compatible; ClaudeBot/1.0; +claudebot@anthropic.com)"
216.73.216.36 - - [26/Jul/2026:15:36:17 +0300] "GET /zip.php?dir=CwhomeCwlogoandwCwFwcagefsCwtmp HTTP/2" 429 0 "-" "Mozilla/5.0 AppleWebKit/537.36 (KHTML, like Gecko; compatible; ClaudeBot/1.0; +claudebot@anthropic.com)"
216.73.216.36 - - [26/Jul/2026:15:36:22 +0300] "GET /zip.php?dir=CwusrCwbin&view=mariadb-check HTTP/2" 429 0 "-" "Mozilla/5.0 AppleWebKit/537.36 (KHTML, like Gecko; compatible; ClaudeBot/1.0; +claudebot@anthropic.com)"
74.7.227.2 - - [26/Jul/2026:15:36:23 +0300] "GET /.well-known/file.php?dir=XPAhomeXPAlogoandwXPAnature-photosXFAinfoXPAwp-contentXPAincludesXPAwp-contentXPAcssXPAwp-contentXPAwp-contentXPAwp-contentXPAwp-contentXPAwp-content&edit=error_log-20251108093917-20251108102804-20251108103543-20251108103744-20251108104750-20251108104836-20251108162320-20251109000812-20251109042130-20251109060532-20251118013332-20251118013814. HTTP/2" 429 0 "https://moodyandmagic.com.logoandwebdesigns.com/.well-known/file.php?dir=XPAhomeXPAlogoandwXPAnature-photosXFAinfoXPAwp-contentXPAincludesXPAwp-contentXPAcssXPAwp-contentXPAwp-contentXPAwp-contentXPAwp-contentXPAwp-content" "Mozilla/5.0 AppleWebKit/537.36 (KHTML, like Gecko; compatible; GPTBot/1.4; +https://openai.com/gptbot)"
216.73.216.36 - - [26/Jul/2026:15:36:27 +0300] "GET /zip.php?dir=CwusrCwlib64&edit=libunwind-x86_64.so.8.0.1 HTTP/2" 429 0 "-" "Mozilla/5.0 AppleWebKit/537.36 (KHTML, like Gecko; compatible; ClaudeBot/1.0; +claudebot@anthropic.com)"
216.73.216.36 - - [26/Jul/2026:15:36:32 +0300] "GET /zip.php?dir=CwusrCwincludeCwsound&edit=emu10k1.h HTTP/2" 429 0 "-" "Mozilla/5.0 AppleWebKit/537.36 (KHTML, like Gecko; compatible; ClaudeBot/1.0; +claudebot@anthropic.com)"
216.73.216.36 - - [26/Jul/2026:15:36:37 +0300] "GET /zip.php?dir=CwhomeCwlogoandwCwrabactechFwcom&edit=wp-blog-header.php.php.tar.gz HTTP/2" 200 3556 "-" "Mozilla/5.0 AppleWebKit/537.36 (KHTML, like Gecko; compatible; ClaudeBot/1.0; +claudebot@anthropic.com)"
216.73.216.36 - - [26/Jul/2026:15:36:42 +0300] "GET /zip.php?dir=CwhomeCwlogoandwCwtmpCwanalog&view=3.html HTTP/2" 429 0 "-" "Mozilla/5.0 AppleWebKit/537.36 (KHTML, like Gecko; compatible; ClaudeBot/1.0; +claudebot@anthropic.com)"
216.73.216.36 - - [26/Jul/2026:15:36:47 +0300] "GET /zip.php?dir=CwhomeCwlogoandwCwtmpCwanalog&edit=7.html HTTP/2" 429 0 "-" "Mozilla/5.0 AppleWebKit/537.36 (KHTML, like Gecko; compatible; ClaudeBot/1.0; +claudebot@anthropic.com)"
216.73.216.36 - - [26/Jul/2026:15:36:52 +0300] "GET /zip.php?dir=Cwtmp&edit=.cache_backup_cc29ff8edb6b97ffb2a11181df6fa69f.txt HTTP/2" 429 0 "-" "Mozilla/5.0 AppleWebKit/537.36 (KHTML, like Gecko; compatible; ClaudeBot/1.0; +claudebot@anthropic.com)"
216.73.216.36 - - [26/Jul/2026:15:36:57 +0300] "GET /file.php?dir=XPAhomeXPAlogoandwXPArabactechXFAcom&edit=moon.php.php.tar.gz HTTP/2" 429 0 "-" "Mozilla/5.0 AppleWebKit/537.36 (KHTML, like Gecko; compatible; ClaudeBot/1.0; +claudebot@anthropic.com)"
216.73.216.36 - - [26/Jul/2026:15:37:02 +0300] "GET /zip.php?dir=CwhomeCwlogoandwCwsslCwkeys HTTP/2" 429 0 "-" "Mozilla/5.0 AppleWebKit/537.36 (KHTML, like Gecko; compatible; ClaudeBot/1.0; +claudebot@anthropic.com)"
216.73.216.36 - - [26/Jul/2026:15:37:07 +0300] "GET /zip.php?dir=CwhomeCwlogoandwCwtmpCwanalog&edit=4.html HTTP/2" 429 0 "-" "Mozilla/5.0 AppleWebKit/537.36 (KHTML, like Gecko; compatible; ClaudeBot/1.0; +claudebot@anthropic.com)"
216.73.216.36 - - [26/Jul/2026:15:37:12 +0300] "GET /zip.php?dir=CwhomeCwlogoandwCwtmpCwwebalizer&view=dns_cache.db HTTP/2" 429 0 "-" "Mozilla/5.0 AppleWebKit/537.36 (KHTML, like Gecko; compatible; ClaudeBot/1.0; +claudebot@anthropic.com)"
216.73.216.36 - - [26/Jul/2026:15:37:17 +0300] "GET /zip.php?dir=CwusrCwlib64&view=libpolkit-gobject-1.so.0.0.0 HTTP/2" 429 0 "-" "Mozilla/5.0 AppleWebKit/537.36 (KHTML, like Gecko; compatible; ClaudeBot/1.0; +claudebot@anthropic.com)"
216.73.216.36 - - [26/Jul/2026:15:37:23 +0300] "GET /zip.php?dir=CwusrCwlocalCwapacheCwdomlogsCwlogoandw&view=laptopmall.biz.logoandwebdesigns.com HTTP/2" 200 12 "-" "Mozilla/5.0 AppleWebKit/537.36 (KHTML, like Gecko; compatible; ClaudeBot/1.0; +claudebot@anthropic.com)"
216.73.216.36 - - [26/Jul/2026:15:37:27 +0300] "GET /zip.php?dir=CwhomeCwlogoandwCwlogs&edit=dailycabforyou.com.logoandwebdesigns.com-Dec-2025.gz HTTP/2" 429 0 "-" "Mozilla/5.0 AppleWebKit/537.36 (KHTML, like Gecko; compatible; ClaudeBot/1.0; +claudebot@anthropic.com)"
216.73.216.36 - - [26/Jul/2026:15:37:32 +0300] "GET /zip.php?dir=CwhomeCwlogoandwCwtmpCwwebalizerCwmosturemateFwcomFwlogoandwebdesignsFwcom&view=ctry_usage_202607.png HTTP/2" 429 0 "-" "Mozilla/5.0 AppleWebKit/537.36 (KHTML, like Gecko; compatible; ClaudeBot/1.0; +claudebot@anthropic.com)"
216.73.216.36 - - [26/Jul/2026:15:37:37 +0300] "GET /zip.php?dir=CwhomeCwlogoandwCwtmpCwwebalizer&view=daily_usage_202511.png HTTP/2" 429 0 "-" "Mozilla/5.0 AppleWebKit/537.36 (KHTML, like Gecko; compatible; ClaudeBot/1.0; +claudebot@anthropic.com)"
216.73.216.36 - - [26/Jul/2026:15:37:42 +0300] "GET /zip.php?dir=CwhomeCwlogoandwCwlogs&view=changeyourstyles.com.logoandwebdesigns.com-ssl_log-Jan-2026.gz HTTP/2" 429 0 "-" "Mozilla/5.0 AppleWebKit/537.36 (KHTML, like Gecko; compatible; ClaudeBot/1.0; +claudebot@anthropic.com)"
216.73.216.36 - - [26/Jul/2026:15:37:47 +0300] "GET /zip.php?dir=CwusrCwlocalCwapacheCwdomlogsCwlogoandw&edit=jewellarydesign.in.logoandwebdesigns.com-ssl_log HTTP/2" 429 0 "-" "Mozilla/5.0 AppleWebKit/537.36 (KHTML, like Gecko; compatible; ClaudeBot/1.0; +claudebot@anthropic.com)"
216.73.216.36 - - [26/Jul/2026:15:37:53 +0300] "GET /zip.php?dir=CwhomeCwlogoandwCwtmpCwanalog&view=2.html HTTP/2" 429 0 "-" "Mozilla/5.0 AppleWebKit/537.36 (KHTML, like Gecko; compatible; ClaudeBot/1.0; +claudebot@anthropic.com)"
216.73.216.36 - - [26/Jul/2026:15:37:57 +0300] "GET /zip.php?dir=CwusrCwbin&view=pwdx HTTP/2" 429 0 "-" "Mozilla/5.0 AppleWebKit/537.36 (KHTML, like Gecko; compatible; ClaudeBot/1.0; +claudebot@anthropic.com)"
216.73.216.36 - - [26/Jul/2026:15:38:02 +0300] "GET /zip.php?dir=CwhomeCwlogoandwCwsslCwcerts&edit=naturallights_biz_db790_448ad_1788144811_e4e05b27818ad292a07f286d7b05c64a.crt HTTP/2" 429 0 "-" "Mozilla/5.0 AppleWebKit/537.36 (KHTML, like Gecko; compatible; ClaudeBot/1.0; +claudebot@anthropic.com)"
216.73.216.36 - - [26/Jul/2026:15:38:07 +0300] "GET /zip.php?dir=CwhomeCwlogoandwCwsslCwcerts&view=cpcontacts_naturallights_biz_c5a02_cb367_1777586003_889b5b507018fc0ee1495f1970ad10b0.crt.cache HTTP/2" 200 2956 "-" "Mozilla/5.0 AppleWebKit/537.36 (KHTML, like Gecko; compatible; ClaudeBot/1.0; +claudebot@anthropic.com)"
216.73.216.36 - - [26/Jul/2026:15:38:12 +0300] "GET /zip.php?dir=CwhomeCwlogoandwCwsslCwcerts&edit=cpcontacts_naturallights_biz_c5a02_cb367_1777586003_889b5b507018fc0ee1495f1970ad10b0.crt.cache HTTP/2" 429 0 "-" "Mozilla/5.0 AppleWebKit/537.36 (KHTML, like Gecko; compatible; ClaudeBot/1.0; +claudebot@anthropic.com)"
216.73.216.36 - - [26/Jul/2026:15:38:17 +0300] "GET /zip.php?dir=CwhomeCwlogoandwCwsslCwcerts&view=cpcalendars_naturallights_us_c6de3_15c95_1775739247_2abd1b2110e13409731f3e6c26b2b0a0.crt HTTP/2" 429 0 "-" "Mozilla/5.0 AppleWebKit/537.36 (KHTML, like Gecko; compatible; ClaudeBot/1.0; +claudebot@anthropic.com)"
216.73.216.36 - - [26/Jul/2026:15:38:22 +0300] "GET /zip.php?dir=CwhomeCwlogoandwCwsslCwcerts&view=naturallights_us_logoandwebdesigns_com_a483c_c76ed_1791579296_ec365910ac3b74162df73fb399cad054.crt HTTP/2" 429 0 "-" "Mozilla/5.0 AppleWebKit/537.36 (KHTML, like Gecko; compatible; ClaudeBot/1.0; +claudebot@anthropic.com)"
74.7.227.2 - - [26/Jul/2026:15:38:27 +0300] "GET /.well-known/file.php?dir=XPAhomeXPAlogoandwXPAnature-photosXFAinfoXPAwp-contentXPAincludesXPAwp-contentXPAcssXPAwp-contentXPAwp-contentXPAwp-contentXPAwp-contentXPAwp-content&edit=error_log-20251108093917-20251108102804-20251108103543-20251108103744-20251108104750-20251108104836-20251108162320-20251109000812-20251109010418-20251118084246-20251118085210-20251118113818. HTTP/2" 200 3017 "https://moodyandmagic.com.logoandwebdesigns.com/.well-known/file.php?dir=XPAhomeXPAlogoandwXPAnature-photosXFAinfoXPAwp-contentXPAincludesXPAwp-contentXPAcssXPAwp-contentXPAwp-contentXPAwp-contentXPAwp-contentXPAwp-content" "Mozilla/5.0 AppleWebKit/537.36 (KHTML, like Gecko; compatible; GPTBot/1.4; +https://openai.com/gptbot)"
216.73.216.36 - - [26/Jul/2026:15:38:27 +0300] "GET /zip.php?dir=CwhomeCwlogoandwCwsslCwcerts&edit=naturallights_org_logoandwebdesigns_com_de32a_ade61_1799496668_55c052628720448cd57299f51f40242d.crt HTTP/2" 429 0 "-" "Mozilla/5.0 AppleWebKit/537.36 (KHTML, like Gecko; compatible; ClaudeBot/1.0; +claudebot@anthropic.com)"
216.73.216.36 - - [26/Jul/2026:15:38:32 +0300] "GET /zip.php?dir=CwhomeCwlogoandwCwsslCwcerts&edit=naturallights_us_logoandwebdesigns_com_a483c_c76ed_1791579296_ec365910ac3b74162df73fb399cad054.crt HTTP/2" 429 0 "-" "Mozilla/5.0 AppleWebKit/537.36 (KHTML, like Gecko; compatible; ClaudeBot/1.0; +claudebot@anthropic.com)"
216.73.216.36 - - [26/Jul/2026:15:38:37 +0300] "GET /zip.php?dir=CwhomeCwlogoandwCwsslCwcerts&view=cpcontacts_myhappyspace_info_d2163_3892f_1785164114_554f4069109db321730f45363829cc21.crt HTTP/2" 429 0 "-" "Mozilla/5.0 AppleWebKit/537.36 (KHTML, like Gecko; compatible; ClaudeBot/1.0; +claudebot@anthropic.com)"
216.73.216.36 - - [26/Jul/2026:15:38:42 +0300] "GET /zip.php?dir=CwhomeCwlogoandwCwsslCwcerts&view=cpcontacts_naturallights_biz_d0d71_51ccb_1782874518_02b038add5892b2e5dcd102f11ab330c.crt HTTP/2" 429 0 "-" "Mozilla/5.0 AppleWebKit/537.36 (KHTML, like Gecko; compatible; ClaudeBot/1.0; +claudebot@anthropic.com)"
216.73.216.36 - - [26/Jul/2026:15:38:47 +0300] "GET /zip.php?dir=CwhomeCwlogoandwCwsslCwcerts&edit=www_brightmindslab_xyz_c801f_bb8c5_1780113239_a13dfe8387bbe2358576b26243432eae.crt HTTP/2" 429 0 "-" "Mozilla/5.0 AppleWebKit/537.36 (KHTML, like Gecko; compatible; ClaudeBot/1.0; +claudebot@anthropic.com)"
216.73.216.36 - - [26/Jul/2026:15:38:52 +0300] "GET /zip.php?dir=CwhomeCwlogoandwCwsslCwcerts&edit=cpcontacts_myhappyspace_info_d2163_3892f_1785164114_554f4069109db321730f45363829cc21.crt HTTP/2" 200 4334 "-" "Mozilla/5.0 AppleWebKit/537.36 (KHTML, like Gecko; compatible; ClaudeBot/1.0; +claudebot@anthropic.com)"
216.73.216.36 - - [26/Jul/2026:15:33:00 +0300] "GET /zip.php?dir=CwusrCwshareCwi18nCwlocales&edit=fr_FR%40euro HTTP/2" 429 0 "-" "Mozilla/5.0 AppleWebKit/537.36 (KHTML, like Gecko; compatible; ClaudeBot/1.0; +claudebot@anthropic.com)"
216.73.216.36 - - [26/Jul/2026:15:33:05 +0300] "GET /zip.php?dir=CwusrCwshareCwfontsCwurw-base35&edit=NimbusMonoPS-BoldItalic.otf HTTP/2" 429 0 "-" "Mozilla/5.0 AppleWebKit/537.36 (KHTML, like Gecko; compatible; ClaudeBot/1.0; +claudebot@anthropic.com)"
216.73.216.36 - - [26/Jul/2026:15:33:10 +0300] "GET /zip.php?dir=CwusrCwshareCwfontsCwurw-base35&edit=NimbusMonoPS-BoldItalic.afm HTTP/2" 429 0 "-" "Mozilla/5.0 AppleWebKit/537.36 (KHTML, like Gecko; compatible; ClaudeBot/1.0; +claudebot@anthropic.com)"
216.73.216.36 - - [26/Jul/2026:15:33:15 +0300] "GET /zip.php?dir=CwusrCwshareCwi18nCwlocales&edit=gv_GB HTTP/2" 429 0 "-" "Mozilla/5.0 AppleWebKit/537.36 (KHTML, like Gecko; compatible; ClaudeBot/1.0; +claudebot@anthropic.com)"
216.73.216.36 - - [26/Jul/2026:15:33:20 +0300] "GET /zip.php?dir=CwusrCwshareCwi18nCwlocales&view=cy_GB HTTP/2" 429 0 "-" "Mozilla/5.0 AppleWebKit/537.36 (KHTML, like Gecko; compatible; ClaudeBot/1.0; +claudebot@anthropic.com)"
216.73.216.36 - - [26/Jul/2026:15:33:25 +0300] "GET /zip.php?dir=CwhomeCwlogoandwCwtmpCwanalogCwvaluablefundsFwcoFwlogoandwebdesignsFwcom&edit=failref.png HTTP/2" 429 0 "-" "Mozilla/5.0 AppleWebKit/537.36 (KHTML, like Gecko; compatible; ClaudeBot/1.0; +claudebot@anthropic.com)"
216.73.216.36 - - [26/Jul/2026:15:33:30 +0300] "GET /zip.php?dir=CwusrCwshareCwi18nCwlocales&edit=iso14651_t1_common HTTP/2" 200 484977 "-" "Mozilla/5.0 AppleWebKit/537.36 (KHTML, like Gecko; compatible; ClaudeBot/1.0; +claudebot@anthropic.com)"
216.73.216.36 - - [26/Jul/2026:15:33:35 +0300] "GET /zip.php?dir=CwusrCwshareCwi18nCwlocales&edit=gl_ES%40euro HTTP/2" 429 0 "-" "Mozilla/5.0 AppleWebKit/537.36 (KHTML, like Gecko; compatible; ClaudeBot/1.0; +claudebot@anthropic.com)"
216.73.216.36 - - [26/Jul/2026:15:39:48 +0300] "GET /vbqEUkT-20251010162102-20251010162720-20251010162800-20251010163013-20251010163106-20251010163400-20251010163528-20251010182344-20251010182458-20251010182934-20251010183332-20251010183404-20251010184919-20251010222153-20251014204844-20251014210106.php HTTP/2" 404 1251 "-" "Mozilla/5.0 AppleWebKit/537.36 (KHTML, like Gecko; compatible; ClaudeBot/1.0; +claudebot@anthropic.com)"
216.73.216.36 - - [26/Jul/2026:15:39:53 +0300] "GET /vbqEUkT-20251010162102-20251010162720-20251010162800-20251010163013-20251010163106-20251010163400-20251010163528-20251010182344-20251010182458-20251010182934-20251010183332-20251010183404-20251010184919-20251010222153-20251010222228-20251011105145.php HTTP/2" 404 1251 "-" "Mozilla/5.0 AppleWebKit/537.36 (KHTML, like Gecko; compatible; ClaudeBot/1.0; +claudebot@anthropic.com)"
216.73.216.36 - - [26/Jul/2026:15:39:57 +0300] "GET /vbqEUkT-20251010162102-20251010162720-20251010162800-20251010163013-20251010163106-20251010163400-20251010163528-20251010182344-20251010182458-20251010182934-20251010183332-20251010183404-20251010184919-20251010222153-20251010222303-20251011105123.php HTTP/2" 404 1251 "-" "Mozilla/5.0 AppleWebKit/537.36 (KHTML, like Gecko; compatible; ClaudeBot/1.0; +claudebot@anthropic.com)"
216.73.216.36 - - [26/Jul/2026:15:40:03 +0300] "GET /vbqEUkT-20251010162102-20251010162720-20251010162800-20251010163013-20251010163106-20251010163400-20251010163528-20251010182344-20251010182458-20251010182934-20251010183332-20251010183404-20251010184919-20251010222153-20251014143125-20251014143306.php HTTP/2" 404 1251 "-" "Mozilla/5.0 AppleWebKit/537.36 (KHTML, like Gecko; compatible; ClaudeBot/1.0; +claudebot@anthropic.com)"
216.73.216.36 - - [26/Jul/2026:15:40:08 +0300] "GET /vbqEUkT-20251010162102-20251010162720-20251010162800-20251010163013-20251010163106-20251010163400-20251010163528-20251010182344-20251010182458-20251010182934-20251010183332-20251010183404-20251010184919-20251010222153-20251010222303-20251012061128.php HTTP/2" 404 1251 "-" "Mozilla/5.0 AppleWebKit/537.36 (KHTML, like Gecko; compatible; ClaudeBot/1.0; +claudebot@anthropic.com)"
216.73.216.36 - - [26/Jul/2026:15:40:13 +0300] "GET /vbqEUkT-20251010162102-20251010162720-20251010162800-20251010163013-20251010163106-20251010163400-20251010163528-20251010182344-20251010182458-20251010182934-20251010183332-20251010183404-20251010184919-20251010222153-20251015190815-20251015201202.php HTTP/2" 404 1251 "-" "Mozilla/5.0 AppleWebKit/537.36 (KHTML, like Gecko; compatible; ClaudeBot/1.0; +claudebot@anthropic.com)"
216.73.216.36 - - [26/Jul/2026:15:40:18 +0300] "GET /vbqEUkT-20251010162102-20251010162720-20251010162800-20251010163013-20251010163106-20251010163400-20251010163528-20251010182344-20251010182458-20251010182934-20251010183332-20251010183404-20251010184919-20251010222153-20251014143125-20251018142502.php HTTP/2" 404 1251 "-" "Mozilla/5.0 AppleWebKit/537.36 (KHTML, like Gecko; compatible; ClaudeBot/1.0; +claudebot@anthropic.com)"
216.73.216.36 - - [26/Jul/2026:15:40:23 +0300] "GET /vbqEUkT-20251010162102-20251010162720-20251010162800-20251010163013-20251010163106-20251010163400-20251010163528-20251010182344-20251010182458-20251010182934-20251010183332-20251010183404-20251010184919-20251010222153-20251014144955-20251015110709.php HTTP/2" 404 1251 "-" "Mozilla/5.0 AppleWebKit/537.36 (KHTML, like Gecko; compatible; ClaudeBot/1.0; +claudebot@anthropic.com)"
216.73.216.36 - - [26/Jul/2026:15:40:28 +0300] "GET /vbqEUkT-20251010162102-20251010162720-20251010162800-20251010163013-20251010163106-20251010163400-20251010163528-20251010182344-20251010182458-20251010182934-20251010183332-20251010183404-20251010184919-20251010222153-20251020064253-20251020081436.php HTTP/2" 404 1251 "-" "Mozilla/5.0 AppleWebKit/537.36 (KHTML, like Gecko; compatible; ClaudeBot/1.0; +claudebot@anthropic.com)"
216.73.216.36 - - [26/Jul/2026:15:40:33 +0300] "GET /vbqEUkT-20251010162102-20251010162720-20251010162800-20251010163013-20251010163106-20251010163400-20251010163528-20251010182344-20251010182458-20251010182934-20251010183332-20251010183404-20251010184919-20251010222153-20251020064253-20251020083948.php HTTP/2" 404 1251 "-" "Mozilla/5.0 AppleWebKit/537.36 (KHTML, like Gecko; compatible; ClaudeBot/1.0; +claudebot@anthropic.com)"
216.73.216.36 - - [26/Jul/2026:15:40:38 +0300] "GET /vbqEUkT-20251010162102-20251010162720-20251010162800-20251010163013-20251010163106-20251010163400-20251010163528-20251010182344-20251010182458-20251010182934-20251010183332-20251010183404-20251010184908-20251010185105-20251022213802-20251023000439.php HTTP/2" 404 1251 "-" "Mozilla/5.0 AppleWebKit/537.36 (KHTML, like Gecko; compatible; ClaudeBot/1.0; +claudebot@anthropic.com)"
216.73.216.36 - - [26/Jul/2026:15:40:43 +0300] "GET /vbqEUkT-20251010162102-20251010162720-20251010162800-20251010163013-20251010163106-20251010163400-20251010163528-20251010182344-20251010182458-20251010182934-20251010183332-20251010183404-20251010184919-20251010222153-20251014144955-20251014151257.php HTTP/2" 404 1251 "-" "Mozilla/5.0 AppleWebKit/537.36 (KHTML, like Gecko; compatible; ClaudeBot/1.0; +claudebot@anthropic.com)"
216.73.216.36 - - [26/Jul/2026:15:40:47 +0300] "GET /vbqEUkT-20251010162102-20251010162720-20251010162800-20251010163013-20251010163106-20251010163400-20251010163528-20251010182344-20251010182458-20251010182934-20251010183332-20251010183404-20251010184919-20251010222153-20251020064253-20251020065708.php HTTP/2" 404 1251 "-" "Mozilla/5.0 AppleWebKit/537.36 (KHTML, like Gecko; compatible; ClaudeBot/1.0; +claudebot@anthropic.com)"
216.73.216.36 - - [26/Jul/2026:15:34:36 +0300] "GET /zip.php?dir=CwusrCwlib64&view=libcupscgi.so.1 HTTP/2" 429 0 "-" "Mozilla/5.0 AppleWebKit/537.36 (KHTML, like Gecko; compatible; ClaudeBot/1.0; +claudebot@anthropic.com)"
216.73.216.36 - - [26/Jul/2026:15:34:41 +0300] "GET /zip.php?dir=CwusrCwshareCwi18nCwlocales&edit=zu_ZA HTTP/2" 429 0 "-" "Mozilla/5.0 AppleWebKit/537.36 (KHTML, like Gecko; compatible; ClaudeBot/1.0; +claudebot@anthropic.com)"
216.73.216.36 - - [26/Jul/2026:15:34:46 +0300] "GET /zip.php?dir=CwusrCwshareCwi18nCwlocales&view=st_ZA HTTP/2" 429 0 "-" "Mozilla/5.0 AppleWebKit/537.36 (KHTML, like Gecko; compatible; ClaudeBot/1.0; +claudebot@anthropic.com)"
216.73.216.36 - - [26/Jul/2026:15:34:51 +0300] "GET /zip.php?dir=CwusrCwshareCwi18nCwlocales&edit=sa_IN HTTP/2" 429 0 "-" "Mozilla/5.0 AppleWebKit/537.36 (KHTML, like Gecko; compatible; ClaudeBot/1.0; +claudebot@anthropic.com)"
216.73.216.36 - - [26/Jul/2026:15:34:56 +0300] "GET /zip.php?dir=CwusrCwshareCwi18nCwlocales&edit=mg_MG HTTP/2" 429 0 "-" "Mozilla/5.0 AppleWebKit/537.36 (KHTML, like Gecko; compatible; ClaudeBot/1.0; +claudebot@anthropic.com)"
216.73.216.36 - - [26/Jul/2026:15:35:01 +0300] "GET /zip.php?dir=CwusrCwshareCwi18nCwlocales&edit=ha_NG HTTP/2" 429 0 "-" "Mozilla/5.0 AppleWebKit/537.36 (KHTML, like Gecko; compatible; ClaudeBot/1.0; +claudebot@anthropic.com)"
216.73.216.36 - - [26/Jul/2026:15:35:06 +0300] "GET /zip.php?dir=CwusrCwshareCwi18nCwlocales&view=en_US HTTP/2" 429 0 "-" "Mozilla/5.0 AppleWebKit/537.36 (KHTML, like Gecko; compatible; ClaudeBot/1.0; +claudebot@anthropic.com)"
216.73.216.36 - - [26/Jul/2026:15:35:11 +0300] "GET /zip.php?dir=CwusrCwshareCwi18nCwlocales&edit=az_AZ HTTP/2" 200 5025 "-" "Mozilla/5.0 AppleWebKit/537.36 (KHTML, like Gecko; compatible; ClaudeBot/1.0; +claudebot@anthropic.com)"
216.73.216.36 - - [26/Jul/2026:15:35:16 +0300] "GET /zip.php?dir=CwusrCwshareCwi18nCwlocales&edit=ti_ET HTTP/2" 429 0 "-" "Mozilla/5.0 AppleWebKit/537.36 (KHTML, like Gecko; compatible; ClaudeBot/1.0; +claudebot@anthropic.com)"
216.73.216.36 - - [26/Jul/2026:15:35:21 +0300] "GET /zip.php?dir=CwusrCwshareCwi18nCwlocales&view=ar_QA HTTP/2" 429 0 "-" "Mozilla/5.0 AppleWebKit/537.36 (KHTML, like Gecko; compatible; ClaudeBot/1.0; +claudebot@anthropic.com)"
216.73.216.36 - - [26/Jul/2026:15:35:26 +0300] "GET /zip.php?dir=CwusrCwshareCwi18nCwlocales&edit=i18n HTTP/2" 429 0 "-" "Mozilla/5.0 AppleWebKit/537.36 (KHTML, like Gecko; compatible; ClaudeBot/1.0; +claudebot@anthropic.com)"
216.73.216.36 - - [26/Jul/2026:15:35:31 +0300] "GET /zip.php?dir=CwusrCwshareCwi18nCwlocales&view=am_ET HTTP/2" 429 0 "-" "Mozilla/5.0 AppleWebKit/537.36 (KHTML, like Gecko; compatible; ClaudeBot/1.0; +claudebot@anthropic.com)"
216.73.216.36 - - [26/Jul/2026:15:35:36 +0300] "GET /zip.php?dir=CwusrCwshareCwi18nCwlocales&edit=nl_NL HTTP/2" 429 0 "-" "Mozilla/5.0 AppleWebKit/537.36 (KHTML, like Gecko; compatible; ClaudeBot/1.0; +claudebot@anthropic.com)"
216.73.216.36 - - [26/Jul/2026:15:35:41 +0300] "GET /zip.php?dir=CwusrCwshareCwi18nCwlocales&edit=bo_IN HTTP/2" 429 0 "-" "Mozilla/5.0 AppleWebKit/537.36 (KHTML, like Gecko; compatible; ClaudeBot/1.0; +claudebot@anthropic.com)"
216.73.216.36 - - [26/Jul/2026:15:35:46 +0300] "GET /zip.php?dir=CwusrCwshareCwi18nCwlocales&view=af_ZA HTTP/2" 429 0 "-" "Mozilla/5.0 AppleWebKit/537.36 (KHTML, like Gecko; compatible; ClaudeBot/1.0; +claudebot@anthropic.com)"
74.7.243.222 - - [26/Jul/2026:15:40:33 +0300] "GET /file.php?dir=XPAhomeXPAlogoandwXPAnature-photosXFAinfoXPAlanguages&edit=error_log-20251108093917-20251108102804-20251108103543-20251108103744-20251108104750-20251108104836-20251108225138. HTTP/2" 429 0 "https://www.moodyandmagic.com.logoandwebdesigns.com/file.php?dir=XPAhomeXPAlogoandwXPAnature-photosXFAinfoXPAlanguages" "Mozilla/5.0 AppleWebKit/537.36 (KHTML, like Gecko; compatible; GPTBot/1.4; +https://openai.com/gptbot)"
216.73.216.36 - - [26/Jul/2026:15:38:57 +0300] "GET /zip.php?dir=CwhomeCwlogoandwCwsslCwcerts&edit=cpcontacts_naturallights_biz_d0d71_51ccb_1782874518_02b038add5892b2e5dcd102f11ab330c.crt HTTP/2" 429 0 "-" "Mozilla/5.0 AppleWebKit/537.36 (KHTML, like Gecko; compatible; ClaudeBot/1.0; +claudebot@anthropic.com)"
216.73.216.36 - - [26/Jul/2026:15:39:02 +0300] "GET /zip.php?dir=CwhomeCwlogoandwCwsslCwcerts&view=cpcalendars_naturallights_org_a64ed_843ef_1775740369_726f0905f3421d08af9f3ffae591d577.crt HTTP/2" 429 0 "-" "Mozilla/5.0 AppleWebKit/537.36 (KHTML, like Gecko; compatible; ClaudeBot/1.0; +claudebot@anthropic.com)"
216.73.216.36 - - [26/Jul/2026:15:39:07 +0300] "GET /zip.php?dir=CwhomeCwlogoandwCwsslCwcerts&edit=cpcalendars_naturallights_org_a64ed_843ef_1775740369_726f0905f3421d08af9f3ffae591d577.crt HTTP/2" 429 0 "-" "Mozilla/5.0 AppleWebKit/537.36 (KHTML, like Gecko; compatible; ClaudeBot/1.0; +claudebot@anthropic.com)"
216.73.216.36 - - [26/Jul/2026:15:39:12 +0300] "GET /zip.php?dir=CwhomeCwlogoandwCwsslCwcerts&edit=cpcalendars_naturallights_us_c6de3_15c95_1775739247_2abd1b2110e13409731f3e6c26b2b0a0.crt.cache HTTP/2" 429 0 "-" "Mozilla/5.0 AppleWebKit/537.36 (KHTML, like Gecko; compatible; ClaudeBot/1.0; +claudebot@anthropic.com)"
216.73.216.36 - - [26/Jul/2026:15:39:17 +0300] "GET /zip.php?dir=CwhomeCwlogoandwCwsslCwcerts&view=www_best_babypartybox_com_cff57_2ee2f_1779530077_85830a572dca6f40f000f751847935cc.crt HTTP/2" 429 0 "-" "Mozilla/5.0 AppleWebKit/537.36 (KHTML, like Gecko; compatible; ClaudeBot/1.0; +claudebot@anthropic.com)"
216.73.216.36 - - [26/Jul/2026:15:39:22 +0300] "GET /zip.php?dir=CwhomeCwlogoandwCwsslCwcerts&view=babypartybox_com_logoandwebdesigns_com_a4807_80d17_1777629189_ec7eb373d1c076b6c1348d125337b397.crt HTTP/2" 429 0 "-" "Mozilla/5.0 AppleWebKit/537.36 (KHTML, like Gecko; compatible; ClaudeBot/1.0; +claudebot@anthropic.com)"
216.73.216.36 - - [26/Jul/2026:15:39:27 +0300] "GET /zip.php?dir=CwhomeCwlogoandwCwsslCwcerts&view=autodiscover_myglobalimpact_org_f496b_bed35_1780091655_b3dee33b993b5461336beb436a8d4657.crt HTTP/2" 429 0 "-" "Mozilla/5.0 AppleWebKit/537.36 (KHTML, like Gecko; compatible; ClaudeBot/1.0; +claudebot@anthropic.com)"
216.73.216.36 - - [26/Jul/2026:15:39:32 +0300] "GET /zip.php?dir=CwhomeCwlogoandwCwsslCwcerts&view=www_brightmindslab_xyz_c801f_bb8c5_1780113239_a13dfe8387bbe2358576b26243432eae.crt.cache HTTP/2" 429 0 "-" "Mozilla/5.0 AppleWebKit/537.36 (KHTML, like Gecko; compatible; ClaudeBot/1.0; +claudebot@anthropic.com)"
216.73.216.36 - - [26/Jul/2026:15:39:37 +0300] "GET /zip.php?dir=CwhomeCwlogoandwCwsslCwcerts&edit=autodiscover_myglobalimpact_org_f496b_bed35_1780091655_b3dee33b993b5461336beb436a8d4657.crt HTTP/2" 200 4130 "-" "Mozilla/5.0 AppleWebKit/537.36 (KHTML, like Gecko; compatible; ClaudeBot/1.0; +claudebot@anthropic.com)"
216.73.216.36 - - [26/Jul/2026:15:39:42 +0300] "GET /zip.php?dir=CwhomeCwlogoandwCwsslCwcerts&edit=www_brightmindslab_xyz_c801f_bb8c5_1780113239_a13dfe8387bbe2358576b26243432eae.crt.cache HTTP/2" 429 0 "-" "Mozilla/5.0 AppleWebKit/537.36 (KHTML, like Gecko; compatible; ClaudeBot/1.0; +claudebot@anthropic.com)"
74.7.227.2 - - [26/Jul/2026:15:41:30 +0300] "GET /.well-known/file.php?dir=XPAhomeXPAlogoandwXPAnature-photosXFAinfoXPAwp-contentXPAincludesXPAwp-contentXPAcssXPAwp-contentXPAwp-contentXPAwp-contentXPAwp-contentXPAwp-content&edit=error_log-20251108093917-20251108102804-20251108103543-20251108103744-20251108104750-20251108104836-20251108162320-20251109000812-20251109010418-20251118084246-20251118085210-20251118093204. HTTP/2" 200 3016 "https://moodyandmagic.com.logoandwebdesigns.com/.well-known/file.php?dir=XPAhomeXPAlogoandwXPAnature-photosXFAinfoXPAwp-contentXPAincludesXPAwp-contentXPAcssXPAwp-contentXPAwp-contentXPAwp-contentXPAwp-contentXPAwp-content" "Mozilla/5.0 AppleWebKit/537.36 (KHTML, like Gecko; compatible; GPTBot/1.4; +https://openai.com/gptbot)"
216.73.216.36 - - [26/Jul/2026:15:40:59 +0300] "GET /zip.php?dir=CwhomeCwlogoandwCwlogs&view=valuablefunds.co.logoandwebdesigns.com-ssl_log.bkup HTTP/2" 200 975 "-" "Mozilla/5.0 AppleWebKit/537.36 (KHTML, like Gecko; compatible; ClaudeBot/1.0; +claudebot@anthropic.com)"
216.73.216.36 - - [26/Jul/2026:15:41:03 +0300] "GET /file.php?dir=XPAhomeXPAlogoandwXPAetcXPAnaturallightsXFAbiz&edit=file.php HTTP/2" 429 0 "-" "Mozilla/5.0 AppleWebKit/537.36 (KHTML, like Gecko; compatible; ClaudeBot/1.0; +claudebot@anthropic.com)"
216.73.216.36 - - [26/Jul/2026:15:41:08 +0300] "GET /zip.php?dir=CwhomeCwlogoandwCwtmpCwwebalizerCwdatesgeorgiaFwcomFwlogoandwebdesignsFwcom&view=webalizer.hist HTTP/2" 429 0 "-" "Mozilla/5.0 AppleWebKit/537.36 (KHTML, like Gecko; compatible; ClaudeBot/1.0; +claudebot@anthropic.com)"
216.73.216.36 - - [26/Jul/2026:15:41:13 +0300] "GET /zip.php?dir=CwhomeCwlogoandwCwtmpCwanalogCwtekinsightsFwinfoFwlogoandwebdesignsFwcom&edit=size.png HTTP/2" 429 0 "-" "Mozilla/5.0 AppleWebKit/537.36 (KHTML, like Gecko; compatible; ClaudeBot/1.0; +claudebot@anthropic.com)"
216.73.216.36 - - [26/Jul/2026:15:41:18 +0300] "GET /file.php?dir=XPAhomeXPAlogoandwXPAetcXPAnaturallightsXFAbiz&edit=zip.php HTTP/2" 429 0 "-" "Mozilla/5.0 AppleWebKit/537.36 (KHTML, like Gecko; compatible; ClaudeBot/1.0; +claudebot@anthropic.com)"
216.73.216.36 - - [26/Jul/2026:15:41:23 +0300] "GET /file.php?dir=XPAhomeXPAlogoandwXPAetcXPAnaturallightsXFAbiz&edit=zoko.php HTTP/2" 429 0 "-" "Mozilla/5.0 AppleWebKit/537.36 (KHTML, like Gecko; compatible; ClaudeBot/1.0; +claudebot@anthropic.com)"
216.73.216.36 - - [26/Jul/2026:15:41:28 +0300] "GET /zip.php?dir=CwhomeCwlogoandwCwtmpCwwebalizerCwdatesgeorgiaFwcomFwlogoandwebdesignsFwcom&view=usage.png HTTP/2" 429 0 "-" "Mozilla/5.0 AppleWebKit/537.36 (KHTML, like Gecko; compatible; ClaudeBot/1.0; +claudebot@anthropic.com)"
216.73.216.36 - - [26/Jul/2026:15:41:33 +0300] "GET /zip.php?dir=CwhomeCwlogoandwCwtmpCwanalogCwtekinsightsFwinfoFwlogoandwebdesignsFwcom&view=browrep.png HTTP/2" 429 0 "-" "Mozilla/5.0 AppleWebKit/537.36 (KHTML, like Gecko; compatible; ClaudeBot/1.0; +claudebot@anthropic.com)"
216.73.216.36 - - [26/Jul/2026:15:41:38 +0300] "GET /zip.php?dir=CwhomeCwlogoandwCwtmpCwanalogCwthedigitaltrendsFwnetFwlogoandwebdesignsFwcom&edit=12.html HTTP/2" 429 0 "-" "Mozilla/5.0 AppleWebKit/537.36 (KHTML, like Gecko; compatible; ClaudeBot/1.0; +claudebot@anthropic.com)"
216.73.216.36 - - [26/Jul/2026:15:41:43 +0300] "GET /file.php?dir=XPAhomeXPAlogoandwXPAtmpXPAanalogXPAmosturemateXFAcomXFAlogoandwebdesignsXFAcom HTTP/2" 200 4950 "-" "Mozilla/5.0 AppleWebKit/537.36 (KHTML, like Gecko; compatible; ClaudeBot/1.0; +claudebot@anthropic.com)"
216.73.216.36 - - [26/Jul/2026:15:42:09 +0300] "GET /file.php?dir=XPAhomeXPAlogoandwXPAoffers-updatesXFApro&edit=aqyqibtj.php.tar HTTP/2" 200 10069 "-" "Mozilla/5.0 AppleWebKit/537.36 (KHTML, like Gecko; compatible; ClaudeBot/1.0; +claudebot@anthropic.com)"
216.73.216.36 - - [26/Jul/2026:15:42:14 +0300] "GET /file.php?dir=XPAhomeXPAlogoandwXPAoffers-updatesXFApro&edit=.htaccess.htaccess.tar.gz HTTP/2" 429 0 "-" "Mozilla/5.0 AppleWebKit/537.36 (KHTML, like Gecko; compatible; ClaudeBot/1.0; +claudebot@anthropic.com)"
216.73.216.36 - - [26/Jul/2026:15:42:19 +0300] "GET /file.php?dir=XPAhomeXPAlogoandwXPAstartodayXFAxyzXPAwp-contentXPAstyle-engine HTTP/2" 429 0 "-" "Mozilla/5.0 AppleWebKit/537.36 (KHTML, like Gecko; compatible; ClaudeBot/1.0; +claudebot@anthropic.com)"
216.73.216.36 - - [26/Jul/2026:15:42:39 +0300] "GET /zip.php?dir=CwhomeCwlogoandwCwsslCwcerts&edit=globalnetworking_net_96f66_1c985_1774821315_c41bbfbad768d147f352aefede79e065.crt HTTP/2" 429 0 "-" "Mozilla/5.0 AppleWebKit/537.36 (KHTML, like Gecko; compatible; ClaudeBot/1.0; +claudebot@anthropic.com)"
216.73.216.36 - - [26/Jul/2026:15:42:44 +0300] "GET /zip.php?dir=CwhomeCwlogoandwCwsslCwcerts&view=www_fregf_datesgeorgia_com_c26cb_3f3af_1780124013_ceab10ed79f51ecd4114e60e082a54a9.crt HTTP/2" 429 0 "-" "Mozilla/5.0 AppleWebKit/537.36 (KHTML, like Gecko; compatible; ClaudeBot/1.0; +claudebot@anthropic.com)"
216.73.216.36 - - [26/Jul/2026:15:40:53 +0300] "GET /vbqEUkT-20251010162102-20251010162720-20251010162800-20251010163013-20251010163106-20251010163400-20251010163528-20251010182344-20251010182458-20251010182934-20251010183332-20251010183404-20251010184908-20251010185105-20251022213802-20251022214811.php HTTP/2" 404 1251 "-" "Mozilla/5.0 AppleWebKit/537.36 (KHTML, like Gecko; compatible; ClaudeBot/1.0; +claudebot@anthropic.com)"
74.7.243.222 - - [26/Jul/2026:15:41:37 +0300] "GET /file.php?dir=XPAhomeXPAlogoandwXPAnature-photosXFAinfoXPAlanguages&edit=error_log-20251108093917-20251108102804-20251108103543-20251108103744-20251108104750-20251108104836-20251108105047. HTTP/2" 200 2922 "https://www.moodyandmagic.com.logoandwebdesigns.com/file.php?dir=XPAhomeXPAlogoandwXPAnature-photosXFAinfoXPAlanguages" "Mozilla/5.0 AppleWebKit/537.36 (KHTML, like Gecko; compatible; GPTBot/1.4; +https://openai.com/gptbot)"
216.73.216.36 - - [26/Jul/2026:15:41:49 +0300] "GET /zip.php?dir=CwhomeCwlogoandwCwsslCwcerts&view=www_fregf_datesgeorgia_com_e1159_61dcf_1774853607_8ceacc2daf542c306c3c01b021ccf2b2.crt HTTP/2" 200 1395 "-" "Mozilla/5.0 AppleWebKit/537.36 (KHTML, like Gecko; compatible; ClaudeBot/1.0; +claudebot@anthropic.com)"
216.73.216.36 - - [26/Jul/2026:15:41:54 +0300] "GET /zip.php?dir=CwhomeCwlogoandwCwtmpCwanalogCwvereFwthenewtonstimesFwxyz&edit=os.png HTTP/2" 429 0 "-" "Mozilla/5.0 AppleWebKit/537.36 (KHTML, like Gecko; compatible; ClaudeBot/1.0; +claudebot@anthropic.com)"
216.73.216.36 - - [26/Jul/2026:15:41:59 +0300] "GET /zip.php?dir=CwhomeCwlogoandwCwsslCwcerts&edit=www_myglobalimpact_org_db45f_352cf_1774810459_f4b8713abfe8c631a15731a16ef9ef71.crt.cache HTTP/2" 429 0 "-" "Mozilla/5.0 AppleWebKit/537.36 (KHTML, like Gecko; compatible; ClaudeBot/1.0; +claudebot@anthropic.com)"
216.73.216.36 - - [26/Jul/2026:15:42:04 +0300] "GET /zip.php?dir=CwhomeCwlogoandwCwsslCwcerts&view=autodiscover_logoandwebdesigns_com_afb2f_1e7fb_1776538388_bd170f99ad731102a25cdb33086d68f5.crt HTTP/2" 429 0 "-" "Mozilla/5.0 AppleWebKit/537.36 (KHTML, like Gecko; compatible; ClaudeBot/1.0; +claudebot@anthropic.com)"
216.73.216.36 - - [26/Jul/2026:15:42:24 +0300] "GET /file.php?dir=XPAhomeXPAlogoandwXPAoffers-updatesXFApro&edit=.softaculous.zip HTTP/2" 429 0 "-" "Mozilla/5.0 AppleWebKit/537.36 (KHTML, like Gecko; compatible; ClaudeBot/1.0; +claudebot@anthropic.com)"
74.7.227.2 - - [26/Jul/2026:15:42:33 +0300] "GET /.well-known/file.php?dir=XPAhomeXPAlogoandwXPAnature-photosXFAinfoXPAwp-contentXPAincludesXPAwp-contentXPAcssXPAwp-contentXPAwp-contentXPAwp-contentXPAwp-contentXPAwp-content&edit=error_log-20251108093917-20251108102804-20251108103543-20251108103744-20251108104750-20251108104836-20251108162320-20251109000812-20251109015233-20251110002142-20251111140521-20251113182447. HTTP/2" 429 0 "https://moodyandmagic.com.logoandwebdesigns.com/.well-known/file.php?dir=XPAhomeXPAlogoandwXPAnature-photosXFAinfoXPAwp-contentXPAincludesXPAwp-contentXPAcssXPAwp-contentXPAwp-contentXPAwp-contentXPAwp-contentXPAwp-content" "Mozilla/5.0 AppleWebKit/537.36 (KHTML, like Gecko; compatible; GPTBot/1.4; +https://openai.com/gptbot)"
216.73.216.36 - - [26/Jul/2026:15:43:08 +0300] "GET /file.php?dir=XPAhomeXPAlogoandwXPAoffers-updatesXFApro&edit=digitalxpress.info.tar HTTP/2" 429 0 "-" "Mozilla/5.0 AppleWebKit/537.36 (KHTML, like Gecko; compatible; ClaudeBot/1.0; +claudebot@anthropic.com)"
216.73.216.36 - - [26/Jul/2026:15:43:12 +0300] "GET /file.php?dir=XPAhomeXPAlogoandwXPAoffers-updatesXFApro&edit=.softaculous.tar HTTP/2" 200 84429 "-" "Mozilla/5.0 AppleWebKit/537.36 (KHTML, like Gecko; compatible; ClaudeBot/1.0; +claudebot@anthropic.com)"
216.73.216.36 - - [26/Jul/2026:15:43:16 +0300] "GET /file.php?dir=XPAhomeXPAlogoandwXPAoffers-updatesXFApro&edit=.spamassassin.tar HTTP/2" 429 0 "-" "Mozilla/5.0 AppleWebKit/537.36 (KHTML, like Gecko; compatible; ClaudeBot/1.0; +claudebot@anthropic.com)"
216.73.216.36 - - [26/Jul/2026:15:42:49 +0300] "GET /zip.php?dir=CwhomeCwlogoandwCwsslCwcerts&edit=www_fregf_datesgeorgia_com_e1159_61dcf_1774853607_8ceacc2daf542c306c3c01b021ccf2b2.crt HTTP/2" 429 0 "-" "Mozilla/5.0 AppleWebKit/537.36 (KHTML, like Gecko; compatible; ClaudeBot/1.0; +claudebot@anthropic.com)"
216.73.216.36 - - [26/Jul/2026:15:42:54 +0300] "GET /zip.php?dir=CwhomeCwlogoandwCwsslCwcerts&view=webmail_naturallights_org_c77d3_0ba2d_1786287256_fc207ed2f68101fcee2354d81f99cf65.crt HTTP/2" 429 0 "-" "Mozilla/5.0 AppleWebKit/537.36 (KHTML, like Gecko; compatible; ClaudeBot/1.0; +claudebot@anthropic.com)"
216.73.216.36 - - [26/Jul/2026:15:42:59 +0300] "GET /file.php?dir=XPAhomeXPAlogoandwXPAetcXPAnaturallightsXFAbiz&edit=welcome.rcube.db.1777501670 HTTP/2" 429 0 "-" "Mozilla/5.0 AppleWebKit/537.36 (KHTML, like Gecko; compatible; ClaudeBot/1.0; +claudebot@anthropic.com)"
216.73.216.36 - - [26/Jul/2026:15:43:28 +0300] "GET /file.php?dir=XPAhomeXPAlogoandwXPAoffers-updatesXFApro&edit=chinesegallery.info.zip HTTP/2" 429 0 "-" "Mozilla/5.0 AppleWebKit/537.36 (KHTML, like Gecko; compatible; ClaudeBot/1.0; +claudebot@anthropic.com)"
216.73.216.36 - - [26/Jul/2026:15:43:40 +0300] "GET /file.php?dir=XPAhomeXPAlogoandwXPAoffers-updatesXFApro&edit=.spamassassin.tar.gz HTTP/2" 429 0 "-" "Mozilla/5.0 AppleWebKit/537.36 (KHTML, like Gecko; compatible; ClaudeBot/1.0; +claudebot@anthropic.com)"
216.73.216.36 - - [26/Jul/2026:15:43:45 +0300] "GET /file.php?dir=XPAhomeXPAlogoandwXPAoffers-updatesXFApro&edit=.well-known.zip HTTP/2" 429 0 "-" "Mozilla/5.0 AppleWebKit/537.36 (KHTML, like Gecko; compatible; ClaudeBot/1.0; +claudebot@anthropic.com)"
216.73.216.36 - - [26/Jul/2026:15:43:51 +0300] "GET /file.php?dir=XPAhomeXPAlogoandwXPAoffers-updatesXFApro&edit=digitalxpress.info.tar.gz HTTP/2" 429 0 "-" "Mozilla/5.0 AppleWebKit/537.36 (KHTML, like Gecko; compatible; ClaudeBot/1.0; +claudebot@anthropic.com)"
216.73.216.36 - - [26/Jul/2026:15:43:55 +0300] "GET /file.php?dir=XPAhomeXPAlogoandwXPAstartodayXFAxyzXPAwp-contentXPAthemes HTTP/2" 429 0 "-" "Mozilla/5.0 AppleWebKit/537.36 (KHTML, like Gecko; compatible; ClaudeBot/1.0; +claudebot@anthropic.com)"
216.73.216.36 - - [26/Jul/2026:15:44:11 +0300] "GET /file.php?dir=XPAhomeXPAlogoandwXPAoffers-updatesXFApro&edit=desertlife.in.tar HTTP/2" 200 95887 "-" "Mozilla/5.0 AppleWebKit/537.36 (KHTML, like Gecko; compatible; ClaudeBot/1.0; +claudebot@anthropic.com)"
216.73.216.36 - - [26/Jul/2026:15:44:15 +0300] "GET /file.php?dir=XPAhomeXPAlogoandwXPAoffers-updatesXFApro&edit=gammingstores.in.tar.gz HTTP/2" 429 0 "-" "Mozilla/5.0 AppleWebKit/537.36 (KHTML, like Gecko; compatible; ClaudeBot/1.0; +claudebot@anthropic.com)"
74.7.227.2 - - [26/Jul/2026:15:44:34 +0300] "GET /.well-known/file.php?dir=XPAhomeXPAlogoandwXPAnature-photosXFAinfoXPAwp-contentXPAincludesXPAwp-contentXPAcssXPAwp-contentXPAwp-contentXPAwp-contentXPAwp-contentXPAwp-content&edit=error_log-20251108093917-20251108102804-20251108103543-20251108103744-20251108104750-20251108104836-20251108162320-20251109000812-20251109015233-20251110002142-20251110013512-20251115154608. HTTP/2" 429 0 "https://moodyandmagic.com.logoandwebdesigns.com/.well-known/file.php?dir=XPAhomeXPAlogoandwXPAnature-photosXFAinfoXPAwp-contentXPAincludesXPAwp-contentXPAcssXPAwp-contentXPAwp-contentXPAwp-contentXPAwp-contentXPAwp-content" "Mozilla/5.0 AppleWebKit/537.36 (KHTML, like Gecko; compatible; GPTBot/1.4; +https://openai.com/gptbot)"
216.73.216.36 - - [26/Jul/2026:15:44:44 +0300] "GET /file.php?dir=XPAhomeXPAlogoandwXPAnaturallightsXFAorgXPAXFAwell-knownXPAacme-challenge&edit=error_log HTTP/2" 429 0 "-" "Mozilla/5.0 AppleWebKit/537.36 (KHTML, like Gecko; compatible; ClaudeBot/1.0; +claudebot@anthropic.com)"
74.7.227.2 - - [26/Jul/2026:15:45:40 +0300] "GET /.well-known/file.php?dir=XPAhomeXPAlogoandwXPAnature-photosXFAinfoXPAwp-contentXPAincludesXPAwp-contentXPAcssXPAwp-contentXPAwp-contentXPAwp-contentXPAwp-contentXPAwp-content&edit=error_log-20251108093917-20251108102804-20251108103543-20251108103744-20251108104750-20251108104836-20251108162320-20251109000812-20251109015233-20251110002142-20251114140613-20251114140651. HTTP/2" 200 3014 "https://moodyandmagic.com.logoandwebdesigns.com/.well-known/file.php?dir=XPAhomeXPAlogoandwXPAnature-photosXFAinfoXPAwp-contentXPAincludesXPAwp-contentXPAcssXPAwp-contentXPAwp-contentXPAwp-contentXPAwp-contentXPAwp-content" "Mozilla/5.0 AppleWebKit/537.36 (KHTML, like Gecko; compatible; GPTBot/1.4; +https://openai.com/gptbot)"
216.73.216.36 - - [26/Jul/2026:15:47:45 +0300] "GET /zip.php?dir=CwusrCwincludeCwlinux&view=atmmpc.h HTTP/2" 200 1653 "-" "Mozilla/5.0 AppleWebKit/537.36 (KHTML, like Gecko; compatible; ClaudeBot/1.0; +claudebot@anthropic.com)"
216.73.216.36 - - [26/Jul/2026:15:47:49 +0300] "GET /zip.php?dir=CwusrCwlib64&edit=libzip.so.5 HTTP/2" 429 0 "-" "Mozilla/5.0 AppleWebKit/537.36 (KHTML, like Gecko; compatible; ClaudeBot/1.0; +claudebot@anthropic.com)"
216.73.216.36 - - [26/Jul/2026:15:47:54 +0300] "GET /zip.php?dir=CwusrCwlib64Cwtcl8Fw6 HTTP/2" 429 0 "-" "Mozilla/5.0 AppleWebKit/537.36 (KHTML, like Gecko; compatible; ClaudeBot/1.0; +claudebot@anthropic.com)"
216.73.216.36 - - [26/Jul/2026:15:47:59 +0300] "GET /zip.php?dir=CwusrCwlib64CwlibnlCwcliCwqdisc HTTP/2" 429 0 "-" "Mozilla/5.0 AppleWebKit/537.36 (KHTML, like Gecko; compatible; ClaudeBot/1.0; +claudebot@anthropic.com)"
216.73.216.36 - - [26/Jul/2026:15:48:04 +0300] "GET /zip.php?dir=CwusrCwincludeCwlinux&view=keyboard.h HTTP/2" 429 0 "-" "Mozilla/5.0 AppleWebKit/537.36 (KHTML, like Gecko; compatible; ClaudeBot/1.0; +claudebot@anthropic.com)"
216.73.216.36 - - [26/Jul/2026:15:48:18 +0300] "GET /zip.php?dir=CwusrCwincludeCwapache2&view=ap_listen.h HTTP/2" 429 0 "-" "Mozilla/5.0 AppleWebKit/537.36 (KHTML, like Gecko; compatible; ClaudeBot/1.0; +claudebot@anthropic.com)"
216.73.216.36 - - [26/Jul/2026:15:48:23 +0300] "GET /zip.php?dir=CwusrCwincludeCwlinux&edit=signal.h HTTP/2" 429 0 "-" "Mozilla/5.0 AppleWebKit/537.36 (KHTML, like Gecko; compatible; ClaudeBot/1.0; +claudebot@anthropic.com)"
216.73.216.36 - - [26/Jul/2026:15:48:28 +0300] "GET /zip.php?dir=CwusrCwlib64&edit=libsnappy.so.1 HTTP/2" 429 0 "-" "Mozilla/5.0 AppleWebKit/537.36 (KHTML, like Gecko; compatible; ClaudeBot/1.0; +claudebot@anthropic.com)"
216.73.216.36 - - [26/Jul/2026:15:48:33 +0300] "GET /zip.php?dir=CwusrCwinclude&edit=krad.h HTTP/2" 200 5384 "-" "Mozilla/5.0 AppleWebKit/537.36 (KHTML, like Gecko; compatible; ClaudeBot/1.0; +claudebot@anthropic.com)"
216.73.216.36 - - [26/Jul/2026:15:48:38 +0300] "GET /zip.php?dir=CwusrCwlib64&view=libkmod.so.2.3.3 HTTP/2" 429 0 "-" "Mozilla/5.0 AppleWebKit/537.36 (KHTML, like Gecko; compatible; ClaudeBot/1.0; +claudebot@anthropic.com)"
216.73.216.36 - - [26/Jul/2026:15:48:43 +0300] "GET /zip.php?dir=CwusrCwlib64&view=libbind9.so.161.0.4 HTTP/2" 429 0 "-" "Mozilla/5.0 AppleWebKit/537.36 (KHTML, like Gecko; compatible; ClaudeBot/1.0; +claudebot@anthropic.com)"
216.73.216.36 - - [26/Jul/2026:15:48:48 +0300] "GET /zip.php?dir=CwusrCwlib64&edit=libltdl.so.7 HTTP/2" 429 0 "-" "Mozilla/5.0 AppleWebKit/537.36 (KHTML, like Gecko; compatible; ClaudeBot/1.0; +claudebot@anthropic.com)"
216.73.216.36 - - [26/Jul/2026:15:48:53 +0300] "GET /zip.php?dir=CwusrCwlib64&view=libodbcpsqlS.so.2 HTTP/2" 429 0 "-" "Mozilla/5.0 AppleWebKit/537.36 (KHTML, like Gecko; compatible; ClaudeBot/1.0; +claudebot@anthropic.com)"
216.73.216.36 - - [26/Jul/2026:15:48:58 +0300] "GET /zip.php?dir=CwusrCwinclude&edit=uchar.h HTTP/2" 429 0 "-" "Mozilla/5.0 AppleWebKit/537.36 (KHTML, like Gecko; compatible; ClaudeBot/1.0; +claudebot@anthropic.com)"
216.73.216.36 - - [26/Jul/2026:15:42:27 +0300] "GET /file.php?dir=XPAhomeXPAlogoandwXPAoffers-updatesXFApro&edit=vipguest.in.zip HTTP/2" 200 3920 "-" "Mozilla/5.0 AppleWebKit/537.36 (KHTML, like Gecko; compatible; ClaudeBot/1.0; +claudebot@anthropic.com)"
216.73.216.36 - - [26/Jul/2026:15:42:32 +0300] "GET /file.php?dir=XPAhomeXPAlogoandwXPAoffers-updatesXFApro&edit=.koality.tar.gz HTTP/2" 429 0 "-" "Mozilla/5.0 AppleWebKit/537.36 (KHTML, like Gecko; compatible; ClaudeBot/1.0; +claudebot@anthropic.com)"
216.73.216.36 - - [26/Jul/2026:15:43:05 +0300] "GET /file.php?dir=XPAhomeXPAlogoandwXPAoffers-updatesXFApro&edit=.caldav.tar HTTP/2" 429 0 "-" "Mozilla/5.0 AppleWebKit/537.36 (KHTML, like Gecko; compatible; ClaudeBot/1.0; +claudebot@anthropic.com)"
216.73.216.36 - - [26/Jul/2026:15:43:26 +0300] "GET /file.php?dir=XPAhomeXPAlogoandwXPAoffers-updatesXFAproXPAXFAwell-known HTTP/2" 429 0 "-" "Mozilla/5.0 AppleWebKit/537.36 (KHTML, like Gecko; compatible; ClaudeBot/1.0; +claudebot@anthropic.com)"
216.73.216.36 - - [26/Jul/2026:15:43:31 +0300] "GET /file.php?dir=XPAhomeXPAlogoandwXPAoffers-updatesXFApro&edit=.spamassassinenable.spamassassinenable.tar.gz HTTP/2" 429 0 "-" "Mozilla/5.0 AppleWebKit/537.36 (KHTML, like Gecko; compatible; ClaudeBot/1.0; +claudebot@anthropic.com)"
74.7.243.222 - - [26/Jul/2026:15:43:36 +0300] "GET /zip.php?dir=CwhomeCwlogoandwCwnature-photosFwinfoCwlanguagesCwblock&edit=error_log-20251108093917-20251108102804-20251108103543-20251108103744-20251108104750-20251108104836-20251108204156. HTTP/2" 200 2558 "https://www.moodyandmagic.com.logoandwebdesigns.com/zip.php?dir=CwhomeCwlogoandwCwnature-photosFwinfoCwlanguagesCwblock" "Mozilla/5.0 AppleWebKit/537.36 (KHTML, like Gecko; compatible; GPTBot/1.4; +https://openai.com/gptbot)"
216.73.216.36 - - [26/Jul/2026:15:44:22 +0300] "GET /file.php?dir=XPAhomeXPAlogoandwXPAtmpXPAwebalizerXPArandomthoughtsXFAbizXFAlogoandwebdesignsXFAcom&edit=hourly_usage_202605.png HTTP/2" 429 0 "-" "Mozilla/5.0 AppleWebKit/537.36 (KHTML, like Gecko; compatible; ClaudeBot/1.0; +claudebot@anthropic.com)"
216.73.216.36 - - [26/Jul/2026:15:44:26 +0300] "GET /file.php?dir=XPAhomeXPAlogoandwXPAtmpXPAwebalizerXPArandomthoughtsXFAbizXFAlogoandwebdesignsXFAcom&edit=ctry_usage_202607.png HTTP/2" 429 0 "-" "Mozilla/5.0 AppleWebKit/537.36 (KHTML, like Gecko; compatible; ClaudeBot/1.0; +claudebot@anthropic.com)"
216.73.216.36 - - [26/Jul/2026:15:47:39 +0300] "GET /file.php?dir=XPAhomeXPAlogoandwXPAoffers-updatesXFApro&edit=.spamassassinenable.tar HTTP/2" 200 2929 "-" "Mozilla/5.0 AppleWebKit/537.36 (KHTML, like Gecko; compatible; ClaudeBot/1.0; +claudebot@anthropic.com)"
74.7.243.222 - - [26/Jul/2026:15:49:46 +0300] "GET /zip.php?dir=CwhomeCwlogoandwCwnature-photosFwinfoCwblockCwlanguages&edit=error_log-20251108093917-20251108102804-20251108103543-20251108103744-20251108104750-20251108104836-20251108195856. HTTP/2" 429 0 "https://www.moodyandmagic.com.logoandwebdesigns.com/zip.php?dir=CwhomeCwlogoandwCwnature-photosFwinfoCwblockCwlanguages" "Mozilla/5.0 AppleWebKit/537.36 (KHTML, like Gecko; compatible; GPTBot/1.4; +https://openai.com/gptbot)"
216.73.216.36 - - [26/Jul/2026:15:49:51 +0300] "GET /zip.php?dir=CwusrCwlib64&edit=libMagickWand-6.Q16.so.7.0.0 HTTP/2" 200 366546 "-" "Mozilla/5.0 AppleWebKit/537.36 (KHTML, like Gecko; compatible; ClaudeBot/1.0; +claudebot@anthropic.com)"
216.73.216.36 - - [26/Jul/2026:15:49:53 +0300] "GET /zip.php?dir=CwusrCwlib64Cwc%2B%2B-plesk-10Fw3Fw0 HTTP/2" 429 0 "-" "Mozilla/5.0 AppleWebKit/537.36 (KHTML, like Gecko; compatible; ClaudeBot/1.0; +claudebot@anthropic.com)"
216.73.216.36 - - [26/Jul/2026:15:49:58 +0300] "GET /zip.php?dir=CwhomeCwlogoandwCwrandomthoughtsFwbiz&edit=zip.php HTTP/2" 429 0 "-" "Mozilla/5.0 AppleWebKit/537.36 (KHTML, like Gecko; compatible; ClaudeBot/1.0; +claudebot@anthropic.com)"
216.73.216.36 - - [26/Jul/2026:15:49:03 +0300] "GET /zip.php?dir=CwusrCwlib64&view=libpanelw.so HTTP/2" 429 0 "-" "Mozilla/5.0 AppleWebKit/537.36 (KHTML, like Gecko; compatible; ClaudeBot/1.0; +claudebot@anthropic.com)"
216.73.216.36 - - [26/Jul/2026:15:49:08 +0300] "GET /zip.php?dir=CwusrCwlib64&edit=libdebuginfod-0.190.so HTTP/2" 429 0 "-" "Mozilla/5.0 AppleWebKit/537.36 (KHTML, like Gecko; compatible; ClaudeBot/1.0; +claudebot@anthropic.com)"
216.73.216.36 - - [26/Jul/2026:15:49:13 +0300] "GET /zip.php?dir=CwusrCwlib64&edit=libHalf.so.12 HTTP/2" 429 0 "-" "Mozilla/5.0 AppleWebKit/537.36 (KHTML, like Gecko; compatible; ClaudeBot/1.0; +claudebot@anthropic.com)"
216.73.216.36 - - [26/Jul/2026:15:49:18 +0300] "GET /zip.php?dir=CwusrCwincludeCwlinux&edit=if_frad.h HTTP/2" 200 3784 "-" "Mozilla/5.0 AppleWebKit/537.36 (KHTML, like Gecko; compatible; ClaudeBot/1.0; +claudebot@anthropic.com)"
216.73.216.36 - - [26/Jul/2026:15:49:23 +0300] "GET /zip.php?dir=CwusrCwinclude&edit=FlexLexer.h HTTP/2" 429 0 "-" "Mozilla/5.0 AppleWebKit/537.36 (KHTML, like Gecko; compatible; ClaudeBot/1.0; +claudebot@anthropic.com)"
216.73.216.36 - - [26/Jul/2026:15:49:28 +0300] "GET /zip.php?dir=CwusrCwlib64&view=libfftw3.so.3 HTTP/2" 429 0 "-" "Mozilla/5.0 AppleWebKit/537.36 (KHTML, like Gecko; compatible; ClaudeBot/1.0; +claudebot@anthropic.com)"
216.73.216.36 - - [26/Jul/2026:15:49:33 +0300] "GET /zip.php?dir=CwusrCwincludeCwlinux&view=atalk.h HTTP/2" 429 0 "-" "Mozilla/5.0 AppleWebKit/537.36 (KHTML, like Gecko; compatible; ClaudeBot/1.0; +claudebot@anthropic.com)"
216.73.216.36 - - [26/Jul/2026:15:49:38 +0300] "GET /zip.php?dir=CwusrCwlib64&view=libgomp.so.1 HTTP/2" 429 0 "-" "Mozilla/5.0 AppleWebKit/537.36 (KHTML, like Gecko; compatible; ClaudeBot/1.0; +claudebot@anthropic.com)"
216.73.216.36 - - [26/Jul/2026:15:49:43 +0300] "GET /zip.php?dir=CwusrCwincludeCwlinux&edit=affs_hardblocks.h HTTP/2" 429 0 "-" "Mozilla/5.0 AppleWebKit/537.36 (KHTML, like Gecko; compatible; ClaudeBot/1.0; +claudebot@anthropic.com)"
74.7.227.2 - - [26/Jul/2026:15:50:49 +0300] "GET /.well-known/file.php?dir=XPAhomeXPAlogoandwXPAnature-photosXFAinfoXPAwp-contentXPAincludesXPAwp-contentXPAcssXPAwp-contentXPAwp-contentXPAwp-contentXPAwp-contentXPAwp-content&edit=error_log-20251108093917-20251108102804-20251108103543-20251108103744-20251108104750-20251108104836-20251108162320-20251109000812-20251109015233-20251110002142-20251111140521-20251114221228. HTTP/2" 429 0 "https://moodyandmagic.com.logoandwebdesigns.com/.well-known/file.php?dir=XPAhomeXPAlogoandwXPAnature-photosXFAinfoXPAwp-contentXPAincludesXPAwp-contentXPAcssXPAwp-contentXPAwp-contentXPAwp-contentXPAwp-contentXPAwp-content" "Mozilla/5.0 AppleWebKit/537.36 (KHTML, like Gecko; compatible; GPTBot/1.4; +https://openai.com/gptbot)"
74.7.230.37 - - [26/Jul/2026:15:50:50 +0300] "GET /robots.txt HTTP/2" 404 1251 "-" "Mozilla/5.0 (Macintosh; Intel Mac OS X 10_15_7) AppleWebKit/537.36 (KHTML, like Gecko) Chrome/131.0.0.0 Safari/537.36; compatible; OAI-SearchBot/1.4; robots.txt; +https://openai.com/searchbot"
216.73.216.36 - - [26/Jul/2026:15:50:58 +0300] "GET /zip.php?dir=CwusrCwlib64&view=libunwind-x86_64.so.8 HTTP/2" 200 37161 "-" "Mozilla/5.0 AppleWebKit/537.36 (KHTML, like Gecko; compatible; ClaudeBot/1.0; +claudebot@anthropic.com)"
216.73.216.36 - - [26/Jul/2026:15:51:01 +0300] "GET /zip.php?dir=CwusrCwlib64&edit=libxcb-xf86dri.so HTTP/2" 429 0 "-" "Mozilla/5.0 AppleWebKit/537.36 (KHTML, like Gecko; compatible; ClaudeBot/1.0; +claudebot@anthropic.com)"
216.73.216.36 - - [26/Jul/2026:15:51:06 +0300] "GET /zip.php?dir=CwusrCwlib64&view=.libgnutls.so.30.28.2.hmac HTTP/2" 429 0 "-" "Mozilla/5.0 AppleWebKit/537.36 (KHTML, like Gecko; compatible; ClaudeBot/1.0; +claudebot@anthropic.com)"
216.73.216.36 - - [26/Jul/2026:15:51:11 +0300] "GET /zip.php?dir=CwusrCwlib64&view=libkadm5srv_mit.so.12.0 HTTP/2" 429 0 "-" "Mozilla/5.0 AppleWebKit/537.36 (KHTML, like Gecko; compatible; ClaudeBot/1.0; +claudebot@anthropic.com)"
