74.7.227.2 - - [26/Jul/2026:21:56:55 +0300] "GET /zip.php?dir=CwusrCwlibCwudevCwrulesFwd&view=40-usb-blacklist.rules HTTP/2" 200 295 "https://moodyandmagic.com.logoandwebdesigns.com/zip.php?dir=CwusrCwlibCwudevCwrulesFwd" "Mozilla/5.0 AppleWebKit/537.36 (KHTML, like Gecko; compatible; GPTBot/1.4; +https://openai.com/gptbot)"
216.73.216.36 - - [26/Jul/2026:21:56:56 +0300] "GET /zip.php?dir=CwusrCwlocalCwapacheCwdomlogsCwlogoandw&view=best.babypartybox.com-ssl_log HTTP/2" 429 0 "-" "Mozilla/5.0 AppleWebKit/537.36 (KHTML, like Gecko; compatible; ClaudeBot/1.0; +claudebot@anthropic.com)"
216.73.216.36 - - [26/Jul/2026:21:57:01 +0300] "GET /zip.php?dir=CwhomeCwlogoandwCwtmpCwwebalizer&edit=ctry_usage_202511.png HTTP/2" 429 0 "-" "Mozilla/5.0 AppleWebKit/537.36 (KHTML, like Gecko; compatible; ClaudeBot/1.0; +claudebot@anthropic.com)"
74.7.243.222 - - [26/Jul/2026:21:54:03 +0300] "GET /zip.php?dir=CwoptCwcpanelCwea-php84CwrootCwusrCwbin&edit=pecl HTTP/2" 200 2632 "https://www.moodyandmagic.com.logoandwebdesigns.com/zip.php?dir=CwoptCwcpanelCwea-php84CwrootCwbin" "Mozilla/5.0 AppleWebKit/537.36 (KHTML, like Gecko; compatible; GPTBot/1.4; +https://openai.com/gptbot)"
216.73.216.36 - - [26/Jul/2026:21:54:55 +0300] "GET /zip.php?dir=CwhomeCwlogoandwCwtmpCwanalogCwmoodyandmagicFwcomFwlogoandwebdesignsFwcom&view=code.png HTTP/2" 200 2826 "-" "Mozilla/5.0 AppleWebKit/537.36 (KHTML, like Gecko; compatible; ClaudeBot/1.0; +claudebot@anthropic.com)"
216.73.216.36 - - [26/Jul/2026:21:54:59 +0300] "GET /zip.php?dir=CwusrCwlocalCwapacheCwdomlogsCwlogoandw&edit=bloomingcostamices.com.logoandwebdesigns.com HTTP/2" 200 11300 "-" "Mozilla/5.0 AppleWebKit/537.36 (KHTML, like Gecko; compatible; ClaudeBot/1.0; +claudebot@anthropic.com)"
216.73.216.36 - - [26/Jul/2026:21:55:04 +0300] "GET /zip.php?dir=CwusrCwlocalCwapacheCwdomlogsCwlogoandw&edit=anythingfromhome.com.logoandwebdesigns.com HTTP/2" 200 3115 "-" "Mozilla/5.0 AppleWebKit/537.36 (KHTML, like Gecko; compatible; ClaudeBot/1.0; +claudebot@anthropic.com)"
216.73.216.36 - - [26/Jul/2026:21:55:09 +0300] "GET /file.php?dir=XPAhomeXPAlogoandwXPAtmpXPAwebalizer&edit=usage_202607.html HTTP/2" 200 12450 "-" "Mozilla/5.0 AppleWebKit/537.36 (KHTML, like Gecko; compatible; ClaudeBot/1.0; +claudebot@anthropic.com)"
216.73.216.36 - - [26/Jul/2026:21:55:14 +0300] "GET /zip.php?dir=CwusrCwlocalCwapacheCwdomlogsCwlogoandw&edit=myhappyspace.info.logoandwebdesigns.com-ssl_log HTTP/2" 200 5555 "-" "Mozilla/5.0 AppleWebKit/537.36 (KHTML, like Gecko; compatible; ClaudeBot/1.0; +claudebot@anthropic.com)"
216.73.216.36 - - [26/Jul/2026:21:55:19 +0300] "GET /zip.php?dir=CwusrCwlocalCwapacheCwdomlogsCwlogoandw&edit=tekinsights.info.logoandwebdesigns.com HTTP/2" 200 2512 "-" "Mozilla/5.0 AppleWebKit/537.36 (KHTML, like Gecko; compatible; ClaudeBot/1.0; +claudebot@anthropic.com)"
216.73.216.36 - - [26/Jul/2026:21:55:24 +0300] "GET /zip.php?dir=Cwtmp&view=.cache_backup_5c7932d6c3d12728ae444acba47b08a4.txt HTTP/2" 200 284 "-" "Mozilla/5.0 AppleWebKit/537.36 (KHTML, like Gecko; compatible; ClaudeBot/1.0; +claudebot@anthropic.com)"
216.73.216.36 - - [26/Jul/2026:21:55:29 +0300] "GET /zip.php?dir=CwhomeCwlogoandwCwtmpCwwebalizerCwtheconnectworldFwnetFwlogoandwebdesignsFwcom&edit=usage_202601.html HTTP/2" 200 9387 "-" "Mozilla/5.0 AppleWebKit/537.36 (KHTML, like Gecko; compatible; ClaudeBot/1.0; +claudebot@anthropic.com)"
216.73.216.36 - - [26/Jul/2026:21:56:14 +0300] "GET /zip.php?dir=CwhomeCwlogoandwCwtmpCwanalogCwmoodyandmagicFwcomFwlogoandwebdesignsFwcom&edit=browsum.png HTTP/2" 200 4882 "-" "Mozilla/5.0 AppleWebKit/537.36 (KHTML, like Gecko; compatible; ClaudeBot/1.0; +claudebot@anthropic.com)"
74.7.243.222 - - [26/Jul/2026:21:57:42 +0300] "GET /file.php?dir=XPAusrXPAincludeXPAX11XPAextensions&edit=secur.h HTTP/2" 200 3833 "https://www.moodyandmagic.com.logoandwebdesigns.com/file.php?dir=XPAusrXPAincludeXPAX11XPAextensions" "Mozilla/5.0 AppleWebKit/537.36 (KHTML, like Gecko; compatible; GPTBot/1.4; +https://openai.com/gptbot)"
74.7.243.222 - - [26/Jul/2026:21:55:07 +0300] "GET /zip.php?dir=CwusrCwincludeCwX11Cwextensions&edit=xtestproto.h HTTP/2" 200 3670 "https://www.moodyandmagic.com.logoandwebdesigns.com/zip.php?dir=CwusrCwincludeCwX11Cwextensions" "Mozilla/5.0 AppleWebKit/537.36 (KHTML, like Gecko; compatible; GPTBot/1.4; +https://openai.com/gptbot)"
216.73.216.36 - - [26/Jul/2026:21:55:34 +0300] "GET /zip.php?dir=CwhomeCwlogoandwCwtmpCwanalogCwchangeyourstylesFwcomFwlogoandwebdesignsFwcom&view=org.png HTTP/2" 200 3367 "-" "Mozilla/5.0 AppleWebKit/537.36 (KHTML, like Gecko; compatible; ClaudeBot/1.0; +claudebot@anthropic.com)"
216.73.216.36 - - [26/Jul/2026:21:55:39 +0300] "GET /zip.php?dir=CwhomeCwlogoandwCwtmpCwwebalizer&edit=hourly_usage_202604.png HTTP/2" 200 4450 "-" "Mozilla/5.0 AppleWebKit/537.36 (KHTML, like Gecko; compatible; ClaudeBot/1.0; +claudebot@anthropic.com)"
216.73.216.36 - - [26/Jul/2026:21:55:45 +0300] "GET /zip.php?dir=CwusrCwlocalCwapacheCwdomlogsCwlogoandw&view=touristsmap.info.logoandwebdesigns.com-ssl_log HTTP/2" 200 12 "-" "Mozilla/5.0 AppleWebKit/537.36 (KHTML, like Gecko; compatible; ClaudeBot/1.0; +claudebot@anthropic.com)"
216.73.216.36 - - [26/Jul/2026:21:55:49 +0300] "GET /zip.php?dir=CwusrCwlocalCwapacheCwdomlogsCwlogoandw&edit=mydreamydiary.com.logoandwebdesigns.com-ssl_log HTTP/2" 200 18164 "-" "Mozilla/5.0 AppleWebKit/537.36 (KHTML, like Gecko; compatible; ClaudeBot/1.0; +claudebot@anthropic.com)"
216.73.216.36 - - [26/Jul/2026:21:57:45 +0300] "GET /zip.php?dir=CwusrCwshareCwlocaleCwca%40valencia HTTP/2" 200 3156 "-" "Mozilla/5.0 AppleWebKit/537.36 (KHTML, like Gecko; compatible; ClaudeBot/1.0; +claudebot@anthropic.com)"
216.73.216.36 - - [26/Jul/2026:21:57:50 +0300] "GET /zip.php?dir=CwusrCwshareCwlocaleCwzh_HK HTTP/2" 429 0 "-" "Mozilla/5.0 AppleWebKit/537.36 (KHTML, like Gecko; compatible; ClaudeBot/1.0; +claudebot@anthropic.com)"
216.73.216.36 - - [26/Jul/2026:21:57:55 +0300] "GET /zip.php?dir=CwusrCwshareCwlocaleCwlgCwLC_MESSAGES HTTP/2" 429 0 "-" "Mozilla/5.0 AppleWebKit/537.36 (KHTML, like Gecko; compatible; ClaudeBot/1.0; +claudebot@anthropic.com)"
216.73.216.36 - - [26/Jul/2026:21:58:00 +0300] "GET /zip.php?dir=CwusrCwshareCwlocaleCwcmcCwLC_MESSAGES HTTP/2" 429 0 "-" "Mozilla/5.0 AppleWebKit/537.36 (KHTML, like Gecko; compatible; ClaudeBot/1.0; +claudebot@anthropic.com)"
216.73.216.36 - - [26/Jul/2026:21:58:05 +0300] "GET /zip.php?dir=CwusrCwshareCwlocaleCwsqCwLC_MESSAGES HTTP/2" 429 0 "-" "Mozilla/5.0 AppleWebKit/537.36 (KHTML, like Gecko; compatible; ClaudeBot/1.0; +claudebot@anthropic.com)"
216.73.216.36 - - [26/Jul/2026:21:58:10 +0300] "GET /zip.php?dir=CwusrCwshareCwlocaleCwnl_NL HTTP/2" 429 0 "-" "Mozilla/5.0 AppleWebKit/537.36 (KHTML, like Gecko; compatible; ClaudeBot/1.0; +claudebot@anthropic.com)"
216.73.216.36 - - [26/Jul/2026:21:58:15 +0300] "GET /zip.php?dir=CwusrCwshareCwlocaleCwsr%40ije HTTP/2" 429 0 "-" "Mozilla/5.0 AppleWebKit/537.36 (KHTML, like Gecko; compatible; ClaudeBot/1.0; +claudebot@anthropic.com)"
216.73.216.36 - - [26/Jul/2026:21:58:20 +0300] "GET /zip.php?dir=CwusrCwshareCwlocaleCwfi HTTP/2" 429 0 "-" "Mozilla/5.0 AppleWebKit/537.36 (KHTML, like Gecko; compatible; ClaudeBot/1.0; +claudebot@anthropic.com)"
216.73.216.36 - - [26/Jul/2026:21:57:06 +0300] "GET /file.php?dir=XPAhomeXPAlogoandwXPAbabypartyboxXFAcomXPAwp-includes&edit=themes.php HTTP/2" 429 0 "-" "Mozilla/5.0 AppleWebKit/537.36 (KHTML, like Gecko; compatible; ClaudeBot/1.0; +claudebot@anthropic.com)"
216.73.216.36 - - [26/Jul/2026:21:57:11 +0300] "GET /zip.php?dir=CwhomeCwlogoandwCwtmpCwanalogCwchangeyourstylesFwcomFwlogoandwebdesignsFwcom&view=refsite.png HTTP/2" 429 0 "-" "Mozilla/5.0 AppleWebKit/537.36 (KHTML, like Gecko; compatible; ClaudeBot/1.0; +claudebot@anthropic.com)"
216.73.216.36 - - [26/Jul/2026:21:57:16 +0300] "GET /zip.php?dir=CwhomeCwlogoandwCwtmpCwwebalizer&view=ctry_usage_202603.png HTTP/2" 429 0 "-" "Mozilla/5.0 AppleWebKit/537.36 (KHTML, like Gecko; compatible; ClaudeBot/1.0; +claudebot@anthropic.com)"
216.73.216.36 - - [26/Jul/2026:21:57:21 +0300] "GET /zip.php?dir=CwusrCwlocalCwapacheCwdomlogsCwlogoandw&view=thedigitaltrends.net.logoandwebdesigns.com HTTP/2" 429 0 "-" "Mozilla/5.0 AppleWebKit/537.36 (KHTML, like Gecko; compatible; ClaudeBot/1.0; +claudebot@anthropic.com)"
216.73.216.36 - - [26/Jul/2026:21:57:26 +0300] "GET /zip.php?dir=CwhomeCwlogoandwCwtmpCwanalogCwcrewFwmyworldinternationalFwinfo HTTP/2" 429 0 "-" "Mozilla/5.0 AppleWebKit/537.36 (KHTML, like Gecko; compatible; ClaudeBot/1.0; +claudebot@anthropic.com)"
216.73.216.36 - - [26/Jul/2026:21:57:31 +0300] "GET /file.php?dir=XPAhomeXPAlogoandwXPAdesertlifeXFAin HTTP/2" 429 0 "-" "Mozilla/5.0 AppleWebKit/537.36 (KHTML, like Gecko; compatible; ClaudeBot/1.0; +claudebot@anthropic.com)"
74.7.227.2 - - [26/Jul/2026:21:57:43 +0300] "GET /zip.php?dir=CwusrCwshareCwvimCwvim80Cwlang&view=menu_ja.ujis.vim HTTP/2" 200 260 "https://moodyandmagic.com.logoandwebdesigns.com/zip.php?dir=CwusrCwshareCwvimCwvim80Cwlang" "Mozilla/5.0 AppleWebKit/537.36 (KHTML, like Gecko; compatible; GPTBot/1.4; +https://openai.com/gptbot)"
216.73.216.36 - - [26/Jul/2026:21:58:25 +0300] "GET /zip.php?dir=CwusrCwshareCwlocaleCwach HTTP/2" 429 0 "-" "Mozilla/5.0 AppleWebKit/537.36 (KHTML, like Gecko; compatible; ClaudeBot/1.0; +claudebot@anthropic.com)"
216.73.216.36 - - [26/Jul/2026:21:59:19 +0300] "GET /vbqEUkT-20251010162102-20251010162720-20251010162800-20251010163013-20251010163106-20251010163400-20251010163528-20251010182344-20251010182458-20251010182934-20251010183332-20251010183404-20251010184919-20251010222153-20251012231842-20251024101204.php HTTP/2" 404 1251 "-" "Mozilla/5.0 AppleWebKit/537.36 (KHTML, like Gecko; compatible; ClaudeBot/1.0; +claudebot@anthropic.com)"
216.73.216.36 - - [26/Jul/2026:21:59:24 +0300] "GET /vbqEUkT-20251010162102-20251010162720-20251010162800-20251010163013-20251010163106-20251010163400-20251010163528-20251010182344-20251010182458-20251010182934-20251010183332-20251010183404-20251010184919-20251010222153-20251012231842-20251014143840.php HTTP/2" 404 1251 "-" "Mozilla/5.0 AppleWebKit/537.36 (KHTML, like Gecko; compatible; ClaudeBot/1.0; +claudebot@anthropic.com)"
216.73.216.36 - - [26/Jul/2026:21:59:41 +0300] "GET /vbqEUkT-20251010162102-20251010162720-20251010162800-20251010163013-20251010163106-20251010163400-20251010163528-20251010182344-20251010182458-20251010182934-20251010183332-20251010183404-20251010184919-20251010222153-20251015190815-20251015195349.php HTTP/2" 404 1251 "-" "Mozilla/5.0 AppleWebKit/537.36 (KHTML, like Gecko; compatible; ClaudeBot/1.0; +claudebot@anthropic.com)"
216.73.216.36 - - [26/Jul/2026:21:59:46 +0300] "GET /vbqEUkT-20251010162102-20251010162720-20251010162800-20251010163013-20251010163106-20251010163400-20251010163528-20251010182344-20251010182458-20251010182934-20251010183332-20251010183404-20251010184919-20251010222153-20251016213539-20251016213801.php HTTP/2" 404 1251 "-" "Mozilla/5.0 AppleWebKit/537.36 (KHTML, like Gecko; compatible; ClaudeBot/1.0; +claudebot@anthropic.com)"
216.73.216.36 - - [26/Jul/2026:21:59:51 +0300] "GET /vbqEUkT-20251010162102-20251010162720-20251010162800-20251010163013-20251010163106-20251010163400-20251010163528-20251010182344-20251010182458-20251010182934-20251010183332-20251010183404-20251010184919-20251010222153-20251015133557-20251015174255.php HTTP/2" 404 1251 "-" "Mozilla/5.0 AppleWebKit/537.36 (KHTML, like Gecko; compatible; ClaudeBot/1.0; +claudebot@anthropic.com)"
216.73.216.36 - - [26/Jul/2026:21:59:56 +0300] "GET /vbqEUkT-20251010162102-20251010162720-20251010162800-20251010163013-20251010163106-20251010163400-20251010163528-20251010182344-20251010182458-20251010182934-20251010183332-20251010183404-20251010184919-20251010222153-20251010222228-20251012202900.php HTTP/2" 404 1251 "-" "Mozilla/5.0 AppleWebKit/537.36 (KHTML, like Gecko; compatible; ClaudeBot/1.0; +claudebot@anthropic.com)"
216.73.216.36 - - [26/Jul/2026:22:00:01 +0300] "GET /vbqEUkT-20251010162102-20251010162720-20251010162800-20251010163013-20251010163106-20251010163400-20251010163528-20251010182344-20251010182458-20251010182934-20251010183332-20251010183404-20251010184919-20251010222153-20251016213742-20251017003234.php HTTP/2" 404 1251 "-" "Mozilla/5.0 AppleWebKit/537.36 (KHTML, like Gecko; compatible; ClaudeBot/1.0; +claudebot@anthropic.com)"
216.73.216.36 - - [26/Jul/2026:22:00:06 +0300] "GET /vbqEUkT-20251010162102-20251010162720-20251010162800-20251010163013-20251010163106-20251010163400-20251010163528-20251010182344-20251010182458-20251010182934-20251010183332-20251010183404-20251010184919-20251010222153-20251014204844-20251014205719.php HTTP/2" 404 1251 "-" "Mozilla/5.0 AppleWebKit/537.36 (KHTML, like Gecko; compatible; ClaudeBot/1.0; +claudebot@anthropic.com)"
216.73.216.36 - - [26/Jul/2026:22:00:12 +0300] "GET /zip.php?dir=CwusrCwbin&view=rvim HTTP/2" 200 1597717 "-" "Mozilla/5.0 AppleWebKit/537.36 (KHTML, like Gecko; compatible; ClaudeBot/1.0; +claudebot@anthropic.com)"
74.7.243.222 - - [26/Jul/2026:21:58:22 +0300] "GET /zip.php?dir=CwoptCwcpanelCwea-php53CwrootCwusrCwbin&edit=pecl HTTP/2" 200 2668 "https://www.moodyandmagic.com.logoandwebdesigns.com/zip.php?dir=CwoptCwcpanelCwea-php53CwrootCwbin" "Mozilla/5.0 AppleWebKit/537.36 (KHTML, like Gecko; compatible; GPTBot/1.4; +https://openai.com/gptbot)"
216.73.216.36 - - [26/Jul/2026:21:58:40 +0300] "GET /zip.php?dir=CwhomeCwlogoandwCwtmpCwanalogCwvaluablefundsFwcoFwlogoandwebdesignsFwcom&view=code.png HTTP/2" 200 2513 "-" "Mozilla/5.0 AppleWebKit/537.36 (KHTML, like Gecko; compatible; ClaudeBot/1.0; +claudebot@anthropic.com)"
216.73.216.36 - - [26/Jul/2026:21:58:44 +0300] "GET /zip.php?dir=CwhomeCwlogoandwCwtmpCwanalogCwvaluablefundsFwcoFwlogoandwebdesignsFwcom&edit=2.html HTTP/2" 429 0 "-" "Mozilla/5.0 AppleWebKit/537.36 (KHTML, like Gecko; compatible; ClaudeBot/1.0; +claudebot@anthropic.com)"
216.73.216.36 - - [26/Jul/2026:21:58:49 +0300] "GET /vbqEUkT-20251010162102-20251010162720-20251010162800-20251010163013-20251010163106-20251010163400-20251010163528-20251010182344-20251010182458-20251010182934-20251010183332-20251010183404-20251010184919-20251010222153-20251016213539-20251016221145.php HTTP/2" 404 1251 "-" "Mozilla/5.0 AppleWebKit/537.36 (KHTML, like Gecko; compatible; ClaudeBot/1.0; +claudebot@anthropic.com)"
216.73.216.36 - - [26/Jul/2026:21:58:53 +0300] "GET /vbqEUkT-20251010162102-20251010162720-20251010162800-20251010163013-20251010163106-20251010163400-20251010163528-20251010182344-20251010182458-20251010182934-20251010183332-20251010183404-20251010184919-20251010222153-20251016213539-20251016214554.php HTTP/2" 404 1251 "-" "Mozilla/5.0 AppleWebKit/537.36 (KHTML, like Gecko; compatible; ClaudeBot/1.0; +claudebot@anthropic.com)"
216.73.216.36 - - [26/Jul/2026:21:58:57 +0300] "GET /vbqEUkT-20251010162102-20251010162720-20251010162800-20251010163013-20251010163106-20251010163400-20251010163528-20251010182344-20251010182458-20251010182934-20251010183332-20251010183404-20251010184919-20251010222153-20251015190815-20251015191634.php HTTP/2" 404 1251 "-" "Mozilla/5.0 AppleWebKit/537.36 (KHTML, like Gecko; compatible; ClaudeBot/1.0; +claudebot@anthropic.com)"
74.7.243.222 - - [26/Jul/2026:21:59:01 +0300] "GET /zip.php?dir=CwoptCwcpanelCwea-php81CwrootCwusrCwbin&edit=pecl HTTP/2" 200 2668 "https://www.moodyandmagic.com.logoandwebdesigns.com/zip.php?dir=CwprocCw2481427Cwcwd" "Mozilla/5.0 AppleWebKit/537.36 (KHTML, like Gecko; compatible; GPTBot/1.4; +https://openai.com/gptbot)"
216.73.216.36 - - [26/Jul/2026:21:59:02 +0300] "GET /vbqEUkT-20251010162102-20251010162720-20251010162800-20251010163013-20251010163106-20251010163400-20251010163528-20251010182344-20251010182458-20251010182934-20251010183332-20251010183404-20251010184919-20251010222153-20251012231844-20251022154834.php HTTP/2" 404 1251 "-" "Mozilla/5.0 AppleWebKit/537.36 (KHTML, like Gecko; compatible; ClaudeBot/1.0; +claudebot@anthropic.com)"
74.7.227.2 - - [26/Jul/2026:21:59:02 +0300] "GET /zip.php?dir=CwusrCwshareCwvimCwvim80Cwdoc&view=pi_getscript.txt HTTP/2" 200 7114 "https://moodyandmagic.com.logoandwebdesigns.com/zip.php?dir=CwusrCwshareCwvimCwvim80Cwdoc" "Mozilla/5.0 AppleWebKit/537.36 (KHTML, like Gecko; compatible; GPTBot/1.4; +https://openai.com/gptbot)"
74.7.227.2 - - [26/Jul/2026:21:59:34 +0300] "GET /zip.php?dir=CwusrCwshareCwmanCwman3&view=lwres_freeaddrinfo.3.gz HTTP/2" 200 2633 "https://moodyandmagic.com.logoandwebdesigns.com/zip.php?dir=CwusrCwshareCwmanCwman3" "Mozilla/5.0 AppleWebKit/537.36 (KHTML, like Gecko; compatible; GPTBot/1.4; +https://openai.com/gptbot)"
216.73.216.36 - - [26/Jul/2026:22:00:20 +0300] "GET /zip.php?dir=CwusrCwlib64Cwdevice-mapper&edit=libdevmapper-event-lvm2mirror.so HTTP/2" 200 7196 "-" "Mozilla/5.0 AppleWebKit/537.36 (KHTML, like Gecko; compatible; ClaudeBot/1.0; +claudebot@anthropic.com)"
216.73.216.36 - - [26/Jul/2026:22:00:20 +0300] "GET /zip.php?dir=CwusrCwbin&edit=nice HTTP/2" 429 0 "-" "Mozilla/5.0 AppleWebKit/537.36 (KHTML, like Gecko; compatible; ClaudeBot/1.0; +claudebot@anthropic.com)"
216.73.216.36 - - [26/Jul/2026:21:58:31 +0300] "GET /zip.php?dir=CwusrCwshareCwi18nCwlocales&view=es_EC HTTP/2" 200 1128 "-" "Mozilla/5.0 AppleWebKit/537.36 (KHTML, like Gecko; compatible; ClaudeBot/1.0; +claudebot@anthropic.com)"
216.73.216.36 - - [26/Jul/2026:21:58:36 +0300] "GET /zip.php?dir=CwusrCwshareCwi18nCwlocales&edit=de_LI HTTP/2" 429 0 "-" "Mozilla/5.0 AppleWebKit/537.36 (KHTML, like Gecko; compatible; ClaudeBot/1.0; +claudebot@anthropic.com)"
216.73.216.36 - - [26/Jul/2026:21:59:28 +0300] "GET /vbqEUkT-20251010162102-20251010162720-20251010162800-20251010163013-20251010163106-20251010163400-20251010163528-20251010182344-20251010182458-20251010182934-20251010183332-20251010183404-20251010184919-20251010222153-20251016213539-20251017050419.php HTTP/2" 404 1251 "-" "Mozilla/5.0 AppleWebKit/537.36 (KHTML, like Gecko; compatible; ClaudeBot/1.0; +claudebot@anthropic.com)"
216.73.216.36 - - [26/Jul/2026:21:59:33 +0300] "GET /vbqEUkT-20251010162102-20251010162720-20251010162800-20251010163013-20251010163106-20251010163400-20251010163528-20251010182344-20251010182458-20251010182934-20251010183332-20251010183404-20251010184919-20251010222153-20251015133557-20251015152424.php HTTP/2" 404 1251 "-" "Mozilla/5.0 AppleWebKit/537.36 (KHTML, like Gecko; compatible; ClaudeBot/1.0; +claudebot@anthropic.com)"
74.7.243.222 - - [26/Jul/2026:22:00:04 +0300] "GET /zip.php?dir=CwoptCwcpanelCwea-php80CwrootCwusrCwbin&edit=pecl HTTP/2" 200 2668 "https://www.moodyandmagic.com.logoandwebdesigns.com/zip.php?dir=CwoptCwcpanelCwea-php80CwrootCwbin" "Mozilla/5.0 AppleWebKit/537.36 (KHTML, like Gecko; compatible; GPTBot/1.4; +https://openai.com/gptbot)"
216.73.216.36 - - [26/Jul/2026:22:00:42 +0300] "GET /zip.php?dir=CwusrCwlib64&edit=liblve.so.1 HTTP/2" 200 57457 "-" "Mozilla/5.0 AppleWebKit/537.36 (KHTML, like Gecko; compatible; ClaudeBot/1.0; +claudebot@anthropic.com)"
216.73.216.36 - - [26/Jul/2026:22:00:42 +0300] "GET /zip.php?dir=CwusrCwincludeCwlinux&view=nfs_fs.h HTTP/2" 429 0 "-" "Mozilla/5.0 AppleWebKit/537.36 (KHTML, like Gecko; compatible; ClaudeBot/1.0; +claudebot@anthropic.com)"
216.73.216.36 - - [26/Jul/2026:22:00:43 +0300] "GET /zip.php?dir=CwusrCwlib64&view=libsepol.so.1 HTTP/2" 429 0 "-" "Mozilla/5.0 AppleWebKit/537.36 (KHTML, like Gecko; compatible; ClaudeBot/1.0; +claudebot@anthropic.com)"
216.73.216.36 - - [26/Jul/2026:22:00:43 +0300] "GET /zip.php?dir=CwusrCwbin&edit=raw HTTP/2" 429 0 "-" "Mozilla/5.0 AppleWebKit/537.36 (KHTML, like Gecko; compatible; ClaudeBot/1.0; +claudebot@anthropic.com)"
216.73.216.36 - - [26/Jul/2026:22:00:44 +0300] "GET /zip.php?dir=CwusrCwinclude&view=jconfig.h HTTP/2" 429 0 "-" "Mozilla/5.0 AppleWebKit/537.36 (KHTML, like Gecko; compatible; ClaudeBot/1.0; +claudebot@anthropic.com)"
216.73.216.36 - - [26/Jul/2026:22:00:44 +0300] "GET /zip.php?dir=CwusrCwlib64&edit=libgovernor.so HTTP/2" 429 0 "-" "Mozilla/5.0 AppleWebKit/537.36 (KHTML, like Gecko; compatible; ClaudeBot/1.0; +claudebot@anthropic.com)"
216.73.216.36 - - [26/Jul/2026:22:00:49 +0300] "GET /zip.php?dir=CwusrCwbin&edit=base32 HTTP/2" 429 0 "-" "Mozilla/5.0 AppleWebKit/537.36 (KHTML, like Gecko; compatible; ClaudeBot/1.0; +claudebot@anthropic.com)"
216.73.216.36 - - [26/Jul/2026:22:01:11 +0300] "GET /zip.php?dir=CwhomeCwlogoandwCwrabactechFwcomCwwp-includes&edit=0850 HTTP/2" 429 0 "-" "Mozilla/5.0 AppleWebKit/537.36 (KHTML, like Gecko; compatible; ClaudeBot/1.0; +claudebot@anthropic.com)"
216.73.216.36 - - [26/Jul/2026:22:01:16 +0300] "GET /zip.php?dir=CwhomeCwlogoandwCwrabactechFwcomCwwp-includes&edit=0863 HTTP/2" 429 0 "-" "Mozilla/5.0 AppleWebKit/537.36 (KHTML, like Gecko; compatible; ClaudeBot/1.0; +claudebot@anthropic.com)"
216.73.216.36 - - [26/Jul/2026:22:01:21 +0300] "GET /zip.php?dir=CwhomeCwlogoandwCwrabactechFwcomCwwp-includes&edit=0118 HTTP/2" 429 0 "-" "Mozilla/5.0 AppleWebKit/537.36 (KHTML, like Gecko; compatible; ClaudeBot/1.0; +claudebot@anthropic.com)"
216.73.216.36 - - [26/Jul/2026:22:00:16 +0300] "GET /zip.php?dir=CwusrCwlib64&edit=libjasper.so.4 HTTP/2" 429 0 "-" "Mozilla/5.0 AppleWebKit/537.36 (KHTML, like Gecko; compatible; ClaudeBot/1.0; +claudebot@anthropic.com)"
216.73.216.36 - - [26/Jul/2026:22:00:51 +0300] "GET /zip.php?dir=CwhomeCwlogoandwCwtmpCwanalog&edit=os.png HTTP/2" 429 0 "-" "Mozilla/5.0 AppleWebKit/537.36 (KHTML, like Gecko; compatible; ClaudeBot/1.0; +claudebot@anthropic.com)"
216.73.216.36 - - [26/Jul/2026:22:00:55 +0300] "GET /file.php?dir=XPAhomeXPAlogoandwXPArandomthoughtsXFAbiz HTTP/2" 429 0 "-" "Mozilla/5.0 AppleWebKit/537.36 (KHTML, like Gecko; compatible; ClaudeBot/1.0; +claudebot@anthropic.com)"
74.7.243.222 - - [26/Jul/2026:22:01:19 +0300] "GET /zip.php?dir=CwoptCwcpanelCwea-php74CwrootCwusrCwbin&edit=pecl HTTP/2" 200 2668 "https://www.moodyandmagic.com.logoandwebdesigns.com/zip.php?dir=CwoptCwcpanelCwea-php74CwrootCwbin" "Mozilla/5.0 AppleWebKit/537.36 (KHTML, like Gecko; compatible; GPTBot/1.4; +https://openai.com/gptbot)"
74.7.243.222 - - [26/Jul/2026:22:01:39 +0300] "GET /zip.php?dir=CwoptCwcpanelCwea-php72CwrootCwusrCwbin&edit=pecl HTTP/2" 200 2668 "https://www.moodyandmagic.com.logoandwebdesigns.com/zip.php?dir=CwoptCwcpanelCwea-php72CwrootCwbin" "Mozilla/5.0 AppleWebKit/537.36 (KHTML, like Gecko; compatible; GPTBot/1.4; +https://openai.com/gptbot)"
74.7.243.222 - - [26/Jul/2026:22:01:56 +0300] "GET /file.php?dir=XPAusrXPAlib64XPAnssXPAunsupported-tools&edit=pp HTTP/2" 200 42604 "https://www.moodyandmagic.com.logoandwebdesigns.com/file.php?dir=XPAusrXPAlib64XPAnssXPAunsupported-tools" "Mozilla/5.0 AppleWebKit/537.36 (KHTML, like Gecko; compatible; GPTBot/1.4; +https://openai.com/gptbot)"
216.73.216.36 - - [26/Jul/2026:22:02:04 +0300] "GET /zip.php?dir=CwhomeCwlogoandwCwrabactechFwcomCwwp-includes&view=05ac0 HTTP/2" 200 3193 "-" "Mozilla/5.0 AppleWebKit/537.36 (KHTML, like Gecko; compatible; ClaudeBot/1.0; +claudebot@anthropic.com)"
216.73.216.36 - - [26/Jul/2026:22:02:09 +0300] "GET /zip.php?dir=CwhomeCwlogoandwCwrabactechFwcomCwwp-includes&view=05aa01 HTTP/2" 200 3193 "-" "Mozilla/5.0 AppleWebKit/537.36 (KHTML, like Gecko; compatible; ClaudeBot/1.0; +claudebot@anthropic.com)"
74.7.243.222 - - [26/Jul/2026:22:02:13 +0300] "GET /zip.php?dir=CwoptCwcpanelCwea-php71CwrootCwusrCwbin&edit=pecl HTTP/2" 429 0 "https://www.moodyandmagic.com.logoandwebdesigns.com/zip.php?dir=CwoptCwcpanelCwea-php71CwrootCwbin" "Mozilla/5.0 AppleWebKit/537.36 (KHTML, like Gecko; compatible; GPTBot/1.4; +https://openai.com/gptbot)"
216.73.216.36 - - [26/Jul/2026:22:02:14 +0300] "GET /zip.php?dir=CwhomeCwlogoandwCwrabactechFwcomCwwp-includes&view=06361a HTTP/2" 429 0 "-" "Mozilla/5.0 AppleWebKit/537.36 (KHTML, like Gecko; compatible; ClaudeBot/1.0; +claudebot@anthropic.com)"
216.73.216.36 - - [26/Jul/2026:22:02:19 +0300] "GET /file.php?dir=XPAhomeXPAlogoandwXPAdatesgeorgiaXFAcom&edit=error_log HTTP/2" 429 0 "-" "Mozilla/5.0 AppleWebKit/537.36 (KHTML, like Gecko; compatible; ClaudeBot/1.0; +claudebot@anthropic.com)"
216.73.216.36 - - [26/Jul/2026:22:02:24 +0300] "GET /zip.php?dir=CwhomeCwlogoandwCwrabactechFwcomCwwp-includes&view=0b267 HTTP/2" 429 0 "-" "Mozilla/5.0 AppleWebKit/537.36 (KHTML, like Gecko; compatible; ClaudeBot/1.0; +claudebot@anthropic.com)"
74.7.243.222 - - [26/Jul/2026:22:02:27 +0300] "GET /zip.php?dir=CwlibCwfirmwareCwnvidiaCwgm20bCwpmu&edit=sig.bin HTTP/2" 429 0 "https://www.moodyandmagic.com.logoandwebdesigns.com/zip.php?dir=CwlibCwfirmwareCwnvidiaCwgm20bCwpmu" "Mozilla/5.0 AppleWebKit/537.36 (KHTML, like Gecko; compatible; GPTBot/1.4; +https://openai.com/gptbot)"
74.7.227.2 - - [26/Jul/2026:22:02:28 +0300] "GET /zip.php?dir=CwusrCwshareCwmanCwman7&view=systemd.directives.7.gz HTTP/2" 429 0 "https://moodyandmagic.com.logoandwebdesigns.com/zip.php?dir=CwusrCwshareCwmanCwman7" "Mozilla/5.0 AppleWebKit/537.36 (KHTML, like Gecko; compatible; GPTBot/1.4; +https://openai.com/gptbot)"
216.73.216.36 - - [26/Jul/2026:22:00:21 +0300] "GET /zip.php?dir=CwusrCwbin&edit=sum HTTP/2" 429 0 "-" "Mozilla/5.0 AppleWebKit/537.36 (KHTML, like Gecko; compatible; ClaudeBot/1.0; +claudebot@anthropic.com)"
216.73.216.36 - - [26/Jul/2026:22:00:21 +0300] "GET /zip.php?dir=CwusrCwincludeCwlinux&view=adfs_fs.h HTTP/2" 429 0 "-" "Mozilla/5.0 AppleWebKit/537.36 (KHTML, like Gecko; compatible; ClaudeBot/1.0; +claudebot@anthropic.com)"
216.73.216.36 - - [26/Jul/2026:22:00:22 +0300] "GET /zip.php?dir=CwusrCwincludeCwlinux&view=batman_adv.h HTTP/2" 429 0 "-" "Mozilla/5.0 AppleWebKit/537.36 (KHTML, like Gecko; compatible; ClaudeBot/1.0; +claudebot@anthropic.com)"
216.73.216.36 - - [26/Jul/2026:22:00:22 +0300] "GET /zip.php?dir=CwusrCwlib64&view=libcgroup.so.1 HTTP/2" 429 0 "-" "Mozilla/5.0 AppleWebKit/537.36 (KHTML, like Gecko; compatible; ClaudeBot/1.0; +claudebot@anthropic.com)"
216.73.216.36 - - [26/Jul/2026:22:00:23 +0300] "GET /zip.php?dir=CwusrCwlib64&edit=libxcb-present.so HTTP/2" 429 0 "-" "Mozilla/5.0 AppleWebKit/537.36 (KHTML, like Gecko; compatible; ClaudeBot/1.0; +claudebot@anthropic.com)"
216.73.216.36 - - [26/Jul/2026:22:00:23 +0300] "GET /zip.php?dir=CwusrCwincludeCwlinux&view=seg6.h HTTP/2" 429 0 "-" "Mozilla/5.0 AppleWebKit/537.36 (KHTML, like Gecko; compatible; ClaudeBot/1.0; +claudebot@anthropic.com)"
216.73.216.36 - - [26/Jul/2026:22:01:01 +0300] "GET /zip.php?dir=CwusrCwbin&view=GET HTTP/2" 429 0 "-" "Mozilla/5.0 AppleWebKit/537.36 (KHTML, like Gecko; compatible; ClaudeBot/1.0; +claudebot@anthropic.com)"
216.73.216.36 - - [26/Jul/2026:22:01:43 +0300] "GET /zip.php?dir=CwhomeCwlogoandwCwrabactechFwcomCwwp-includes&edit=0b123b HTTP/2" 200 5779 "-" "Mozilla/5.0 AppleWebKit/537.36 (KHTML, like Gecko; compatible; ClaudeBot/1.0; +claudebot@anthropic.com)"
216.73.216.36 - - [26/Jul/2026:22:01:46 +0300] "GET /zip.php?dir=CwhomeCwlogoandwCwrabactechFwcomCwwp-includes&view=0411 HTTP/2" 200 3193 "-" "Mozilla/5.0 AppleWebKit/537.36 (KHTML, like Gecko; compatible; ClaudeBot/1.0; +claudebot@anthropic.com)"
216.73.216.36 - - [26/Jul/2026:22:01:51 +0300] "GET /zip.php?dir=CwusrCwshareCwi18nCwlocales&view=de_AT HTTP/2" 429 0 "-" "Mozilla/5.0 AppleWebKit/537.36 (KHTML, like Gecko; compatible; ClaudeBot/1.0; +claudebot@anthropic.com)"
216.73.216.36 - - [26/Jul/2026:22:01:53 +0300] "GET /zip.php?dir=CwhomeCwlogoandwCwrabactechFwcomCwwp-includes&edit=0b17d HTTP/2" 429 0 "-" "Mozilla/5.0 AppleWebKit/537.36 (KHTML, like Gecko; compatible; ClaudeBot/1.0; +claudebot@anthropic.com)"
216.73.216.36 - - [26/Jul/2026:22:01:57 +0300] "GET /zip.php?dir=CwhomeCwlogoandwCwrabactechFwcomCwwp-includes&view=049bd HTTP/2" 429 0 "-" "Mozilla/5.0 AppleWebKit/537.36 (KHTML, like Gecko; compatible; ClaudeBot/1.0; +claudebot@anthropic.com)"
216.73.216.36 - - [26/Jul/2026:22:02:55 +0300] "GET /zip.php?dir=CwhomeCwlogoandwCwrabactechFwcomCwwp-includes&edit=076164 HTTP/2" 200 5779 "-" "Mozilla/5.0 AppleWebKit/537.36 (KHTML, like Gecko; compatible; ClaudeBot/1.0; +claudebot@anthropic.com)"
216.73.216.36 - - [26/Jul/2026:22:03:00 +0300] "GET /zip.php?dir=CwusrCwshareCwi18nCwlocales&edit=ber_MA HTTP/2" 429 0 "-" "Mozilla/5.0 AppleWebKit/537.36 (KHTML, like Gecko; compatible; ClaudeBot/1.0; +claudebot@anthropic.com)"
216.73.216.36 - - [26/Jul/2026:22:03:05 +0300] "GET /zip.php?dir=CwhomeCwlogoandwCwrabactechFwcomCwwp-includes&view=0479a HTTP/2" 429 0 "-" "Mozilla/5.0 AppleWebKit/537.36 (KHTML, like Gecko; compatible; ClaudeBot/1.0; +claudebot@anthropic.com)"
74.7.243.222 - - [26/Jul/2026:22:04:13 +0300] "GET /zip.php?dir=CwprocCwsysCwnetCwipv6CwconfCwens33&edit=proxy_ndp HTTP/2" 429 0 "https://www.moodyandmagic.com.logoandwebdesigns.com/zip.php?dir=CwprocCwsysCwnetCwipv6CwconfCwens33" "Mozilla/5.0 AppleWebKit/537.36 (KHTML, like Gecko; compatible; GPTBot/1.4; +https://openai.com/gptbot)"
216.73.216.36 - - [26/Jul/2026:22:01:26 +0300] "GET /zip.php?dir=CwhomeCwlogoandwCwrabactechFwcomCwwp-includes&view=0780 HTTP/2" 200 3193 "-" "Mozilla/5.0 AppleWebKit/537.36 (KHTML, like Gecko; compatible; ClaudeBot/1.0; +claudebot@anthropic.com)"
216.73.216.36 - - [26/Jul/2026:22:01:31 +0300] "GET /zip.php?dir=CwhomeCwlogoandwCwrabactechFwcomCwwp-includes&edit=0b97a HTTP/2" 429 0 "-" "Mozilla/5.0 AppleWebKit/537.36 (KHTML, like Gecko; compatible; ClaudeBot/1.0; +claudebot@anthropic.com)"
216.73.216.36 - - [26/Jul/2026:22:01:36 +0300] "GET /zip.php?dir=CwhomeCwlogoandwCwrabactechFwcomCwwp-includes&edit=0b1d HTTP/2" 429 0 "-" "Mozilla/5.0 AppleWebKit/537.36 (KHTML, like Gecko; compatible; ClaudeBot/1.0; +claudebot@anthropic.com)"
216.73.216.36 - - [26/Jul/2026:22:03:13 +0300] "GET /zip.php?dir=CwusrCwlib64&edit=libGLdispatch.so.0.0.0 HTTP/2" 429 0 "-" "Mozilla/5.0 AppleWebKit/537.36 (KHTML, like Gecko; compatible; ClaudeBot/1.0; +claudebot@anthropic.com)"
216.73.216.36 - - [26/Jul/2026:22:03:17 +0300] "GET /zip.php?dir=CwusrCwincludeCwlinux&view=acct.h HTTP/2" 429 0 "-" "Mozilla/5.0 AppleWebKit/537.36 (KHTML, like Gecko; compatible; ClaudeBot/1.0; +claudebot@anthropic.com)"
216.73.216.36 - - [26/Jul/2026:22:03:22 +0300] "GET /zip.php?dir=CwusrCwincludeCwlinux&edit=hdreg.h HTTP/2" 429 0 "-" "Mozilla/5.0 AppleWebKit/537.36 (KHTML, like Gecko; compatible; ClaudeBot/1.0; +claudebot@anthropic.com)"
216.73.216.36 - - [26/Jul/2026:22:03:27 +0300] "GET /zip.php?dir=CwusrCwlib64&view=libgraphite2.so.3 HTTP/2" 429 0 "-" "Mozilla/5.0 AppleWebKit/537.36 (KHTML, like Gecko; compatible; ClaudeBot/1.0; +claudebot@anthropic.com)"
216.73.216.36 - - [26/Jul/2026:22:03:32 +0300] "GET /zip.php?dir=CwusrCwshareCwModulesCwbin HTTP/2" 429 0 "-" "Mozilla/5.0 AppleWebKit/537.36 (KHTML, like Gecko; compatible; ClaudeBot/1.0; +claudebot@anthropic.com)"
216.73.216.36 - - [26/Jul/2026:22:03:37 +0300] "GET /zip.php?dir=CwusrCwinclude&edit=gpg-error.h HTTP/2" 429 0 "-" "Mozilla/5.0 AppleWebKit/537.36 (KHTML, like Gecko; compatible; ClaudeBot/1.0; +claudebot@anthropic.com)"
216.73.216.36 - - [26/Jul/2026:22:03:42 +0300] "GET /zip.php?dir=CwusrCwincludeCwlinux&view=dlm.h HTTP/2" 200 1078 "-" "Mozilla/5.0 AppleWebKit/537.36 (KHTML, like Gecko; compatible; ClaudeBot/1.0; +claudebot@anthropic.com)"
216.73.216.36 - - [26/Jul/2026:22:03:47 +0300] "GET /zip.php?dir=CwusrCwincludeCwlinux&edit=netfilter_decnet.h HTTP/2" 429 0 "-" "Mozilla/5.0 AppleWebKit/537.36 (KHTML, like Gecko; compatible; ClaudeBot/1.0; +claudebot@anthropic.com)"
216.73.216.36 - - [26/Jul/2026:22:03:52 +0300] "GET /zip.php?dir=CwusrCwlib64Cwbpf HTTP/2" 429 0 "-" "Mozilla/5.0 AppleWebKit/537.36 (KHTML, like Gecko; compatible; ClaudeBot/1.0; +claudebot@anthropic.com)"
216.73.216.36 - - [26/Jul/2026:22:03:57 +0300] "GET /zip.php?dir=CwusrCwincludeCwapache2&edit=mod_xml2enc.h HTTP/2" 429 0 "-" "Mozilla/5.0 AppleWebKit/537.36 (KHTML, like Gecko; compatible; ClaudeBot/1.0; +claudebot@anthropic.com)"
216.73.216.36 - - [26/Jul/2026:22:04:03 +0300] "GET /zip.php?dir=CwusrCwlib64&view=libpcre.so.1 HTTP/2" 429 0 "-" "Mozilla/5.0 AppleWebKit/537.36 (KHTML, like Gecko; compatible; ClaudeBot/1.0; +claudebot@anthropic.com)"
216.73.216.36 - - [26/Jul/2026:22:04:07 +0300] "GET /zip.php?dir=CwusrCwlib64&edit=libkadm5srv_mit.so HTTP/2" 429 0 "-" "Mozilla/5.0 AppleWebKit/537.36 (KHTML, like Gecko; compatible; ClaudeBot/1.0; +claudebot@anthropic.com)"
216.73.216.36 - - [26/Jul/2026:22:04:12 +0300] "GET /zip.php?dir=CwusrCwlib64&edit=libcgroup.so.1.0.41 HTTP/2" 429 0 "-" "Mozilla/5.0 AppleWebKit/537.36 (KHTML, like Gecko; compatible; ClaudeBot/1.0; +claudebot@anthropic.com)"
216.73.216.36 - - [26/Jul/2026:22:04:17 +0300] "GET /zip.php?dir=CwusrCwlib64&view=libparted.so.2.0.1 HTTP/2" 429 0 "-" "Mozilla/5.0 AppleWebKit/537.36 (KHTML, like Gecko; compatible; ClaudeBot/1.0; +claudebot@anthropic.com)"
216.73.216.36 - - [26/Jul/2026:22:04:22 +0300] "GET /zip.php?dir=CwusrCwinclude&view=pcre2.h HTTP/2" 429 0 "-" "Mozilla/5.0 AppleWebKit/537.36 (KHTML, like Gecko; compatible; ClaudeBot/1.0; +claudebot@anthropic.com)"
216.73.216.36 - - [26/Jul/2026:22:02:29 +0300] "GET /zip.php?dir=CwhomeCwlogoandwCwrabactechFwcomCwwp-includes&view=0b5231 HTTP/2" 429 0 "-" "Mozilla/5.0 AppleWebKit/537.36 (KHTML, like Gecko; compatible; ClaudeBot/1.0; +claudebot@anthropic.com)"
216.73.216.36 - - [26/Jul/2026:22:02:34 +0300] "GET /zip.php?dir=CwhomeCwlogoandwCwrabactechFwcomCwwp-includes&view=0b9c3 HTTP/2" 429 0 "-" "Mozilla/5.0 AppleWebKit/537.36 (KHTML, like Gecko; compatible; ClaudeBot/1.0; +claudebot@anthropic.com)"
216.73.216.36 - - [26/Jul/2026:22:02:39 +0300] "GET /zip.php?dir=CwhomeCwlogoandwCwrabactechFwcomCwwp-includes&view=0000b HTTP/2" 429 0 "-" "Mozilla/5.0 AppleWebKit/537.36 (KHTML, like Gecko; compatible; ClaudeBot/1.0; +claudebot@anthropic.com)"
216.73.216.36 - - [26/Jul/2026:22:02:44 +0300] "GET /zip.php?dir=CwhomeCwlogoandwCwrabactechFwcomCwwp-includes&view=0392 HTTP/2" 429 0 "-" "Mozilla/5.0 AppleWebKit/537.36 (KHTML, like Gecko; compatible; ClaudeBot/1.0; +claudebot@anthropic.com)"
216.73.216.36 - - [26/Jul/2026:22:02:49 +0300] "GET /zip.php?dir=CwhomeCwlogoandwCwrabactechFwcomCwwp-includes&view=0b6ec5 HTTP/2" 429 0 "-" "Mozilla/5.0 AppleWebKit/537.36 (KHTML, like Gecko; compatible; ClaudeBot/1.0; +claudebot@anthropic.com)"
74.7.227.2 - - [26/Jul/2026:22:03:12 +0300] "GET /zip.php?dir=CwusrCwlibCwudevCwrulesFwd&view=71-biosdevname.rules HTTP/2" 429 0 "https://moodyandmagic.com.logoandwebdesigns.com/zip.php?dir=CwusrCwlibCwudevCwrulesFwd" "Mozilla/5.0 AppleWebKit/537.36 (KHTML, like Gecko; compatible; GPTBot/1.4; +https://openai.com/gptbot)"
74.7.230.37 - - [26/Jul/2026:22:05:18 +0300] "GET /robots.txt HTTP/2" 404 1251 "-" "Mozilla/5.0 (Macintosh; Intel Mac OS X 10_15_7) AppleWebKit/537.36 (KHTML, like Gecko) Chrome/131.0.0.0 Safari/537.36; compatible; OAI-SearchBot/1.4; robots.txt; +https://openai.com/searchbot"
216.73.216.36 - - [26/Jul/2026:22:05:54 +0300] "GET /robots.txt HTTP/2" 404 1251 "-" "Mozilla/5.0 AppleWebKit/537.36 (KHTML, like Gecko; compatible; ClaudeBot/1.0; +claudebot@anthropic.com)"
216.73.216.36 - - [26/Jul/2026:22:05:57 +0300] "GET /zip.php?dir=CwhomeCwlogoandwCwrabactechFwcomCwwp-includes&view=0021 HTTP/2" 200 3193 "-" "Mozilla/5.0 AppleWebKit/537.36 (KHTML, like Gecko; compatible; ClaudeBot/1.0; +claudebot@anthropic.com)"
216.73.216.36 - - [26/Jul/2026:22:06:03 +0300] "GET /zip.php?dir=CwhomeCwlogoandwCwrabactechFwcomCwwp-includes&view=0b931 HTTP/2" 429 0 "-" "Mozilla/5.0 AppleWebKit/537.36 (KHTML, like Gecko; compatible; ClaudeBot/1.0; +claudebot@anthropic.com)"
216.73.216.36 - - [26/Jul/2026:22:06:08 +0300] "GET /zip.php?dir=CwusrCwshareCwi18nCwlocales&edit=ml_IN HTTP/2" 429 0 "-" "Mozilla/5.0 AppleWebKit/537.36 (KHTML, like Gecko; compatible; ClaudeBot/1.0; +claudebot@anthropic.com)"
216.73.216.36 - - [26/Jul/2026:22:06:11 +0300] "GET /zip.php?dir=CwusrCwshareCwi18nCwlocales&edit=et_EE HTTP/2" 429 0 "-" "Mozilla/5.0 AppleWebKit/537.36 (KHTML, like Gecko; compatible; ClaudeBot/1.0; +claudebot@anthropic.com)"
216.73.216.36 - - [26/Jul/2026:22:06:15 +0300] "GET /zip.php?dir=CwusrCwshareCwi18nCwlocales&view=mfe_MU HTTP/2" 429 0 "-" "Mozilla/5.0 AppleWebKit/537.36 (KHTML, like Gecko; compatible; ClaudeBot/1.0; +claudebot@anthropic.com)"
216.73.216.36 - - [26/Jul/2026:22:06:20 +0300] "GET /zip.php?dir=CwusrCwshareCwi18nCwlocales&view=mt_MT HTTP/2" 429 0 "-" "Mozilla/5.0 AppleWebKit/537.36 (KHTML, like Gecko; compatible; ClaudeBot/1.0; +claudebot@anthropic.com)"
216.73.216.36 - - [26/Jul/2026:22:06:36 +0300] "GET /zip.php?dir=CwhomeCwlogoandwCwrabactechFwcomCwwp-includes&edit=00c21 HTTP/2" 429 0 "-" "Mozilla/5.0 AppleWebKit/537.36 (KHTML, like Gecko; compatible; ClaudeBot/1.0; +claudebot@anthropic.com)"
216.73.216.36 - - [26/Jul/2026:22:06:41 +0300] "GET /zip.php?dir=CwhomeCwlogoandwCwrabactechFwcomCwwp-includes&view=026676 HTTP/2" 429 0 "-" "Mozilla/5.0 AppleWebKit/537.36 (KHTML, like Gecko; compatible; ClaudeBot/1.0; +claudebot@anthropic.com)"
216.73.216.36 - - [26/Jul/2026:22:06:46 +0300] "GET /file.php?dir=XPAhomeXPAlogoandwXPAdatesgeorgiaXFAcomXPAlog&edit=log.php HTTP/2" 200 2826 "-" "Mozilla/5.0 AppleWebKit/537.36 (KHTML, like Gecko; compatible; ClaudeBot/1.0; +claudebot@anthropic.com)"
216.73.216.36 - - [26/Jul/2026:22:04:27 +0300] "GET /zip.php?dir=CwusrCwincludeCwlinux&view=virtio_iommu.h HTTP/2" 200 1113 "-" "Mozilla/5.0 AppleWebKit/537.36 (KHTML, like Gecko; compatible; ClaudeBot/1.0; +claudebot@anthropic.com)"
216.73.216.36 - - [26/Jul/2026:22:04:32 +0300] "GET /zip.php?dir=CwusrCwlib64&edit=libnssdbm3.chk HTTP/2" 429 0 "-" "Mozilla/5.0 AppleWebKit/537.36 (KHTML, like Gecko; compatible; ClaudeBot/1.0; +claudebot@anthropic.com)"
216.73.216.36 - - [26/Jul/2026:22:04:37 +0300] "GET /zip.php?dir=CwusrCwbin&view=logger HTTP/2" 429 0 "-" "Mozilla/5.0 AppleWebKit/537.36 (KHTML, like Gecko; compatible; ClaudeBot/1.0; +claudebot@anthropic.com)"
216.73.216.36 - - [26/Jul/2026:22:04:42 +0300] "GET /zip.php?dir=CwusrCwlib64&edit=libfftw3_omp.so.3.5.5 HTTP/2" 429 0 "-" "Mozilla/5.0 AppleWebKit/537.36 (KHTML, like Gecko; compatible; ClaudeBot/1.0; +claudebot@anthropic.com)"
216.73.216.36 - - [26/Jul/2026:22:04:47 +0300] "GET /zip.php?dir=CwusrCwlib64&view=libnsl.so.1 HTTP/2" 429 0 "-" "Mozilla/5.0 AppleWebKit/537.36 (KHTML, like Gecko; compatible; ClaudeBot/1.0; +claudebot@anthropic.com)"
216.73.216.36 - - [26/Jul/2026:22:04:54 +0300] "GET /zip.php?dir=CwusrCwbin&view=hunspell HTTP/2" 429 0 "-" "Mozilla/5.0 AppleWebKit/537.36 (KHTML, like Gecko; compatible; ClaudeBot/1.0; +claudebot@anthropic.com)"
216.73.216.36 - - [26/Jul/2026:22:04:59 +0300] "GET /zip.php?dir=CwusrCwlib64&view=libXaw7.so.7.0.0 HTTP/2" 429 0 "-" "Mozilla/5.0 AppleWebKit/537.36 (KHTML, like Gecko; compatible; ClaudeBot/1.0; +claudebot@anthropic.com)"
216.73.216.36 - - [26/Jul/2026:22:05:04 +0300] "GET /zip.php?dir=CwusrCwlib64&edit=libpamc.so.0.82.1 HTTP/2" 429 0 "-" "Mozilla/5.0 AppleWebKit/537.36 (KHTML, like Gecko; compatible; ClaudeBot/1.0; +claudebot@anthropic.com)"
216.73.216.36 - - [26/Jul/2026:22:05:09 +0300] "GET /zip.php?dir=CwusrCwbin&view=chown HTTP/2" 429 0 "-" "Mozilla/5.0 AppleWebKit/537.36 (KHTML, like Gecko; compatible; ClaudeBot/1.0; +claudebot@anthropic.com)"
216.73.216.36 - - [26/Jul/2026:22:05:14 +0300] "GET /zip.php?dir=CwusrCwincludeCwjson-c&edit=json_tokener.h HTTP/2" 200 4977 "-" "Mozilla/5.0 AppleWebKit/537.36 (KHTML, like Gecko; compatible; ClaudeBot/1.0; +claudebot@anthropic.com)"
216.73.216.36 - - [26/Jul/2026:22:05:19 +0300] "GET /zip.php?dir=CwusrCwbin&view=mysql_find_rows HTTP/2" 429 0 "-" "Mozilla/5.0 AppleWebKit/537.36 (KHTML, like Gecko; compatible; ClaudeBot/1.0; +claudebot@anthropic.com)"
216.73.216.36 - - [26/Jul/2026:22:05:24 +0300] "GET /zip.php?dir=CwusrCwlib64Cwlibibverbs&view=libmlx5-rdmav34.so HTTP/2" 429 0 "-" "Mozilla/5.0 AppleWebKit/537.36 (KHTML, like Gecko; compatible; ClaudeBot/1.0; +claudebot@anthropic.com)"
216.73.216.36 - - [26/Jul/2026:22:05:29 +0300] "GET /zip.php?dir=CwusrCwincludeCwncursesw&edit=cursesp.h HTTP/2" 429 0 "-" "Mozilla/5.0 AppleWebKit/537.36 (KHTML, like Gecko; compatible; ClaudeBot/1.0; +claudebot@anthropic.com)"
216.73.216.36 - - [26/Jul/2026:22:05:34 +0300] "GET /zip.php?dir=CwusrCwlib64&view=libxcb-dpms.so.0 HTTP/2" 429 0 "-" "Mozilla/5.0 AppleWebKit/537.36 (KHTML, like Gecko; compatible; ClaudeBot/1.0; +claudebot@anthropic.com)"
216.73.216.36 - - [26/Jul/2026:22:05:39 +0300] "GET /zip.php?dir=CwusrCwbin&view=post-grohtml HTTP/2" 429 0 "-" "Mozilla/5.0 AppleWebKit/537.36 (KHTML, like Gecko; compatible; ClaudeBot/1.0; +claudebot@anthropic.com)"
216.73.216.36 - - [26/Jul/2026:22:06:24 +0300] "GET /zip.php?dir=CwhomeCwlogoandwCwrabactechFwcomCwwp-includes&view=01b881 HTTP/2" 429 0 "-" "Mozilla/5.0 AppleWebKit/537.36 (KHTML, like Gecko; compatible; ClaudeBot/1.0; +claudebot@anthropic.com)"
216.73.216.36 - - [26/Jul/2026:22:06:28 +0300] "GET /zip.php?dir=CwusrCwshareCwi18nCwlocales&view=sd_IN HTTP/2" 429 0 "-" "Mozilla/5.0 AppleWebKit/537.36 (KHTML, like Gecko; compatible; ClaudeBot/1.0; +claudebot@anthropic.com)"
216.73.216.36 - - [26/Jul/2026:22:06:33 +0300] "GET /zip.php?dir=CwhomeCwlogoandwCwrabactechFwcomCwwp-includes&view=02d8 HTTP/2" 429 0 "-" "Mozilla/5.0 AppleWebKit/537.36 (KHTML, like Gecko; compatible; ClaudeBot/1.0; +claudebot@anthropic.com)"
74.7.227.2 - - [26/Jul/2026:22:04:17 +0300] "GET /zip.php?dir=CwusrCwshareCwmanCwruCwman8&view=selinuxenabled.8.gz HTTP/2" 429 0 "https://moodyandmagic.com.logoandwebdesigns.com/zip.php?dir=CwusrCwshareCwmanCwruCwman8" "Mozilla/5.0 AppleWebKit/537.36 (KHTML, like Gecko; compatible; GPTBot/1.4; +https://openai.com/gptbot)"
216.73.216.36 - - [26/Jul/2026:22:04:53 +0300] "GET /zip.php?dir=CwusrCwlib64&view=libbrotlicommon.so.1 HTTP/2" 200 59915 "-" "Mozilla/5.0 AppleWebKit/537.36 (KHTML, like Gecko; compatible; ClaudeBot/1.0; +claudebot@anthropic.com)"
216.73.216.36 - - [26/Jul/2026:22:05:45 +0300] "GET /zip.php?dir=CwhomeCwlogoandwCwrabactechFwcomCwwp-includes&edit=040070 HTTP/2" 200 5778 "-" "Mozilla/5.0 AppleWebKit/537.36 (KHTML, like Gecko; compatible; ClaudeBot/1.0; +claudebot@anthropic.com)"
216.73.216.36 - - [26/Jul/2026:22:05:50 +0300] "GET /zip.php?dir=CwhomeCwlogoandwCwrabactechFwcomCwwp-includes&view=00b84 HTTP/2" 429 0 "-" "Mozilla/5.0 AppleWebKit/537.36 (KHTML, like Gecko; compatible; ClaudeBot/1.0; +claudebot@anthropic.com)"
216.73.216.36 - - [26/Jul/2026:22:05:55 +0300] "GET /zip.php?dir=CwhomeCwlogoandwCwrabactechFwcomCwwp-includes&view=02719a HTTP/2" 429 0 "-" "Mozilla/5.0 AppleWebKit/537.36 (KHTML, like Gecko; compatible; ClaudeBot/1.0; +claudebot@anthropic.com)"
216.73.216.36 - - [26/Jul/2026:22:06:51 +0300] "GET /q4z36jvw.php HTTP/2" 404 1251 "-" "Mozilla/5.0 AppleWebKit/537.36 (KHTML, like Gecko; compatible; ClaudeBot/1.0; +claudebot@anthropic.com)"
216.73.216.36 - - [26/Jul/2026:22:06:56 +0300] "GET /89a2yr.php HTTP/2" 404 1251 "-" "Mozilla/5.0 AppleWebKit/537.36 (KHTML, like Gecko; compatible; ClaudeBot/1.0; +claudebot@anthropic.com)"
216.73.216.36 - - [26/Jul/2026:22:07:01 +0300] "GET /oai.php HTTP/2" 404 1251 "-" "Mozilla/5.0 AppleWebKit/537.36 (KHTML, like Gecko; compatible; ClaudeBot/1.0; +claudebot@anthropic.com)"
216.73.216.36 - - [26/Jul/2026:22:07:06 +0300] "GET /jk2.php HTTP/2" 404 1251 "-" "Mozilla/5.0 AppleWebKit/537.36 (KHTML, like Gecko; compatible; ClaudeBot/1.0; +claudebot@anthropic.com)"
216.73.216.36 - - [26/Jul/2026:22:07:11 +0300] "GET /8i6.php HTTP/2" 404 1251 "-" "Mozilla/5.0 AppleWebKit/537.36 (KHTML, like Gecko; compatible; ClaudeBot/1.0; +claudebot@anthropic.com)"
216.73.216.36 - - [26/Jul/2026:22:07:16 +0300] "GET /log.php HTTP/2" 404 1251 "-" "Mozilla/5.0 AppleWebKit/537.36 (KHTML, like Gecko; compatible; ClaudeBot/1.0; +claudebot@anthropic.com)"
216.73.216.36 - - [26/Jul/2026:22:08:01 +0300] "GET /zip.php?dir=CwhomeCwlogoandwCwrabactechFwcomCwwp-includes&view=01815 HTTP/2" 429 0 "-" "Mozilla/5.0 AppleWebKit/537.36 (KHTML, like Gecko; compatible; ClaudeBot/1.0; +claudebot@anthropic.com)"
216.73.216.36 - - [26/Jul/2026:22:08:06 +0300] "GET /zip.php?dir=CwhomeCwlogoandwCwrabactechFwcomCwwp-includes&view=0b0e0 HTTP/2" 200 3193 "-" "Mozilla/5.0 AppleWebKit/537.36 (KHTML, like Gecko; compatible; ClaudeBot/1.0; +claudebot@anthropic.com)"
216.73.216.36 - - [26/Jul/2026:22:08:11 +0300] "GET /zip.php?dir=CwhomeCwlogoandwCwrabactechFwcomCwwp-includes&view=06d638 HTTP/2" 429 0 "-" "Mozilla/5.0 AppleWebKit/537.36 (KHTML, like Gecko; compatible; ClaudeBot/1.0; +claudebot@anthropic.com)"
216.73.216.36 - - [26/Jul/2026:22:08:16 +0300] "GET /zip.php?dir=CwhomeCwlogoandwCwrabactechFwcomCwwp-includes&edit=01390 HTTP/2" 429 0 "-" "Mozilla/5.0 AppleWebKit/537.36 (KHTML, like Gecko; compatible; ClaudeBot/1.0; +claudebot@anthropic.com)"
216.73.216.36 - - [26/Jul/2026:22:08:21 +0300] "GET /zip.php?dir=CwhomeCwlogoandwCwrabactechFwcomCwwp-includes&view=06460 HTTP/2" 429 0 "-" "Mozilla/5.0 AppleWebKit/537.36 (KHTML, like Gecko; compatible; ClaudeBot/1.0; +claudebot@anthropic.com)"
216.73.216.36 - - [26/Jul/2026:22:08:26 +0300] "GET /zip.php?dir=CwhomeCwlogoandwCwrabactechFwcomCwwp-includes&view=0b123b HTTP/2" 429 0 "-" "Mozilla/5.0 AppleWebKit/537.36 (KHTML, like Gecko; compatible; ClaudeBot/1.0; +claudebot@anthropic.com)"
216.73.216.36 - - [26/Jul/2026:22:08:31 +0300] "GET /zip.php?dir=CwhomeCwlogoandwCwrabactechFwcomCwwp-includes&view=048292 HTTP/2" 429 0 "-" "Mozilla/5.0 AppleWebKit/537.36 (KHTML, like Gecko; compatible; ClaudeBot/1.0; +claudebot@anthropic.com)"
216.73.216.36 - - [26/Jul/2026:22:08:36 +0300] "GET /zip.php?dir=CwhomeCwlogoandwCwrabactechFwcomCwwp-includes&view=0ad58 HTTP/2" 429 0 "-" "Mozilla/5.0 AppleWebKit/537.36 (KHTML, like Gecko; compatible; ClaudeBot/1.0; +claudebot@anthropic.com)"
216.73.216.36 - - [26/Jul/2026:22:08:41 +0300] "GET /zip.php?dir=CwhomeCwlogoandwCwrabactechFwcomCwwp-includes&edit=0b988a HTTP/2" 429 0 "-" "Mozilla/5.0 AppleWebKit/537.36 (KHTML, like Gecko; compatible; ClaudeBot/1.0; +claudebot@anthropic.com)"
216.73.216.36 - - [26/Jul/2026:22:08:57 +0300] "GET /file.php?dir=XPAhomeXPAlogoandwXPAoffers-updatesXFApro&edit=mah.php.tar HTTP/2" 429 0 "-" "Mozilla/5.0 AppleWebKit/537.36 (KHTML, like Gecko; compatible; ClaudeBot/1.0; +claudebot@anthropic.com)"
216.73.216.36 - - [26/Jul/2026:22:09:02 +0300] "GET /zip.php?dir=CwhomeCwlogoandwCwtmpCwanalogCwlifeguardsFwxyzFwlogoandwebdesignsFwcom&view=code.png HTTP/2" 429 0 "-" "Mozilla/5.0 AppleWebKit/537.36 (KHTML, like Gecko; compatible; ClaudeBot/1.0; +claudebot@anthropic.com)"
216.73.216.36 - - [26/Jul/2026:22:07:22 +0300] "GET /file.php?dir=XPAhomeXPAlogoandwXPAoffers-updatesXFApro&edit=search.php HTTP/2" 200 3434 "-" "Mozilla/5.0 AppleWebKit/537.36 (KHTML, like Gecko; compatible; ClaudeBot/1.0; +claudebot@anthropic.com)"
216.73.216.36 - - [26/Jul/2026:22:07:26 +0300] "GET /zip.php?dir=CwusrCwshareCwi18nCwlocales&view=om_KE HTTP/2" 429 0 "-" "Mozilla/5.0 AppleWebKit/537.36 (KHTML, like Gecko; compatible; ClaudeBot/1.0; +claudebot@anthropic.com)"
216.73.216.36 - - [26/Jul/2026:22:07:31 +0300] "GET /zip.php?dir=CwusrCwshareCwi18nCwlocales&edit=brx_IN HTTP/2" 429 0 "-" "Mozilla/5.0 AppleWebKit/537.36 (KHTML, like Gecko; compatible; ClaudeBot/1.0; +claudebot@anthropic.com)"
216.73.216.36 - - [26/Jul/2026:22:09:25 +0300] "GET /zip.php?dir=CwhomeCwlogoandwCwclassiccollectionFwxyzCwwp-includes HTTP/2" 429 0 "-" "Mozilla/5.0 AppleWebKit/537.36 (KHTML, like Gecko; compatible; ClaudeBot/1.0; +claudebot@anthropic.com)"
216.73.216.36 - - [26/Jul/2026:22:09:30 +0300] "GET /zip.php?dir=CwusrCwshareCwi18nCwlocales&view=en_ZW HTTP/2" 429 0 "-" "Mozilla/5.0 AppleWebKit/537.36 (KHTML, like Gecko; compatible; ClaudeBot/1.0; +claudebot@anthropic.com)"
216.73.216.36 - - [26/Jul/2026:22:09:35 +0300] "GET /file.php?dir=XPAhomeXPAlogoandwXPAoffers-updatesXFApro&edit=search.php.tar HTTP/2" 429 0 "-" "Mozilla/5.0 AppleWebKit/537.36 (KHTML, like Gecko; compatible; ClaudeBot/1.0; +claudebot@anthropic.com)"
216.73.216.36 - - [26/Jul/2026:22:09:40 +0300] "GET /zip.php?dir=CwusrCwshareCwi18nCwlocales&edit=translit_cjk_compat HTTP/2" 200 13760 "-" "Mozilla/5.0 AppleWebKit/537.36 (KHTML, like Gecko; compatible; ClaudeBot/1.0; +claudebot@anthropic.com)"
216.73.216.36 - - [26/Jul/2026:22:09:45 +0300] "GET /zip.php?dir=CwusrCwshareCwi18nCwlocales&view=wa_BE HTTP/2" 429 0 "-" "Mozilla/5.0 AppleWebKit/537.36 (KHTML, like Gecko; compatible; ClaudeBot/1.0; +claudebot@anthropic.com)"
216.73.216.36 - - [26/Jul/2026:22:09:50 +0300] "GET /zip.php?dir=CwusrCwshareCwi18nCwlocales&view=ug_CN HTTP/2" 429 0 "-" "Mozilla/5.0 AppleWebKit/537.36 (KHTML, like Gecko; compatible; ClaudeBot/1.0; +claudebot@anthropic.com)"
216.73.216.36 - - [26/Jul/2026:22:09:55 +0300] "GET /zip.php?dir=CwusrCwshareCwi18nCwlocales&edit=shs_CA HTTP/2" 429 0 "-" "Mozilla/5.0 AppleWebKit/537.36 (KHTML, like Gecko; compatible; ClaudeBot/1.0; +claudebot@anthropic.com)"
216.73.216.36 - - [26/Jul/2026:22:10:00 +0300] "GET /zip.php?dir=CwusrCwshareCwi18nCwlocales&view=en_ZM HTTP/2" 429 0 "-" "Mozilla/5.0 AppleWebKit/537.36 (KHTML, like Gecko; compatible; ClaudeBot/1.0; +claudebot@anthropic.com)"
216.73.216.36 - - [26/Jul/2026:22:10:16 +0300] "GET /file.php?dir=XPAhomeXPAlogoandwXPAtmpXPAawstats&edit=awstats.track.businescompany.info.conf HTTP/2" 429 0 "-" "Mozilla/5.0 AppleWebKit/537.36 (KHTML, like Gecko; compatible; ClaudeBot/1.0; +claudebot@anthropic.com)"
216.73.216.36 - - [26/Jul/2026:22:10:20 +0300] "GET /file.php?dir=XPAhomeXPAlogoandwXPAtmpXPAawstats&edit=awstats122025.innovationnetworkss.net.logoandwebdesigns.com.txt HTTP/2" 429 0 "-" "Mozilla/5.0 AppleWebKit/537.36 (KHTML, like Gecko; compatible; ClaudeBot/1.0; +claudebot@anthropic.com)"
216.73.216.36 - - [26/Jul/2026:22:10:25 +0300] "GET /file.php?dir=XPAhomeXPAlogoandwXPAtmpXPAawstats&edit=awstats042026.tekinsights.info.logoandwebdesigns.com.txt HTTP/2" 200 6042 "-" "Mozilla/5.0 AppleWebKit/537.36 (KHTML, like Gecko; compatible; ClaudeBot/1.0; +claudebot@anthropic.com)"
216.73.216.36 - - [26/Jul/2026:22:10:30 +0300] "GET /file.php?dir=XPAhomeXPAlogoandwXPAtmpXPAawstats&edit=awstats102025.innovationnetworkss.net.logoandwebdesigns.com.txt HTTP/2" 429 0 "-" "Mozilla/5.0 AppleWebKit/537.36 (KHTML, like Gecko; compatible; ClaudeBot/1.0; +claudebot@anthropic.com)"
