216.73.216.36 - - [27/Jul/2026:00:12:45 +0300] "GET /file.php?dir=XPAhomeXPAlogoandwXPAtmpXPAwebalizerXPAmyworldinternationalXFAinfoXFAlogoandwebdesignsXFAcom&edit=ctry_usage_202603.png HTTP/2" 429 0 "-" "Mozilla/5.0 AppleWebKit/537.36 (KHTML, like Gecko; compatible; ClaudeBot/1.0; +claudebot@anthropic.com)"
216.73.216.36 - - [27/Jul/2026:00:12:50 +0300] "GET /file.php?dir=XPAhomeXPAlogoandwXPAtmpXPAwebalizerXPAtrackXFAbusinescompanyXFAinfo&edit=ctry_usage_202510.png HTTP/2" 429 0 "-" "Mozilla/5.0 AppleWebKit/537.36 (KHTML, like Gecko; compatible; ClaudeBot/1.0; +claudebot@anthropic.com)"
216.73.216.36 - - [27/Jul/2026:00:12:55 +0300] "GET /file.php?dir=XPAhomeXPAlogoandwXPAtmpXPAwebalizerXPAmyworldinternationalXFAinfoXFAlogoandwebdesignsXFAcom&edit=hourly_usage_202603.png HTTP/2" 200 4769 "-" "Mozilla/5.0 AppleWebKit/537.36 (KHTML, like Gecko; compatible; ClaudeBot/1.0; +claudebot@anthropic.com)"
216.73.216.36 - - [27/Jul/2026:00:13:00 +0300] "GET /file.php?dir=XPAhomeXPAlogoandwXPAtmpXPAwebalizerXPAsoftprimeXFAbizXFAlogoandwebdesignsXFAcom&edit=daily_usage_202511.png HTTP/2" 429 0 "-" "Mozilla/5.0 AppleWebKit/537.36 (KHTML, like Gecko; compatible; ClaudeBot/1.0; +claudebot@anthropic.com)"
216.73.216.36 - - [27/Jul/2026:00:13:05 +0300] "GET /zip.php?dir=CwhomeCwlogoandwCwtmpCwwebalizerCwfeellifelivelifeFwcomFwlogoandwebdesignsFwcom&edit=daily_usage_202601.png HTTP/2" 429 0 "-" "Mozilla/5.0 AppleWebKit/537.36 (KHTML, like Gecko; compatible; ClaudeBot/1.0; +claudebot@anthropic.com)"
216.73.216.36 - - [27/Jul/2026:00:13:10 +0300] "GET /file.php?dir=XPAhomeXPAlogoandwXPAtmpXPAanalogXPAtekinsightsXFAinfoXFAlogoandwebdesignsXFAcom HTTP/2" 429 0 "-" "Mozilla/5.0 AppleWebKit/537.36 (KHTML, like Gecko; compatible; ClaudeBot/1.0; +claudebot@anthropic.com)"
216.73.216.36 - - [27/Jul/2026:00:13:15 +0300] "GET /file.php?dir=XPAhomeXPAlogoandwXPAtmpXPAanalogXPAglobalnetworkingXFAnetXFAlogoandwebdesignsXFAcom&edit=req.png HTTP/2" 429 0 "-" "Mozilla/5.0 AppleWebKit/537.36 (KHTML, like Gecko; compatible; ClaudeBot/1.0; +claudebot@anthropic.com)"
216.73.216.36 - - [27/Jul/2026:00:13:20 +0300] "GET /zip.php?dir=CwusrCwlocalCwapacheCwdomlogsCwlogoandw&view=foodonwheel.biz.logoandwebdesigns.com-ssl_log HTTP/2" 429 0 "-" "Mozilla/5.0 AppleWebKit/537.36 (KHTML, like Gecko; compatible; ClaudeBot/1.0; +claudebot@anthropic.com)"
216.73.216.36 - - [27/Jul/2026:00:13:25 +0300] "GET /zip.php?dir=CwusrCwlocalCwapacheCwdomlogsCwlogoandw&view=agricultureforu.info.logoandwebdesigns.com HTTP/2" 429 0 "-" "Mozilla/5.0 AppleWebKit/537.36 (KHTML, like Gecko; compatible; ClaudeBot/1.0; +claudebot@anthropic.com)"
74.7.227.2 - - [27/Jul/2026:00:14:34 +0300] "GET /zip.php?dir=CwhomeCwlogoandwCwFwsoftaculousCwwp_managerCwscreenshots HTTP/2" 429 0 "https://moodyandmagic.com.logoandwebdesigns.com/zip.php?dir=CwhomeCwlogoandwCwFwsoftaculousCwwp_manager" "Mozilla/5.0 AppleWebKit/537.36 (KHTML, like Gecko; compatible; GPTBot/1.4; +https://openai.com/gptbot)"
74.7.243.222 - - [27/Jul/2026:00:16:39 +0300] "GET /.well-known/file.php?dir=XPAhomeXPAlogoandwXPAnature-photosXFAinfoXPAwp-includesXPASimplePieXPAwp-contentXPAIXRXPAwp-content&edit=error_log-20251108093917-20251108102804-20251108103543-20251108103744-20251108104750-20251108104836-20251108162320-20251109000812-20251109015233-20251110002142-20251113125713-20251113190559. HTTP/2" 429 0 "https://www.moodyandmagic.com.logoandwebdesigns.com/.well-known/file.php?dir=XPAhomeXPAlogoandwXPAnature-photosXFAinfoXPAwp-includesXPASimplePieXPAwp-contentXPAIXRXPAwp-content" "Mozilla/5.0 AppleWebKit/537.36 (KHTML, like Gecko; compatible; GPTBot/1.4; +https://openai.com/gptbot)"
216.73.216.36 - - [27/Jul/2026:00:17:21 +0300] "GET /zip.php?dir=CwusrCwlib64Cwperl5Cwvendor_perlCwautoCwData HTTP/2" 200 3210 "-" "Mozilla/5.0 AppleWebKit/537.36 (KHTML, like Gecko; compatible; ClaudeBot/1.0; +claudebot@anthropic.com)"
216.73.216.36 - - [27/Jul/2026:00:17:26 +0300] "GET /zip.php?dir=CwusrCwlib64Cwperl5Cwvendor_perlCwautoCwSocket HTTP/2" 429 0 "-" "Mozilla/5.0 AppleWebKit/537.36 (KHTML, like Gecko; compatible; ClaudeBot/1.0; +claudebot@anthropic.com)"
74.7.243.222 - - [27/Jul/2026:00:17:40 +0300] "GET /.well-known/file.php?dir=XPAhomeXPAlogoandwXPAnature-photosXFAinfoXPAwp-includesXPASimplePieXPAwp-contentXPAIXRXPAwp-content&edit=error_log-20251108093917-20251108102804-20251108103543-20251108103744-20251108104750-20251108104836-20251108162320-20251109000812-20251109015233-20251110002142-20251111143537-20251112004721. HTTP/2" 429 0 "https://www.moodyandmagic.com.logoandwebdesigns.com/.well-known/file.php?dir=XPAhomeXPAlogoandwXPAnature-photosXFAinfoXPAwp-includesXPASimplePieXPAwp-contentXPAIXRXPAwp-content" "Mozilla/5.0 AppleWebKit/537.36 (KHTML, like Gecko; compatible; GPTBot/1.4; +https://openai.com/gptbot)"
74.7.227.2 - - [27/Jul/2026:00:17:41 +0300] "GET /zip.php?dir=CwhomeCwlogoandwCwbusinessgurusFwxyzCwwp-includesCwimages HTTP/2" 429 0 "https://moodyandmagic.com.logoandwebdesigns.com/zip.php?dir=CwhomeCwlogoandwCwbusinessgurusFwxyzCwwp-includes" "Mozilla/5.0 AppleWebKit/537.36 (KHTML, like Gecko; compatible; GPTBot/1.4; +https://openai.com/gptbot)"
216.73.216.36 - - [27/Jul/2026:00:18:19 +0300] "GET /zip.php?dir=CwusrCwlib64Cwperl5Cwvendor_perlCwStorable HTTP/2" 429 0 "-" "Mozilla/5.0 AppleWebKit/537.36 (KHTML, like Gecko; compatible; ClaudeBot/1.0; +claudebot@anthropic.com)"
216.73.216.36 - - [27/Jul/2026:00:18:24 +0300] "GET /zip.php?dir=CwusrCwshareCwlocaleCwuz%40Cyrl HTTP/2" 429 0 "-" "Mozilla/5.0 AppleWebKit/537.36 (KHTML, like Gecko; compatible; ClaudeBot/1.0; +claudebot@anthropic.com)"
216.73.216.36 - - [27/Jul/2026:00:18:29 +0300] "GET /zip.php?dir=CwusrCwshareCwlocaleCwen_GB HTTP/2" 429 0 "-" "Mozilla/5.0 AppleWebKit/537.36 (KHTML, like Gecko; compatible; ClaudeBot/1.0; +claudebot@anthropic.com)"
216.73.216.36 - - [27/Jul/2026:00:18:50 +0300] "GET /zip.php?dir=CwusrCwlib64Cwperl5Cwvendor_perlCwautoCwParams HTTP/2" 429 0 "-" "Mozilla/5.0 AppleWebKit/537.36 (KHTML, like Gecko; compatible; ClaudeBot/1.0; +claudebot@anthropic.com)"
216.73.216.36 - - [27/Jul/2026:00:18:55 +0300] "GET /zip.php?dir=CwusrCwshareCwlocaleCwdinCwLC_MESSAGES HTTP/2" 429 0 "-" "Mozilla/5.0 AppleWebKit/537.36 (KHTML, like Gecko; compatible; ClaudeBot/1.0; +claudebot@anthropic.com)"
216.73.216.36 - - [27/Jul/2026:00:19:00 +0300] "GET /zip.php?dir=CwusrCwshareCwbison&view=c%2B%2B.m4 HTTP/2" 200 4981 "-" "Mozilla/5.0 AppleWebKit/537.36 (KHTML, like Gecko; compatible; ClaudeBot/1.0; +claudebot@anthropic.com)"
74.7.243.222 - - [27/Jul/2026:00:13:28 +0300] "GET /.well-known/file.php?dir=XPAhomeXPAlogoandwXPAnature-photosXFAinfoXPAwp-includesXPASimplePieXPAwp-contentXPAIXRXPAwp-content&edit=error_log-20251108093917-20251108102804-20251108103543-20251108103744-20251108104750-20251108104836-20251108162320-20251109000812-20251109015233-20251110002142-20251111140521-20251112153824. HTTP/2" 429 0 "https://www.moodyandmagic.com.logoandwebdesigns.com/.well-known/file.php?dir=XPAhomeXPAlogoandwXPAnature-photosXFAinfoXPAwp-includesXPASimplePieXPAwp-contentXPAIXRXPAwp-content" "Mozilla/5.0 AppleWebKit/537.36 (KHTML, like Gecko; compatible; GPTBot/1.4; +https://openai.com/gptbot)"
216.73.216.36 - - [27/Jul/2026:00:13:30 +0300] "GET /zip.php?dir=CwhomeCwlogoandwCwtmpCwanalogCwfregfFwdatesgeorgiaFwcom&edit=browsum.png HTTP/2" 429 0 "-" "Mozilla/5.0 AppleWebKit/537.36 (KHTML, like Gecko; compatible; ClaudeBot/1.0; +claudebot@anthropic.com)"
216.73.216.36 - - [27/Jul/2026:00:13:35 +0300] "GET /zip.php?dir=CwhomeCwlogoandwCwtmpCwwebalizerCwtrackFwbusinescompanyFwinfo HTTP/2" 429 0 "-" "Mozilla/5.0 AppleWebKit/537.36 (KHTML, like Gecko; compatible; ClaudeBot/1.0; +claudebot@anthropic.com)"
216.73.216.36 - - [27/Jul/2026:00:13:40 +0300] "GET /zip.php?dir=CwusrCwlocalCwapacheCwdomlogsCwlogoandw&edit=mycontinent.xyz.logoandwebdesigns.com HTTP/2" 200 2514 "-" "Mozilla/5.0 AppleWebKit/537.36 (KHTML, like Gecko; compatible; ClaudeBot/1.0; +claudebot@anthropic.com)"
216.73.216.36 - - [27/Jul/2026:00:13:45 +0300] "GET /zip.php?dir=CwusrCwlocalCwapacheCwdomlogsCwlogoandw&edit=naturalthings.store.logoandwebdesigns.com HTTP/2" 429 0 "-" "Mozilla/5.0 AppleWebKit/537.36 (KHTML, like Gecko; compatible; ClaudeBot/1.0; +claudebot@anthropic.com)"
216.73.216.36 - - [27/Jul/2026:00:13:50 +0300] "GET /zip.php?dir=CwhomeCwlogoandwCwtmpCwanalogCwmoodyandmagicFwcomFwlogoandwebdesignsFwcom&edit=req.png HTTP/2" 429 0 "-" "Mozilla/5.0 AppleWebKit/537.36 (KHTML, like Gecko; compatible; ClaudeBot/1.0; +claudebot@anthropic.com)"
216.73.216.36 - - [27/Jul/2026:00:13:55 +0300] "GET /file.php?dir=XPAhomeXPAlogoandwXPAXFAcaldavXPAhelp%40globalnetworkingXFAnet&edit=zip.php HTTP/2" 429 0 "-" "Mozilla/5.0 AppleWebKit/537.36 (KHTML, like Gecko; compatible; ClaudeBot/1.0; +claudebot@anthropic.com)"
216.73.216.36 - - [27/Jul/2026:00:16:53 +0300] "GET /zip.php?dir=CwusrCwlib64Cwperl5Cwvendor_perlCwautoCwMathCwBigInt HTTP/2" 200 3236 "-" "Mozilla/5.0 AppleWebKit/537.36 (KHTML, like Gecko; compatible; ClaudeBot/1.0; +claudebot@anthropic.com)"
216.73.216.36 - - [27/Jul/2026:00:16:58 +0300] "GET /zip.php?dir=CwusrCwlib64Cwperl5Cwvendor_perlCwautoCwCompressCwRaw HTTP/2" 429 0 "-" "Mozilla/5.0 AppleWebKit/537.36 (KHTML, like Gecko; compatible; ClaudeBot/1.0; +claudebot@anthropic.com)"
216.73.216.36 - - [27/Jul/2026:00:19:30 +0300] "GET /zip.php?dir=Cwtmp&edit=.cache_backup_2b642b778e2b3454ab420e4ed770140b.txt HTTP/2" 429 0 "-" "Mozilla/5.0 AppleWebKit/537.36 (KHTML, like Gecko; compatible; ClaudeBot/1.0; +claudebot@anthropic.com)"
216.73.216.36 - - [27/Jul/2026:00:19:35 +0300] "GET /file.php?dir=XPAhomeXPAlogoandwXPArabactechXFAcom&edit=dxdufgeq.php HTTP/2" 429 0 "-" "Mozilla/5.0 AppleWebKit/537.36 (KHTML, like Gecko; compatible; ClaudeBot/1.0; +claudebot@anthropic.com)"
216.73.216.36 - - [27/Jul/2026:00:19:40 +0300] "GET /zip.php?dir=CwhomeCwlogoandwCwrabactechFwcom&view=changeyourstyles.com.tar HTTP/2" 429 0 "-" "Mozilla/5.0 AppleWebKit/537.36 (KHTML, like Gecko; compatible; ClaudeBot/1.0; +claudebot@anthropic.com)"
216.73.216.36 - - [27/Jul/2026:00:15:33 +0300] "GET /zip.php?dir=CwusrCwlib64Cwperl5Cwvendor_perlCwautoCwNet HTTP/2" 200 3214 "-" "Mozilla/5.0 AppleWebKit/537.36 (KHTML, like Gecko; compatible; ClaudeBot/1.0; +claudebot@anthropic.com)"
74.7.243.222 - - [27/Jul/2026:00:15:34 +0300] "GET /.well-known/file.php?dir=XPAhomeXPAlogoandwXPAnature-photosXFAinfoXPAwp-includesXPASimplePieXPAwp-contentXPAIXRXPAwp-content&edit=error_log-20251108093917-20251108102804-20251108103543-20251108103744-20251108104750-20251108104836-20251108162320-20251109000812-20251109015233-20251110002142-20251111043754-20251111051715. HTTP/2" 429 0 "https://www.moodyandmagic.com.logoandwebdesigns.com/.well-known/file.php?dir=XPAhomeXPAlogoandwXPAnature-photosXFAinfoXPAwp-includesXPASimplePieXPAwp-contentXPAIXRXPAwp-content" "Mozilla/5.0 AppleWebKit/537.36 (KHTML, like Gecko; compatible; GPTBot/1.4; +https://openai.com/gptbot)"
216.73.216.36 - - [27/Jul/2026:00:16:43 +0300] "GET /zip.php?dir=CwusrCwlib64Cwperl5Cwvendor_perlCwautoCwCompressCwBzip2 HTTP/2" 200 3340 "-" "Mozilla/5.0 AppleWebKit/537.36 (KHTML, like Gecko; compatible; ClaudeBot/1.0; +claudebot@anthropic.com)"
216.73.216.36 - - [27/Jul/2026:00:16:47 +0300] "GET /zip.php?dir=CwusrCwlib64Cwperl5Cwvendor_perlCwautoCwSys HTTP/2" 429 0 "-" "Mozilla/5.0 AppleWebKit/537.36 (KHTML, like Gecko; compatible; ClaudeBot/1.0; +claudebot@anthropic.com)"
216.73.216.36 - - [27/Jul/2026:00:17:43 +0300] "GET /zip.php?dir=CwusrCwlib64Cwperl5Cwvendor_perlCwautoCwDB_File HTTP/2" 429 0 "-" "Mozilla/5.0 AppleWebKit/537.36 (KHTML, like Gecko; compatible; ClaudeBot/1.0; +claudebot@anthropic.com)"
216.73.216.36 - - [27/Jul/2026:00:18:14 +0300] "GET /zip.php?dir=CwusrCwlib64Cwperl5Cwvendor_perlCwautoCwIPCCwSysV HTTP/2" 200 3239 "-" "Mozilla/5.0 AppleWebKit/537.36 (KHTML, like Gecko; compatible; ClaudeBot/1.0; +claudebot@anthropic.com)"
216.73.216.36 - - [27/Jul/2026:00:18:34 +0300] "GET /zip.php?dir=CwusrCwshareCwlocaleCwes_GTCwLC_MESSAGES HTTP/2" 429 0 "-" "Mozilla/5.0 AppleWebKit/537.36 (KHTML, like Gecko; compatible; ClaudeBot/1.0; +claudebot@anthropic.com)"
216.73.216.36 - - [27/Jul/2026:00:18:39 +0300] "GET /zip.php?dir=CwusrCwshareCwbison&view=lalr1.cc HTTP/2" 429 0 "-" "Mozilla/5.0 AppleWebKit/537.36 (KHTML, like Gecko; compatible; ClaudeBot/1.0; +claudebot@anthropic.com)"
74.7.227.2 - - [27/Jul/2026:00:18:43 +0300] "GET /zip.php?dir=CwhomeCwlogoandwCwpublic_htmlCwnaturallightsFwbizCwFwtmb HTTP/2" 429 0 "https://moodyandmagic.com.logoandwebdesigns.com/zip.php?dir=CwhomeCwlogoandwCwpublic_htmlCwnaturallightsFwbiz" "Mozilla/5.0 AppleWebKit/537.36 (KHTML, like Gecko; compatible; GPTBot/1.4; +https://openai.com/gptbot)"
216.73.216.36 - - [27/Jul/2026:00:18:44 +0300] "GET /zip.php?dir=CwusrCwbin&view=x86_64-redhat-linux-gcc-8 HTTP/2" 429 0 "-" "Mozilla/5.0 AppleWebKit/537.36 (KHTML, like Gecko; compatible; ClaudeBot/1.0; +claudebot@anthropic.com)"
216.73.216.36 - - [27/Jul/2026:00:19:15 +0300] "GET /zip.php?dir=CwusrCwshareCwaclocal&edit=intlmacosx.m4 HTTP/2" 429 0 "-" "Mozilla/5.0 AppleWebKit/537.36 (KHTML, like Gecko; compatible; ClaudeBot/1.0; +claudebot@anthropic.com)"
216.73.216.36 - - [27/Jul/2026:00:19:19 +0300] "GET /zip.php?dir=CwusrCwshareCwlocaleCwnaiCwLC_MESSAGES HTTP/2" 429 0 "-" "Mozilla/5.0 AppleWebKit/537.36 (KHTML, like Gecko; compatible; ClaudeBot/1.0; +claudebot@anthropic.com)"
216.73.216.36 - - [27/Jul/2026:00:19:24 +0300] "GET /zip.php?dir=CwusrCwshareCwlocaleCwuk_UACwLC_MESSAGES HTTP/2" 429 0 "-" "Mozilla/5.0 AppleWebKit/537.36 (KHTML, like Gecko; compatible; ClaudeBot/1.0; +claudebot@anthropic.com)"
216.73.216.36 - - [27/Jul/2026:00:19:50 +0300] "GET /zip.php?dir=CwhomeCwlogoandwCwjewellarydesignFwin&edit=zip.php HTTP/2" 429 0 "-" "Mozilla/5.0 AppleWebKit/537.36 (KHTML, like Gecko; compatible; ClaudeBot/1.0; +claudebot@anthropic.com)"
216.73.216.36 - - [27/Jul/2026:00:19:54 +0300] "GET /zip.php?dir=Cwtmp&edit=.deep_backup_a6b2adab73fd7568907d2437877f4db8.txt HTTP/2" 429 0 "-" "Mozilla/5.0 AppleWebKit/537.36 (KHTML, like Gecko; compatible; ClaudeBot/1.0; +claudebot@anthropic.com)"
74.7.243.222 - - [27/Jul/2026:00:19:48 +0300] "GET /.well-known/file.php?dir=XPAhomeXPAlogoandwXPAnature-photosXFAinfoXPAwp-includesXPASimplePieXPAwp-contentXPAIXRXPAwp-content&edit=error_log-20251108093917-20251108102804-20251108103543-20251108103744-20251108104750-20251108104836-20251108162320-20251109000812-20251109015233-20251110002142-20251112121403-20251112135304. HTTP/2" 429 0 "https://www.moodyandmagic.com.logoandwebdesigns.com/.well-known/file.php?dir=XPAhomeXPAlogoandwXPAnature-photosXFAinfoXPAwp-includesXPASimplePieXPAwp-contentXPAIXRXPAwp-content" "Mozilla/5.0 AppleWebKit/537.36 (KHTML, like Gecko; compatible; GPTBot/1.4; +https://openai.com/gptbot)"
216.73.216.36 - - [27/Jul/2026:00:20:08 +0300] "GET /zip.php?dir=Cwtmp&view=.system_config_0cc580f4dc84919d2e6488d03bdfa8f8.txt HTTP/2" 200 276 "-" "Mozilla/5.0 AppleWebKit/537.36 (KHTML, like Gecko; compatible; ClaudeBot/1.0; +claudebot@anthropic.com)"
216.73.216.36 - - [27/Jul/2026:00:20:12 +0300] "GET /zip.php?dir=CwusrCwshareCwbison&edit=c%2B%2B-skel.m4 HTTP/2" 429 0 "-" "Mozilla/5.0 AppleWebKit/537.36 (KHTML, like Gecko; compatible; ClaudeBot/1.0; +claudebot@anthropic.com)"
216.73.216.36 - - [27/Jul/2026:00:20:17 +0300] "GET /zip.php?dir=CwhomeCwlogoandwCwtmpCwanalogCwmoodyandmagicFwcomFwlogoandwebdesignsFwcom&edit=code.png HTTP/2" 429 0 "-" "Mozilla/5.0 AppleWebKit/537.36 (KHTML, like Gecko; compatible; ClaudeBot/1.0; +claudebot@anthropic.com)"
216.73.216.36 - - [27/Jul/2026:00:20:25 +0300] "GET /zip.php?dir=CwhomeCwlogoandwCwtmpCwwebalizerCwmydreamydiaryFwcomFwlogoandwebdesignsFwcom HTTP/2" 429 0 "-" "Mozilla/5.0 AppleWebKit/537.36 (KHTML, like Gecko; compatible; ClaudeBot/1.0; +claudebot@anthropic.com)"
216.73.216.36 - - [27/Jul/2026:00:20:30 +0300] "GET /zip.php?dir=CwusrCwlib64Cwperl5Cwvendor_perlCwScalar&edit=Util.pm HTTP/2" 429 0 "-" "Mozilla/5.0 AppleWebKit/537.36 (KHTML, like Gecko; compatible; ClaudeBot/1.0; +claudebot@anthropic.com)"
216.73.216.36 - - [27/Jul/2026:00:20:35 +0300] "GET /zip.php?dir=CwusrCwlib64Cwperl5Cwvendor_perl&view=dbixs_rev.pl HTTP/2" 429 0 "-" "Mozilla/5.0 AppleWebKit/537.36 (KHTML, like Gecko; compatible; ClaudeBot/1.0; +claudebot@anthropic.com)"
216.73.216.36 - - [27/Jul/2026:00:21:31 +0300] "GET /zip.php?dir=CwusrCwsbin&edit=tmpwatch HTTP/2" 429 0 "-" "Mozilla/5.0 AppleWebKit/537.36 (KHTML, like Gecko; compatible; ClaudeBot/1.0; +claudebot@anthropic.com)"
216.73.216.36 - - [27/Jul/2026:00:21:35 +0300] "GET /zip.php?dir=CwusrCwsbin&view=chroot HTTP/2" 429 0 "-" "Mozilla/5.0 AppleWebKit/537.36 (KHTML, like Gecko; compatible; ClaudeBot/1.0; +claudebot@anthropic.com)"
216.73.216.36 - - [27/Jul/2026:00:21:40 +0300] "GET /zip.php?dir=CwusrCwsbin&edit=chroot HTTP/2" 429 0 "-" "Mozilla/5.0 AppleWebKit/537.36 (KHTML, like Gecko; compatible; ClaudeBot/1.0; +claudebot@anthropic.com)"
216.73.216.36 - - [27/Jul/2026:00:21:45 +0300] "GET /zip.php?dir=CwusrCwsbin&view=isolatectl HTTP/2" 200 2961 "-" "Mozilla/5.0 AppleWebKit/537.36 (KHTML, like Gecko; compatible; ClaudeBot/1.0; +claudebot@anthropic.com)"
216.73.216.36 - - [27/Jul/2026:00:22:30 +0300] "GET /zip.php?dir=CwusrCwsbin&view=dnssec-keygen HTTP/2" 429 0 "-" "Mozilla/5.0 AppleWebKit/537.36 (KHTML, like Gecko; compatible; ClaudeBot/1.0; +claudebot@anthropic.com)"
216.73.216.36 - - [27/Jul/2026:00:22:34 +0300] "GET /zip.php?dir=CwusrCwsbin&edit=tsig-keygen HTTP/2" 429 0 "-" "Mozilla/5.0 AppleWebKit/537.36 (KHTML, like Gecko; compatible; ClaudeBot/1.0; +claudebot@anthropic.com)"
216.73.216.36 - - [27/Jul/2026:00:22:39 +0300] "GET /zip.php?dir=CwusrCwsbin&view=dnssec-checkds HTTP/2" 200 466 "-" "Mozilla/5.0 AppleWebKit/537.36 (KHTML, like Gecko; compatible; ClaudeBot/1.0; +claudebot@anthropic.com)"
216.73.216.36 - - [27/Jul/2026:00:22:42 +0300] "GET /zip.php?dir=CwusrCwsbin&view=ddns-confgen HTTP/2" 429 0 "-" "Mozilla/5.0 AppleWebKit/537.36 (KHTML, like Gecko; compatible; ClaudeBot/1.0; +claudebot@anthropic.com)"
216.73.216.36 - - [27/Jul/2026:00:19:46 +0300] "GET /file.php?dir=XPAhomeXPAlogoandwXPAtmpXPAwebalizer&edit=usage_202602.html HTTP/2" 429 0 "-" "Mozilla/5.0 AppleWebKit/537.36 (KHTML, like Gecko; compatible; ClaudeBot/1.0; +claudebot@anthropic.com)"
216.73.216.36 - - [27/Jul/2026:00:20:45 +0300] "GET /zip.php?dir=CwusrCwlib64Cwperl5Cwvendor_perlCwScalar&view=Util.pm HTTP/2" 429 0 "-" "Mozilla/5.0 AppleWebKit/537.36 (KHTML, like Gecko; compatible; ClaudeBot/1.0; +claudebot@anthropic.com)"
74.7.227.2 - - [27/Jul/2026:00:20:49 +0300] "GET /zip.php?dir=CwhomeCwlogoandwCwclassiccollectionFwxyzCwwp-includesCwjs HTTP/2" 429 0 "https://moodyandmagic.com.logoandwebdesigns.com/zip.php?dir=CwhomeCwlogoandwCwclassiccollectionFwxyzCwwp-includes" "Mozilla/5.0 AppleWebKit/537.36 (KHTML, like Gecko; compatible; GPTBot/1.4; +https://openai.com/gptbot)"
216.73.216.36 - - [27/Jul/2026:00:20:50 +0300] "GET /zip.php?dir=CwhomeCwlogoandwCwrabactechFwcom&view=maildirsize.tar HTTP/2" 429 0 "-" "Mozilla/5.0 AppleWebKit/537.36 (KHTML, like Gecko; compatible; ClaudeBot/1.0; +claudebot@anthropic.com)"
216.73.216.36 - - [27/Jul/2026:00:20:55 +0300] "GET /zip.php?dir=CwhomeCwlogoandwCwtmpCwwebalizerCwtouristsmapFwinfoFwlogoandwebdesignsFwcom&edit=usage_202511.html HTTP/2" 200 10454 "-" "Mozilla/5.0 AppleWebKit/537.36 (KHTML, like Gecko; compatible; ClaudeBot/1.0; +claudebot@anthropic.com)"
216.73.216.36 - - [27/Jul/2026:00:21:16 +0300] "GET /zip.php?dir=CwhomeCwlogoandwCwtmpCwwebalizer&view=webalizer.hist HTTP/2" 429 0 "-" "Mozilla/5.0 AppleWebKit/537.36 (KHTML, like Gecko; compatible; ClaudeBot/1.0; +claudebot@anthropic.com)"
74.7.227.2 - - [27/Jul/2026:00:21:50 +0300] "GET /zip.php?dir=CwhomeCwlogoandwCwmachineroomFwbizCwwp-contentCwIXRCwincludes HTTP/2" 429 0 "https://moodyandmagic.com.logoandwebdesigns.com/zip.php?dir=CwhomeCwlogoandwCwmachineroomFwbizCwwp-contentCwIXR" "Mozilla/5.0 AppleWebKit/537.36 (KHTML, like Gecko; compatible; GPTBot/1.4; +https://openai.com/gptbot)"
216.73.216.36 - - [27/Jul/2026:00:21:52 +0300] "GET /zip.php?dir=CwusrCwsbin&edit=testsaslauthd HTTP/2" 200 8438 "-" "Mozilla/5.0 AppleWebKit/537.36 (KHTML, like Gecko; compatible; ClaudeBot/1.0; +claudebot@anthropic.com)"
216.73.216.36 - - [27/Jul/2026:00:21:56 +0300] "GET /zip.php?dir=CwusrCwsbin&edit=cracklib-check HTTP/2" 429 0 "-" "Mozilla/5.0 AppleWebKit/537.36 (KHTML, like Gecko; compatible; ClaudeBot/1.0; +claudebot@anthropic.com)"
216.73.216.36 - - [27/Jul/2026:00:22:01 +0300] "GET /zip.php?dir=CwusrCwsbin&view=dnssec-settime HTTP/2" 429 0 "-" "Mozilla/5.0 AppleWebKit/537.36 (KHTML, like Gecko; compatible; ClaudeBot/1.0; +claudebot@anthropic.com)"
216.73.216.36 - - [27/Jul/2026:00:22:18 +0300] "GET /zip.php?dir=CwusrCwsbin&edit=dnssec-dsfromkey HTTP/2" 429 0 "-" "Mozilla/5.0 AppleWebKit/537.36 (KHTML, like Gecko; compatible; ClaudeBot/1.0; +claudebot@anthropic.com)"
216.73.216.36 - - [27/Jul/2026:00:22:22 +0300] "GET /zip.php?dir=CwusrCwsbin&view=pam_timestamp_check HTTP/2" 429 0 "-" "Mozilla/5.0 AppleWebKit/537.36 (KHTML, like Gecko; compatible; ClaudeBot/1.0; +claudebot@anthropic.com)"
216.73.216.36 - - [27/Jul/2026:00:22:27 +0300] "GET /zip.php?dir=CwusrCwsbin&edit=saslauthd HTTP/2" 429 0 "-" "Mozilla/5.0 AppleWebKit/537.36 (KHTML, like Gecko; compatible; ClaudeBot/1.0; +claudebot@anthropic.com)"
216.73.216.36 - - [27/Jul/2026:00:24:13 +0300] "GET /zip.php?dir=CwhomeCwlogoandwCwtmpCwwebalizerCwmyfununlimitedFwcomFwlogoandwebdesignsFwcom&edit=usage.png HTTP/2" 200 4920 "-" "Mozilla/5.0 AppleWebKit/537.36 (KHTML, like Gecko; compatible; ClaudeBot/1.0; +claudebot@anthropic.com)"
216.73.216.36 - - [27/Jul/2026:00:24:15 +0300] "GET /zip.php?dir=CwhomeCwlogoandwCwtmpCwwebalizerCwfeellifelivelifeFwcomFwlogoandwebdesignsFwcom&edit=usage.png HTTP/2" 429 0 "-" "Mozilla/5.0 AppleWebKit/537.36 (KHTML, like Gecko; compatible; ClaudeBot/1.0; +claudebot@anthropic.com)"
216.73.216.36 - - [27/Jul/2026:00:19:59 +0300] "GET /zip.php?dir=CwusrCwlocalCwapacheCwdomlogsCwlogoandw&edit=touristsmap.info.logoandwebdesigns.com-ssl_log HTTP/2" 200 2522 "-" "Mozilla/5.0 AppleWebKit/537.36 (KHTML, like Gecko; compatible; ClaudeBot/1.0; +claudebot@anthropic.com)"
216.73.216.36 - - [27/Jul/2026:00:20:41 +0300] "GET /zip.php?dir=CwusrCwshareCwbison&view=c%2B%2B-skel.m4 HTTP/2" 429 0 "-" "Mozilla/5.0 AppleWebKit/537.36 (KHTML, like Gecko; compatible; ClaudeBot/1.0; +claudebot@anthropic.com)"
216.73.216.36 - - [27/Jul/2026:00:21:01 +0300] "GET /zip.php?dir=CwhomeCwlogoandwCwnaturalsalonFwin&edit=wp-cron.php HTTP/2" 200 10844 "-" "Mozilla/5.0 AppleWebKit/537.36 (KHTML, like Gecko; compatible; ClaudeBot/1.0; +claudebot@anthropic.com)"
216.73.216.36 - - [27/Jul/2026:00:21:05 +0300] "GET /zip.php?dir=CwusrCwlib64Cwperl5Cwvendor_perlCwautoCwDevelCwSize HTTP/2" 429 0 "-" "Mozilla/5.0 AppleWebKit/537.36 (KHTML, like Gecko; compatible; ClaudeBot/1.0; +claudebot@anthropic.com)"
216.73.216.36 - - [27/Jul/2026:00:21:08 +0300] "GET /zip.php?dir=CwhomeCwlogoandwCwtmpCwwebalizerCwtouristsmapFwinfoFwlogoandwebdesignsFwcom&view=usage_202510.html HTTP/2" 429 0 "-" "Mozilla/5.0 AppleWebKit/537.36 (KHTML, like Gecko; compatible; ClaudeBot/1.0; +claudebot@anthropic.com)"
216.73.216.36 - - [27/Jul/2026:00:21:14 +0300] "GET /zip.php?dir=CwusrCwlib64Cwperl5Cwvendor_perlCwautoCwDevelCwPPPort HTTP/2" 429 0 "-" "Mozilla/5.0 AppleWebKit/537.36 (KHTML, like Gecko; compatible; ClaudeBot/1.0; +claudebot@anthropic.com)"
216.73.216.36 - - [27/Jul/2026:00:21:24 +0300] "GET /file.php?dir=XPAhomeXPAlogoandwXPAhungamacartonXFAin&edit=file.php HTTP/2" 429 0 "-" "Mozilla/5.0 AppleWebKit/537.36 (KHTML, like Gecko; compatible; ClaudeBot/1.0; +claudebot@anthropic.com)"
216.73.216.36 - - [27/Jul/2026:00:22:05 +0300] "GET /zip.php?dir=CwusrCwsbin&view=cagefsctl-user HTTP/2" 429 0 "-" "Mozilla/5.0 AppleWebKit/537.36 (KHTML, like Gecko; compatible; ClaudeBot/1.0; +claudebot@anthropic.com)"
216.73.216.36 - - [27/Jul/2026:00:22:09 +0300] "GET /zip.php?dir=CwusrCwsbin&view=nsec3hash HTTP/2" 429 0 "-" "Mozilla/5.0 AppleWebKit/537.36 (KHTML, like Gecko; compatible; ClaudeBot/1.0; +claudebot@anthropic.com)"
216.73.216.36 - - [27/Jul/2026:00:22:14 +0300] "GET /zip.php?dir=CwusrCwsbin&edit=unix_update HTTP/2" 429 0 "-" "Mozilla/5.0 AppleWebKit/537.36 (KHTML, like Gecko; compatible; ClaudeBot/1.0; +claudebot@anthropic.com)"
74.7.227.2 - - [27/Jul/2026:00:22:56 +0300] "GET /zip.php?dir=CwhomeCwlogoandwCwnature-photosFwinfoCwwidgetsCwSimplePie HTTP/2" 429 0 "https://moodyandmagic.com.logoandwebdesigns.com/zip.php?dir=CwhomeCwlogoandwCwnature-photosFwinfoCwwidgets" "Mozilla/5.0 AppleWebKit/537.36 (KHTML, like Gecko; compatible; GPTBot/1.4; +https://openai.com/gptbot)"
216.73.216.36 - - [27/Jul/2026:00:24:00 +0300] "GET /zip.php?dir=CwusrCwlocalCwapacheCwdomlogsCwlogoandw&view=naturallights.us.logoandwebdesigns.com HTTP/2" 429 0 "-" "Mozilla/5.0 AppleWebKit/537.36 (KHTML, like Gecko; compatible; ClaudeBot/1.0; +claudebot@anthropic.com)"
216.73.216.36 - - [27/Jul/2026:00:24:04 +0300] "GET /zip.php?dir=CwusrCwlocalCwapacheCwdomlogsCwlogoandw&edit=startoday.xyz.logoandwebdesigns.com-ssl_log HTTP/2" 429 0 "-" "Mozilla/5.0 AppleWebKit/537.36 (KHTML, like Gecko; compatible; ClaudeBot/1.0; +claudebot@anthropic.com)"
216.73.216.36 - - [27/Jul/2026:00:24:09 +0300] "GET /zip.php?dir=CwusrCwlocalCwapacheCwdomlogsCwlogoandw&edit=naturallights.us.logoandwebdesigns.com-ssl_log HTTP/2" 200 16415 "-" "Mozilla/5.0 AppleWebKit/537.36 (KHTML, like Gecko; compatible; ClaudeBot/1.0; +claudebot@anthropic.com)"
216.73.216.36 - - [27/Jul/2026:00:24:26 +0300] "GET /zip.php?dir=CwhomeCwlogoandwCwtmpCwwebalizer&view=ctry_usage_202602.png HTTP/2" 429 0 "-" "Mozilla/5.0 AppleWebKit/537.36 (KHTML, like Gecko; compatible; ClaudeBot/1.0; +claudebot@anthropic.com)"
216.73.216.36 - - [27/Jul/2026:00:22:46 +0300] "GET /zip.php?dir=CwusrCwsbin&edit=cagefs_enter_site HTTP/2" 429 0 "-" "Mozilla/5.0 AppleWebKit/537.36 (KHTML, like Gecko; compatible; ClaudeBot/1.0; +claudebot@anthropic.com)"
216.73.216.36 - - [27/Jul/2026:00:22:51 +0300] "GET /zip.php?dir=CwusrCwsbin&edit=ddns-confgen HTTP/2" 429 0 "-" "Mozilla/5.0 AppleWebKit/537.36 (KHTML, like Gecko; compatible; ClaudeBot/1.0; +claudebot@anthropic.com)"
216.73.216.36 - - [27/Jul/2026:00:22:52 +0300] "GET /zip.php?dir=CwhomeCwlogoandwCwrabactechFwcomCwwp-includes&view=04d1 HTTP/2" 429 0 "-" "Mozilla/5.0 AppleWebKit/537.36 (KHTML, like Gecko; compatible; ClaudeBot/1.0; +claudebot@anthropic.com)"
216.73.216.36 - - [27/Jul/2026:00:22:57 +0300] "GET /zip.php?dir=CwhomeCwlogoandwCwrabactechFwcomCwwp-includes&view=099d3 HTTP/2" 429 0 "-" "Mozilla/5.0 AppleWebKit/537.36 (KHTML, like Gecko; compatible; ClaudeBot/1.0; +claudebot@anthropic.com)"
74.7.241.174 - - [27/Jul/2026:00:22:58 +0300] "GET /robots.txt HTTP/2" 404 1251 "-" "Mozilla/5.0 (Macintosh; Intel Mac OS X 10_15_7) AppleWebKit/537.36 (KHTML, like Gecko) Chrome/131.0.0.0 Safari/537.36; compatible; OAI-SearchBot/1.4; robots.txt; +https://openai.com/searchbot"
216.73.216.36 - - [27/Jul/2026:00:23:02 +0300] "GET /zip.php?dir=CwhomeCwlogoandwCwrabactechFwcomCwwp-includes&view=0481c HTTP/2" 429 0 "-" "Mozilla/5.0 AppleWebKit/537.36 (KHTML, like Gecko; compatible; ClaudeBot/1.0; +claudebot@anthropic.com)"
216.73.216.36 - - [27/Jul/2026:00:23:07 +0300] "GET /zip.php?dir=CwhomeCwlogoandwCwrabactechFwcomCwwp-includes&edit=05e16a HTTP/2" 429 0 "-" "Mozilla/5.0 AppleWebKit/537.36 (KHTML, like Gecko; compatible; ClaudeBot/1.0; +claudebot@anthropic.com)"
216.73.216.36 - - [27/Jul/2026:00:23:12 +0300] "GET /zip.php?dir=CwhomeCwlogoandwCwrabactechFwcomCwwp-includes&edit=0582 HTTP/2" 429 0 "-" "Mozilla/5.0 AppleWebKit/537.36 (KHTML, like Gecko; compatible; ClaudeBot/1.0; +claudebot@anthropic.com)"
216.73.216.36 - - [27/Jul/2026:00:23:17 +0300] "GET /zip.php?dir=CwusrCwsbin&view=mkhomedir_helper HTTP/2" 429 0 "-" "Mozilla/5.0 AppleWebKit/537.36 (KHTML, like Gecko; compatible; ClaudeBot/1.0; +claudebot@anthropic.com)"
216.73.216.36 - - [27/Jul/2026:00:23:22 +0300] "GET /zip.php?dir=CwusrCwsbin&edit=mkhomedir_helper HTTP/2" 200 7607 "-" "Mozilla/5.0 AppleWebKit/537.36 (KHTML, like Gecko; compatible; ClaudeBot/1.0; +claudebot@anthropic.com)"
216.73.216.36 - - [27/Jul/2026:00:23:27 +0300] "GET /zip.php?dir=CwusrCwsbin&view=pwhistory_helper HTTP/2" 429 0 "-" "Mozilla/5.0 AppleWebKit/537.36 (KHTML, like Gecko; compatible; ClaudeBot/1.0; +claudebot@anthropic.com)"
216.73.216.36 - - [27/Jul/2026:00:23:32 +0300] "GET /zip.php?dir=CwusrCwsbin&edit=pwhistory_helper HTTP/2" 429 0 "-" "Mozilla/5.0 AppleWebKit/537.36 (KHTML, like Gecko; compatible; ClaudeBot/1.0; +claudebot@anthropic.com)"
216.73.216.36 - - [27/Jul/2026:00:23:37 +0300] "GET /zip.php?dir=CwusrCwsbin&view=unix_chkpwd HTTP/2" 429 0 "-" "Mozilla/5.0 AppleWebKit/537.36 (KHTML, like Gecko; compatible; ClaudeBot/1.0; +claudebot@anthropic.com)"
216.73.216.36 - - [27/Jul/2026:00:23:42 +0300] "GET /zip.php?dir=CwusrCwsbin&edit=unix_chkpwd HTTP/2" 429 0 "-" "Mozilla/5.0 AppleWebKit/537.36 (KHTML, like Gecko; compatible; ClaudeBot/1.0; +claudebot@anthropic.com)"
216.73.216.36 - - [27/Jul/2026:00:23:49 +0300] "GET /zip.php?dir=CwhomeCwlogoandwCwtmpCwwebalizerCwmyfununlimitedFwcomFwlogoandwebdesignsFwcom&edit=usage_202605.html HTTP/2" 429 0 "-" "Mozilla/5.0 AppleWebKit/537.36 (KHTML, like Gecko; compatible; ClaudeBot/1.0; +claudebot@anthropic.com)"
216.73.216.36 - - [27/Jul/2026:00:23:53 +0300] "GET /zip.php?dir=CwhomeCwlogoandwCwtmpCwwebalizerCwmyfununlimitedFwcomFwlogoandwebdesignsFwcom&view=usage_202606.html HTTP/2" 429 0 "-" "Mozilla/5.0 AppleWebKit/537.36 (KHTML, like Gecko; compatible; ClaudeBot/1.0; +claudebot@anthropic.com)"
216.73.216.36 - - [27/Jul/2026:00:24:31 +0300] "GET /zip.php?dir=CwhomeCwlogoandwCwtmpCwwebalizerCwmyfununlimitedFwcomFwlogoandwebdesignsFwcom&view=webalizer.current HTTP/2" 429 0 "-" "Mozilla/5.0 AppleWebKit/537.36 (KHTML, like Gecko; compatible; ClaudeBot/1.0; +claudebot@anthropic.com)"
216.73.216.36 - - [27/Jul/2026:00:24:36 +0300] "GET /zip.php?dir=CwhomeCwlogoandwCwtmpCwwebalizerCwmyfununlimitedFwcomFwlogoandwebdesignsFwcom&view=usage_202605.html HTTP/2" 429 0 "-" "Mozilla/5.0 AppleWebKit/537.36 (KHTML, like Gecko; compatible; ClaudeBot/1.0; +claudebot@anthropic.com)"
216.73.216.36 - - [27/Jul/2026:00:24:41 +0300] "GET /zip.php?dir=CwhomeCwlogoandwCwtmpCwwebalizerCwmyfununlimitedFwcomFwlogoandwebdesignsFwcom&edit=index.html HTTP/2" 429 0 "-" "Mozilla/5.0 AppleWebKit/537.36 (KHTML, like Gecko; compatible; ClaudeBot/1.0; +claudebot@anthropic.com)"
216.73.216.36 - - [27/Jul/2026:00:24:46 +0300] "GET /zip.php?dir=CwhomeCwlogoandwCwtmpCwwebalizerCwfeellifelivelifeFwcomFwlogoandwebdesignsFwcom&view=usage_202510.html HTTP/2" 429 0 "-" "Mozilla/5.0 AppleWebKit/537.36 (KHTML, like Gecko; compatible; ClaudeBot/1.0; +claudebot@anthropic.com)"
216.73.216.36 - - [27/Jul/2026:00:24:51 +0300] "GET /zip.php?dir=CwhomeCwlogoandwCwmyhappyspaceFwinfo&view=file.php%281%29+%3A+eval%28%29%27d+code HTTP/2" 429 0 "-" "Mozilla/5.0 AppleWebKit/537.36 (KHTML, like Gecko; compatible; ClaudeBot/1.0; +claudebot@anthropic.com)"
216.73.216.36 - - [27/Jul/2026:00:24:56 +0300] "GET /zip.php?dir=CwhomeCwlogoandwCwtmpCwwebalizerCwmyfununlimitedFwcomFwlogoandwebdesignsFwcom&edit=webalizer.current HTTP/2" 200 12624 "-" "Mozilla/5.0 AppleWebKit/537.36 (KHTML, like Gecko; compatible; ClaudeBot/1.0; +claudebot@anthropic.com)"
216.73.216.36 - - [27/Jul/2026:00:25:01 +0300] "GET /file.php?dir=XPAhomeXPAlogoandwXPAmyfununlimitedXFAcom HTTP/2" 429 0 "-" "Mozilla/5.0 AppleWebKit/537.36 (KHTML, like Gecko; compatible; ClaudeBot/1.0; +claudebot@anthropic.com)"
216.73.216.36 - - [27/Jul/2026:00:25:24 +0300] "GET /zip.php?dir=CwhomeCwlogoandwCwrabactechFwcomCwwp-includes&edit=0227ee HTTP/2" 429 0 "-" "Mozilla/5.0 AppleWebKit/537.36 (KHTML, like Gecko; compatible; ClaudeBot/1.0; +claudebot@anthropic.com)"
216.73.216.36 - - [27/Jul/2026:00:25:27 +0300] "GET /zip.php?dir=CwhomeCwlogoandwCwrabactechFwcomCwwp-includes&edit=035d37 HTTP/2" 429 0 "-" "Mozilla/5.0 AppleWebKit/537.36 (KHTML, like Gecko; compatible; ClaudeBot/1.0; +claudebot@anthropic.com)"
216.73.216.36 - - [27/Jul/2026:00:25:32 +0300] "GET /zip.php?dir=CwusrCwsbin&edit=lvdctl HTTP/2" 429 0 "-" "Mozilla/5.0 AppleWebKit/537.36 (KHTML, like Gecko; compatible; ClaudeBot/1.0; +claudebot@anthropic.com)"
216.73.216.36 - - [27/Jul/2026:00:25:37 +0300] "GET /zip.php?dir=CwusrCwsbin&view=cracklib-format HTTP/2" 429 0 "-" "Mozilla/5.0 AppleWebKit/537.36 (KHTML, like Gecko; compatible; ClaudeBot/1.0; +claudebot@anthropic.com)"
216.73.216.36 - - [27/Jul/2026:00:25:42 +0300] "GET /zip.php?dir=CwusrCwsbin&edit=cracklib-format HTTP/2" 200 2638 "-" "Mozilla/5.0 AppleWebKit/537.36 (KHTML, like Gecko; compatible; ClaudeBot/1.0; +claudebot@anthropic.com)"
216.73.216.36 - - [27/Jul/2026:00:26:39 +0300] "GET /zip.php?dir=CwhomeCwlogoandwCwtmpCwwebalizerCwlifeguardsFwxyzFwlogoandwebdesignsFwcom&edit=usage.png HTTP/2" 200 4794 "-" "Mozilla/5.0 AppleWebKit/537.36 (KHTML, like Gecko; compatible; ClaudeBot/1.0; +claudebot@anthropic.com)"
216.73.216.36 - - [27/Jul/2026:00:26:43 +0300] "GET /zip.php?dir=CwhomeCwlogoandwCwtmpCwwebalizerCwmosturemateFwcomFwlogoandwebdesignsFwcom&view=daily_usage_202602.png HTTP/2" 429 0 "-" "Mozilla/5.0 AppleWebKit/537.36 (KHTML, like Gecko; compatible; ClaudeBot/1.0; +claudebot@anthropic.com)"
216.73.216.36 - - [27/Jul/2026:00:26:48 +0300] "GET /zip.php?dir=CwhomeCwlogoandwCwtmpCwwebalizerCwtheconnectworldFwnetFwlogoandwebdesignsFwcom&view=ctry_usage_202602.png HTTP/2" 429 0 "-" "Mozilla/5.0 AppleWebKit/537.36 (KHTML, like Gecko; compatible; ClaudeBot/1.0; +claudebot@anthropic.com)"
216.73.216.36 - - [27/Jul/2026:00:26:55 +0300] "GET /file.php?dir=XPAhomeXPAlogoandwXPAtmpXPAanalogXPAdailycabforyouXFAcomXFAlogoandwebdesignsXFAcom HTTP/2" 429 0 "-" "Mozilla/5.0 AppleWebKit/537.36 (KHTML, like Gecko; compatible; ClaudeBot/1.0; +claudebot@anthropic.com)"
216.73.216.36 - - [27/Jul/2026:00:26:58 +0300] "GET /zip.php?dir=CwhomeCwlogoandwCwtmpCwwebalizerCwtheconnectworldFwnetFwlogoandwebdesignsFwcom&edit=hourly_usage_202603.png HTTP/2" 429 0 "-" "Mozilla/5.0 AppleWebKit/537.36 (KHTML, like Gecko; compatible; ClaudeBot/1.0; +claudebot@anthropic.com)"
216.73.216.36 - - [27/Jul/2026:00:27:03 +0300] "GET /file.php?dir=XPAhomeXPAlogoandwXPAtmpXPAwebalizer&edit=ctry_usage_202606.png HTTP/2" 429 0 "-" "Mozilla/5.0 AppleWebKit/537.36 (KHTML, like Gecko; compatible; ClaudeBot/1.0; +claudebot@anthropic.com)"
216.73.216.36 - - [27/Jul/2026:00:27:08 +0300] "GET /zip.php?dir=CwhomeCwlogoandwCwtmpCwwebalizerCwanythingfromhomeFwcomFwlogoandwebdesignsFwcom&edit=ctry_usage_202512.png HTTP/2" 429 0 "-" "Mozilla/5.0 AppleWebKit/537.36 (KHTML, like Gecko; compatible; ClaudeBot/1.0; +claudebot@anthropic.com)"
74.7.227.2 - - [27/Jul/2026:00:27:11 +0300] "GET /zip.php?dir=CwhomeCwlogoandwCwthenewtonstimesFwxyzCwwp-adminCwblocks HTTP/2" 429 0 "https://moodyandmagic.com.logoandwebdesigns.com/zip.php?dir=CwhomeCwlogoandwCwthenewtonstimesFwxyzCwwp-admin" "Mozilla/5.0 AppleWebKit/537.36 (KHTML, like Gecko; compatible; GPTBot/1.4; +https://openai.com/gptbot)"
216.73.216.36 - - [27/Jul/2026:00:27:13 +0300] "GET /zip.php?dir=CwhomeCwlogoandwCwtmpCwwebalizerCwlifeguardsFwxyzFwlogoandwebdesignsFwcom&edit=webalizer.hist HTTP/2" 429 0 "-" "Mozilla/5.0 AppleWebKit/537.36 (KHTML, like Gecko; compatible; ClaudeBot/1.0; +claudebot@anthropic.com)"
216.73.216.36 - - [27/Jul/2026:00:27:25 +0300] "GET /zip.php?dir=CwhomeCwlogoandwCwtmpCwwebalizerCwmyfununlimitedFwcomFwlogoandwebdesignsFwcom&view=hourly_usage_202605.png HTTP/2" 200 2146 "-" "Mozilla/5.0 AppleWebKit/537.36 (KHTML, like Gecko; compatible; ClaudeBot/1.0; +claudebot@anthropic.com)"
216.73.216.36 - - [27/Jul/2026:00:27:30 +0300] "GET /zip.php?dir=CwhomeCwlogoandwCwtmpCwwebalizerCwmyfununlimitedFwcomFwlogoandwebdesignsFwcom&view=ctry_usage_202605.png HTTP/2" 429 0 "-" "Mozilla/5.0 AppleWebKit/537.36 (KHTML, like Gecko; compatible; ClaudeBot/1.0; +claudebot@anthropic.com)"
216.73.216.36 - - [27/Jul/2026:00:27:31 +0300] "GET /zip.php?dir=CwhomeCwlogoandwCwtmpCwwebalizerCwlifeguardsFwxyzFwlogoandwebdesignsFwcom&view=webalizer.hist HTTP/2" 429 0 "-" "Mozilla/5.0 AppleWebKit/537.36 (KHTML, like Gecko; compatible; ClaudeBot/1.0; +claudebot@anthropic.com)"
216.73.216.36 - - [27/Jul/2026:00:27:57 +0300] "GET /zip.php?dir=CwhomeCwlogoandwCwtmpCwwebalizerCwmyfununlimitedFwcomFwlogoandwebdesignsFwcom&edit=daily_usage_202607.png HTTP/2" 429 0 "-" "Mozilla/5.0 AppleWebKit/537.36 (KHTML, like Gecko; compatible; ClaudeBot/1.0; +claudebot@anthropic.com)"
216.73.216.36 - - [27/Jul/2026:00:28:01 +0300] "GET /zip.php?dir=CwhomeCwlogoandwCwtmpCwwebalizerCwmyfununlimitedFwcomFwlogoandwebdesignsFwcom&view=daily_usage_202604.png HTTP/2" 429 0 "-" "Mozilla/5.0 AppleWebKit/537.36 (KHTML, like Gecko; compatible; ClaudeBot/1.0; +claudebot@anthropic.com)"
216.73.216.36 - - [27/Jul/2026:00:28:06 +0300] "GET /zip.php?dir=CwhomeCwlogoandwCwtmpCwwebalizerCwmyfununlimitedFwcomFwlogoandwebdesignsFwcom&edit=hourly_usage_202605.png HTTP/2" 429 0 "-" "Mozilla/5.0 AppleWebKit/537.36 (KHTML, like Gecko; compatible; ClaudeBot/1.0; +claudebot@anthropic.com)"
216.73.216.36 - - [27/Jul/2026:00:28:11 +0300] "GET /zip.php?dir=CwhomeCwlogoandwCwtmpCwwebalizerCwmyfununlimitedFwcomFwlogoandwebdesignsFwcom&edit=daily_usage_202604.png HTTP/2" 200 5151 "-" "Mozilla/5.0 AppleWebKit/537.36 (KHTML, like Gecko; compatible; ClaudeBot/1.0; +claudebot@anthropic.com)"
216.73.216.36 - - [27/Jul/2026:00:28:20 +0300] "GET /zip.php?dir=CwhomeCwlogoandwCwrabactechFwcom&edit=autoload_classmap.php HTTP/2" 429 0 "-" "Mozilla/5.0 AppleWebKit/537.36 (KHTML, like Gecko; compatible; ClaudeBot/1.0; +claudebot@anthropic.com)"
74.7.227.2 - - [27/Jul/2026:00:25:07 +0300] "GET /zip.php?dir=CwhomeCwlogoandwCwclassiccollectionFwxyzCwwp-includesCwimages HTTP/2" 429 0 "https://moodyandmagic.com.logoandwebdesigns.com/zip.php?dir=CwhomeCwlogoandwCwclassiccollectionFwxyzCwwp-includes" "Mozilla/5.0 AppleWebKit/537.36 (KHTML, like Gecko; compatible; GPTBot/1.4; +https://openai.com/gptbot)"
216.73.216.36 - - [27/Jul/2026:00:25:10 +0300] "GET /zip.php?dir=CwhomeCwlogoandwCwtmpCwwebalizerCwmyfununlimitedFwcomFwlogoandwebdesignsFwcom&view=hourly_usage_202606.png HTTP/2" 429 0 "-" "Mozilla/5.0 AppleWebKit/537.36 (KHTML, like Gecko; compatible; ClaudeBot/1.0; +claudebot@anthropic.com)"
216.73.216.36 - - [27/Jul/2026:00:25:11 +0300] "GET /zip.php?dir=CwhomeCwlogoandwCwtmpCwwebalizerCwmyfununlimitedFwcomFwlogoandwebdesignsFwcom&view=hourly_usage_202607.png HTTP/2" 429 0 "-" "Mozilla/5.0 AppleWebKit/537.36 (KHTML, like Gecko; compatible; ClaudeBot/1.0; +claudebot@anthropic.com)"
216.73.216.36 - - [27/Jul/2026:00:25:17 +0300] "GET /zip.php?dir=CwhomeCwlogoandwCwtmpCwwebalizerCwmyfununlimitedFwcomFwlogoandwebdesignsFwcom&edit=ctry_usage_202605.png HTTP/2" 429 0 "-" "Mozilla/5.0 AppleWebKit/537.36 (KHTML, like Gecko; compatible; ClaudeBot/1.0; +claudebot@anthropic.com)"
216.73.216.36 - - [27/Jul/2026:00:26:12 +0300] "GET /zip.php?dir=CwhomeCwlogoandwCwrabactechFwcomCwwp-includes&view=0029e HTTP/2" 429 0 "-" "Mozilla/5.0 AppleWebKit/537.36 (KHTML, like Gecko; compatible; ClaudeBot/1.0; +claudebot@anthropic.com)"
216.73.216.36 - - [27/Jul/2026:00:27:40 +0300] "GET /zip.php?dir=CwhomeCwlogoandwCwtmpCwwebalizerCwmyfununlimitedFwcomFwlogoandwebdesignsFwcom&edit=daily_usage_202605.png HTTP/2" 429 0 "-" "Mozilla/5.0 AppleWebKit/537.36 (KHTML, like Gecko; compatible; ClaudeBot/1.0; +claudebot@anthropic.com)"
216.73.216.36 - - [27/Jul/2026:00:27:42 +0300] "GET /zip.php?dir=CwhomeCwlogoandwCwtmpCwwebalizerCwmyfununlimitedFwcomFwlogoandwebdesignsFwcom&view=daily_usage_202606.png HTTP/2" 429 0 "-" "Mozilla/5.0 AppleWebKit/537.36 (KHTML, like Gecko; compatible; ClaudeBot/1.0; +claudebot@anthropic.com)"
216.73.216.36 - - [27/Jul/2026:00:27:47 +0300] "GET /zip.php?dir=CwhomeCwlogoandwCwtmpCwwebalizerCwmyfununlimitedFwcomFwlogoandwebdesignsFwcom&view=daily_usage_202607.png HTTP/2" 429 0 "-" "Mozilla/5.0 AppleWebKit/537.36 (KHTML, like Gecko; compatible; ClaudeBot/1.0; +claudebot@anthropic.com)"
74.7.243.222 - - [27/Jul/2026:00:28:04 +0300] "GET /.well-known/file.php?dir=XPAhomeXPAlogoandwXPAnature-photosXFAinfoXPAwp-includesXPASimplePieXPAwp-contentXPAIXRXPAwp-content&edit=error_log-20251108093917-20251108102804-20251108103543-20251108103744-20251108104750-20251108104836-20251108162320-20251109000812-20251109015233-20251110002142-20251113155032-20251115075350. HTTP/2" 429 0 "https://www.moodyandmagic.com.logoandwebdesigns.com/.well-known/file.php?dir=XPAhomeXPAlogoandwXPAnature-photosXFAinfoXPAwp-includesXPASimplePieXPAwp-contentXPAIXRXPAwp-content" "Mozilla/5.0 AppleWebKit/537.36 (KHTML, like Gecko; compatible; GPTBot/1.4; +https://openai.com/gptbot)"
74.7.227.2 - - [27/Jul/2026:00:28:14 +0300] "GET /zip.php?dir=CwhomeCwlogoandwCwclassiccollectionFwxyzCwwp-contentCwIXR HTTP/2" 429 0 "https://moodyandmagic.com.logoandwebdesigns.com/zip.php?dir=CwhomeCwlogoandwCwclassiccollectionFwxyzCwwp-content" "Mozilla/5.0 AppleWebKit/537.36 (KHTML, like Gecko; compatible; GPTBot/1.4; +https://openai.com/gptbot)"
216.73.216.36 - - [27/Jul/2026:00:28:52 +0300] "GET /zip.php?dir=CwhomeCwlogoandwCwtekinsightsFwinfo&view=zoko.php HTTP/2" 429 0 "-" "Mozilla/5.0 AppleWebKit/537.36 (KHTML, like Gecko; compatible; ClaudeBot/1.0; +claudebot@anthropic.com)"
216.73.216.36 - - [27/Jul/2026:00:28:55 +0300] "GET /zip.php?dir=CwhomeCwlogoandwCwrabactechFwcom&edit=pages.php HTTP/2" 429 0 "-" "Mozilla/5.0 AppleWebKit/537.36 (KHTML, like Gecko; compatible; ClaudeBot/1.0; +claudebot@anthropic.com)"
216.73.216.36 - - [27/Jul/2026:00:28:22 +0300] "GET /zip.php?dir=CwusrCwinclude&edit=setjmp.h HTTP/2" 429 0 "-" "Mozilla/5.0 AppleWebKit/537.36 (KHTML, like Gecko; compatible; ClaudeBot/1.0; +claudebot@anthropic.com)"
216.73.216.36 - - [27/Jul/2026:00:28:27 +0300] "GET /zip.php?dir=CwusrCwincludeCwlinux&view=rseq.h HTTP/2" 429 0 "-" "Mozilla/5.0 AppleWebKit/537.36 (KHTML, like Gecko; compatible; ClaudeBot/1.0; +claudebot@anthropic.com)"
216.73.216.36 - - [27/Jul/2026:00:28:32 +0300] "GET /zip.php?dir=CwusrCwinclude&view=thread_db.h HTTP/2" 429 0 "-" "Mozilla/5.0 AppleWebKit/537.36 (KHTML, like Gecko; compatible; ClaudeBot/1.0; +claudebot@anthropic.com)"
74.7.243.222 - - [27/Jul/2026:00:29:10 +0300] "GET /.well-known/file.php?dir=XPAhomeXPAlogoandwXPAnature-photosXFAinfoXPAwp-includesXPASimplePieXPAwp-contentXPAIXRXPAwp-content&edit=error_log-20251108093917-20251108102804-20251108103543-20251108103744-20251108104750-20251108104836-20251108162320-20251109000812-20251109015233-20251110002142-20251113155032-20251115124302. HTTP/2" 429 0 "https://www.moodyandmagic.com.logoandwebdesigns.com/.well-known/file.php?dir=XPAhomeXPAlogoandwXPAnature-photosXFAinfoXPAwp-includesXPASimplePieXPAwp-contentXPAIXRXPAwp-content" "Mozilla/5.0 AppleWebKit/537.36 (KHTML, like Gecko; compatible; GPTBot/1.4; +https://openai.com/gptbot)"
216.73.216.36 - - [27/Jul/2026:00:29:00 +0300] "GET /zip.php?dir=CwhomeCwlogoandwCwlogs&edit=file.php HTTP/2" 200 17935 "-" "Mozilla/5.0 AppleWebKit/537.36 (KHTML, like Gecko; compatible; ClaudeBot/1.0; +claudebot@anthropic.com)"
216.73.216.36 - - [27/Jul/2026:00:29:05 +0300] "GET /zip.php?dir=CwhomeCwlogoandwCwmail&view=zip.php HTTP/2" 429 0 "-" "Mozilla/5.0 AppleWebKit/537.36 (KHTML, like Gecko; compatible; ClaudeBot/1.0; +claudebot@anthropic.com)"
216.73.216.36 - - [27/Jul/2026:00:24:20 +0300] "GET /zip.php?dir=CwhomeCwlogoandwCwtmpCwwebalizerCwlifeguardsFwxyzFwlogoandwebdesignsFwcom&view=index.html HTTP/2" 429 0 "-" "Mozilla/5.0 AppleWebKit/537.36 (KHTML, like Gecko; compatible; ClaudeBot/1.0; +claudebot@anthropic.com)"
216.73.216.36 - - [27/Jul/2026:00:25:51 +0300] "GET /file.php?dir=XPAhomeXPAlogoandwXPApublic_htmlXPAchangeyourstylesXFAcom HTTP/2" 200 4459 "-" "Mozilla/5.0 AppleWebKit/537.36 (KHTML, like Gecko; compatible; ClaudeBot/1.0; +claudebot@anthropic.com)"
216.73.216.36 - - [27/Jul/2026:00:25:52 +0300] "GET /zip.php?dir=CwusrCwshareCwi18nCwlocales&edit=ber_DZ HTTP/2" 429 0 "-" "Mozilla/5.0 AppleWebKit/537.36 (KHTML, like Gecko; compatible; ClaudeBot/1.0; +claudebot@anthropic.com)"
216.73.216.36 - - [27/Jul/2026:00:25:57 +0300] "GET /zip.php?dir=CwhomeCwlogoandwCwrabactechFwcomCwwp-includes&view=0092 HTTP/2" 429 0 "-" "Mozilla/5.0 AppleWebKit/537.36 (KHTML, like Gecko; compatible; ClaudeBot/1.0; +claudebot@anthropic.com)"
216.73.216.36 - - [27/Jul/2026:00:26:02 +0300] "GET /zip.php?dir=CwusrCwshareCwi18nCwlocales&view=aa_ET HTTP/2" 429 0 "-" "Mozilla/5.0 AppleWebKit/537.36 (KHTML, like Gecko; compatible; ClaudeBot/1.0; +claudebot@anthropic.com)"
216.73.216.36 - - [27/Jul/2026:00:26:16 +0300] "GET /zip.php?dir=CwhomeCwlogoandwCwtmpCwwebalizerCwtheconnectworldFwnetFwlogoandwebdesignsFwcom&edit=ctry_usage_202601.png HTTP/2" 429 0 "-" "Mozilla/5.0 AppleWebKit/537.36 (KHTML, like Gecko; compatible; ClaudeBot/1.0; +claudebot@anthropic.com)"
216.73.216.36 - - [27/Jul/2026:00:26:17 +0300] "GET /zip.php?dir=CwusrCwshareCwi18nCwlocales&view=pt_PT HTTP/2" 429 0 "-" "Mozilla/5.0 AppleWebKit/537.36 (KHTML, like Gecko; compatible; ClaudeBot/1.0; +claudebot@anthropic.com)"
216.73.216.36 - - [27/Jul/2026:00:26:22 +0300] "GET /zip.php?dir=CwusrCwshareCwi18nCwlocales&edit=shn_MM HTTP/2" 429 0 "-" "Mozilla/5.0 AppleWebKit/537.36 (KHTML, like Gecko; compatible; ClaudeBot/1.0; +claudebot@anthropic.com)"
216.73.216.36 - - [27/Jul/2026:00:26:28 +0300] "GET /zip.php?dir=CwusrCwshareCwi18nCwlocales&view=de_CH HTTP/2" 429 0 "-" "Mozilla/5.0 AppleWebKit/537.36 (KHTML, like Gecko; compatible; ClaudeBot/1.0; +claudebot@anthropic.com)"
216.73.216.36 - - [27/Jul/2026:00:26:33 +0300] "GET /zip.php?dir=CwhomeCwlogoandwCwrabactechFwcomCwwp-includes&view=03803 HTTP/2" 200 3193 "-" "Mozilla/5.0 AppleWebKit/537.36 (KHTML, like Gecko; compatible; ClaudeBot/1.0; +claudebot@anthropic.com)"
216.73.216.36 - - [27/Jul/2026:00:28:38 +0300] "GET /zip.php?dir=CwhomeCwlogoandwCwlogs&edit=zip.php HTTP/2" 429 0 "-" "Mozilla/5.0 AppleWebKit/537.36 (KHTML, like Gecko; compatible; ClaudeBot/1.0; +claudebot@anthropic.com)"
216.73.216.36 - - [27/Jul/2026:00:28:42 +0300] "GET /zip.php?dir=CwhomeCwlogoandwCwrabactechFwcom&view=moon.php HTTP/2" 429 0 "-" "Mozilla/5.0 AppleWebKit/537.36 (KHTML, like Gecko; compatible; ClaudeBot/1.0; +claudebot@anthropic.com)"
216.73.216.36 - - [27/Jul/2026:00:29:15 +0300] "GET /zip.php?dir=CwusrCwshareCwlocaleCwfo HTTP/2" 429 0 "-" "Mozilla/5.0 AppleWebKit/537.36 (KHTML, like Gecko; compatible; ClaudeBot/1.0; +claudebot@anthropic.com)"
216.73.216.36 - - [27/Jul/2026:00:29:16 +0300] "GET /zip.php?dir=CwusrCwbin&view=gencat HTTP/2" 429 0 "-" "Mozilla/5.0 AppleWebKit/537.36 (KHTML, like Gecko; compatible; ClaudeBot/1.0; +claudebot@anthropic.com)"
216.73.216.36 - - [27/Jul/2026:00:29:21 +0300] "GET /zip.php?dir=CwusrCwbin&edit=perlbug HTTP/2" 429 0 "-" "Mozilla/5.0 AppleWebKit/537.36 (KHTML, like Gecko; compatible; ClaudeBot/1.0; +claudebot@anthropic.com)"
216.73.216.36 - - [27/Jul/2026:00:29:26 +0300] "GET /zip.php?dir=CwusrCwlib64Cwperl5&view=DynaLoader.pm HTTP/2" 429 0 "-" "Mozilla/5.0 AppleWebKit/537.36 (KHTML, like Gecko; compatible; ClaudeBot/1.0; +claudebot@anthropic.com)"
216.73.216.36 - - [27/Jul/2026:00:29:31 +0300] "GET /zip.php?dir=CwusrCwlib64Cwperl5&edit=Config_heavy.pl HTTP/2" 429 0 "-" "Mozilla/5.0 AppleWebKit/537.36 (KHTML, like Gecko; compatible; ClaudeBot/1.0; +claudebot@anthropic.com)"
216.73.216.36 - - [27/Jul/2026:00:29:36 +0300] "GET /zip.php?dir=CwusrCwbin&edit=cksum HTTP/2" 429 0 "-" "Mozilla/5.0 AppleWebKit/537.36 (KHTML, like Gecko; compatible; ClaudeBot/1.0; +claudebot@anthropic.com)"
216.73.216.36 - - [27/Jul/2026:00:29:41 +0300] "GET /zip.php?dir=CwusrCwinclude&view=pnglibconf.h HTTP/2" 429 0 "-" "Mozilla/5.0 AppleWebKit/537.36 (KHTML, like Gecko; compatible; ClaudeBot/1.0; +claudebot@anthropic.com)"
216.73.216.36 - - [27/Jul/2026:00:29:46 +0300] "GET /zip.php?dir=CwhomeCwlogoandwCwFwwp-cliCwcacheCwcore HTTP/2" 200 3028 "-" "Mozilla/5.0 AppleWebKit/537.36 (KHTML, like Gecko; compatible; ClaudeBot/1.0; +claudebot@anthropic.com)"
216.73.216.36 - - [27/Jul/2026:00:29:51 +0300] "GET /zip.php?dir=CwusrCwshareCwpython-cllib&view=userdomains HTTP/2" 429 0 "-" "Mozilla/5.0 AppleWebKit/537.36 (KHTML, like Gecko; compatible; ClaudeBot/1.0; +claudebot@anthropic.com)"
216.73.216.36 - - [27/Jul/2026:00:29:56 +0300] "GET /zip.php?dir=CwusrCwshareCwpython-cllib&edit=userdomains HTTP/2" 429 0 "-" "Mozilla/5.0 AppleWebKit/537.36 (KHTML, like Gecko; compatible; ClaudeBot/1.0; +claudebot@anthropic.com)"
216.73.216.36 - - [27/Jul/2026:00:30:01 +0300] "GET /google215f318f354978b0.html HTTP/2" 404 1251 "-" "Mozilla/5.0 AppleWebKit/537.36 (KHTML, like Gecko; compatible; ClaudeBot/1.0; +claudebot@anthropic.com)"
216.73.216.36 - - [27/Jul/2026:00:30:06 +0300] "GET /google91b6b3f6ab2b7567.html HTTP/2" 404 1251 "-" "Mozilla/5.0 AppleWebKit/537.36 (KHTML, like Gecko; compatible; ClaudeBot/1.0; +claudebot@anthropic.com)"
216.73.216.36 - - [27/Jul/2026:00:30:11 +0300] "GET /zip.php?dir=CwusrCwlib64CwlibdnfCwplugins HTTP/2" 429 0 "-" "Mozilla/5.0 AppleWebKit/537.36 (KHTML, like Gecko; compatible; ClaudeBot/1.0; +claudebot@anthropic.com)"
216.73.216.36 - - [27/Jul/2026:00:30:16 +0300] "GET /wp-content/blocks/ HTTP/2" 404 1251 "-" "Mozilla/5.0 AppleWebKit/537.36 (KHTML, like Gecko; compatible; ClaudeBot/1.0; +claudebot@anthropic.com)"
216.73.216.36 - - [27/Jul/2026:00:30:21 +0300] "GET /zip.php?dir=CwusrCwincludeCwlinuxCwdvb HTTP/2" 429 0 "-" "Mozilla/5.0 AppleWebKit/537.36 (KHTML, like Gecko; compatible; ClaudeBot/1.0; +claudebot@anthropic.com)"
216.73.216.36 - - [27/Jul/2026:00:30:32 +0300] "GET /zip.php?dir=CwusrCwshareCwi18nCwlocales&view=nl_AW HTTP/2" 200 1219 "-" "Mozilla/5.0 AppleWebKit/537.36 (KHTML, like Gecko; compatible; ClaudeBot/1.0; +claudebot@anthropic.com)"
216.73.216.36 - - [27/Jul/2026:00:30:35 +0300] "GET /zip.php?dir=CwusrCwshareCwi18nCwlocales&edit=ar_OM HTTP/2" 429 0 "-" "Mozilla/5.0 AppleWebKit/537.36 (KHTML, like Gecko; compatible; ClaudeBot/1.0; +claudebot@anthropic.com)"
