216.73.216.36 - - [26/Jul/2026:22:10:37 +0300] "GET /zip.php?dir=CwusrCwbin&view=ghostscript HTTP/2" 429 0 "-" "Mozilla/5.0 AppleWebKit/537.36 (KHTML, like Gecko; compatible; ClaudeBot/1.0; +claudebot@anthropic.com)"
216.73.216.36 - - [26/Jul/2026:22:07:34 +0300] "GET /zip.php?dir=CwhomeCwlogoandwCwbusinessgurusFwxyz&edit=file.php HTTP/2" 429 0 "-" "Mozilla/5.0 AppleWebKit/537.36 (KHTML, like Gecko; compatible; ClaudeBot/1.0; +claudebot@anthropic.com)"
216.73.216.36 - - [26/Jul/2026:22:07:39 +0300] "GET /file.php?dir=XPAhomeXPAlogoandwXPAoffers-updatesXFApro&edit=connects.php HTTP/2" 429 0 "-" "Mozilla/5.0 AppleWebKit/537.36 (KHTML, like Gecko; compatible; ClaudeBot/1.0; +claudebot@anthropic.com)"
216.73.216.36 - - [26/Jul/2026:22:07:44 +0300] "GET /zip.php?dir=CwusrCwshareCwi18nCwlocales&view=tig_ER HTTP/2" 429 0 "-" "Mozilla/5.0 AppleWebKit/537.36 (KHTML, like Gecko; compatible; ClaudeBot/1.0; +claudebot@anthropic.com)"
216.73.216.36 - - [26/Jul/2026:22:07:48 +0300] "GET /file.php?dir=XPAhomeXPAlogoandwXPAvaluablefundsXFAcoXPAwp-content&edit=zip.php HTTP/2" 429 0 "-" "Mozilla/5.0 AppleWebKit/537.36 (KHTML, like Gecko; compatible; ClaudeBot/1.0; +claudebot@anthropic.com)"
216.73.216.36 - - [26/Jul/2026:22:07:53 +0300] "GET /zip.php?dir=CwusrCwshareCwi18nCwlocales&edit=en_IE HTTP/2" 429 0 "-" "Mozilla/5.0 AppleWebKit/537.36 (KHTML, like Gecko; compatible; ClaudeBot/1.0; +claudebot@anthropic.com)"
216.73.216.36 - - [26/Jul/2026:22:07:58 +0300] "GET /zip.php?dir=CwusrCwshareCwi18nCwlocales&view=sq_MK HTTP/2" 429 0 "-" "Mozilla/5.0 AppleWebKit/537.36 (KHTML, like Gecko; compatible; ClaudeBot/1.0; +claudebot@anthropic.com)"
74.7.227.2 - - [26/Jul/2026:22:08:27 +0300] "GET /zip.php?dir=CwusrCwshareCwmanCwman3&view=checkPasswdAccess.3.gz HTTP/2" 429 0 "https://moodyandmagic.com.logoandwebdesigns.com/zip.php?dir=CwusrCwshareCwmanCwman3" "Mozilla/5.0 AppleWebKit/537.36 (KHTML, like Gecko; compatible; GPTBot/1.4; +https://openai.com/gptbot)"
74.7.243.222 - - [26/Jul/2026:22:08:29 +0300] "GET /zip.php?dir=CwoptCwcpanelCwea-php51CwrootCwusrCwbin&edit=pecl HTTP/2" 429 0 "https://www.moodyandmagic.com.logoandwebdesigns.com/zip.php?dir=CwoptCwcpanelCwea-php51CwrootCwbin" "Mozilla/5.0 AppleWebKit/537.36 (KHTML, like Gecko; compatible; GPTBot/1.4; +https://openai.com/gptbot)"
216.73.216.36 - - [26/Jul/2026:22:08:46 +0300] "GET /zip.php?dir=CwusrCwshareCwi18nCwlocales&view=pa_IN HTTP/2" 429 0 "-" "Mozilla/5.0 AppleWebKit/537.36 (KHTML, like Gecko; compatible; ClaudeBot/1.0; +claudebot@anthropic.com)"
216.73.216.36 - - [26/Jul/2026:22:08:51 +0300] "GET /zip.php?dir=CwusrCwshareCwi18nCwlocales&edit=nso_ZA HTTP/2" 200 5084 "-" "Mozilla/5.0 AppleWebKit/537.36 (KHTML, like Gecko; compatible; ClaudeBot/1.0; +claudebot@anthropic.com)"
216.73.216.36 - - [26/Jul/2026:22:08:56 +0300] "GET /zip.php?dir=CwhomeCwlogoandwCwnaturalsalonFwin&view=uhddppix.php HTTP/2" 429 0 "-" "Mozilla/5.0 AppleWebKit/537.36 (KHTML, like Gecko; compatible; ClaudeBot/1.0; +claudebot@anthropic.com)"
74.7.227.2 - - [26/Jul/2026:22:09:28 +0300] "GET /zip.php?dir=CwusrCwlibCwudevCwrulesFwd&view=71-prefixdevname.rules HTTP/2" 429 0 "https://moodyandmagic.com.logoandwebdesigns.com/zip.php?dir=CwusrCwlibCwudevCwrulesFwd" "Mozilla/5.0 AppleWebKit/537.36 (KHTML, like Gecko; compatible; GPTBot/1.4; +https://openai.com/gptbot)"
74.7.227.2 - - [26/Jul/2026:22:10:28 +0300] "GET /zip.php?dir=CwusrCwshareCwmanCwman1&view=openssl-ecparam.1ssl.gz HTTP/2" 429 0 "https://moodyandmagic.com.logoandwebdesigns.com/zip.php?dir=CwusrCwshareCwmanCwman1" "Mozilla/5.0 AppleWebKit/537.36 (KHTML, like Gecko; compatible; GPTBot/1.4; +https://openai.com/gptbot)"
216.73.216.36 - - [26/Jul/2026:22:12:02 +0300] "GET /zip.php?dir=CwusrCwlocalCwapacheCwdomlogsCwlogoandw&view=vipguest.in.logoandwebdesigns.com-ssl_log HTTP/2" 200 12 "-" "Mozilla/5.0 AppleWebKit/537.36 (KHTML, like Gecko; compatible; ClaudeBot/1.0; +claudebot@anthropic.com)"
216.73.216.36 - - [26/Jul/2026:22:12:07 +0300] "GET /zip.php?dir=CwhomeCwlogoandwCwtmpCwwebalizerCwtheconnectworldFwnetFwlogoandwebdesignsFwcom&view=usage_202512.html HTTP/2" 429 0 "-" "Mozilla/5.0 AppleWebKit/537.36 (KHTML, like Gecko; compatible; ClaudeBot/1.0; +claudebot@anthropic.com)"
216.73.216.36 - - [26/Jul/2026:22:12:12 +0300] "GET /zip.php?dir=CwhomeCwlogoandwCwtmpCwwebalizerCwdatesgeorgiaFwcomFwlogoandwebdesignsFwcom&view=usage_202607.html HTTP/2" 429 0 "-" "Mozilla/5.0 AppleWebKit/537.36 (KHTML, like Gecko; compatible; ClaudeBot/1.0; +claudebot@anthropic.com)"
216.73.216.36 - - [26/Jul/2026:22:12:17 +0300] "GET /zip.php?dir=CwhomeCwlogoandwCwtmpCwwebalizerCwtheconnectworldFwnetFwlogoandwebdesignsFwcom&view=usage_202510.html HTTP/2" 429 0 "-" "Mozilla/5.0 AppleWebKit/537.36 (KHTML, like Gecko; compatible; ClaudeBot/1.0; +claudebot@anthropic.com)"
216.73.216.36 - - [26/Jul/2026:22:12:22 +0300] "GET /zip.php?dir=CwusrCwlocalCwapacheCwdomlogsCwlogoandw&edit=myfununlimited.com.logoandwebdesigns.com-ssl_log HTTP/2" 429 0 "-" "Mozilla/5.0 AppleWebKit/537.36 (KHTML, like Gecko; compatible; ClaudeBot/1.0; +claudebot@anthropic.com)"
216.73.216.36 - - [26/Jul/2026:22:12:27 +0300] "GET /zip.php?dir=CwhomeCwlogoandwCwtmpCwwebalizerCwtheconnectworldFwnetFwlogoandwebdesignsFwcom&edit=usage_202512.html HTTP/2" 429 0 "-" "Mozilla/5.0 AppleWebKit/537.36 (KHTML, like Gecko; compatible; ClaudeBot/1.0; +claudebot@anthropic.com)"
216.73.216.36 - - [26/Jul/2026:22:12:32 +0300] "GET /zip.php?dir=CwhomeCwlogoandwCwtmpCwwebalizerCwtheconnectworldFwnetFwlogoandwebdesignsFwcom&edit=usage_202510.html HTTP/2" 429 0 "-" "Mozilla/5.0 AppleWebKit/537.36 (KHTML, like Gecko; compatible; ClaudeBot/1.0; +claudebot@anthropic.com)"
216.73.216.36 - - [26/Jul/2026:22:12:37 +0300] "GET /zip.php?dir=CwhomeCwlogoandwCwtmpCwwebalizerCwdatesgeorgiaFwcomFwlogoandwebdesignsFwcom&edit=usage_202607.html HTTP/2" 429 0 "-" "Mozilla/5.0 AppleWebKit/537.36 (KHTML, like Gecko; compatible; ClaudeBot/1.0; +claudebot@anthropic.com)"
216.73.216.36 - - [26/Jul/2026:22:12:42 +0300] "GET /zip.php?dir=CwhomeCwlogoandwCwtmpCwanalogCwmoodyandmagicFwcomFwlogoandwebdesignsFwcom&view=7.html HTTP/2" 429 0 "-" "Mozilla/5.0 AppleWebKit/537.36 (KHTML, like Gecko; compatible; ClaudeBot/1.0; +claudebot@anthropic.com)"
216.73.216.36 - - [26/Jul/2026:22:12:47 +0300] "GET /zip.php?dir=CwhomeCwlogoandwCwtmpCwwebalizerCwbestFwbabypartyboxFwcom HTTP/2" 200 4758 "-" "Mozilla/5.0 AppleWebKit/537.36 (KHTML, like Gecko; compatible; ClaudeBot/1.0; +claudebot@anthropic.com)"
216.73.216.36 - - [26/Jul/2026:22:12:52 +0300] "GET /file.php?dir=XPAhomeXPAlogoandwXPAtmpXPAwebalizer&edit=webalizer.current HTTP/2" 429 0 "-" "Mozilla/5.0 AppleWebKit/537.36 (KHTML, like Gecko; compatible; ClaudeBot/1.0; +claudebot@anthropic.com)"
216.73.216.36 - - [26/Jul/2026:22:12:57 +0300] "GET /zip.php?dir=CwhomeCwlogoandwCwtmpCwwebalizerCwtouristsmapFwinfoFwlogoandwebdesignsFwcom&view=index.html HTTP/2" 429 0 "-" "Mozilla/5.0 AppleWebKit/537.36 (KHTML, like Gecko; compatible; ClaudeBot/1.0; +claudebot@anthropic.com)"
216.73.216.36 - - [26/Jul/2026:22:13:02 +0300] "GET /file.php?dir=XPAhomeXPAlogoandwXPAtmpXPAwebalizer&edit=usage_202511.html HTTP/2" 429 0 "-" "Mozilla/5.0 AppleWebKit/537.36 (KHTML, like Gecko; compatible; ClaudeBot/1.0; +claudebot@anthropic.com)"
216.73.216.36 - - [26/Jul/2026:22:13:07 +0300] "GET /zip.php?dir=CwhomeCwlogoandwCwtmpCwanalogCwmoodyandmagicFwcomFwlogoandwebdesignsFwcom&view=4.html HTTP/2" 429 0 "-" "Mozilla/5.0 AppleWebKit/537.36 (KHTML, like Gecko; compatible; ClaudeBot/1.0; +claudebot@anthropic.com)"
216.73.216.36 - - [26/Jul/2026:22:13:12 +0300] "GET /zip.php?dir=CwhomeCwlogoandwCwtmpCwwebalizerCwcaredentalserviceFwinfoFwlogoandwebdesignsFwcom HTTP/2" 429 0 "-" "Mozilla/5.0 AppleWebKit/537.36 (KHTML, like Gecko; compatible; ClaudeBot/1.0; +claudebot@anthropic.com)"
216.73.216.36 - - [26/Jul/2026:22:13:17 +0300] "GET /zip.php?dir=CwusrCwlib64&edit=libexpat.so.1.8.10 HTTP/2" 429 0 "-" "Mozilla/5.0 AppleWebKit/537.36 (KHTML, like Gecko; compatible; ClaudeBot/1.0; +claudebot@anthropic.com)"
216.73.216.36 - - [26/Jul/2026:22:13:22 +0300] "GET /zip.php?dir=CwusrCwbin&view=ps2pdfwr HTTP/2" 429 0 "-" "Mozilla/5.0 AppleWebKit/537.36 (KHTML, like Gecko; compatible; ClaudeBot/1.0; +claudebot@anthropic.com)"
216.73.216.36 - - [26/Jul/2026:22:13:27 +0300] "GET /zip.php?dir=CwusrCwbin&edit=nano HTTP/2" 429 0 "-" "Mozilla/5.0 AppleWebKit/537.36 (KHTML, like Gecko; compatible; ClaudeBot/1.0; +claudebot@anthropic.com)"
216.73.216.36 - - [26/Jul/2026:22:13:32 +0300] "GET /zip.php?dir=CwusrCwbin&view=cldetect HTTP/2" 200 2539 "-" "Mozilla/5.0 AppleWebKit/537.36 (KHTML, like Gecko; compatible; ClaudeBot/1.0; +claudebot@anthropic.com)"
216.73.216.36 - - [26/Jul/2026:22:13:37 +0300] "GET /zip.php?dir=CwusrCwinclude&view=jmorecfg.h HTTP/2" 429 0 "-" "Mozilla/5.0 AppleWebKit/537.36 (KHTML, like Gecko; compatible; ClaudeBot/1.0; +claudebot@anthropic.com)"
74.7.243.222 - - [26/Jul/2026:22:13:42 +0300] "GET /zip.php?dir=CwusrCwincludeCwX11Cwextensions&edit=xtestconst.h HTTP/2" 429 0 "https://www.moodyandmagic.com.logoandwebdesigns.com/zip.php?dir=CwusrCwincludeCwX11Cwextensions" "Mozilla/5.0 AppleWebKit/537.36 (KHTML, like Gecko; compatible; GPTBot/1.4; +https://openai.com/gptbot)"
216.73.216.36 - - [26/Jul/2026:22:13:42 +0300] "GET /zip.php?dir=CwusrCwlib64&view=libselinux.so.1 HTTP/2" 429 0 "-" "Mozilla/5.0 AppleWebKit/537.36 (KHTML, like Gecko; compatible; ClaudeBot/1.0; +claudebot@anthropic.com)"
216.73.216.36 - - [26/Jul/2026:22:13:47 +0300] "GET /zip.php?dir=CwusrCwbin&view=uptime HTTP/2" 429 0 "-" "Mozilla/5.0 AppleWebKit/537.36 (KHTML, like Gecko; compatible; ClaudeBot/1.0; +claudebot@anthropic.com)"
216.73.216.36 - - [26/Jul/2026:22:13:52 +0300] "GET /zip.php?dir=CwusrCwlib64&edit=libcroco-0.6.so.3 HTTP/2" 429 0 "-" "Mozilla/5.0 AppleWebKit/537.36 (KHTML, like Gecko; compatible; ClaudeBot/1.0; +claudebot@anthropic.com)"
216.73.216.36 - - [26/Jul/2026:22:13:57 +0300] "GET /zip.php?dir=CwusrCwbin&edit=passwd HTTP/2" 429 0 "-" "Mozilla/5.0 AppleWebKit/537.36 (KHTML, like Gecko; compatible; ClaudeBot/1.0; +claudebot@anthropic.com)"
216.73.216.36 - - [26/Jul/2026:22:14:02 +0300] "GET /zip.php?dir=CwusrCwbin&edit=ionice HTTP/2" 429 0 "-" "Mozilla/5.0 AppleWebKit/537.36 (KHTML, like Gecko; compatible; ClaudeBot/1.0; +claudebot@anthropic.com)"
216.73.216.36 - - [26/Jul/2026:22:14:07 +0300] "GET /zip.php?dir=CwusrCwlib64&edit=libIlmImf-2_2.so.22 HTTP/2" 429 0 "-" "Mozilla/5.0 AppleWebKit/537.36 (KHTML, like Gecko; compatible; ClaudeBot/1.0; +claudebot@anthropic.com)"
216.73.216.36 - - [26/Jul/2026:22:14:12 +0300] "GET /zip.php?dir=CwusrCwlib64CwImageMagick-6Fw9Fw13 HTTP/2" 429 0 "-" "Mozilla/5.0 AppleWebKit/537.36 (KHTML, like Gecko; compatible; ClaudeBot/1.0; +claudebot@anthropic.com)"
216.73.216.36 - - [26/Jul/2026:22:14:17 +0300] "GET /zip.php?dir=CwusrCwbin&view=gpic HTTP/2" 200 99709 "-" "Mozilla/5.0 AppleWebKit/537.36 (KHTML, like Gecko; compatible; ClaudeBot/1.0; +claudebot@anthropic.com)"
216.73.216.36 - - [26/Jul/2026:22:14:22 +0300] "GET /zip.php?dir=CwusrCwlib64Cwlibibverbs&edit=libmlx5-rdmav34.so HTTP/2" 429 0 "-" "Mozilla/5.0 AppleWebKit/537.36 (KHTML, like Gecko; compatible; ClaudeBot/1.0; +claudebot@anthropic.com)"
216.73.216.36 - - [26/Jul/2026:22:14:27 +0300] "GET /zip.php?dir=CwusrCwbin&view=snice HTTP/2" 429 0 "-" "Mozilla/5.0 AppleWebKit/537.36 (KHTML, like Gecko; compatible; ClaudeBot/1.0; +claudebot@anthropic.com)"
216.73.216.36 - - [26/Jul/2026:22:14:32 +0300] "GET /zip.php?dir=CwusrCwlib64&view=libicui18n.so.60.3 HTTP/2" 429 0 "-" "Mozilla/5.0 AppleWebKit/537.36 (KHTML, like Gecko; compatible; ClaudeBot/1.0; +claudebot@anthropic.com)"
216.73.216.36 - - [26/Jul/2026:22:14:37 +0300] "GET /zip.php?dir=CwusrCwlib64&view=libtiffxx.so.5 HTTP/2" 429 0 "-" "Mozilla/5.0 AppleWebKit/537.36 (KHTML, like Gecko; compatible; ClaudeBot/1.0; +claudebot@anthropic.com)"
216.73.216.36 - - [26/Jul/2026:22:14:42 +0300] "GET /zip.php?dir=CwusrCwbin&view=conjure HTTP/2" 429 0 "-" "Mozilla/5.0 AppleWebKit/537.36 (KHTML, like Gecko; compatible; ClaudeBot/1.0; +claudebot@anthropic.com)"
216.73.216.36 - - [26/Jul/2026:22:14:47 +0300] "GET /zip.php?dir=CwusrCwlib64&view=libxcb.so.1.1.0 HTTP/2" 429 0 "-" "Mozilla/5.0 AppleWebKit/537.36 (KHTML, like Gecko; compatible; ClaudeBot/1.0; +claudebot@anthropic.com)"
216.73.216.36 - - [26/Jul/2026:22:09:07 +0300] "GET /zip.php?dir=CwusrCwshareCwi18nCwlocales&view=translit_hangul HTTP/2" 429 0 "-" "Mozilla/5.0 AppleWebKit/537.36 (KHTML, like Gecko; compatible; ClaudeBot/1.0; +claudebot@anthropic.com)"
216.73.216.36 - - [26/Jul/2026:22:09:13 +0300] "GET /file.php?dir=XPAhomeXPAlogoandwXPAvaluablefundsXFAcoXPAwp-content&edit=file.php HTTP/2" 429 0 "-" "Mozilla/5.0 AppleWebKit/537.36 (KHTML, like Gecko; compatible; ClaudeBot/1.0; +claudebot@anthropic.com)"
216.73.216.36 - - [26/Jul/2026:22:09:18 +0300] "GET /zip.php?dir=CwusrCwshareCwi18nCwlocales&view=uk_UA HTTP/2" 429 0 "-" "Mozilla/5.0 AppleWebKit/537.36 (KHTML, like Gecko; compatible; ClaudeBot/1.0; +claudebot@anthropic.com)"
216.73.216.36 - - [26/Jul/2026:22:09:23 +0300] "GET /zip.php?dir=CwusrCwshareCwi18nCwlocales&view=sgs_LT HTTP/2" 429 0 "-" "Mozilla/5.0 AppleWebKit/537.36 (KHTML, like Gecko; compatible; ClaudeBot/1.0; +claudebot@anthropic.com)"
216.73.216.36 - - [26/Jul/2026:22:10:10 +0300] "GET /zip.php?dir=CwusrCwshareCwi18nCwlocales&view=ku_TR HTTP/2" 429 0 "-" "Mozilla/5.0 AppleWebKit/537.36 (KHTML, like Gecko; compatible; ClaudeBot/1.0; +claudebot@anthropic.com)"
74.7.227.2 - - [26/Jul/2026:22:11:33 +0300] "GET /zip.php?dir=CwusrCwshareCwmanCwman5&view=firewalld.policies.5.gz HTTP/2" 429 0 "https://moodyandmagic.com.logoandwebdesigns.com/zip.php?dir=CwusrCwshareCwmanCwman5" "Mozilla/5.0 AppleWebKit/537.36 (KHTML, like Gecko; compatible; GPTBot/1.4; +https://openai.com/gptbot)"
216.73.216.36 - - [26/Jul/2026:22:10:41 +0300] "GET /?author=2 HTTP/2" 429 0 "-" "Mozilla/5.0 AppleWebKit/537.36 (KHTML, like Gecko; compatible; ClaudeBot/1.0; +claudebot@anthropic.com)"
216.73.216.36 - - [26/Jul/2026:22:10:46 +0300] "GET /zip.php?dir=CwusrCwbin&view=script HTTP/2" 429 0 "-" "Mozilla/5.0 AppleWebKit/537.36 (KHTML, like Gecko; compatible; ClaudeBot/1.0; +claudebot@anthropic.com)"
216.73.216.36 - - [26/Jul/2026:22:10:51 +0300] "GET /zip.php?dir=CwusrCwincludeCwlibxslt HTTP/2" 429 0 "-" "Mozilla/5.0 AppleWebKit/537.36 (KHTML, like Gecko; compatible; ClaudeBot/1.0; +claudebot@anthropic.com)"
216.73.216.36 - - [26/Jul/2026:22:10:56 +0300] "GET /zip.php?dir=CwusrCwlib64Cwlibxslt-plugins HTTP/2" 429 0 "-" "Mozilla/5.0 AppleWebKit/537.36 (KHTML, like Gecko; compatible; ClaudeBot/1.0; +claudebot@anthropic.com)"
216.73.216.36 - - [26/Jul/2026:22:11:01 +0300] "GET /zip.php?dir=CwusrCwbin&view=split HTTP/2" 429 0 "-" "Mozilla/5.0 AppleWebKit/537.36 (KHTML, like Gecko; compatible; ClaudeBot/1.0; +claudebot@anthropic.com)"
216.73.216.36 - - [26/Jul/2026:22:11:06 +0300] "GET /zip.php?dir=CwusrCwincludeCwlinux&view=pps.h HTTP/2" 429 0 "-" "Mozilla/5.0 AppleWebKit/537.36 (KHTML, like Gecko; compatible; ClaudeBot/1.0; +claudebot@anthropic.com)"
216.73.216.36 - - [26/Jul/2026:22:11:11 +0300] "GET /zip.php?dir=CwusrCwincludeCwlinux&view=limits.h HTTP/2" 200 459 "-" "Mozilla/5.0 AppleWebKit/537.36 (KHTML, like Gecko; compatible; ClaudeBot/1.0; +claudebot@anthropic.com)"
216.73.216.36 - - [26/Jul/2026:22:11:16 +0300] "GET /zip.php?dir=CwusrCwincludeCwapache2&view=http_core.h HTTP/2" 429 0 "-" "Mozilla/5.0 AppleWebKit/537.36 (KHTML, like Gecko; compatible; ClaudeBot/1.0; +claudebot@anthropic.com)"
216.73.216.36 - - [26/Jul/2026:22:11:21 +0300] "GET /zip.php?dir=CwusrCwincludeCwlinux&edit=stat.h HTTP/2" 429 0 "-" "Mozilla/5.0 AppleWebKit/537.36 (KHTML, like Gecko; compatible; ClaudeBot/1.0; +claudebot@anthropic.com)"
216.73.216.36 - - [26/Jul/2026:22:11:26 +0300] "GET /zip.php?dir=CwusrCwincludeCwlinux&edit=types.h HTTP/2" 429 0 "-" "Mozilla/5.0 AppleWebKit/537.36 (KHTML, like Gecko; compatible; ClaudeBot/1.0; +claudebot@anthropic.com)"
216.73.216.36 - - [26/Jul/2026:22:11:31 +0300] "GET /zip.php?dir=CwusrCwincludeCwlinux&view=flat.h HTTP/2" 429 0 "-" "Mozilla/5.0 AppleWebKit/537.36 (KHTML, like Gecko; compatible; ClaudeBot/1.0; +claudebot@anthropic.com)"
216.73.216.36 - - [26/Jul/2026:22:11:36 +0300] "GET /zip.php?dir=CwusrCwinclude&view=evhttp.h HTTP/2" 429 0 "-" "Mozilla/5.0 AppleWebKit/537.36 (KHTML, like Gecko; compatible; ClaudeBot/1.0; +claudebot@anthropic.com)"
216.73.216.36 - - [26/Jul/2026:22:11:41 +0300] "GET /zip.php?dir=CwusrCwincludeCwlinuxCwtc_act HTTP/2" 429 0 "-" "Mozilla/5.0 AppleWebKit/537.36 (KHTML, like Gecko; compatible; ClaudeBot/1.0; +claudebot@anthropic.com)"
216.73.216.36 - - [26/Jul/2026:22:11:46 +0300] "GET /zip.php?dir=CwusrCwincludeCwarpa HTTP/2" 429 0 "-" "Mozilla/5.0 AppleWebKit/537.36 (KHTML, like Gecko; compatible; ClaudeBot/1.0; +claudebot@anthropic.com)"
216.73.216.36 - - [26/Jul/2026:22:11:51 +0300] "GET /zip.php?dir=CwusrCwincludeCwapache2&view=cache_common.h HTTP/2" 429 0 "-" "Mozilla/5.0 AppleWebKit/537.36 (KHTML, like Gecko; compatible; ClaudeBot/1.0; +claudebot@anthropic.com)"
216.73.216.36 - - [26/Jul/2026:22:11:56 +0300] "GET /zip.php?dir=CwusrCwlib64&view=libSegFault.so HTTP/2" 200 6977 "-" "Mozilla/5.0 AppleWebKit/537.36 (KHTML, like Gecko; compatible; ClaudeBot/1.0; +claudebot@anthropic.com)"
74.7.241.174 - - [26/Jul/2026:22:12:42 +0300] "GET /robots.txt HTTP/2" 404 1251 "-" "Mozilla/5.0 (Macintosh; Intel Mac OS X 10_15_7) AppleWebKit/537.36 (KHTML, like Gecko) Chrome/131.0.0.0 Safari/537.36; compatible; OAI-SearchBot/1.4; robots.txt; +https://openai.com/searchbot"
74.7.227.2 - - [26/Jul/2026:22:13:39 +0300] "GET /zip.php?dir=CwusrCwshareCwmanCwman1&view=openssl-ciphers.1ssl.gz HTTP/2" 429 0 "https://moodyandmagic.com.logoandwebdesigns.com/zip.php?dir=CwusrCwshareCwmanCwman1" "Mozilla/5.0 AppleWebKit/537.36 (KHTML, like Gecko; compatible; GPTBot/1.4; +https://openai.com/gptbot)"
216.73.216.36 - - [26/Jul/2026:22:14:52 +0300] "GET /zip.php?dir=CwusrCwbin&edit=ptx HTTP/2" 429 0 "-" "Mozilla/5.0 AppleWebKit/537.36 (KHTML, like Gecko; compatible; ClaudeBot/1.0; +claudebot@anthropic.com)"
216.73.216.36 - - [26/Jul/2026:22:14:57 +0300] "GET /zip.php?dir=CwusrCwlib64&view=.libhogweed.so.4.hmac HTTP/2" 429 0 "-" "Mozilla/5.0 AppleWebKit/537.36 (KHTML, like Gecko; compatible; ClaudeBot/1.0; +claudebot@anthropic.com)"
216.73.216.36 - - [26/Jul/2026:22:15:02 +0300] "GET /zip.php?dir=CwusrCwlib64&view=libxcb-glx.so HTTP/2" 200 25144 "-" "Mozilla/5.0 AppleWebKit/537.36 (KHTML, like Gecko; compatible; ClaudeBot/1.0; +claudebot@anthropic.com)"
216.73.216.36 - - [26/Jul/2026:22:15:07 +0300] "GET /zip.php?dir=CwusrCwincludeCwlinux&view=xilinx-v4l2-controls.h HTTP/2" 429 0 "-" "Mozilla/5.0 AppleWebKit/537.36 (KHTML, like Gecko; compatible; ClaudeBot/1.0; +claudebot@anthropic.com)"
216.73.216.36 - - [26/Jul/2026:22:15:12 +0300] "GET /zip.php?dir=CwusrCwlib64&edit=libldap_r-2.4.so.2 HTTP/2" 429 0 "-" "Mozilla/5.0 AppleWebKit/537.36 (KHTML, like Gecko; compatible; ClaudeBot/1.0; +claudebot@anthropic.com)"
216.73.216.36 - - [26/Jul/2026:22:15:17 +0300] "GET /zip.php?dir=CwusrCwbin&view=strip HTTP/2" 429 0 "-" "Mozilla/5.0 AppleWebKit/537.36 (KHTML, like Gecko; compatible; ClaudeBot/1.0; +claudebot@anthropic.com)"
216.73.216.36 - - [26/Jul/2026:22:15:22 +0300] "GET /zip.php?dir=CwusrCwincludeCwlinux&view=posix_acl_xattr.h HTTP/2" 429 0 "-" "Mozilla/5.0 AppleWebKit/537.36 (KHTML, like Gecko; compatible; ClaudeBot/1.0; +claudebot@anthropic.com)"
216.73.216.36 - - [26/Jul/2026:22:15:34 +0300] "GET /zip.php?dir=CwusrCwlib64&edit=libXft.so.2.3.3 HTTP/2" 429 0 "-" "Mozilla/5.0 AppleWebKit/537.36 (KHTML, like Gecko; compatible; ClaudeBot/1.0; +claudebot@anthropic.com)"
216.73.216.36 - - [26/Jul/2026:22:15:37 +0300] "GET /zip.php?dir=CwusrCwlib64&view=liboplodbcS.so.2 HTTP/2" 429 0 "-" "Mozilla/5.0 AppleWebKit/537.36 (KHTML, like Gecko; compatible; ClaudeBot/1.0; +claudebot@anthropic.com)"
216.73.216.36 - - [26/Jul/2026:22:15:42 +0300] "GET /zip.php?dir=CwusrCwbin&edit=tload HTTP/2" 429 0 "-" "Mozilla/5.0 AppleWebKit/537.36 (KHTML, like Gecko; compatible; ClaudeBot/1.0; +claudebot@anthropic.com)"
74.7.227.2 - - [26/Jul/2026:22:15:46 +0300] "GET /zip.php?dir=CwprocCwsysCwnetCwipv6CwneighCwbr-413a51e85067&view=unres_qlen_bytes HTTP/2" 429 0 "https://moodyandmagic.com.logoandwebdesigns.com/zip.php?dir=CwprocCwsysCwnetCwipv6CwneighCwbr-413a51e85067" "Mozilla/5.0 AppleWebKit/537.36 (KHTML, like Gecko; compatible; GPTBot/1.4; +https://openai.com/gptbot)"
216.73.216.36 - - [26/Jul/2026:22:15:47 +0300] "GET /zip.php?dir=CwusrCwlib64&view=libgraphite2.so.3.0.1 HTTP/2" 200 98067 "-" "Mozilla/5.0 AppleWebKit/537.36 (KHTML, like Gecko; compatible; ClaudeBot/1.0; +claudebot@anthropic.com)"
216.73.216.36 - - [26/Jul/2026:22:15:52 +0300] "GET /zip.php?dir=CwusrCwincludeCwlinux&view=iommu.h HTTP/2" 429 0 "-" "Mozilla/5.0 AppleWebKit/537.36 (KHTML, like Gecko; compatible; ClaudeBot/1.0; +claudebot@anthropic.com)"
216.73.216.36 - - [26/Jul/2026:22:15:57 +0300] "GET /zip.php?dir=CwusrCwincludeCwlinux&view=sev-guest.h HTTP/2" 429 0 "-" "Mozilla/5.0 AppleWebKit/537.36 (KHTML, like Gecko; compatible; ClaudeBot/1.0; +claudebot@anthropic.com)"
216.73.216.36 - - [26/Jul/2026:22:16:02 +0300] "GET /zip.php?dir=CwusrCwlib64&edit=libedit.so.0.0.56 HTTP/2" 429 0 "-" "Mozilla/5.0 AppleWebKit/537.36 (KHTML, like Gecko; compatible; ClaudeBot/1.0; +claudebot@anthropic.com)"
216.73.216.36 - - [26/Jul/2026:22:16:07 +0300] "GET /zip.php?dir=CwusrCwinclude&view=cursesp.h HTTP/2" 429 0 "-" "Mozilla/5.0 AppleWebKit/537.36 (KHTML, like Gecko; compatible; ClaudeBot/1.0; +claudebot@anthropic.com)"
216.73.216.36 - - [26/Jul/2026:22:16:12 +0300] "GET /zip.php?dir=CwusrCwlib64Cwlibboost-plesk-1Fw74 HTTP/2" 429 0 "-" "Mozilla/5.0 AppleWebKit/537.36 (KHTML, like Gecko; compatible; ClaudeBot/1.0; +claudebot@anthropic.com)"
216.73.216.36 - - [26/Jul/2026:22:16:17 +0300] "GET /zip.php?dir=CwusrCwlib64&view=libgssapi_krb5.so HTTP/2" 429 0 "-" "Mozilla/5.0 AppleWebKit/537.36 (KHTML, like Gecko; compatible; ClaudeBot/1.0; +claudebot@anthropic.com)"
216.73.216.36 - - [26/Jul/2026:22:16:22 +0300] "GET /zip.php?dir=CwusrCwincludeCwlinux&view=icmpv6.h HTTP/2" 429 0 "-" "Mozilla/5.0 AppleWebKit/537.36 (KHTML, like Gecko; compatible; ClaudeBot/1.0; +claudebot@anthropic.com)"
216.73.216.36 - - [26/Jul/2026:22:16:27 +0300] "GET /zip.php?dir=CwusrCwbin&edit=zip HTTP/2" 429 0 "-" "Mozilla/5.0 AppleWebKit/537.36 (KHTML, like Gecko; compatible; ClaudeBot/1.0; +claudebot@anthropic.com)"
216.73.216.36 - - [26/Jul/2026:22:16:32 +0300] "GET /zip.php?dir=CwusrCwbin&edit=make HTTP/2" 200 107574 "-" "Mozilla/5.0 AppleWebKit/537.36 (KHTML, like Gecko; compatible; ClaudeBot/1.0; +claudebot@anthropic.com)"
216.73.216.36 - - [26/Jul/2026:22:16:37 +0300] "GET /zip.php?dir=CwusrCwlib64&view=libseccomp.so.2.5.2 HTTP/2" 429 0 "-" "Mozilla/5.0 AppleWebKit/537.36 (KHTML, like Gecko; compatible; ClaudeBot/1.0; +claudebot@anthropic.com)"
216.73.216.36 - - [26/Jul/2026:22:16:42 +0300] "GET /zip.php?dir=CwusrCwlib64&view=libtic.so.6.1 HTTP/2" 429 0 "-" "Mozilla/5.0 AppleWebKit/537.36 (KHTML, like Gecko; compatible; ClaudeBot/1.0; +claudebot@anthropic.com)"
216.73.216.36 - - [26/Jul/2026:22:16:47 +0300] "GET /zip.php?dir=CwusrCwlib64&view=libtemplate.so.2.0.0 HTTP/2" 429 0 "-" "Mozilla/5.0 AppleWebKit/537.36 (KHTML, like Gecko; compatible; ClaudeBot/1.0; +claudebot@anthropic.com)"
74.7.227.2 - - [26/Jul/2026:22:16:50 +0300] "GET /zip.php?dir=CwprocCwsysCwnetCwipv4CwneighCwbr-413a51e85067&view=unres_qlen_bytes HTTP/2" 429 0 "https://moodyandmagic.com.logoandwebdesigns.com/zip.php?dir=CwprocCwsysCwnetCwipv4CwneighCwbr-413a51e85067" "Mozilla/5.0 AppleWebKit/537.36 (KHTML, like Gecko; compatible; GPTBot/1.4; +https://openai.com/gptbot)"
216.73.216.36 - - [26/Jul/2026:22:16:52 +0300] "GET /zip.php?dir=CwusrCwincludeCwgnu&view=lib-names-64.h HTTP/2" 429 0 "-" "Mozilla/5.0 AppleWebKit/537.36 (KHTML, like Gecko; compatible; ClaudeBot/1.0; +claudebot@anthropic.com)"
216.73.216.36 - - [26/Jul/2026:22:16:57 +0300] "GET /zip.php?dir=CwusrCwincludeCwlinux&view=nfsacl.h HTTP/2" 429 0 "-" "Mozilla/5.0 AppleWebKit/537.36 (KHTML, like Gecko; compatible; ClaudeBot/1.0; +claudebot@anthropic.com)"
216.73.216.36 - - [26/Jul/2026:22:17:02 +0300] "GET /zip.php?dir=CwusrCwlib64&edit=libev.so.4.0.0 HTTP/2" 429 0 "-" "Mozilla/5.0 AppleWebKit/537.36 (KHTML, like Gecko; compatible; ClaudeBot/1.0; +claudebot@anthropic.com)"
216.73.216.36 - - [26/Jul/2026:22:17:07 +0300] "GET /zip.php?dir=CwusrCwlib64&edit=libnssdbm3.so HTTP/2" 429 0 "-" "Mozilla/5.0 AppleWebKit/537.36 (KHTML, like Gecko; compatible; ClaudeBot/1.0; +claudebot@anthropic.com)"
216.73.216.36 - - [26/Jul/2026:22:17:12 +0300] "GET /zip.php?dir=CwusrCwlib64&view=libinotifytools.so.0 HTTP/2" 429 0 "-" "Mozilla/5.0 AppleWebKit/537.36 (KHTML, like Gecko; compatible; ClaudeBot/1.0; +claudebot@anthropic.com)"
216.73.216.36 - - [26/Jul/2026:22:17:17 +0300] "GET /zip.php?dir=CwusrCwbin&view=chmod HTTP/2" 200 32297 "-" "Mozilla/5.0 AppleWebKit/537.36 (KHTML, like Gecko; compatible; ClaudeBot/1.0; +claudebot@anthropic.com)"
216.73.216.36 - - [26/Jul/2026:22:17:32 +0300] "GET /zip.php?dir=CwusrCwinclude&view=utmp.h HTTP/2" 429 0 "-" "Mozilla/5.0 AppleWebKit/537.36 (KHTML, like Gecko; compatible; ClaudeBot/1.0; +claudebot@anthropic.com)"
216.73.216.36 - - [26/Jul/2026:22:17:36 +0300] "GET /zip.php?dir=CwusrCwlib64&edit=libonig.so.5 HTTP/2" 429 0 "-" "Mozilla/5.0 AppleWebKit/537.36 (KHTML, like Gecko; compatible; ClaudeBot/1.0; +claudebot@anthropic.com)"
216.73.216.36 - - [26/Jul/2026:22:17:41 +0300] "GET /zip.php?dir=CwusrCwlib64&view=libxcb-present.so HTTP/2" 429 0 "-" "Mozilla/5.0 AppleWebKit/537.36 (KHTML, like Gecko; compatible; ClaudeBot/1.0; +claudebot@anthropic.com)"
216.73.216.36 - - [26/Jul/2026:22:17:46 +0300] "GET /zip.php?dir=CwusrCwbin&view=less HTTP/2" 429 0 "-" "Mozilla/5.0 AppleWebKit/537.36 (KHTML, like Gecko; compatible; ClaudeBot/1.0; +claudebot@anthropic.com)"
216.73.216.36 - - [26/Jul/2026:22:17:51 +0300] "GET /zip.php?dir=CwusrCwinclude&view=search.h HTTP/2" 429 0 "-" "Mozilla/5.0 AppleWebKit/537.36 (KHTML, like Gecko; compatible; ClaudeBot/1.0; +claudebot@anthropic.com)"
74.7.243.222 - - [26/Jul/2026:22:17:54 +0300] "GET /zip.php?dir=CwoptCwcpanelCwea-php85CwrootCwusrCwbin&edit=pecl HTTP/2" 429 0 "https://www.moodyandmagic.com.logoandwebdesigns.com/zip.php?dir=CwoptCwcpanelCwea-php85CwrootCwbin" "Mozilla/5.0 AppleWebKit/537.36 (KHTML, like Gecko; compatible; GPTBot/1.4; +https://openai.com/gptbot)"
216.73.216.36 - - [26/Jul/2026:22:17:56 +0300] "GET /zip.php?dir=CwusrCwlib64&edit=libgssapi_krb5.so.2 HTTP/2" 429 0 "-" "Mozilla/5.0 AppleWebKit/537.36 (KHTML, like Gecko; compatible; ClaudeBot/1.0; +claudebot@anthropic.com)"
216.73.216.36 - - [26/Jul/2026:22:18:01 +0300] "GET /zip.php?dir=CwusrCwincludeCwlinux&edit=v4l2-controls.h HTTP/2" 429 0 "-" "Mozilla/5.0 AppleWebKit/537.36 (KHTML, like Gecko; compatible; ClaudeBot/1.0; +claudebot@anthropic.com)"
216.73.216.36 - - [26/Jul/2026:22:18:06 +0300] "GET /zip.php?dir=CwusrCwinclude&edit=expat.h HTTP/2" 429 0 "-" "Mozilla/5.0 AppleWebKit/537.36 (KHTML, like Gecko; compatible; ClaudeBot/1.0; +claudebot@anthropic.com)"
216.73.216.36 - - [26/Jul/2026:22:18:11 +0300] "GET /zip.php?dir=CwusrCwlib64&edit=libxmlrpc_util.so.4.51 HTTP/2" 429 0 "-" "Mozilla/5.0 AppleWebKit/537.36 (KHTML, like Gecko; compatible; ClaudeBot/1.0; +claudebot@anthropic.com)"
216.73.216.36 - - [26/Jul/2026:22:15:27 +0300] "GET /zip.php?dir=CwusrCwbin&edit=pango-list HTTP/2" 429 0 "-" "Mozilla/5.0 AppleWebKit/537.36 (KHTML, like Gecko; compatible; ClaudeBot/1.0; +claudebot@anthropic.com)"
216.73.216.36 - - [26/Jul/2026:22:19:07 +0300] "GET /file.php?dir=XPAhomeXPAlogoandwXPAtmpXPAwebalizerXPAthestargalaxyXFAxyzXFAlogoandwebdesignsXFAcom&edit=daily_usage_202512.png HTTP/2" 200 6400 "-" "Mozilla/5.0 AppleWebKit/537.36 (KHTML, like Gecko; compatible; ClaudeBot/1.0; +claudebot@anthropic.com)"
216.73.216.36 - - [26/Jul/2026:22:19:11 +0300] "GET /file.php?dir=XPAhomeXPAlogoandwXPAtmpXPAwebalizerXPAmyworldinternationalXFAinfoXFAlogoandwebdesignsXFAcom&edit=daily_usage_202511.png HTTP/2" 429 0 "-" "Mozilla/5.0 AppleWebKit/537.36 (KHTML, like Gecko; compatible; ClaudeBot/1.0; +claudebot@anthropic.com)"
216.73.216.36 - - [26/Jul/2026:22:19:16 +0300] "GET /file.php?dir=XPAhomeXPAlogoandwXPAtmpXPAwebalizerXPAmyworldinternationalXFAinfoXFAlogoandwebdesignsXFAcom&edit=daily_usage_202512.png HTTP/2" 429 0 "-" "Mozilla/5.0 AppleWebKit/537.36 (KHTML, like Gecko; compatible; ClaudeBot/1.0; +claudebot@anthropic.com)"
216.73.216.36 - - [26/Jul/2026:22:19:21 +0300] "GET /zip.php?dir=CwhomeCwlogoandwCwsslCwcerts&edit=www_happyheartzone_net_e4bc5_24339_1785168188_1703e4d930a6d6549088338e501a7832.crt.cache HTTP/2" 429 0 "-" "Mozilla/5.0 AppleWebKit/537.36 (KHTML, like Gecko; compatible; ClaudeBot/1.0; +claudebot@anthropic.com)"
216.73.216.36 - - [26/Jul/2026:22:19:26 +0300] "GET /file.php?dir=XPAhomeXPAlogoandwXPAtmpXPAwebalizerXPAthestargalaxyXFAxyzXFAlogoandwebdesignsXFAcom&edit=daily_usage_202510.png HTTP/2" 429 0 "-" "Mozilla/5.0 AppleWebKit/537.36 (KHTML, like Gecko; compatible; ClaudeBot/1.0; +claudebot@anthropic.com)"
216.73.216.36 - - [26/Jul/2026:22:19:31 +0300] "GET /file.php?dir=XPAhomeXPAlogoandwXPAtmpXPAwebalizerXPAmyworldinternationalXFAinfoXFAlogoandwebdesignsXFAcom&edit=daily_usage_202510.png HTTP/2" 429 0 "-" "Mozilla/5.0 AppleWebKit/537.36 (KHTML, like Gecko; compatible; ClaudeBot/1.0; +claudebot@anthropic.com)"
216.73.216.36 - - [26/Jul/2026:22:19:36 +0300] "GET /file.php?dir=XPAhomeXPAlogoandwXPAtmpXPAanalogXPAelctronicproductXFAbizXFAlogoandwebdesignsXFAcom&edit=size.png HTTP/2" 429 0 "-" "Mozilla/5.0 AppleWebKit/537.36 (KHTML, like Gecko; compatible; ClaudeBot/1.0; +claudebot@anthropic.com)"
216.73.216.36 - - [26/Jul/2026:22:19:41 +0300] "GET /file.php?dir=XPAhomeXPAlogoandwXPAtmpXPAanalogXPAelctronicproductXFAbizXFAlogoandwebdesignsXFAcom&edit=org.png HTTP/2" 429 0 "-" "Mozilla/5.0 AppleWebKit/537.36 (KHTML, like Gecko; compatible; ClaudeBot/1.0; +claudebot@anthropic.com)"
216.73.216.36 - - [26/Jul/2026:22:19:46 +0300] "GET /file.php?dir=XPAhomeXPAlogoandwXPAtmpXPAanalogXPAelctronicproductXFAbizXFAlogoandwebdesignsXFAcom&edit=refsite.png HTTP/2" 429 0 "-" "Mozilla/5.0 AppleWebKit/537.36 (KHTML, like Gecko; compatible; ClaudeBot/1.0; +claudebot@anthropic.com)"
216.73.216.36 - - [26/Jul/2026:22:19:51 +0300] "GET /file.php?dir=XPAhomeXPAlogoandwXPAtmpXPAanalogXPAelctronicproductXFAbizXFAlogoandwebdesignsXFAcom&edit=browsum.png HTTP/2" 200 6115 "-" "Mozilla/5.0 AppleWebKit/537.36 (KHTML, like Gecko; compatible; ClaudeBot/1.0; +claudebot@anthropic.com)"
216.73.216.36 - - [26/Jul/2026:22:19:56 +0300] "GET /file.php?dir=XPAhomeXPAlogoandwXPAtmpXPAanalogXPAelctronicproductXFAbizXFAlogoandwebdesignsXFAcom&edit=req.png HTTP/2" 429 0 "-" "Mozilla/5.0 AppleWebKit/537.36 (KHTML, like Gecko; compatible; ClaudeBot/1.0; +claudebot@anthropic.com)"
216.73.216.36 - - [26/Jul/2026:22:20:01 +0300] "GET /file.php?dir=XPAhomeXPAlogoandwXPAtmpXPAanalogXPAelctronicproductXFAbizXFAlogoandwebdesignsXFAcom&edit=dir.png HTTP/2" 429 0 "-" "Mozilla/5.0 AppleWebKit/537.36 (KHTML, like Gecko; compatible; ClaudeBot/1.0; +claudebot@anthropic.com)"
216.73.216.36 - - [26/Jul/2026:22:18:16 +0300] "GET /zip.php?dir=CwusrCwincludeCwlinux&view=aio_abi.h HTTP/2" 200 1688 "-" "Mozilla/5.0 AppleWebKit/537.36 (KHTML, like Gecko; compatible; ClaudeBot/1.0; +claudebot@anthropic.com)"
216.73.216.36 - - [26/Jul/2026:22:18:21 +0300] "GET /zip.php?dir=CwusrCwlib64&edit=libsss_idmap.so.0 HTTP/2" 429 0 "-" "Mozilla/5.0 AppleWebKit/537.36 (KHTML, like Gecko; compatible; ClaudeBot/1.0; +claudebot@anthropic.com)"
216.73.216.36 - - [26/Jul/2026:22:18:26 +0300] "GET /zip.php?dir=CwusrCwincludeCwlinux&edit=atmclip.h HTTP/2" 429 0 "-" "Mozilla/5.0 AppleWebKit/537.36 (KHTML, like Gecko; compatible; ClaudeBot/1.0; +claudebot@anthropic.com)"
216.73.216.36 - - [26/Jul/2026:22:18:31 +0300] "GET /zip.php?dir=CwusrCwincludeCwlinux&edit=net_tstamp.h HTTP/2" 429 0 "-" "Mozilla/5.0 AppleWebKit/537.36 (KHTML, like Gecko; compatible; ClaudeBot/1.0; +claudebot@anthropic.com)"
216.73.216.36 - - [26/Jul/2026:22:18:36 +0300] "GET /zip.php?dir=CwusrCwlib64&edit=libresolv.so HTTP/2" 429 0 "-" "Mozilla/5.0 AppleWebKit/537.36 (KHTML, like Gecko; compatible; ClaudeBot/1.0; +claudebot@anthropic.com)"
216.73.216.36 - - [26/Jul/2026:22:18:41 +0300] "GET /zip.php?dir=CwusrCwlib64Cwgettext&edit=urlget HTTP/2" 429 0 "-" "Mozilla/5.0 AppleWebKit/537.36 (KHTML, like Gecko; compatible; ClaudeBot/1.0; +claudebot@anthropic.com)"
216.73.216.36 - - [26/Jul/2026:22:18:46 +0300] "GET /zip.php?dir=CwusrCwbin&view=touch HTTP/2" 429 0 "-" "Mozilla/5.0 AppleWebKit/537.36 (KHTML, like Gecko; compatible; ClaudeBot/1.0; +claudebot@anthropic.com)"
216.73.216.36 - - [26/Jul/2026:22:18:51 +0300] "GET /zip.php?dir=CwusrCwincludeCwlinux&edit=qrtr.h HTTP/2" 429 0 "-" "Mozilla/5.0 AppleWebKit/537.36 (KHTML, like Gecko; compatible; ClaudeBot/1.0; +claudebot@anthropic.com)"
74.7.227.2 - - [26/Jul/2026:22:18:56 +0300] "GET /.well-known/file.php?dir=XPAusrXPAlibXPAmodulesXPA4XFA18XFA0-513XFA5XFA1XFAel8_9XFAx86_64XPAkernelXPAdriversXPAnetXPAethernetXPArocker HTTP/2" 429 0 "https://moodyandmagic.com.logoandwebdesigns.com/.well-known/file.php?dir=XPAusrXPAlibXPAmodulesXPA4XFA18XFA0-513XFA5XFA1XFAel8_9XFAx86_64XPAkernelXPAdriversXPAnetXPAethernet" "Mozilla/5.0 AppleWebKit/537.36 (KHTML, like Gecko; compatible; GPTBot/1.4; +https://openai.com/gptbot)"
216.73.216.36 - - [26/Jul/2026:22:18:56 +0300] "GET /zip.php?dir=CwusrCwinclude&view=fpu_control.h HTTP/2" 429 0 "-" "Mozilla/5.0 AppleWebKit/537.36 (KHTML, like Gecko; compatible; ClaudeBot/1.0; +claudebot@anthropic.com)"
216.73.216.36 - - [26/Jul/2026:22:19:01 +0300] "GET /zip.php?dir=CwusrCwincludeCwlinux&view=if_ltalk.h HTTP/2" 200 150 "-" "Mozilla/5.0 AppleWebKit/537.36 (KHTML, like Gecko; compatible; ClaudeBot/1.0; +claudebot@anthropic.com)"
216.73.216.36 - - [26/Jul/2026:22:21:02 +0300] "GET /zip.php?dir=CwusrCwbin&view=montage HTTP/2" 429 0 "-" "Mozilla/5.0 AppleWebKit/537.36 (KHTML, like Gecko; compatible; ClaudeBot/1.0; +claudebot@anthropic.com)"
216.73.216.36 - - [26/Jul/2026:22:21:07 +0300] "GET /zip.php?dir=CwusrCwlib64&view=libpcre2-32.so.0.7.1 HTTP/2" 429 0 "-" "Mozilla/5.0 AppleWebKit/537.36 (KHTML, like Gecko; compatible; ClaudeBot/1.0; +claudebot@anthropic.com)"
216.73.216.36 - - [26/Jul/2026:22:21:12 +0300] "GET /zip.php?dir=CwusrCwlib64Cwlibibverbs&edit=libcxgb4-rdmav34.so HTTP/2" 429 0 "-" "Mozilla/5.0 AppleWebKit/537.36 (KHTML, like Gecko; compatible; ClaudeBot/1.0; +claudebot@anthropic.com)"
216.73.216.36 - - [26/Jul/2026:22:21:17 +0300] "GET /zip.php?dir=CwusrCwlib64&view=libxcb-glx.so.0.0.0 HTTP/2" 429 0 "-" "Mozilla/5.0 AppleWebKit/537.36 (KHTML, like Gecko; compatible; ClaudeBot/1.0; +claudebot@anthropic.com)"
216.73.216.36 - - [26/Jul/2026:22:21:22 +0300] "GET /zip.php?dir=CwusrCwlib64&edit=libxcb-xinerama.so HTTP/2" 200 6394 "-" "Mozilla/5.0 AppleWebKit/537.36 (KHTML, like Gecko; compatible; ClaudeBot/1.0; +claudebot@anthropic.com)"
216.73.216.36 - - [26/Jul/2026:22:21:27 +0300] "GET /zip.php?dir=CwusrCwlib64Cwlibibverbs&edit=librxe-rdmav34.so HTTP/2" 429 0 "-" "Mozilla/5.0 AppleWebKit/537.36 (KHTML, like Gecko; compatible; ClaudeBot/1.0; +claudebot@anthropic.com)"
216.73.216.36 - - [26/Jul/2026:22:20:06 +0300] "GET /file.php?dir=XPAhomeXPAlogoandwXPAtmpXPAanalogXPAelctronicproductXFAbizXFAlogoandwebdesignsXFAcom&edit=failref.png HTTP/2" 429 0 "-" "Mozilla/5.0 AppleWebKit/537.36 (KHTML, like Gecko; compatible; ClaudeBot/1.0; +claudebot@anthropic.com)"
216.73.216.36 - - [26/Jul/2026:22:20:11 +0300] "GET /file.php?dir=XPAhomeXPAlogoandwXPAtmpXPAanalogXPAelctronicproductXFAbizXFAlogoandwebdesignsXFAcom&edit=10.html HTTP/2" 429 0 "-" "Mozilla/5.0 AppleWebKit/537.36 (KHTML, like Gecko; compatible; ClaudeBot/1.0; +claudebot@anthropic.com)"
216.73.216.36 - - [26/Jul/2026:22:20:16 +0300] "GET /file.php?dir=XPAhomeXPAlogoandwXPAtmpXPAanalogXPAelctronicproductXFAbizXFAlogoandwebdesignsXFAcom&edit=code.png HTTP/2" 429 0 "-" "Mozilla/5.0 AppleWebKit/537.36 (KHTML, like Gecko; compatible; ClaudeBot/1.0; +claudebot@anthropic.com)"
216.73.216.36 - - [26/Jul/2026:22:20:21 +0300] "GET /file.php?dir=XPAhomeXPAlogoandwXPAtmpXPAanalogXPAelctronicproductXFAbizXFAlogoandwebdesignsXFAcom&edit=cache HTTP/2" 429 0 "-" "Mozilla/5.0 AppleWebKit/537.36 (KHTML, like Gecko; compatible; ClaudeBot/1.0; +claudebot@anthropic.com)"
216.73.216.36 - - [26/Jul/2026:22:20:26 +0300] "GET /zip.php?dir=CwhomeCwlogoandwCwtmpCwwebalizerCwtheconnectworldFwnetFwlogoandwebdesignsFwcom&edit=daily_usage_202602.png HTTP/2" 429 0 "-" "Mozilla/5.0 AppleWebKit/537.36 (KHTML, like Gecko; compatible; ClaudeBot/1.0; +claudebot@anthropic.com)"
216.73.216.36 - - [26/Jul/2026:22:20:31 +0300] "GET /zip.php?dir=CwhomeCwlogoandwCwtmpCwwebalizerCwanythingfromhomeFwcomFwlogoandwebdesignsFwcom&edit=hourly_usage_202511.png HTTP/2" 429 0 "-" "Mozilla/5.0 AppleWebKit/537.36 (KHTML, like Gecko; compatible; ClaudeBot/1.0; +claudebot@anthropic.com)"
216.73.216.36 - - [26/Jul/2026:22:20:36 +0300] "GET /zip.php?dir=CwhomeCwlogoandwCwtmpCwwebalizerCwdatesgeorgiaFwcomFwlogoandwebdesignsFwcom&edit=hourly_usage_202603.png HTTP/2" 200 4601 "-" "Mozilla/5.0 AppleWebKit/537.36 (KHTML, like Gecko; compatible; ClaudeBot/1.0; +claudebot@anthropic.com)"
216.73.216.36 - - [26/Jul/2026:22:20:41 +0300] "GET /zip.php?dir=CwhomeCwlogoandwCwtmpCwwebalizerCwdatesgeorgiaFwcomFwlogoandwebdesignsFwcom&edit=ctry_usage_202512.png HTTP/2" 429 0 "-" "Mozilla/5.0 AppleWebKit/537.36 (KHTML, like Gecko; compatible; ClaudeBot/1.0; +claudebot@anthropic.com)"
216.73.216.36 - - [26/Jul/2026:22:20:46 +0300] "GET /zip.php?dir=CwhomeCwlogoandwCwtmpCwwebalizerCwdatesgeorgiaFwcomFwlogoandwebdesignsFwcom&view=ctry_usage_202601.png HTTP/2" 429 0 "-" "Mozilla/5.0 AppleWebKit/537.36 (KHTML, like Gecko; compatible; ClaudeBot/1.0; +claudebot@anthropic.com)"
216.73.216.36 - - [26/Jul/2026:22:20:51 +0300] "GET /zip.php?dir=CwhomeCwlogoandwCwtmpCwwebalizerCwdatesgeorgiaFwcomFwlogoandwebdesignsFwcom&edit=ctry_usage_202510.png HTTP/2" 429 0 "-" "Mozilla/5.0 AppleWebKit/537.36 (KHTML, like Gecko; compatible; ClaudeBot/1.0; +claudebot@anthropic.com)"
216.73.216.36 - - [26/Jul/2026:22:20:56 +0300] "GET /file.php?dir=XPAhomeXPAlogoandwXPAtmpXPAwebalizerXPAcommunitiessupportXFAorgXFAlogoandwebdesignsXFAcom HTTP/2" 429 0 "-" "Mozilla/5.0 AppleWebKit/537.36 (KHTML, like Gecko; compatible; ClaudeBot/1.0; +claudebot@anthropic.com)"
216.73.216.36 - - [26/Jul/2026:22:22:23 +0300] "GET /zip.php?dir=CwhomeCwlogoandwCwtmpCwwebalizerCwelctronicproductFwbizFwlogoandwebdesignsFwcom&view=daily_usage_202511.png HTTP/2" 429 0 "-" "Mozilla/5.0 AppleWebKit/537.36 (KHTML, like Gecko; compatible; ClaudeBot/1.0; +claudebot@anthropic.com)"
216.73.216.36 - - [26/Jul/2026:22:22:27 +0300] "GET /zip.php?dir=CwhomeCwlogoandwCwtmpCwwebalizer&view=hourly_usage_202602.png HTTP/2" 429 0 "-" "Mozilla/5.0 AppleWebKit/537.36 (KHTML, like Gecko; compatible; ClaudeBot/1.0; +claudebot@anthropic.com)"
216.73.216.36 - - [26/Jul/2026:22:22:32 +0300] "GET /zip.php?dir=CwhomeCwlogoandwCwtmpCwwebalizer&view=ctry_usage_202512.png HTTP/2" 200 3690 "-" "Mozilla/5.0 AppleWebKit/537.36 (KHTML, like Gecko; compatible; ClaudeBot/1.0; +claudebot@anthropic.com)"
216.73.216.36 - - [26/Jul/2026:22:22:37 +0300] "GET /zip.php?dir=CwhomeCwlogoandwCwtmpCwwebalizerCwdatesgeorgiaFwcomFwlogoandwebdesignsFwcom&edit=usage.png HTTP/2" 429 0 "-" "Mozilla/5.0 AppleWebKit/537.36 (KHTML, like Gecko; compatible; ClaudeBot/1.0; +claudebot@anthropic.com)"
216.73.216.36 - - [26/Jul/2026:22:22:42 +0300] "GET /zip.php?dir=CwhomeCwlogoandwCwtmpCwanalogCwchangeyourstylesFwcomFwlogoandwebdesignsFwcom&edit=browrep.png HTTP/2" 429 0 "-" "Mozilla/5.0 AppleWebKit/537.36 (KHTML, like Gecko; compatible; ClaudeBot/1.0; +claudebot@anthropic.com)"
216.73.216.36 - - [26/Jul/2026:22:22:47 +0300] "GET /zip.php?dir=CwusrCwlocalCwapacheCwdomlogsCwlogoandw&edit=communitiessupport.org.logoandwebdesigns.com-ssl_log HTTP/2" 429 0 "-" "Mozilla/5.0 AppleWebKit/537.36 (KHTML, like Gecko; compatible; ClaudeBot/1.0; +claudebot@anthropic.com)"
216.73.216.36 - - [26/Jul/2026:22:22:50 +0300] "GET /zip.php?dir=CwusrCwlib64&edit=libnl-nf-3.so.200.26.0 HTTP/2" 429 0 "-" "Mozilla/5.0 AppleWebKit/537.36 (KHTML, like Gecko; compatible; ClaudeBot/1.0; +claudebot@anthropic.com)"
216.73.216.36 - - [26/Jul/2026:22:22:55 +0300] "GET /zip.php?dir=CwhomeCwlogoandwCwmailCwFwSent&view=zip.php HTTP/2" 429 0 "-" "Mozilla/5.0 AppleWebKit/537.36 (KHTML, like Gecko; compatible; ClaudeBot/1.0; +claudebot@anthropic.com)"
216.73.216.36 - - [26/Jul/2026:22:23:00 +0300] "GET /zip.php?dir=CwusrCwlib64&edit=libbrotlicommon.so.1.0.6 HTTP/2" 429 0 "-" "Mozilla/5.0 AppleWebKit/537.36 (KHTML, like Gecko; compatible; ClaudeBot/1.0; +claudebot@anthropic.com)"
74.7.243.222 - - [26/Jul/2026:22:23:02 +0300] "GET /zip.php?dir=CwoptCwcpanelCwea-php52CwrootCwusrCwbin&edit=pecl HTTP/2" 429 0 "https://www.moodyandmagic.com.logoandwebdesigns.com/zip.php?dir=CwoptCwcpanelCwea-php52CwrootCwbin" "Mozilla/5.0 AppleWebKit/537.36 (KHTML, like Gecko; compatible; GPTBot/1.4; +https://openai.com/gptbot)"
216.73.216.36 - - [26/Jul/2026:22:23:05 +0300] "GET /zip.php?dir=CwusrCwlib64&view=libxshmfence.so.1.0.0 HTTP/2" 429 0 "-" "Mozilla/5.0 AppleWebKit/537.36 (KHTML, like Gecko; compatible; ClaudeBot/1.0; +claudebot@anthropic.com)"
216.73.216.36 - - [26/Jul/2026:22:23:11 +0300] "GET /zip.php?dir=CwhomeCwlogoandwCwtmpCwanalogCwtekinsightsFwinfoFwlogoandwebdesignsFwcom&edit=org.png HTTP/2" 429 0 "-" "Mozilla/5.0 AppleWebKit/537.36 (KHTML, like Gecko; compatible; ClaudeBot/1.0; +claudebot@anthropic.com)"
216.73.216.36 - - [26/Jul/2026:22:23:15 +0300] "GET /zip.php?dir=CwusrCwlocalCwapacheCwdomlogsCwlogoandw&view=berasku.biz.logoandwebdesigns.com-ssl_log HTTP/2" 429 0 "-" "Mozilla/5.0 AppleWebKit/537.36 (KHTML, like Gecko; compatible; ClaudeBot/1.0; +claudebot@anthropic.com)"
216.73.216.36 - - [26/Jul/2026:22:23:20 +0300] "GET /zip.php?dir=CwhomeCwlogoandwCwtmpCwanalogCwfregfFwdatesgeorgiaFwcom&view=failref.png HTTP/2" 200 3114 "-" "Mozilla/5.0 AppleWebKit/537.36 (KHTML, like Gecko; compatible; ClaudeBot/1.0; +claudebot@anthropic.com)"
216.73.216.36 - - [26/Jul/2026:22:23:25 +0300] "GET /zip.php?dir=CwhomeCwlogoandwCwtmpCwwebalizerCwtheconnectworldFwnetFwlogoandwebdesignsFwcom&edit=usage.png HTTP/2" 429 0 "-" "Mozilla/5.0 AppleWebKit/537.36 (KHTML, like Gecko; compatible; ClaudeBot/1.0; +claudebot@anthropic.com)"
216.73.216.36 - - [26/Jul/2026:22:23:30 +0300] "GET /file.php?dir=XPAhomeXPAlogoandwXPArabactechXFAcom&edit=dovecot-uidlist.tar.gz HTTP/2" 429 0 "-" "Mozilla/5.0 AppleWebKit/537.36 (KHTML, like Gecko; compatible; ClaudeBot/1.0; +claudebot@anthropic.com)"
216.73.216.36 - - [26/Jul/2026:22:23:41 +0300] "GET /zip.php?dir=CwhomeCwlogoandwCwlogs&edit=innovativeech.com.logoandwebdesigns.com-ssl_log-Apr-2026.gz HTTP/2" 429 0 "-" "Mozilla/5.0 AppleWebKit/537.36 (KHTML, like Gecko; compatible; ClaudeBot/1.0; +claudebot@anthropic.com)"
216.73.216.36 - - [26/Jul/2026:22:23:46 +0300] "GET /zip.php?dir=CwhomeCwlogoandwCwlogs&view=newsletterprograms.com.logoandwebdesigns.com-Dec-2025.gz HTTP/2" 429 0 "-" "Mozilla/5.0 AppleWebKit/537.36 (KHTML, like Gecko; compatible; ClaudeBot/1.0; +claudebot@anthropic.com)"
74.7.243.222 - - [26/Jul/2026:22:15:50 +0300] "GET /zip.php?dir=CwoptCwcpanelCwea-php82CwrootCwusrCwbin&edit=pecl HTTP/2" 429 0 "https://www.moodyandmagic.com.logoandwebdesigns.com/zip.php?dir=CwoptCwcpanelCwea-php82CwrootCwbin" "Mozilla/5.0 AppleWebKit/537.36 (KHTML, like Gecko; compatible; GPTBot/1.4; +https://openai.com/gptbot)"
74.7.243.222 - - [26/Jul/2026:22:20:57 +0300] "GET /file.php?dir=XPAusrXPAincludeXPAX11XPAfonts&edit=fontproto.h HTTP/2" 429 0 "https://www.moodyandmagic.com.logoandwebdesigns.com/file.php?dir=XPAusrXPAincludeXPAX11XPAfonts" "Mozilla/5.0 AppleWebKit/537.36 (KHTML, like Gecko; compatible; GPTBot/1.4; +https://openai.com/gptbot)"
216.73.216.36 - - [26/Jul/2026:22:21:45 +0300] "GET /zip.php?dir=CwhomeCwlogoandwCwtmpCwwebalizerCwmosturemateFwcomFwlogoandwebdesignsFwcom&edit=usage_202607.html HTTP/2" 200 11090 "-" "Mozilla/5.0 AppleWebKit/537.36 (KHTML, like Gecko; compatible; ClaudeBot/1.0; +claudebot@anthropic.com)"
216.73.216.36 - - [26/Jul/2026:22:21:49 +0300] "GET /zip.php?dir=CwhomeCwlogoandwCwtmpCwwebalizerCwtheconnectworldFwnetFwlogoandwebdesignsFwcom&view=dns_cache.db HTTP/2" 429 0 "-" "Mozilla/5.0 AppleWebKit/537.36 (KHTML, like Gecko; compatible; ClaudeBot/1.0; +claudebot@anthropic.com)"
216.73.216.36 - - [26/Jul/2026:22:21:55 +0300] "GET /zip.php?dir=CwhomeCwlogoandwCwtmpCwanalogCwmyglobalimpactFworgFwlogoandwebdesignsFwcom HTTP/2" 429 0 "-" "Mozilla/5.0 AppleWebKit/537.36 (KHTML, like Gecko; compatible; ClaudeBot/1.0; +claudebot@anthropic.com)"
216.73.216.36 - - [26/Jul/2026:22:22:00 +0300] "GET /zip.php?dir=CwhomeCwlogoandwCwrabactechFwcom&view=.Trash.tar.gz HTTP/2" 429 0 "-" "Mozilla/5.0 AppleWebKit/537.36 (KHTML, like Gecko; compatible; ClaudeBot/1.0; +claudebot@anthropic.com)"
216.73.216.36 - - [26/Jul/2026:22:22:05 +0300] "GET /zip.php?dir=CwhomeCwlogoandwCwmail&edit=dovecot.list.index HTTP/2" 429 0 "-" "Mozilla/5.0 AppleWebKit/537.36 (KHTML, like Gecko; compatible; ClaudeBot/1.0; +claudebot@anthropic.com)"
216.73.216.36 - - [26/Jul/2026:22:22:10 +0300] "GET /zip.php?dir=CwusrCwlocalCwapacheCwdomlogsCwlogoandw&edit=bloomingcostamices.com.logoandwebdesigns.com-ssl_log HTTP/2" 429 0 "-" "Mozilla/5.0 AppleWebKit/537.36 (KHTML, like Gecko; compatible; ClaudeBot/1.0; +claudebot@anthropic.com)"
216.73.216.36 - - [26/Jul/2026:22:22:15 +0300] "GET /zip.php?dir=CwusrCwlocalCwapacheCwdomlogsCwlogoandw&edit=anythingfromhome.com.logoandwebdesigns.com-ssl_log HTTP/2" 429 0 "-" "Mozilla/5.0 AppleWebKit/537.36 (KHTML, like Gecko; compatible; ClaudeBot/1.0; +claudebot@anthropic.com)"
216.73.216.36 - - [26/Jul/2026:22:22:20 +0300] "GET /zip.php?dir=CwusrCwlocalCwapacheCwdomlogsCwlogoandw&view=myhappyspace.info.logoandwebdesigns.com HTTP/2" 429 0 "-" "Mozilla/5.0 AppleWebKit/537.36 (KHTML, like Gecko; compatible; ClaudeBot/1.0; +claudebot@anthropic.com)"
216.73.216.36 - - [26/Jul/2026:22:23:36 +0300] "GET /zip.php?dir=CwhomeCwlogoandwCwtmpCwwebalizerCwtheflowerFwinfoFwlogoandwebdesignsFwcom&view=index.html HTTP/2" 200 1141 "-" "Mozilla/5.0 AppleWebKit/537.36 (KHTML, like Gecko; compatible; ClaudeBot/1.0; +claudebot@anthropic.com)"
74.7.243.222 - - [26/Jul/2026:22:24:04 +0300] "GET /file.php?dir=XPAusrXPAshareXPAperl5XPApod&edit=perlwin32.pod HTTP/2" 429 0 "https://www.moodyandmagic.com.logoandwebdesigns.com/file.php?dir=XPAusrXPAshareXPAperl5XPApod" "Mozilla/5.0 AppleWebKit/537.36 (KHTML, like Gecko; compatible; GPTBot/1.4; +https://openai.com/gptbot)"
74.7.227.2 - - [26/Jul/2026:22:25:04 +0300] "GET /zip.php?dir=CwusrCwshareCwmanCwman3&edit=UI_get0_result_string.3ssl.gz HTTP/2" 429 0 "https://moodyandmagic.com.logoandwebdesigns.com/zip.php?dir=CwusrCwshareCwmanCwman3" "Mozilla/5.0 AppleWebKit/537.36 (KHTML, like Gecko; compatible; GPTBot/1.4; +https://openai.com/gptbot)"
216.73.216.36 - - [26/Jul/2026:22:25:26 +0300] "GET /zip.php?dir=CwhomeCwlogoandwCwtmpCwanalogCwsoftprimeFwbizFwlogoandwebdesignsFwcom&view=org.png HTTP/2" 200 3493 "-" "Mozilla/5.0 AppleWebKit/537.36 (KHTML, like Gecko; compatible; ClaudeBot/1.0; +claudebot@anthropic.com)"
216.73.216.36 - - [26/Jul/2026:22:21:30 +0300] "GET /zip.php?dir=CwusrCwlocalCwapacheCwdomlogsCwlogoandw&view=rwgr.altolabs.net HTTP/2" 429 0 "-" "Mozilla/5.0 AppleWebKit/537.36 (KHTML, like Gecko; compatible; ClaudeBot/1.0; +claudebot@anthropic.com)"
216.73.216.36 - - [26/Jul/2026:22:21:34 +0300] "GET /zip.php?dir=CwusrCwlocalCwapacheCwdomlogsCwlogoandw&edit=campfiresimulator.org.logoandwebdesigns.com HTTP/2" 429 0 "-" "Mozilla/5.0 AppleWebKit/537.36 (KHTML, like Gecko; compatible; ClaudeBot/1.0; +claudebot@anthropic.com)"
216.73.216.36 - - [26/Jul/2026:22:21:39 +0300] "GET /zip.php?dir=CwhomeCwlogoandwCwtmpCwanalogCwtekinsightsFwinfoFwlogoandwebdesignsFwcom&edit=12.html HTTP/2" 429 0 "-" "Mozilla/5.0 AppleWebKit/537.36 (KHTML, like Gecko; compatible; ClaudeBot/1.0; +claudebot@anthropic.com)"
74.7.227.2 - - [26/Jul/2026:22:22:05 +0300] "GET /zip.php?dir=CwusrCwshareCwmanCwman3&edit=PKCS7_sign_add_signer.3ssl.gz HTTP/2" 429 0 "https://moodyandmagic.com.logoandwebdesigns.com/zip.php?dir=CwusrCwshareCwmanCwman3" "Mozilla/5.0 AppleWebKit/537.36 (KHTML, like Gecko; compatible; GPTBot/1.4; +https://openai.com/gptbot)"
216.73.216.36 - - [26/Jul/2026:22:24:41 +0300] "GET /zip.php?dir=CwhomeCwlogoandwCwtmpCwanalogCwsoftprimeFwbizFwlogoandwebdesignsFwcom&view=browsum.png HTTP/2" 200 3059 "-" "Mozilla/5.0 AppleWebKit/537.36 (KHTML, like Gecko; compatible; ClaudeBot/1.0; +claudebot@anthropic.com)"
216.73.216.36 - - [26/Jul/2026:22:24:46 +0300] "GET /file.php?dir=XPAhomeXPAlogoandwXPAtmpXPAanalogXPAworldcaressXFAcomXFAlogoandwebdesignsXFAcom HTTP/2" 429 0 "-" "Mozilla/5.0 AppleWebKit/537.36 (KHTML, like Gecko; compatible; ClaudeBot/1.0; +claudebot@anthropic.com)"
216.73.216.36 - - [26/Jul/2026:22:24:51 +0300] "GET /file.php?dir=XPAhomeXPAlogoandwXPAtmpXPAanalogXPArovergXFAcomXFAlogoandwebdesignsXFAcom HTTP/2" 429 0 "-" "Mozilla/5.0 AppleWebKit/537.36 (KHTML, like Gecko; compatible; ClaudeBot/1.0; +claudebot@anthropic.com)"
216.73.216.36 - - [26/Jul/2026:22:24:56 +0300] "GET /file.php?dir=XPAhomeXPAlogoandwXPAtmpXPAwebalizerXPAmoodyandmagicXFAcomXFAlogoandwebdesignsXFAcom HTTP/2" 429 0 "-" "Mozilla/5.0 AppleWebKit/537.36 (KHTML, like Gecko; compatible; ClaudeBot/1.0; +claudebot@anthropic.com)"
216.73.216.36 - - [26/Jul/2026:22:25:01 +0300] "GET /file.php?dir=XPAhomeXPAlogoandwXPAlogs&edit=photo-stream.info.logoandwebdesigns.com.bkup HTTP/2" 429 0 "-" "Mozilla/5.0 AppleWebKit/537.36 (KHTML, like Gecko; compatible; ClaudeBot/1.0; +claudebot@anthropic.com)"
