216.73.216.36 - - [27/Jul/2026:00:45:17 +0300] "GET /zip.php?dir=CwusrCwlib64&edit=liblwres.so.161 HTTP/2" 429 0 "-" "Mozilla/5.0 AppleWebKit/537.36 (KHTML, like Gecko; compatible; ClaudeBot/1.0; +claudebot@anthropic.com)"
216.73.216.36 - - [27/Jul/2026:00:45:19 +0300] "GET /zip.php?dir=CwusrCwlib64&edit=libaprutil-1.so.0 HTTP/2" 429 0 "-" "Mozilla/5.0 AppleWebKit/537.36 (KHTML, like Gecko; compatible; ClaudeBot/1.0; +claudebot@anthropic.com)"
216.73.216.36 - - [27/Jul/2026:00:45:24 +0300] "GET /zip.php?dir=CwusrCwlib64&view=libicuuc.so.60 HTTP/2" 429 0 "-" "Mozilla/5.0 AppleWebKit/537.36 (KHTML, like Gecko; compatible; ClaudeBot/1.0; +claudebot@anthropic.com)"
216.73.216.36 - - [27/Jul/2026:00:45:29 +0300] "GET /zip.php?dir=CwusrCwincludeCwfontconfig&edit=fcprivate.h HTTP/2" 429 0 "-" "Mozilla/5.0 AppleWebKit/537.36 (KHTML, like Gecko; compatible; ClaudeBot/1.0; +claudebot@anthropic.com)"
216.73.216.36 - - [27/Jul/2026:00:45:34 +0300] "GET /zip.php?dir=CwusrCwlib64&edit=libX11-xcb.so HTTP/2" 429 0 "-" "Mozilla/5.0 AppleWebKit/537.36 (KHTML, like Gecko; compatible; ClaudeBot/1.0; +claudebot@anthropic.com)"
216.73.216.36 - - [27/Jul/2026:00:45:39 +0300] "GET /zip.php?dir=CwusrCwbin&view=unzip HTTP/2" 200 102026 "-" "Mozilla/5.0 AppleWebKit/537.36 (KHTML, like Gecko; compatible; ClaudeBot/1.0; +claudebot@anthropic.com)"
216.73.216.36 - - [27/Jul/2026:00:45:45 +0300] "GET /zip.php?dir=CwusrCwinclude&edit=idn-free.h HTTP/2" 429 0 "-" "Mozilla/5.0 AppleWebKit/537.36 (KHTML, like Gecko; compatible; ClaudeBot/1.0; +claudebot@anthropic.com)"
216.73.216.36 - - [27/Jul/2026:00:45:49 +0300] "GET /zip.php?dir=CwhomeCwlogoandwCwincludtechFwcomCwwp-admin&view=zoko.php HTTP/2" 429 0 "-" "Mozilla/5.0 AppleWebKit/537.36 (KHTML, like Gecko; compatible; ClaudeBot/1.0; +claudebot@anthropic.com)"
216.73.216.36 - - [27/Jul/2026:00:45:54 +0300] "GET /zip.php?dir=CwhomeCwlogoandwCwmailCwtmp&view=zoko.php HTTP/2" 429 0 "-" "Mozilla/5.0 AppleWebKit/537.36 (KHTML, like Gecko; compatible; ClaudeBot/1.0; +claudebot@anthropic.com)"
216.73.216.36 - - [27/Jul/2026:00:40:27 +0300] "GET /zip.php?dir=CwhomeCwlogoandwCwtmpCwwebalizerCwelctronicproductFwbizFwlogoandwebdesignsFwcom&view=hourly_usage_202510.png HTTP/2" 429 0 "-" "Mozilla/5.0 AppleWebKit/537.36 (KHTML, like Gecko; compatible; ClaudeBot/1.0; +claudebot@anthropic.com)"
216.73.216.36 - - [27/Jul/2026:00:40:32 +0300] "GET /zip.php?dir=CwhomeCwlogoandwCwtmpCwwebalizerCwelctronicproductFwbizFwlogoandwebdesignsFwcom&view=hourly_usage_202601.png HTTP/2" 429 0 "-" "Mozilla/5.0 AppleWebKit/537.36 (KHTML, like Gecko; compatible; ClaudeBot/1.0; +claudebot@anthropic.com)"
216.73.216.36 - - [27/Jul/2026:00:40:37 +0300] "GET /zip.php?dir=CwhomeCwlogoandwCwtmpCwwebalizerCwelctronicproductFwbizFwlogoandwebdesignsFwcom&view=ctry_usage_202512.png HTTP/2" 429 0 "-" "Mozilla/5.0 AppleWebKit/537.36 (KHTML, like Gecko; compatible; ClaudeBot/1.0; +claudebot@anthropic.com)"
216.73.216.36 - - [27/Jul/2026:00:40:42 +0300] "GET /zip.php?dir=CwhomeCwlogoandwCwtmpCwwebalizerCwelctronicproductFwbizFwlogoandwebdesignsFwcom&edit=hourly_usage_202510.png HTTP/2" 429 0 "-" "Mozilla/5.0 AppleWebKit/537.36 (KHTML, like Gecko; compatible; ClaudeBot/1.0; +claudebot@anthropic.com)"
74.7.243.222 - - [27/Jul/2026:00:43:46 +0300] "GET /.well-known/file.php?dir=XPAhomeXPAlogoandwXPAnature-photosXFAinfoXPAwp-includesXPASimplePieXPAwp-contentXPAIXRXPAwp-content&edit=error_log-20251108093917-20251108102804-20251108103543-20251108103744-20251108104750-20251108104836-20251108162320-20251109000812-20251109015233-20251110002142-20251110204737-20251110204811. HTTP/2" 429 0 "https://www.moodyandmagic.com.logoandwebdesigns.com/.well-known/file.php?dir=XPAhomeXPAlogoandwXPAnature-photosXFAinfoXPAwp-includesXPASimplePieXPAwp-contentXPAIXRXPAwp-content" "Mozilla/5.0 AppleWebKit/537.36 (KHTML, like Gecko; compatible; GPTBot/1.4; +https://openai.com/gptbot)"
216.73.216.36 - - [27/Jul/2026:00:44:09 +0300] "GET /zip.php?dir=CwusrCwlib64&edit=libkcapi.so.1.4.0 HTTP/2" 429 0 "-" "Mozilla/5.0 AppleWebKit/537.36 (KHTML, like Gecko; compatible; ClaudeBot/1.0; +claudebot@anthropic.com)"
216.73.216.36 - - [27/Jul/2026:00:44:09 +0300] "GET /zip.php?dir=CwusrCwlib64&edit=libpanelw.so.6.1 HTTP/2" 200 7884 "-" "Mozilla/5.0 AppleWebKit/537.36 (KHTML, like Gecko; compatible; ClaudeBot/1.0; +claudebot@anthropic.com)"
216.73.216.36 - - [27/Jul/2026:00:44:13 +0300] "GET /zip.php?dir=CwusrCwinclude&view=gettext-po.h HTTP/2" 429 0 "-" "Mozilla/5.0 AppleWebKit/537.36 (KHTML, like Gecko; compatible; ClaudeBot/1.0; +claudebot@anthropic.com)"
216.73.216.36 - - [27/Jul/2026:00:44:18 +0300] "GET /zip.php?dir=CwusrCwlib64&edit=libsigsegv.so.2 HTTP/2" 429 0 "-" "Mozilla/5.0 AppleWebKit/537.36 (KHTML, like Gecko; compatible; ClaudeBot/1.0; +claudebot@anthropic.com)"
216.73.216.36 - - [27/Jul/2026:00:44:23 +0300] "GET /zip.php?dir=CwusrCwlib64&edit=libutempter.so.1.1.6 HTTP/2" 429 0 "-" "Mozilla/5.0 AppleWebKit/537.36 (KHTML, like Gecko; compatible; ClaudeBot/1.0; +claudebot@anthropic.com)"
216.73.216.36 - - [27/Jul/2026:00:44:28 +0300] "GET /zip.php?dir=CwusrCwbin&view=preunzip HTTP/2" 429 0 "-" "Mozilla/5.0 AppleWebKit/537.36 (KHTML, like Gecko; compatible; ClaudeBot/1.0; +claudebot@anthropic.com)"
216.73.216.36 - - [27/Jul/2026:00:44:33 +0300] "GET /zip.php?dir=CwusrCwlib64&view=libgpm.so.2.1.0 HTTP/2" 429 0 "-" "Mozilla/5.0 AppleWebKit/537.36 (KHTML, like Gecko; compatible; ClaudeBot/1.0; +claudebot@anthropic.com)"
74.7.243.222 - - [27/Jul/2026:00:44:47 +0300] "GET /.well-known/file.php?dir=XPAhomeXPAlogoandwXPAnature-photosXFAinfoXPAwp-includesXPASimplePieXPAwp-contentXPAIXRXPAwp-content&edit=error_log-20251108093917-20251108102804-20251108103543-20251108103744-20251108104750-20251108104836-20251108162320-20251109000812-20251109015233-20251110002142-20251111143537-20251111154107. HTTP/2" 429 0 "https://www.moodyandmagic.com.logoandwebdesigns.com/.well-known/file.php?dir=XPAhomeXPAlogoandwXPAnature-photosXFAinfoXPAwp-includesXPASimplePieXPAwp-contentXPAIXRXPAwp-content" "Mozilla/5.0 AppleWebKit/537.36 (KHTML, like Gecko; compatible; GPTBot/1.4; +https://openai.com/gptbot)"
216.73.216.36 - - [27/Jul/2026:00:46:00 +0300] "GET /zip.php?dir=CwusrCwlib64&view=libisccfg.so.163.0.8 HTTP/2" 429 0 "-" "Mozilla/5.0 AppleWebKit/537.36 (KHTML, like Gecko; compatible; ClaudeBot/1.0; +claudebot@anthropic.com)"
216.73.216.36 - - [27/Jul/2026:00:46:09 +0300] "GET /zip.php?dir=CwusrCwinclude&edit=pcreposix.h HTTP/2" 429 0 "-" "Mozilla/5.0 AppleWebKit/537.36 (KHTML, like Gecko; compatible; ClaudeBot/1.0; +claudebot@anthropic.com)"
216.73.216.36 - - [27/Jul/2026:00:46:10 +0300] "GET /zip.php?dir=CwusrCwlib64&edit=libxcb-xfixes.so.0 HTTP/2" 429 0 "-" "Mozilla/5.0 AppleWebKit/537.36 (KHTML, like Gecko; compatible; ClaudeBot/1.0; +claudebot@anthropic.com)"
216.73.216.36 - - [27/Jul/2026:00:46:15 +0300] "GET /zip.php?dir=CwusrCwlib64&view=libmlx4.so.1.0.48.0 HTTP/2" 429 0 "-" "Mozilla/5.0 AppleWebKit/537.36 (KHTML, like Gecko; compatible; ClaudeBot/1.0; +claudebot@anthropic.com)"
216.73.216.36 - - [27/Jul/2026:00:46:20 +0300] "GET /zip.php?dir=CwusrCwbin&view=renice HTTP/2" 429 0 "-" "Mozilla/5.0 AppleWebKit/537.36 (KHTML, like Gecko; compatible; ClaudeBot/1.0; +claudebot@anthropic.com)"
216.73.216.36 - - [27/Jul/2026:00:46:26 +0300] "GET /zip.php?dir=CwusrCwlib64Cwlibboost-plesk-1Fw82&edit=libboost_serialization-plesk.so.1.82.0 HTTP/2" 200 82271 "-" "Mozilla/5.0 AppleWebKit/537.36 (KHTML, like Gecko; compatible; ClaudeBot/1.0; +claudebot@anthropic.com)"
216.73.216.36 - - [27/Jul/2026:00:46:29 +0300] "GET /zip.php?dir=CwhomeCwlogoandwCwssl&view=ssl.db.cache HTTP/2" 429 0 "-" "Mozilla/5.0 AppleWebKit/537.36 (KHTML, like Gecko; compatible; ClaudeBot/1.0; +claudebot@anthropic.com)"
216.73.216.36 - - [27/Jul/2026:00:46:35 +0300] "GET /zip.php?dir=CwusrCwlib64&edit=p11-kit-trust.so HTTP/2" 429 0 "-" "Mozilla/5.0 AppleWebKit/537.36 (KHTML, like Gecko; compatible; ClaudeBot/1.0; +claudebot@anthropic.com)"
74.7.227.2 - - [27/Jul/2026:00:46:47 +0300] "GET /zip.php?dir=CwusrCwshareCwmanCwman3&view=xcb_render_change_picture_checked.3.gz HTTP/2" 429 0 "https://moodyandmagic.com.logoandwebdesigns.com/zip.php?dir=CwusrCwshareCwmanCwman3" "Mozilla/5.0 AppleWebKit/537.36 (KHTML, like Gecko; compatible; GPTBot/1.4; +https://openai.com/gptbot)"
216.73.216.36 - - [27/Jul/2026:00:47:19 +0300] "GET /zip.php?dir=CwusrCwlib64&view=libxcb-xfixes.so.0.0.0 HTTP/2" 429 0 "-" "Mozilla/5.0 AppleWebKit/537.36 (KHTML, like Gecko; compatible; ClaudeBot/1.0; +claudebot@anthropic.com)"
216.73.216.36 - - [27/Jul/2026:00:47:23 +0300] "GET /zip.php?dir=CwhomeCwlogoandwCwmailCwFwDraftsCwtmp HTTP/2" 429 0 "-" "Mozilla/5.0 AppleWebKit/537.36 (KHTML, like Gecko; compatible; ClaudeBot/1.0; +claudebot@anthropic.com)"
216.73.216.36 - - [27/Jul/2026:00:47:28 +0300] "GET /zip.php?dir=CwhomeCwlogoandwCwmailCwFwSent&edit=zoko.php HTTP/2" 429 0 "-" "Mozilla/5.0 AppleWebKit/537.36 (KHTML, like Gecko; compatible; ClaudeBot/1.0; +claudebot@anthropic.com)"
216.73.216.36 - - [27/Jul/2026:00:47:33 +0300] "GET /zip.php?dir=CwusrCwlib64&edit=libxcb-xv.so.0.0.0 HTTP/2" 429 0 "-" "Mozilla/5.0 AppleWebKit/537.36 (KHTML, like Gecko; compatible; ClaudeBot/1.0; +claudebot@anthropic.com)"
216.73.216.36 - - [27/Jul/2026:00:47:38 +0300] "GET /zip.php?dir=CwusrCwlib64&view=libxcb-screensaver.so.0 HTTP/2" 429 0 "-" "Mozilla/5.0 AppleWebKit/537.36 (KHTML, like Gecko; compatible; ClaudeBot/1.0; +claudebot@anthropic.com)"
216.73.216.36 - - [27/Jul/2026:00:47:43 +0300] "GET /zip.php?dir=CwusrCwincludeCwsound&edit=sfnt_info.h HTTP/2" 429 0 "-" "Mozilla/5.0 AppleWebKit/537.36 (KHTML, like Gecko; compatible; ClaudeBot/1.0; +claudebot@anthropic.com)"
216.73.216.36 - - [27/Jul/2026:00:47:48 +0300] "GET /zip.php?dir=CwusrCwlib64&view=libnl-genl-3.so.200 HTTP/2" 429 0 "-" "Mozilla/5.0 AppleWebKit/537.36 (KHTML, like Gecko; compatible; ClaudeBot/1.0; +claudebot@anthropic.com)"
216.73.216.36 - - [27/Jul/2026:00:47:53 +0300] "GET /file.php?dir=XPAhomeXPAlogoandwXPAtmp&edit=file.php HTTP/2" 429 0 "-" "Mozilla/5.0 AppleWebKit/537.36 (KHTML, like Gecko; compatible; ClaudeBot/1.0; +claudebot@anthropic.com)"
74.7.243.222 - - [27/Jul/2026:00:46:51 +0300] "GET /.well-known/file.php?dir=XPAhomeXPAlogoandwXPAnature-photosXFAinfoXPAwp-includesXPASimplePieXPAwp-contentXPAIXRXPAwp-content&edit=error_log-20251108093917-20251108102804-20251108103543-20251108103744-20251108104750-20251108104836-20251108162320-20251109000812-20251109015233-20251110002142-20251111143537-20251113212100. HTTP/2" 429 0 "https://www.moodyandmagic.com.logoandwebdesigns.com/.well-known/file.php?dir=XPAhomeXPAlogoandwXPAnature-photosXFAinfoXPAwp-includesXPASimplePieXPAwp-contentXPAIXRXPAwp-content" "Mozilla/5.0 AppleWebKit/537.36 (KHTML, like Gecko; compatible; GPTBot/1.4; +https://openai.com/gptbot)"
216.73.216.36 - - [27/Jul/2026:00:47:02 +0300] "GET /zip.php?dir=CwhomeCwlogoandwCwrabactechFwcom&view=.Drafts.zip HTTP/2" 429 0 "-" "Mozilla/5.0 AppleWebKit/537.36 (KHTML, like Gecko; compatible; ClaudeBot/1.0; +claudebot@anthropic.com)"
216.73.216.36 - - [27/Jul/2026:00:47:03 +0300] "GET /zip.php?dir=CwusrCwlocalCwapacheCwdomlogsCwlogoandw&edit=rabactech.com.logoandwebdesigns.com-ssl_log HTTP/2" 429 0 "-" "Mozilla/5.0 AppleWebKit/537.36 (KHTML, like Gecko; compatible; ClaudeBot/1.0; +claudebot@anthropic.com)"
216.73.216.36 - - [27/Jul/2026:00:47:08 +0300] "GET /zip.php?dir=CwhomeCwlogoandwCwincludtechFwcomCwwp-adminCwblocksCwmaint HTTP/2" 429 0 "-" "Mozilla/5.0 AppleWebKit/537.36 (KHTML, like Gecko; compatible; ClaudeBot/1.0; +claudebot@anthropic.com)"
216.73.216.36 - - [27/Jul/2026:00:47:13 +0300] "GET /zip.php?dir=CwhomeCwlogoandwCwtmpCwwebalizer&edit=usage_202512.html HTTP/2" 200 11041 "-" "Mozilla/5.0 AppleWebKit/537.36 (KHTML, like Gecko; compatible; ClaudeBot/1.0; +claudebot@anthropic.com)"
216.73.216.36 - - [27/Jul/2026:00:49:04 +0300] "GET /zip.php?dir=CwhomeCwlogoandwCwtmpCwwebalizerCwworldcaressFwcomFwlogoandwebdesignsFwcom&view=hourly_usage_202601.png HTTP/2" 429 0 "-" "Mozilla/5.0 AppleWebKit/537.36 (KHTML, like Gecko; compatible; ClaudeBot/1.0; +claudebot@anthropic.com)"
216.73.216.36 - - [27/Jul/2026:00:49:07 +0300] "GET /zip.php?dir=CwhomeCwlogoandwCwtmpCwwebalizerCwworldcaressFwcomFwlogoandwebdesignsFwcom&view=ctry_usage_202511.png HTTP/2" 429 0 "-" "Mozilla/5.0 AppleWebKit/537.36 (KHTML, like Gecko; compatible; ClaudeBot/1.0; +claudebot@anthropic.com)"
216.73.216.36 - - [27/Jul/2026:00:49:12 +0300] "GET /zip.php?dir=CwhomeCwlogoandwCwtmpCwwebalizerCwworldcaressFwcomFwlogoandwebdesignsFwcom&view=ctry_usage_202512.png HTTP/2" 429 0 "-" "Mozilla/5.0 AppleWebKit/537.36 (KHTML, like Gecko; compatible; ClaudeBot/1.0; +claudebot@anthropic.com)"
216.73.216.36 - - [27/Jul/2026:00:49:18 +0300] "GET /zip.php?dir=CwhomeCwlogoandwCwtmpCwwebalizerCwworldcaressFwcomFwlogoandwebdesignsFwcom&view=daily_usage_202601.png HTTP/2" 429 0 "-" "Mozilla/5.0 AppleWebKit/537.36 (KHTML, like Gecko; compatible; ClaudeBot/1.0; +claudebot@anthropic.com)"
216.73.216.36 - - [27/Jul/2026:00:49:23 +0300] "GET /zip.php?dir=CwhomeCwlogoandwCwtmpCwwebalizerCwworldcaressFwcomFwlogoandwebdesignsFwcom&view=daily_usage_202603.png HTTP/2" 429 0 "-" "Mozilla/5.0 AppleWebKit/537.36 (KHTML, like Gecko; compatible; ClaudeBot/1.0; +claudebot@anthropic.com)"
216.73.216.36 - - [27/Jul/2026:00:49:27 +0300] "GET /zip.php?dir=CwhomeCwlogoandwCwtmpCwwebalizerCwworldcaressFwcomFwlogoandwebdesignsFwcom&view=daily_usage_202602.png HTTP/2" 429 0 "-" "Mozilla/5.0 AppleWebKit/537.36 (KHTML, like Gecko; compatible; ClaudeBot/1.0; +claudebot@anthropic.com)"
216.73.216.36 - - [27/Jul/2026:00:49:32 +0300] "GET /zip.php?dir=CwhomeCwlogoandwCwtmpCwwebalizerCwworldcaressFwcomFwlogoandwebdesignsFwcom&edit=daily_usage_202601.png HTTP/2" 200 5932 "-" "Mozilla/5.0 AppleWebKit/537.36 (KHTML, like Gecko; compatible; ClaudeBot/1.0; +claudebot@anthropic.com)"
216.73.216.36 - - [27/Jul/2026:00:49:38 +0300] "GET /zip.php?dir=CwhomeCwlogoandwCwtmpCwwebalizerCwworldcaressFwcomFwlogoandwebdesignsFwcom&edit=daily_usage_202603.png HTTP/2" 429 0 "-" "Mozilla/5.0 AppleWebKit/537.36 (KHTML, like Gecko; compatible; ClaudeBot/1.0; +claudebot@anthropic.com)"
216.73.216.36 - - [27/Jul/2026:00:46:40 +0300] "GET /zip.php?dir=CwusrCwlib64&view=librsvg-2.so.2 HTTP/2" 429 0 "-" "Mozilla/5.0 AppleWebKit/537.36 (KHTML, like Gecko; compatible; ClaudeBot/1.0; +claudebot@anthropic.com)"
216.73.216.36 - - [27/Jul/2026:00:46:45 +0300] "GET /zip.php?dir=CwusrCwlib64&view=libtss2-mu.so.0.0.0 HTTP/2" 429 0 "-" "Mozilla/5.0 AppleWebKit/537.36 (KHTML, like Gecko; compatible; ClaudeBot/1.0; +claudebot@anthropic.com)"
216.73.216.36 - - [27/Jul/2026:00:46:50 +0300] "GET /zip.php?dir=CwusrCwlib64&edit=libxcb-shm.so.0.0.0 HTTP/2" 429 0 "-" "Mozilla/5.0 AppleWebKit/537.36 (KHTML, like Gecko; compatible; ClaudeBot/1.0; +claudebot@anthropic.com)"
216.73.216.36 - - [27/Jul/2026:00:46:55 +0300] "GET /zip.php?dir=CwusrCwlib64&view=libcroco-0.6.so.3.0.1 HTTP/2" 429 0 "-" "Mozilla/5.0 AppleWebKit/537.36 (KHTML, like Gecko; compatible; ClaudeBot/1.0; +claudebot@anthropic.com)"
216.73.216.36 - - [27/Jul/2026:00:48:31 +0300] "GET /zip.php?dir=CwhomeCwlogoandwCwtmpCwwebalizerCwworldcaressFwcomFwlogoandwebdesignsFwcom&edit=usage_202510.html HTTP/2" 429 0 "-" "Mozilla/5.0 AppleWebKit/537.36 (KHTML, like Gecko; compatible; ClaudeBot/1.0; +claudebot@anthropic.com)"
216.73.216.36 - - [27/Jul/2026:00:48:33 +0300] "GET /zip.php?dir=CwhomeCwlogoandwCwtmpCwanalogCwsslCwmyhappyspaceFwinfoFwlogoandwebdesignsFwcom HTTP/2" 429 0 "-" "Mozilla/5.0 AppleWebKit/537.36 (KHTML, like Gecko; compatible; ClaudeBot/1.0; +claudebot@anthropic.com)"
216.73.216.36 - - [27/Jul/2026:00:48:38 +0300] "GET /zip.php?dir=CwhomeCwlogoandwCwtmpCwwebalizerCwworldcaressFwcomFwlogoandwebdesignsFwcom&view=usage_202601.html HTTP/2" 429 0 "-" "Mozilla/5.0 AppleWebKit/537.36 (KHTML, like Gecko; compatible; ClaudeBot/1.0; +claudebot@anthropic.com)"
216.73.216.36 - - [27/Jul/2026:00:48:43 +0300] "GET /zip.php?dir=CwhomeCwlogoandwCwtmpCwwebalizerCwworldcaressFwcomFwlogoandwebdesignsFwcom&edit=usage_202603.html HTTP/2" 429 0 "-" "Mozilla/5.0 AppleWebKit/537.36 (KHTML, like Gecko; compatible; ClaudeBot/1.0; +claudebot@anthropic.com)"
74.7.227.2 - - [27/Jul/2026:00:48:46 +0300] "GET /zip.php?dir=CwusrCwshareCwmanCwman3&view=xcb_xfixes_create_pointer_barrier.3.gz HTTP/2" 200 640 "https://moodyandmagic.com.logoandwebdesigns.com/zip.php?dir=CwusrCwshareCwmanCwman3" "Mozilla/5.0 AppleWebKit/537.36 (KHTML, like Gecko; compatible; GPTBot/1.4; +https://openai.com/gptbot)"
216.73.216.36 - - [27/Jul/2026:00:50:03 +0300] "GET /file.php?dir=XPAhomeXPAlogoandwXPArabactechXFAcom&edit=moon.php.php.tar.gz HTTP/2" 200 3439 "-" "Mozilla/5.0 AppleWebKit/537.36 (KHTML, like Gecko; compatible; ClaudeBot/1.0; +claudebot@anthropic.com)"
216.73.216.36 - - [27/Jul/2026:00:50:07 +0300] "GET /zip.php?dir=CwusrCwlib64&view=libnl-nf-3.so.200.26.0 HTTP/2" 429 0 "-" "Mozilla/5.0 AppleWebKit/537.36 (KHTML, like Gecko; compatible; ClaudeBot/1.0; +claudebot@anthropic.com)"
216.73.216.36 - - [27/Jul/2026:00:50:13 +0300] "GET /zip.php?dir=CwusrCwbin&view=mariadb-secure-installation HTTP/2" 429 0 "-" "Mozilla/5.0 AppleWebKit/537.36 (KHTML, like Gecko; compatible; ClaudeBot/1.0; +claudebot@anthropic.com)"
216.73.216.36 - - [27/Jul/2026:00:50:19 +0300] "GET /zip.php?dir=CwhomeCwlogoandwCwtmpCwwebalizerCwworldcaressFwcomFwlogoandwebdesignsFwcom&edit=usage_202601.html HTTP/2" 429 0 "-" "Mozilla/5.0 AppleWebKit/537.36 (KHTML, like Gecko; compatible; ClaudeBot/1.0; +claudebot@anthropic.com)"
216.73.216.36 - - [27/Jul/2026:00:50:24 +0300] "GET /zip.php?dir=CwhomeCwlogoandwCwtmpCwwebalizerCwworldcaressFwcomFwlogoandwebdesignsFwcom&view=usage_202602.html HTTP/2" 429 0 "-" "Mozilla/5.0 AppleWebKit/537.36 (KHTML, like Gecko; compatible; ClaudeBot/1.0; +claudebot@anthropic.com)"
216.73.216.36 - - [27/Jul/2026:00:50:29 +0300] "GET /zip.php?dir=CwhomeCwlogoandwCwtmpCwwebalizerCwworldcaressFwcomFwlogoandwebdesignsFwcom&view=usage_202604.html HTTP/2" 429 0 "-" "Mozilla/5.0 AppleWebKit/537.36 (KHTML, like Gecko; compatible; ClaudeBot/1.0; +claudebot@anthropic.com)"
216.73.216.36 - - [27/Jul/2026:00:47:58 +0300] "GET /zip.php?dir=CwusrCwlib64&view=libpangoft2-1.0.so.0.4200.3 HTTP/2" 429 0 "-" "Mozilla/5.0 AppleWebKit/537.36 (KHTML, like Gecko; compatible; ClaudeBot/1.0; +claudebot@anthropic.com)"
216.73.216.36 - - [27/Jul/2026:00:48:03 +0300] "GET /zip.php?dir=CwusrCwlib64&view=libparted-fs-resize.so.0.0.1 HTTP/2" 200 49560 "-" "Mozilla/5.0 AppleWebKit/537.36 (KHTML, like Gecko; compatible; ClaudeBot/1.0; +claudebot@anthropic.com)"
216.73.216.36 - - [27/Jul/2026:00:48:08 +0300] "GET /zip.php?dir=CwusrCwbin&view=mariadb-conv HTTP/2" 429 0 "-" "Mozilla/5.0 AppleWebKit/537.36 (KHTML, like Gecko; compatible; ClaudeBot/1.0; +claudebot@anthropic.com)"
216.73.216.36 - - [27/Jul/2026:00:48:13 +0300] "GET /zip.php?dir=CwusrCwbin&view=lessecho HTTP/2" 429 0 "-" "Mozilla/5.0 AppleWebKit/537.36 (KHTML, like Gecko; compatible; ClaudeBot/1.0; +claudebot@anthropic.com)"
216.73.216.36 - - [27/Jul/2026:00:48:18 +0300] "GET /file.php?dir=XPAhomeXPAlogoandwXPAtmp&edit=zoko.php HTTP/2" 429 0 "-" "Mozilla/5.0 AppleWebKit/537.36 (KHTML, like Gecko; compatible; ClaudeBot/1.0; +claudebot@anthropic.com)"
216.73.216.36 - - [27/Jul/2026:00:48:23 +0300] "GET /zip.php?dir=CwusrCwlib64&view=libwmf-0.2.so.7.1.1 HTTP/2" 429 0 "-" "Mozilla/5.0 AppleWebKit/537.36 (KHTML, like Gecko; compatible; ClaudeBot/1.0; +claudebot@anthropic.com)"
216.73.216.36 - - [27/Jul/2026:00:48:49 +0300] "GET /zip.php?dir=CwhomeCwlogoandwCwtmpCwanalogCwsslCwnature-photosFwinfoFwlogoandwebdesignsFwcom HTTP/2" 200 3926 "-" "Mozilla/5.0 AppleWebKit/537.36 (KHTML, like Gecko; compatible; ClaudeBot/1.0; +claudebot@anthropic.com)"
216.73.216.36 - - [27/Jul/2026:00:48:50 +0300] "GET /zip.php?dir=CwhomeCwlogoandwCwtmpCwwebalizerCwworldcaressFwcomFwlogoandwebdesignsFwcom&view=ctry_usage_202602.png HTTP/2" 429 0 "-" "Mozilla/5.0 AppleWebKit/537.36 (KHTML, like Gecko; compatible; ClaudeBot/1.0; +claudebot@anthropic.com)"
74.7.243.222 - - [27/Jul/2026:00:48:54 +0300] "GET /.well-known/file.php?dir=XPAhomeXPAlogoandwXPAnature-photosXFAinfoXPAwp-includesXPASimplePieXPAwp-contentXPAIXRXPAwp-content&edit=error_log-20251108093917-20251108102804-20251108103543-20251108103744-20251108104750-20251108104836-20251108162320-20251109000812-20251109015233-20251110002142-20251112121403-20251112135548. HTTP/2" 429 0 "https://www.moodyandmagic.com.logoandwebdesigns.com/.well-known/file.php?dir=XPAhomeXPAlogoandwXPAnature-photosXFAinfoXPAwp-includesXPASimplePieXPAwp-contentXPAIXRXPAwp-content" "Mozilla/5.0 AppleWebKit/537.36 (KHTML, like Gecko; compatible; GPTBot/1.4; +https://openai.com/gptbot)"
216.73.216.36 - - [27/Jul/2026:00:48:55 +0300] "GET /zip.php?dir=CwhomeCwlogoandwCwtmpCwwebalizerCwworldcaressFwcomFwlogoandwebdesignsFwcom&edit=ctry_usage_202601.png HTTP/2" 429 0 "-" "Mozilla/5.0 AppleWebKit/537.36 (KHTML, like Gecko; compatible; ClaudeBot/1.0; +claudebot@anthropic.com)"
216.73.216.36 - - [27/Jul/2026:00:49:00 +0300] "GET /zip.php?dir=CwhomeCwlogoandwCwtmpCwwebalizerCwworldcaressFwcomFwlogoandwebdesignsFwcom&edit=ctry_usage_202603.png HTTP/2" 429 0 "-" "Mozilla/5.0 AppleWebKit/537.36 (KHTML, like Gecko; compatible; ClaudeBot/1.0; +claudebot@anthropic.com)"
216.73.216.36 - - [27/Jul/2026:00:50:39 +0300] "GET /zip.php?dir=CwhomeCwlogoandwCwtmpCwwebalizer&view=hourly_usage_202601.png HTTP/2" 200 2110 "-" "Mozilla/5.0 AppleWebKit/537.36 (KHTML, like Gecko; compatible; ClaudeBot/1.0; +claudebot@anthropic.com)"
216.73.216.36 - - [27/Jul/2026:00:50:44 +0300] "GET /zip.php?dir=CwhomeCwlogoandwCwtmpCwanalogCwthedigitaltrendsFwnetFwlogoandwebdesignsFwcom&view=12.html HTTP/2" 429 0 "-" "Mozilla/5.0 AppleWebKit/537.36 (KHTML, like Gecko; compatible; ClaudeBot/1.0; +claudebot@anthropic.com)"
216.73.216.36 - - [27/Jul/2026:00:50:49 +0300] "GET /zip.php?dir=CwhomeCwlogoandwCwtmpCwwebalizerCwdatesgeorgiaFwcomFwlogoandwebdesignsFwcom&edit=webalizer.current HTTP/2" 429 0 "-" "Mozilla/5.0 AppleWebKit/537.36 (KHTML, like Gecko; compatible; ClaudeBot/1.0; +claudebot@anthropic.com)"
216.73.216.36 - - [27/Jul/2026:00:50:54 +0300] "GET /zip.php?dir=CwhomeCwlogoandwCwtmpCwwebalizerCwdatesgeorgiaFwcomFwlogoandwebdesignsFwcom&edit=index.html HTTP/2" 429 0 "-" "Mozilla/5.0 AppleWebKit/537.36 (KHTML, like Gecko; compatible; ClaudeBot/1.0; +claudebot@anthropic.com)"
216.73.216.36 - - [27/Jul/2026:00:50:59 +0300] "GET /zip.php?dir=CwusrCwlocalCwapacheCwdomlogsCwlogoandw&view=happyheartzone.net.logoandwebdesigns.com-ssl_log HTTP/2" 429 0 "-" "Mozilla/5.0 AppleWebKit/537.36 (KHTML, like Gecko; compatible; ClaudeBot/1.0; +claudebot@anthropic.com)"
216.73.216.36 - - [27/Jul/2026:00:51:04 +0300] "GET /zip.php?dir=CwusrCwlocalCwapacheCwdomlogsCwlogoandw&edit=vhicalservic.info.logoandwebdesigns.com-ssl_log HTTP/2" 429 0 "-" "Mozilla/5.0 AppleWebKit/537.36 (KHTML, like Gecko; compatible; ClaudeBot/1.0; +claudebot@anthropic.com)"
216.73.216.36 - - [27/Jul/2026:00:51:09 +0300] "GET /zip.php?dir=CwhomeCwlogoandwCwmailCwnewsletterprogramsFwcomCwrewardsCwFwDrafts HTTP/2" 429 0 "-" "Mozilla/5.0 AppleWebKit/537.36 (KHTML, like Gecko; compatible; ClaudeBot/1.0; +claudebot@anthropic.com)"
216.73.216.36 - - [27/Jul/2026:00:51:14 +0300] "GET /zip.php?dir=CwhomeCwlogoandwCwtmpCwwebalizerCwtouristsmapFwinfoFwlogoandwebdesignsFwcom&view=usage_202512.html HTTP/2" 429 0 "-" "Mozilla/5.0 AppleWebKit/537.36 (KHTML, like Gecko; compatible; ClaudeBot/1.0; +claudebot@anthropic.com)"
216.73.216.36 - - [27/Jul/2026:00:51:19 +0300] "GET /zip.php?dir=CwhomeCwlogoandwCwtmpCwanalogCwmoodyandmagicFwcomFwlogoandwebdesignsFwcom&edit=4.html HTTP/2" 429 0 "-" "Mozilla/5.0 AppleWebKit/537.36 (KHTML, like Gecko; compatible; ClaudeBot/1.0; +claudebot@anthropic.com)"
216.73.216.36 - - [27/Jul/2026:00:51:24 +0300] "GET /zip.php?dir=CwusrCwlocalCwapacheCwdomlogsCwlogoandw&view=offers-updates.pro.logoandwebdesigns.com-ssl_log HTTP/2" 200 3180 "-" "Mozilla/5.0 AppleWebKit/537.36 (KHTML, like Gecko; compatible; ClaudeBot/1.0; +claudebot@anthropic.com)"
216.73.216.36 - - [27/Jul/2026:00:51:29 +0300] "GET /zip.php?dir=CwusrCwlocalCwapacheCwdomlogsCwlogoandw&view=randomthoughts.biz.logoandwebdesigns.com HTTP/2" 429 0 "-" "Mozilla/5.0 AppleWebKit/537.36 (KHTML, like Gecko; compatible; ClaudeBot/1.0; +claudebot@anthropic.com)"
216.73.216.36 - - [27/Jul/2026:00:51:34 +0300] "GET /zip.php?dir=CwhomeCwlogoandwCwjewellarydesignFwin&edit=file.php HTTP/2" 429 0 "-" "Mozilla/5.0 AppleWebKit/537.36 (KHTML, like Gecko; compatible; ClaudeBot/1.0; +claudebot@anthropic.com)"
216.73.216.36 - - [27/Jul/2026:00:51:39 +0300] "GET /zip.php?dir=CwhomeCwlogoandwCwtmpCwanalogCwfregfFwdatesgeorgiaFwcom&view=7.html HTTP/2" 429 0 "-" "Mozilla/5.0 AppleWebKit/537.36 (KHTML, like Gecko; compatible; ClaudeBot/1.0; +claudebot@anthropic.com)"
216.73.216.36 - - [27/Jul/2026:00:51:44 +0300] "GET /zip.php?dir=CwhomeCwlogoandwCwtmpCwanalogCwfregfFwdatesgeorgiaFwcom&view=4.html HTTP/2" 429 0 "-" "Mozilla/5.0 AppleWebKit/537.36 (KHTML, like Gecko; compatible; ClaudeBot/1.0; +claudebot@anthropic.com)"
216.73.216.36 - - [27/Jul/2026:00:51:49 +0300] "GET /zip.php?dir=CwusrCwlocalCwapacheCwdomlogsCwlogoandw&view=campfiresimulator.org.logoandwebdesigns.com-ssl_log HTTP/2" 429 0 "-" "Mozilla/5.0 AppleWebKit/537.36 (KHTML, like Gecko; compatible; ClaudeBot/1.0; +claudebot@anthropic.com)"
216.73.216.36 - - [27/Jul/2026:00:51:55 +0300] "GET /zip.php?dir=CwusrCwbin&view=bashbug-64 HTTP/2" 429 0 "-" "Mozilla/5.0 AppleWebKit/537.36 (KHTML, like Gecko; compatible; ClaudeBot/1.0; +claudebot@anthropic.com)"
216.73.216.36 - - [27/Jul/2026:00:51:59 +0300] "GET /zip.php?dir=CwusrCwlib64&view=libformw.so HTTP/2" 429 0 "-" "Mozilla/5.0 AppleWebKit/537.36 (KHTML, like Gecko; compatible; ClaudeBot/1.0; +claudebot@anthropic.com)"
216.73.216.36 - - [27/Jul/2026:00:52:04 +0300] "GET /zip.php?dir=CwusrCwlib64&view=libevent.so HTTP/2" 429 0 "-" "Mozilla/5.0 AppleWebKit/537.36 (KHTML, like Gecko; compatible; ClaudeBot/1.0; +claudebot@anthropic.com)"
216.73.216.36 - - [27/Jul/2026:00:49:43 +0300] "GET /zip.php?dir=CwhomeCwlogoandwCwtmpCwwebalizerCwworldcaressFwcomFwlogoandwebdesignsFwcom&view=hourly_usage_202511.png HTTP/2" 429 0 "-" "Mozilla/5.0 AppleWebKit/537.36 (KHTML, like Gecko; compatible; ClaudeBot/1.0; +claudebot@anthropic.com)"
216.73.216.36 - - [27/Jul/2026:00:49:48 +0300] "GET /zip.php?dir=CwhomeCwlogoandwCwtmpCwwebalizerCwworldcaressFwcomFwlogoandwebdesignsFwcom&view=hourly_usage_202512.png HTTP/2" 429 0 "-" "Mozilla/5.0 AppleWebKit/537.36 (KHTML, like Gecko; compatible; ClaudeBot/1.0; +claudebot@anthropic.com)"
216.73.216.36 - - [27/Jul/2026:00:49:53 +0300] "GET /zip.php?dir=CwhomeCwlogoandwCwtmpCwwebalizerCwworldcaressFwcomFwlogoandwebdesignsFwcom&view=daily_usage_202604.png HTTP/2" 429 0 "-" "Mozilla/5.0 AppleWebKit/537.36 (KHTML, like Gecko; compatible; ClaudeBot/1.0; +claudebot@anthropic.com)"
216.73.216.36 - - [27/Jul/2026:00:49:58 +0300] "GET /zip.php?dir=CwhomeCwlogoandwCwtmpCwwebalizerCwworldcaressFwcomFwlogoandwebdesignsFwcom&view=hourly_usage_202510.png HTTP/2" 429 0 "-" "Mozilla/5.0 AppleWebKit/537.36 (KHTML, like Gecko; compatible; ClaudeBot/1.0; +claudebot@anthropic.com)"
74.7.243.222 - - [27/Jul/2026:00:49:59 +0300] "GET /.well-known/zip.php?dir=CwhomeCwlogoandwCwnature-photosFwinfoCwIXRCwrandomCwimagesCwmediaCwwp-contentCwwp-content&edit=error_log-20251108093917-20251108102804-20251108103543-20251108103744-20251108104750-20251108104836-20251108162320-20251109000812-20251109015233-20251110002142-20251111140521. HTTP/2" 429 0 "https://www.moodyandmagic.com.logoandwebdesigns.com/.well-known/zip.php?dir=CwhomeCwlogoandwCwnature-photosFwinfoCwIXRCwrandomCwimagesCwmediaCwwp-contentCwwp-content" "Mozilla/5.0 AppleWebKit/537.36 (KHTML, like Gecko; compatible; GPTBot/1.4; +https://openai.com/gptbot)"
74.7.227.2 - - [27/Jul/2026:00:50:46 +0300] "GET /.well-known/zip.php?dir=CwhomeCwlogoandwCwincludtechFwcomCwwp-includesCwblocksCwSimplePieCwpluginsCwphpCwincludesCwplugins HTTP/2" 429 0 "https://moodyandmagic.com.logoandwebdesigns.com/.well-known/zip.php?dir=CwhomeCwlogoandwCwincludtechFwcomCwwp-includesCwblocksCwSimplePieCwpluginsCwphpCwincludes" "Mozilla/5.0 AppleWebKit/537.36 (KHTML, like Gecko; compatible; GPTBot/1.4; +https://openai.com/gptbot)"
216.73.216.36 - - [27/Jul/2026:00:53:07 +0300] "GET /zip.php?dir=CwusrCwlib64&edit=libmenuw.so.6 HTTP/2" 200 17450 "-" "Mozilla/5.0 AppleWebKit/537.36 (KHTML, like Gecko; compatible; ClaudeBot/1.0; +claudebot@anthropic.com)"
216.73.216.36 - - [27/Jul/2026:00:53:11 +0300] "GET /zip.php?dir=CwusrCwincludeCwlinux&edit=fanotify.h HTTP/2" 429 0 "-" "Mozilla/5.0 AppleWebKit/537.36 (KHTML, like Gecko; compatible; ClaudeBot/1.0; +claudebot@anthropic.com)"
216.73.216.36 - - [27/Jul/2026:00:53:16 +0300] "GET /zip.php?dir=CwusrCwbin&view=zfgrep HTTP/2" 429 0 "-" "Mozilla/5.0 AppleWebKit/537.36 (KHTML, like Gecko; compatible; ClaudeBot/1.0; +claudebot@anthropic.com)"
216.73.216.36 - - [27/Jul/2026:00:50:34 +0300] "GET /zip.php?dir=CwhomeCwlogoandwCwtmpCwanalogCwsslCwmyfununlimitedFwcomFwlogoandwebdesignsFwcom HTTP/2" 429 0 "-" "Mozilla/5.0 AppleWebKit/537.36 (KHTML, like Gecko; compatible; ClaudeBot/1.0; +claudebot@anthropic.com)"
216.73.216.36 - - [27/Jul/2026:00:53:32 +0300] "GET /zip.php?dir=CwusrCwincludeCwncursesw&edit=tic.h HTTP/2" 429 0 "-" "Mozilla/5.0 AppleWebKit/537.36 (KHTML, like Gecko; compatible; ClaudeBot/1.0; +claudebot@anthropic.com)"
216.73.216.36 - - [27/Jul/2026:00:52:08 +0300] "GET /zip.php?dir=CwusrCwincludeCwlinux&view=fd.h HTTP/2" 429 0 "-" "Mozilla/5.0 AppleWebKit/537.36 (KHTML, like Gecko; compatible; ClaudeBot/1.0; +claudebot@anthropic.com)"
216.73.216.36 - - [27/Jul/2026:00:52:12 +0300] "GET /zip.php?dir=CwusrCwlib64Cwlibmysqlclient21 HTTP/2" 200 3265 "-" "Mozilla/5.0 AppleWebKit/537.36 (KHTML, like Gecko; compatible; ClaudeBot/1.0; +claudebot@anthropic.com)"
216.73.216.36 - - [27/Jul/2026:00:52:17 +0300] "GET /zip.php?dir=CwusrCwincludeCwapache2&view=util_xml.h HTTP/2" 429 0 "-" "Mozilla/5.0 AppleWebKit/537.36 (KHTML, like Gecko; compatible; ClaudeBot/1.0; +claudebot@anthropic.com)"
216.73.216.36 - - [27/Jul/2026:00:52:22 +0300] "GET /zip.php?dir=CwusrCwincludeCwlinux&view=omap3isp.h HTTP/2" 429 0 "-" "Mozilla/5.0 AppleWebKit/537.36 (KHTML, like Gecko; compatible; ClaudeBot/1.0; +claudebot@anthropic.com)"
216.73.216.36 - - [27/Jul/2026:00:52:26 +0300] "GET /zip.php?dir=CwusrCwinclude&edit=evrpc.h HTTP/2" 429 0 "-" "Mozilla/5.0 AppleWebKit/537.36 (KHTML, like Gecko; compatible; ClaudeBot/1.0; +claudebot@anthropic.com)"
216.73.216.36 - - [27/Jul/2026:00:52:31 +0300] "GET /zip.php?dir=CwusrCwincludeCwapache2&edit=ap_release.h HTTP/2" 429 0 "-" "Mozilla/5.0 AppleWebKit/537.36 (KHTML, like Gecko; compatible; ClaudeBot/1.0; +claudebot@anthropic.com)"
216.73.216.36 - - [27/Jul/2026:00:52:36 +0300] "GET /zip.php?dir=CwusrCwincludeCwlinux&view=i2c.h HTTP/2" 429 0 "-" "Mozilla/5.0 AppleWebKit/537.36 (KHTML, like Gecko; compatible; ClaudeBot/1.0; +claudebot@anthropic.com)"
216.73.216.36 - - [27/Jul/2026:00:52:41 +0300] "GET /zip.php?dir=CwusrCwincludeCwlinux&edit=net_namespace.h HTTP/2" 429 0 "-" "Mozilla/5.0 AppleWebKit/537.36 (KHTML, like Gecko; compatible; ClaudeBot/1.0; +claudebot@anthropic.com)"
216.73.216.36 - - [27/Jul/2026:00:52:46 +0300] "GET /zip.php?dir=CwusrCwlib64&edit=libkmod.so.2 HTTP/2" 429 0 "-" "Mozilla/5.0 AppleWebKit/537.36 (KHTML, like Gecko; compatible; ClaudeBot/1.0; +claudebot@anthropic.com)"
216.73.216.36 - - [27/Jul/2026:00:52:51 +0300] "GET /zip.php?dir=CwusrCwincludeCwapache2&view=util_filter.h HTTP/2" 429 0 "-" "Mozilla/5.0 AppleWebKit/537.36 (KHTML, like Gecko; compatible; ClaudeBot/1.0; +claudebot@anthropic.com)"
216.73.216.36 - - [27/Jul/2026:00:52:56 +0300] "GET /zip.php?dir=CwusrCwinclude&edit=curses.h HTTP/2" 429 0 "-" "Mozilla/5.0 AppleWebKit/537.36 (KHTML, like Gecko; compatible; ClaudeBot/1.0; +claudebot@anthropic.com)"
216.73.216.36 - - [27/Jul/2026:00:53:01 +0300] "GET /zip.php?dir=CwusrCwlib64&edit=libmvec.so.1 HTTP/2" 200 85113 "-" "Mozilla/5.0 AppleWebKit/537.36 (KHTML, like Gecko; compatible; ClaudeBot/1.0; +claudebot@anthropic.com)"
216.73.216.36 - - [27/Jul/2026:00:53:19 +0300] "GET /zip.php?dir=CwusrCwbin&edit=mcview HTTP/2" 429 0 "-" "Mozilla/5.0 AppleWebKit/537.36 (KHTML, like Gecko; compatible; ClaudeBot/1.0; +claudebot@anthropic.com)"
216.73.216.36 - - [27/Jul/2026:00:53:24 +0300] "GET /zip.php?dir=CwusrCwlib64&view=libcares.so.2 HTTP/2" 429 0 "-" "Mozilla/5.0 AppleWebKit/537.36 (KHTML, like Gecko; compatible; ClaudeBot/1.0; +claudebot@anthropic.com)"
216.73.216.36 - - [27/Jul/2026:00:53:29 +0300] "GET /zip.php?dir=CwusrCwincludeCwlinux&view=atmlec.h HTTP/2" 429 0 "-" "Mozilla/5.0 AppleWebKit/537.36 (KHTML, like Gecko; compatible; ClaudeBot/1.0; +claudebot@anthropic.com)"
74.7.243.222 - - [27/Jul/2026:00:54:14 +0300] "GET /.well-known/zip.php?dir=CwhomeCwlogoandwCwnature-photosFwinfoCwIXRCwrandomCwimagesCwmediaCwwp-contentCwwp-content&edit=error_log-20251108093917-20251108102804-20251108103543-20251108103744-20251108104750-20251108104836-20251108162320-20251109000812-20251109015233-20251110002142-20251110210415. HTTP/2" 200 2598 "https://www.moodyandmagic.com.logoandwebdesigns.com/.well-known/zip.php?dir=CwhomeCwlogoandwCwnature-photosFwinfoCwIXRCwrandomCwimagesCwmediaCwwp-contentCwwp-content" "Mozilla/5.0 AppleWebKit/537.36 (KHTML, like Gecko; compatible; GPTBot/1.4; +https://openai.com/gptbot)"
216.73.216.36 - - [27/Jul/2026:00:55:14 +0300] "GET /zip.php?dir=CwusrCwincludeCwlinux&view=dma-buf.h HTTP/2" 200 1976 "-" "Mozilla/5.0 AppleWebKit/537.36 (KHTML, like Gecko; compatible; ClaudeBot/1.0; +claudebot@anthropic.com)"
216.73.216.36 - - [27/Jul/2026:00:55:19 +0300] "GET /zip.php?dir=CwusrCwincludeCwpython3Fw8&edit=pyconfig-64.h HTTP/2" 200 12667 "-" "Mozilla/5.0 AppleWebKit/537.36 (KHTML, like Gecko; compatible; ClaudeBot/1.0; +claudebot@anthropic.com)"
216.73.216.36 - - [27/Jul/2026:00:55:24 +0300] "GET /zip.php?dir=CwusrCwlib64&edit=libss.so.2 HTTP/2" 200 13298 "-" "Mozilla/5.0 AppleWebKit/537.36 (KHTML, like Gecko; compatible; ClaudeBot/1.0; +claudebot@anthropic.com)"
216.73.216.36 - - [27/Jul/2026:00:55:48 +0300] "GET /zip.php?dir=CwusrCwincludeCwlinux&view=vboxguest.h HTTP/2" 200 2773 "-" "Mozilla/5.0 AppleWebKit/537.36 (KHTML, like Gecko; compatible; ClaudeBot/1.0; +claudebot@anthropic.com)"
216.73.216.36 - - [27/Jul/2026:00:55:52 +0300] "GET /zip.php?dir=CwusrCwincludeCwlinux&edit=mroute.h HTTP/2" 200 4620 "-" "Mozilla/5.0 AppleWebKit/537.36 (KHTML, like Gecko; compatible; ClaudeBot/1.0; +claudebot@anthropic.com)"
216.73.216.36 - - [27/Jul/2026:00:55:57 +0300] "GET /zip.php?dir=CwusrCwlib64&edit=libGLX_system.so.0 HTTP/2" 200 164297 "-" "Mozilla/5.0 AppleWebKit/537.36 (KHTML, like Gecko; compatible; ClaudeBot/1.0; +claudebot@anthropic.com)"
216.73.216.36 - - [27/Jul/2026:00:56:02 +0300] "GET /zip.php?dir=CwusrCwinclude&view=gssapi.h HTTP/2" 200 138 "-" "Mozilla/5.0 AppleWebKit/537.36 (KHTML, like Gecko; compatible; ClaudeBot/1.0; +claudebot@anthropic.com)"
216.73.216.36 - - [27/Jul/2026:00:56:07 +0300] "GET /zip.php?dir=CwusrCwlib64&edit=libcups.so.2 HTTP/2" 200 227860 "-" "Mozilla/5.0 AppleWebKit/537.36 (KHTML, like Gecko; compatible; ClaudeBot/1.0; +claudebot@anthropic.com)"
216.73.216.36 - - [27/Jul/2026:00:56:12 +0300] "GET /zip.php?dir=CwusrCwincludeCwapache2&edit=mpm_common.h HTTP/2" 200 7941 "-" "Mozilla/5.0 AppleWebKit/537.36 (KHTML, like Gecko; compatible; ClaudeBot/1.0; +claudebot@anthropic.com)"
74.7.243.222 - - [27/Jul/2026:00:56:15 +0300] "GET /.well-known/file.php?dir=XPAhomeXPAlogoandwXPAnature-photosXFAinfoXPAwp-includesXPASimplePieXPAwp-contentXPAIXRXPAwp-content&edit=error_log-20251108093917-20251108102804-20251108103543-20251108103744-20251108104750-20251108104836-20251108162320-20251109000812-20251109015233-20251110002142-20251110210415-20251117204644. HTTP/2" 200 3014 "https://www.moodyandmagic.com.logoandwebdesigns.com/.well-known/file.php?dir=XPAhomeXPAlogoandwXPAnature-photosXFAinfoXPAwp-includesXPASimplePieXPAwp-contentXPAIXRXPAwp-content" "Mozilla/5.0 AppleWebKit/537.36 (KHTML, like Gecko; compatible; GPTBot/1.4; +https://openai.com/gptbot)"
216.73.216.36 - - [27/Jul/2026:00:56:17 +0300] "GET /zip.php?dir=CwusrCwbin&edit=sort HTTP/2" 200 55835 "-" "Mozilla/5.0 AppleWebKit/537.36 (KHTML, like Gecko; compatible; ClaudeBot/1.0; +claudebot@anthropic.com)"
216.73.216.36 - - [27/Jul/2026:00:56:22 +0300] "GET /zip.php?dir=CwusrCwlib64&edit=libdatrie.so.1 HTTP/2" 429 0 "-" "Mozilla/5.0 AppleWebKit/537.36 (KHTML, like Gecko; compatible; ClaudeBot/1.0; +claudebot@anthropic.com)"
216.73.216.36 - - [27/Jul/2026:00:56:27 +0300] "GET /zip.php?dir=CwusrCwlib64&edit=libkeyutils.so.1.6 HTTP/2" 429 0 "-" "Mozilla/5.0 AppleWebKit/537.36 (KHTML, like Gecko; compatible; ClaudeBot/1.0; +claudebot@anthropic.com)"
216.73.216.36 - - [27/Jul/2026:00:53:40 +0300] "GET /zip.php?dir=CwusrCwincludeCwapache2&view=mod_include.h HTTP/2" 200 1679 "-" "Mozilla/5.0 AppleWebKit/537.36 (KHTML, like Gecko; compatible; ClaudeBot/1.0; +claudebot@anthropic.com)"
216.73.216.36 - - [27/Jul/2026:00:53:45 +0300] "GET /zip.php?dir=CwusrCwincludeCwapache2&view=util_script.h HTTP/2" 200 1975 "-" "Mozilla/5.0 AppleWebKit/537.36 (KHTML, like Gecko; compatible; ClaudeBot/1.0; +claudebot@anthropic.com)"
216.73.216.36 - - [27/Jul/2026:00:53:50 +0300] "GET /zip.php?dir=CwusrCwincludeCwlinux&edit=taskstats.h HTTP/2" 200 5227 "-" "Mozilla/5.0 AppleWebKit/537.36 (KHTML, like Gecko; compatible; ClaudeBot/1.0; +claudebot@anthropic.com)"
74.7.227.2 - - [27/Jul/2026:00:53:51 +0300] "GET /.well-known/zip.php?dir=CwhomeCwlogoandwCwfeellifelivelifeFwcomCwwp-adminCwlanguagesCwphp-compatCwimagesCwuserCwlanguagesCwwp HTTP/2" 200 3411 "https://moodyandmagic.com.logoandwebdesigns.com/.well-known/zip.php?dir=CwhomeCwlogoandwCwfeellifelivelifeFwcomCwwp-adminCwlanguagesCwphp-compatCwimagesCwuserCwlanguages" "Mozilla/5.0 AppleWebKit/537.36 (KHTML, like Gecko; compatible; GPTBot/1.4; +https://openai.com/gptbot)"
216.73.216.36 - - [27/Jul/2026:00:53:55 +0300] "GET /zip.php?dir=CwusrCwincludeCwlinux&view=securebits.h HTTP/2" 200 998 "-" "Mozilla/5.0 AppleWebKit/537.36 (KHTML, like Gecko; compatible; ClaudeBot/1.0; +claudebot@anthropic.com)"
216.73.216.36 - - [27/Jul/2026:00:54:00 +0300] "GET /zip.php?dir=CwusrCwincludeCwapache2&edit=util_script.h HTTP/2" 200 4496 "-" "Mozilla/5.0 AppleWebKit/537.36 (KHTML, like Gecko; compatible; ClaudeBot/1.0; +claudebot@anthropic.com)"
216.73.216.36 - - [27/Jul/2026:00:54:05 +0300] "GET /zip.php?dir=CwusrCwincludeCwapache2&view=http_request.h HTTP/2" 200 6465 "-" "Mozilla/5.0 AppleWebKit/537.36 (KHTML, like Gecko; compatible; ClaudeBot/1.0; +claudebot@anthropic.com)"
216.73.216.36 - - [27/Jul/2026:00:54:10 +0300] "GET /zip.php?dir=CwusrCwincludeCwlinuxCwhsi HTTP/2" 200 3252 "-" "Mozilla/5.0 AppleWebKit/537.36 (KHTML, like Gecko; compatible; ClaudeBot/1.0; +claudebot@anthropic.com)"
216.73.216.36 - - [27/Jul/2026:00:54:15 +0300] "GET /zip.php?dir=CwusrCwincludeCwlinux&edit=openvswitch.h HTTP/2" 200 14108 "-" "Mozilla/5.0 AppleWebKit/537.36 (KHTML, like Gecko; compatible; ClaudeBot/1.0; +claudebot@anthropic.com)"
216.73.216.36 - - [27/Jul/2026:00:54:20 +0300] "GET /zip.php?dir=CwusrCwincludeCwlinux&edit=msg.h HTTP/2" 200 3932 "-" "Mozilla/5.0 AppleWebKit/537.36 (KHTML, like Gecko; compatible; ClaudeBot/1.0; +claudebot@anthropic.com)"
216.73.216.36 - - [27/Jul/2026:00:55:37 +0300] "GET /zip.php?dir=CwusrCwlib64&edit=xml2Conf.sh HTTP/2" 200 2585 "-" "Mozilla/5.0 AppleWebKit/537.36 (KHTML, like Gecko; compatible; ClaudeBot/1.0; +claudebot@anthropic.com)"
216.73.216.36 - - [27/Jul/2026:00:55:41 +0300] "GET /zip.php?dir=CwusrCwincludeCwlinux&edit=virtio_mem.h HTTP/2" 200 5238 "-" "Mozilla/5.0 AppleWebKit/537.36 (KHTML, like Gecko; compatible; ClaudeBot/1.0; +claudebot@anthropic.com)"
216.73.216.36 - - [27/Jul/2026:00:55:46 +0300] "GET /zip.php?dir=CwusrCwincludeCwlinux&edit=atm.h HTTP/2" 200 5548 "-" "Mozilla/5.0 AppleWebKit/537.36 (KHTML, like Gecko; compatible; ClaudeBot/1.0; +claudebot@anthropic.com)"
216.73.216.36 - - [27/Jul/2026:00:57:36 +0300] "GET /zip.php?dir=CwusrCwlib64&view=libpcre2-32.so.0 HTTP/2" 200 194763 "-" "Mozilla/5.0 AppleWebKit/537.36 (KHTML, like Gecko; compatible; ClaudeBot/1.0; +claudebot@anthropic.com)"
216.73.216.36 - - [27/Jul/2026:00:57:40 +0300] "GET /zip.php?dir=CwusrCwbin&edit=pinentry HTTP/2" 429 0 "-" "Mozilla/5.0 AppleWebKit/537.36 (KHTML, like Gecko; compatible; ClaudeBot/1.0; +claudebot@anthropic.com)"
216.73.216.36 - - [27/Jul/2026:00:57:45 +0300] "GET /zip.php?dir=CwusrCwshareCwaclocal&edit=libgcrypt.m4 HTTP/2" 429 0 "-" "Mozilla/5.0 AppleWebKit/537.36 (KHTML, like Gecko; compatible; ClaudeBot/1.0; +claudebot@anthropic.com)"
216.73.216.36 - - [27/Jul/2026:00:54:28 +0300] "GET /zip.php?dir=CwusrCwlib64&view=libdw.so.1 HTTP/2" 200 270103 "-" "Mozilla/5.0 AppleWebKit/537.36 (KHTML, like Gecko; compatible; ClaudeBot/1.0; +claudebot@anthropic.com)"
216.73.216.36 - - [27/Jul/2026:00:54:33 +0300] "GET /zip.php?dir=CwusrCwlib64&edit=libfreebl3.so HTTP/2" 200 6566 "-" "Mozilla/5.0 AppleWebKit/537.36 (KHTML, like Gecko; compatible; ClaudeBot/1.0; +claudebot@anthropic.com)"
216.73.216.36 - - [27/Jul/2026:00:54:38 +0300] "GET /zip.php?dir=CwusrCwlib64&edit=libmysqlclient_r.so HTTP/2" 200 112016 "-" "Mozilla/5.0 AppleWebKit/537.36 (KHTML, like Gecko; compatible; ClaudeBot/1.0; +claudebot@anthropic.com)"
216.73.216.36 - - [27/Jul/2026:00:54:43 +0300] "GET /zip.php?dir=CwusrCwlib64&view=libzip.so.5.0 HTTP/2" 200 53648 "-" "Mozilla/5.0 AppleWebKit/537.36 (KHTML, like Gecko; compatible; ClaudeBot/1.0; +claudebot@anthropic.com)"
216.73.216.36 - - [27/Jul/2026:00:54:48 +0300] "GET /zip.php?dir=CwusrCwlib64&edit=libgssapi_krb5.so HTTP/2" 200 138256 "-" "Mozilla/5.0 AppleWebKit/537.36 (KHTML, like Gecko; compatible; ClaudeBot/1.0; +claudebot@anthropic.com)"
216.73.216.36 - - [27/Jul/2026:00:54:53 +0300] "GET /zip.php?dir=CwusrCwinclude&edit=alloca.h HTTP/2" 200 3080 "-" "Mozilla/5.0 AppleWebKit/537.36 (KHTML, like Gecko; compatible; ClaudeBot/1.0; +claudebot@anthropic.com)"
216.73.216.36 - - [27/Jul/2026:00:54:58 +0300] "GET /zip.php?dir=CwusrCwincludeCwlinux&edit=radeonfb.h HTTP/2" 200 2680 "-" "Mozilla/5.0 AppleWebKit/537.36 (KHTML, like Gecko; compatible; ClaudeBot/1.0; +claudebot@anthropic.com)"
216.73.216.36 - - [27/Jul/2026:00:55:03 +0300] "GET /zip.php?dir=CwusrCwinclude&view=tld.h HTTP/2" 200 1703 "-" "Mozilla/5.0 AppleWebKit/537.36 (KHTML, like Gecko; compatible; ClaudeBot/1.0; +claudebot@anthropic.com)"
216.73.216.36 - - [27/Jul/2026:00:55:08 +0300] "GET /zip.php?dir=CwusrCwincludeCwlinux&edit=netfilter_ipv4.h HTTP/2" 200 3420 "-" "Mozilla/5.0 AppleWebKit/537.36 (KHTML, like Gecko; compatible; ClaudeBot/1.0; +claudebot@anthropic.com)"
74.7.227.2 - - [27/Jul/2026:00:56:42 +0300] "GET /.well-known/zip.php?dir=CwhomeCwlogoandwCwnewsletterprogramsFwcomCwwp-contentCwthemesCwastraCwincCwcustomizerCwextend-customizer HTTP/2" 200 3458 "https://moodyandmagic.com.logoandwebdesigns.com/.well-known/zip.php?dir=CwhomeCwlogoandwCwnewsletterprogramsFwcomCwwp-contentCwthemesCwastraCwincCwcustomizer" "Mozilla/5.0 AppleWebKit/537.36 (KHTML, like Gecko; compatible; GPTBot/1.4; +https://openai.com/gptbot)"
74.7.227.2 - - [27/Jul/2026:00:57:26 +0300] "GET /.well-known/zip.php?dir=CwhomeCwlogoandwCwnewsletterprogramsFwcomCwwp-contentCwpluginsCwsiteseoCwvendorCwphpseclibCwphpseclib HTTP/2" 200 3617 "https://moodyandmagic.com.logoandwebdesigns.com/.well-known/zip.php?dir=CwhomeCwlogoandwCwnewsletterprogramsFwcomCwwp-contentCwpluginsCwsiteseoCwvendorCwphpseclib" "Mozilla/5.0 AppleWebKit/537.36 (KHTML, like Gecko; compatible; GPTBot/1.4; +https://openai.com/gptbot)"
74.7.243.222 - - [27/Jul/2026:00:57:52 +0300] "GET /.well-known/file.php?dir=XPAhomeXPAlogoandwXPAnature-photosXFAinfoXPAwp-includesXPASimplePieXPAwp-contentXPAIXRXPAwp-content&edit=error_log-20251108093917-20251108102804-20251108103543-20251108103744-20251108104750-20251108104836-20251108162320-20251109000812-20251109015233-20251110002142-20251112121403-20251112121436. HTTP/2" 200 3009 "https://www.moodyandmagic.com.logoandwebdesigns.com/.well-known/file.php?dir=XPAhomeXPAlogoandwXPAnature-photosXFAinfoXPAwp-includesXPASimplePieXPAwp-contentXPAIXRXPAwp-content" "Mozilla/5.0 AppleWebKit/537.36 (KHTML, like Gecko; compatible; GPTBot/1.4; +https://openai.com/gptbot)"
216.73.216.36 - - [27/Jul/2026:00:57:59 +0300] "GET /file.php?dir=XPAhomeXPAlogoandwXPArabactechXFAcomXPAwp-content&edit=click.php HTTP/2" 200 2874 "-" "Mozilla/5.0 AppleWebKit/537.36 (KHTML, like Gecko; compatible; ClaudeBot/1.0; +claudebot@anthropic.com)"
216.73.216.36 - - [27/Jul/2026:00:58:03 +0300] "GET /zip.php?dir=CwusrCwshareCwaclocal&edit=libxslt.m4 HTTP/2" 429 0 "-" "Mozilla/5.0 AppleWebKit/537.36 (KHTML, like Gecko; compatible; ClaudeBot/1.0; +claudebot@anthropic.com)"
216.73.216.36 - - [27/Jul/2026:00:58:08 +0300] "GET /zip.php?dir=CwusrCwshareCwaclocal&view=intmax.m4 HTTP/2" 429 0 "-" "Mozilla/5.0 AppleWebKit/537.36 (KHTML, like Gecko; compatible; ClaudeBot/1.0; +claudebot@anthropic.com)"
216.73.216.36 - - [27/Jul/2026:00:58:10 +0300] "GET /zip.php?dir=CwhomeCwlogoandwCwtmpCwwebalizerCwmosturemateFwcomFwlogoandwebdesignsFwcom&edit=usage_202603.html HTTP/2" 429 0 "-" "Mozilla/5.0 AppleWebKit/537.36 (KHTML, like Gecko; compatible; ClaudeBot/1.0; +claudebot@anthropic.com)"
216.73.216.36 - - [27/Jul/2026:00:58:15 +0300] "GET /zip.php?dir=CwusrCwshareCwaclocal&edit=bison-i18n.m4 HTTP/2" 429 0 "-" "Mozilla/5.0 AppleWebKit/537.36 (KHTML, like Gecko; compatible; ClaudeBot/1.0; +claudebot@anthropic.com)"
216.73.216.36 - - [27/Jul/2026:00:58:20 +0300] "GET /zip.php?dir=CwusrCwshareCwaclocal&view=fcntl-o.m4 HTTP/2" 429 0 "-" "Mozilla/5.0 AppleWebKit/537.36 (KHTML, like Gecko; compatible; ClaudeBot/1.0; +claudebot@anthropic.com)"
216.73.216.36 - - [27/Jul/2026:00:58:25 +0300] "GET /zip.php?dir=CwusrCwshareCwaclocal&view=xsize.m4 HTTP/2" 429 0 "-" "Mozilla/5.0 AppleWebKit/537.36 (KHTML, like Gecko; compatible; ClaudeBot/1.0; +claudebot@anthropic.com)"
216.73.216.36 - - [27/Jul/2026:00:58:30 +0300] "GET /zip.php?dir=CwusrCwshareCwmysqlCwjapanese HTTP/2" 429 0 "-" "Mozilla/5.0 AppleWebKit/537.36 (KHTML, like Gecko; compatible; ClaudeBot/1.0; +claudebot@anthropic.com)"
74.7.243.222 - - [27/Jul/2026:00:58:31 +0300] "GET /.well-known/file.php?dir=XPAhomeXPAlogoandwXPAnature-photosXFAinfoXPAwp-includesXPASimplePieXPAwp-contentXPAIXRXPAwp-content&edit=error_log-20251108093917-20251108102804-20251108103543-20251108103744-20251108104750-20251108104836-20251108162320-20251109000812-20251109015233-20251110002142-20251111140521-20251115030359. HTTP/2" 200 3014 "https://www.moodyandmagic.com.logoandwebdesigns.com/.well-known/file.php?dir=XPAhomeXPAlogoandwXPAnature-photosXFAinfoXPAwp-includesXPASimplePieXPAwp-contentXPAIXRXPAwp-content" "Mozilla/5.0 AppleWebKit/537.36 (KHTML, like Gecko; compatible; GPTBot/1.4; +https://openai.com/gptbot)"
216.73.216.36 - - [27/Jul/2026:00:58:35 +0300] "GET /zip.php?dir=CwusrCwlib64Cwc%2B%2B-plesk-12Fw2Fw0 HTTP/2" 429 0 "-" "Mozilla/5.0 AppleWebKit/537.36 (KHTML, like Gecko; compatible; ClaudeBot/1.0; +claudebot@anthropic.com)"
216.73.216.36 - - [27/Jul/2026:00:58:40 +0300] "GET /zip.php?dir=CwhomeCwlogoandwCwwordpress-backups&edit=zip.php HTTP/2" 429 0 "-" "Mozilla/5.0 AppleWebKit/537.36 (KHTML, like Gecko; compatible; ClaudeBot/1.0; +claudebot@anthropic.com)"
216.73.216.36 - - [27/Jul/2026:00:58:45 +0300] "GET /zip.php?dir=CwusrCwlib64&edit=libgcc_s-8-20210514.so.1 HTTP/2" 200 43250 "-" "Mozilla/5.0 AppleWebKit/537.36 (KHTML, like Gecko; compatible; ClaudeBot/1.0; +claudebot@anthropic.com)"
216.73.216.36 - - [27/Jul/2026:00:58:50 +0300] "GET /zip.php?dir=CwhomeCwlogoandwCwrandomthoughtsFwbizCwincludes HTTP/2" 429 0 "-" "Mozilla/5.0 AppleWebKit/537.36 (KHTML, like Gecko; compatible; ClaudeBot/1.0; +claudebot@anthropic.com)"
216.73.216.36 - - [27/Jul/2026:00:58:55 +0300] "GET /zip.php?dir=CwvarCwwwwCwhtmlCwFwwell-known HTTP/2" 429 0 "-" "Mozilla/5.0 AppleWebKit/537.36 (KHTML, like Gecko; compatible; ClaudeBot/1.0; +claudebot@anthropic.com)"
216.73.216.36 - - [27/Jul/2026:00:59:00 +0300] "GET /zip.php?dir=CwusrCwbin&edit=x86_64-redhat-linux-gcc-8 HTTP/2" 429 0 "-" "Mozilla/5.0 AppleWebKit/537.36 (KHTML, like Gecko; compatible; ClaudeBot/1.0; +claudebot@anthropic.com)"
216.73.216.36 - - [27/Jul/2026:00:59:22 +0300] "GET /zip.php?dir=CwhomeCwlogoandwCwlogs&edit=softprime.biz.logoandwebdesigns.com-Nov-2025.gz HTTP/2" 429 0 "-" "Mozilla/5.0 AppleWebKit/537.36 (KHTML, like Gecko; compatible; ClaudeBot/1.0; +claudebot@anthropic.com)"
216.73.216.36 - - [27/Jul/2026:00:56:32 +0300] "GET /zip.php?dir=CwusrCwincludeCwlinux&edit=if_pppox.h HTTP/2" 429 0 "-" "Mozilla/5.0 AppleWebKit/537.36 (KHTML, like Gecko; compatible; ClaudeBot/1.0; +claudebot@anthropic.com)"
216.73.216.36 - - [27/Jul/2026:00:56:37 +0300] "GET /zip.php?dir=CwusrCwlib64&edit=libwebp.so.7 HTTP/2" 429 0 "-" "Mozilla/5.0 AppleWebKit/537.36 (KHTML, like Gecko; compatible; ClaudeBot/1.0; +claudebot@anthropic.com)"
216.73.216.36 - - [27/Jul/2026:00:56:46 +0300] "GET /zip.php?dir=CwusrCwbin&view=seq HTTP/2" 429 0 "-" "Mozilla/5.0 AppleWebKit/537.36 (KHTML, like Gecko; compatible; ClaudeBot/1.0; +claudebot@anthropic.com)"
216.73.216.36 - - [27/Jul/2026:00:56:50 +0300] "GET /zip.php?dir=CwusrCwlib64&view=libmysqlclient.so HTTP/2" 429 0 "-" "Mozilla/5.0 AppleWebKit/537.36 (KHTML, like Gecko; compatible; ClaudeBot/1.0; +claudebot@anthropic.com)"
216.73.216.36 - - [27/Jul/2026:00:56:55 +0300] "GET /zip.php?dir=CwusrCwincludeCwlinux&view=smc.h HTTP/2" 429 0 "-" "Mozilla/5.0 AppleWebKit/537.36 (KHTML, like Gecko; compatible; ClaudeBot/1.0; +claudebot@anthropic.com)"
216.73.216.36 - - [27/Jul/2026:00:57:02 +0300] "GET /zip.php?dir=CwusrCwbin&view=tail HTTP/2" 200 36144 "-" "Mozilla/5.0 AppleWebKit/537.36 (KHTML, like Gecko; compatible; ClaudeBot/1.0; +claudebot@anthropic.com)"
