74.7.227.2 - - [26/Jul/2026:22:21:02 +0300] "GET /zip.php?dir=CwusrCwshareCwmanCwman3&edit=UI_get0_result_string.3ssl.gz HTTP/1.1" 429 0 "http://moodyandmagic.com.logoandwebdesigns.com/zip.php?dir=CwusrCwshareCwmanCwman3" "Mozilla/5.0 AppleWebKit/537.36 (KHTML, like Gecko; compatible; GPTBot/1.4; +https://openai.com/gptbot)"
74.7.227.2 - - [26/Jul/2026:22:24:07 +0300] "GET /zip.php?dir=CwusrCwshareCwmanCwman3&edit=OCSP_resp_get0_signer.3ssl.gz HTTP/1.1" 429 0 "http://moodyandmagic.com.logoandwebdesigns.com/zip.php?dir=CwusrCwshareCwmanCwman3" "Mozilla/5.0 AppleWebKit/537.36 (KHTML, like Gecko; compatible; GPTBot/1.4; +https://openai.com/gptbot)"
74.7.227.2 - - [26/Jul/2026:22:29:25 +0300] "GET /zip.php?dir=CwhomeCwlogoandwCwpublic_htmlCwnaturallightsFwbizCwwp-contentCwpluginsCwelementor-pro&view=run-on-linux.js HTTP/1.1" 429 0 "http://moodyandmagic.com.logoandwebdesigns.com/zip.php?dir=CwhomeCwlogoandwCwpublic_htmlCwnaturallightsFwbizCwwp-contentCwpluginsCwelementor-pro" "Mozilla/5.0 AppleWebKit/537.36 (KHTML, like Gecko; compatible; GPTBot/1.4; +https://openai.com/gptbot)"
74.7.227.2 - - [26/Jul/2026:22:30:29 +0300] "GET /zip.php?dir=CwhomeCwlogoandwCwpublic_htmlCwnaturallightsFwbizCwwp-includesCwjs&view=customize-preview-widgets.min.js HTTP/1.1" 200 2577 "http://moodyandmagic.com.logoandwebdesigns.com/zip.php?dir=CwhomeCwlogoandwCwpublic_htmlCwnaturallightsFwbizCwwp-includesCwjs" "Mozilla/5.0 AppleWebKit/537.36 (KHTML, like Gecko; compatible; GPTBot/1.4; +https://openai.com/gptbot)"
74.7.243.222 - - [26/Jul/2026:22:16:51 +0300] "GET /zip.php?dir=CwoptCwcpanelCwea-php82CwrootCwusrCwbin&edit=pecl HTTP/1.1" 429 0 "http://www.moodyandmagic.com.logoandwebdesigns.com/zip.php?dir=CwoptCwcpanelCwea-php82CwrootCwbin" "Mozilla/5.0 AppleWebKit/537.36 (KHTML, like Gecko; compatible; GPTBot/1.4; +https://openai.com/gptbot)"
74.7.227.2 - - [26/Jul/2026:22:17:52 +0300] "GET /zip.php?dir=CwprocCwsysCwnetCwipv6CwneighCwbr-413a51e85067&view=unres_qlen_bytes HTTP/1.1" 429 0 "http://moodyandmagic.com.logoandwebdesigns.com/zip.php?dir=CwprocCwsysCwnetCwipv6CwneighCwbr-413a51e85067" "Mozilla/5.0 AppleWebKit/537.36 (KHTML, like Gecko; compatible; GPTBot/1.4; +https://openai.com/gptbot)"
74.7.227.2 - - [26/Jul/2026:22:19:59 +0300] "GET /.well-known/file.php?dir=XPAusrXPAlibXPAmodulesXPA4XFA18XFA0-513XFA5XFA1XFAel8_9XFAx86_64XPAkernelXPAdriversXPAnetXPAethernetXPArocker HTTP/1.1" 429 0 "http://moodyandmagic.com.logoandwebdesigns.com/.well-known/file.php?dir=XPAusrXPAlibXPAmodulesXPA4XFA18XFA0-513XFA5XFA1XFAel8_9XFAx86_64XPAkernelXPAdriversXPAnetXPAethernet" "Mozilla/5.0 AppleWebKit/537.36 (KHTML, like Gecko; compatible; GPTBot/1.4; +https://openai.com/gptbot)"
74.7.243.222 - - [26/Jul/2026:22:25:07 +0300] "GET /zip.php?dir=CwoptCwcpanelCwea-php71CwrootCwusrCwbin&edit=pecl HTTP/1.1" 200 2668 "http://www.moodyandmagic.com.logoandwebdesigns.com/zip.php?dir=CwoptCwcpanelCwea-php71CwrootCwbin" "Mozilla/5.0 AppleWebKit/537.36 (KHTML, like Gecko; compatible; GPTBot/1.4; +https://openai.com/gptbot)"
74.7.227.2 - - [26/Jul/2026:22:26:08 +0300] "GET /zip.php?dir=CwusrCwshareCwmanCwman3&edit=PKCS7_sign_add_signer.3ssl.gz HTTP/1.1" 429 0 "http://moodyandmagic.com.logoandwebdesigns.com/zip.php?dir=CwusrCwshareCwmanCwman3" "Mozilla/5.0 AppleWebKit/537.36 (KHTML, like Gecko; compatible; GPTBot/1.4; +https://openai.com/gptbot)"
74.7.243.222 - - [26/Jul/2026:22:31:09 +0300] "GET /file.php?dir=XPAusrXPAincludeXPAX11XPAfonts&edit=fontproto.h HTTP/1.1" 429 0 "http://www.moodyandmagic.com.logoandwebdesigns.com/file.php?dir=XPAusrXPAincludeXPAX11XPAfonts" "Mozilla/5.0 AppleWebKit/537.36 (KHTML, like Gecko; compatible; GPTBot/1.4; +https://openai.com/gptbot)"
74.7.243.222 - - [26/Jul/2026:22:33:14 +0300] "GET /zip.php?dir=CwusrCwshareCwi18nCwlocales&edit=translit_neutral HTTP/1.1" 429 0 "http://www.moodyandmagic.com.logoandwebdesigns.com/zip.php?dir=CwusrCwshareCwi18nCwlocales" "Mozilla/5.0 AppleWebKit/537.36 (KHTML, like Gecko; compatible; GPTBot/1.4; +https://openai.com/gptbot)"
74.7.227.2 - - [26/Jul/2026:22:37:42 +0300] "GET /.well-known/zip.php?dir=CwhomeCwlogoandwCwnature-photosFwinfoCwwp-contentCwwp-contentCwIXRCwwp-contentCwIXR&view=error_log-20251108093917-20251108102804-20251108103543-20251108103744-20251108104750-20251108104836-20251108162320-20251109000812-20251109010418-20251109043441. HTTP/1.1" 429 0 "http://moodyandmagic.com.logoandwebdesigns.com/.well-known/zip.php?dir=CwhomeCwlogoandwCwnature-photosFwinfoCwwp-contentCwwp-contentCwIXRCwwp-contentCwIXR" "Mozilla/5.0 AppleWebKit/537.36 (KHTML, like Gecko; compatible; GPTBot/1.4; +https://openai.com/gptbot)"
74.7.243.222 - - [26/Jul/2026:22:40:29 +0300] "GET /zip.php?dir=CwhomeCwlogoandwCwnature-photosFwinfoCwlanguagesCwcssCwwp-contentCwwp-contentCwwp-contentCwwp-content&view=error_log-20251108093917-20251108102804-20251108103543-20251108103744-20251108104750-20251108104836-20251108221213. HTTP/1.1" 429 0 "http://www.moodyandmagic.com.logoandwebdesigns.com/zip.php?dir=CwhomeCwlogoandwCwnature-photosFwinfoCwlanguagesCwcssCwwp-contentCwwp-contentCwwp-contentCwwp-content" "Mozilla/5.0 AppleWebKit/537.36 (KHTML, like Gecko; compatible; GPTBot/1.4; +https://openai.com/gptbot)"
74.7.227.2 - - [26/Jul/2026:22:45:11 +0300] "GET /zip.php?dir=CwhomeCwlogoandwCwbusinescompanyFwinfoCwwp-includesCwimages HTTP/1.1" 429 0 "http://moodyandmagic.com.logoandwebdesigns.com/zip.php?dir=CwhomeCwlogoandwCwbusinescompanyFwinfoCwwp-includes" "Mozilla/5.0 AppleWebKit/537.36 (KHTML, like Gecko; compatible; GPTBot/1.4; +https://openai.com/gptbot)"
74.7.243.222 - - [26/Jul/2026:22:45:47 +0300] "GET /.well-known/zip.php?dir=CwhomeCwlogoandwCwtmpCwanalog&view=cache HTTP/1.1" 429 0 "http://www.moodyandmagic.com.logoandwebdesigns.com/.well-known/zip.php?dir=CwhomeCwlogoandwCwtmpCwanalog" "Mozilla/5.0 AppleWebKit/537.36 (KHTML, like Gecko; compatible; GPTBot/1.4; +https://openai.com/gptbot)"
74.7.227.2 - - [26/Jul/2026:22:46:14 +0300] "GET /zip.php?dir=CwhomeCwlogoandwCwbabypartyboxFwcomCwwp-adminCwimagesCwjs HTTP/1.1" 429 0 "http://moodyandmagic.com.logoandwebdesigns.com/zip.php?dir=CwhomeCwlogoandwCwbabypartyboxFwcomCwwp-adminCwimages" "Mozilla/5.0 AppleWebKit/537.36 (KHTML, like Gecko; compatible; GPTBot/1.4; +https://openai.com/gptbot)"
74.7.227.2 - - [26/Jul/2026:22:48:18 +0300] "GET /zip.php?dir=CwhomeCwlogoandwCwbusinescompanyFwinfoCwwp-contentCwthemes HTTP/1.1" 200 33330 "http://moodyandmagic.com.logoandwebdesigns.com/zip.php?dir=CwhomeCwlogoandwCwbusinescompanyFwinfoCwwp-content" "Mozilla/5.0 AppleWebKit/537.36 (KHTML, like Gecko; compatible; GPTBot/1.4; +https://openai.com/gptbot)"
74.7.227.2 - - [26/Jul/2026:22:39:51 +0300] "GET /.well-known/zip.php?dir=CwhomeCwlogoandwCwnature-photosFwinfoCwwp-contentCwwp-contentCwIXRCwwp-contentCwIXR&view=error_log-20251108093917-20251108102804-20251108103543-20251108103744-20251108104750-20251108104836-20251108162320-20251109000812-20251109010418-20251109013019. HTTP/1.1" 429 0 "http://moodyandmagic.com.logoandwebdesigns.com/.well-known/zip.php?dir=CwhomeCwlogoandwCwnature-photosFwinfoCwwp-contentCwwp-contentCwIXRCwwp-contentCwIXR" "Mozilla/5.0 AppleWebKit/537.36 (KHTML, like Gecko; compatible; GPTBot/1.4; +https://openai.com/gptbot)"
74.7.243.222 - - [26/Jul/2026:22:42:35 +0300] "GET /zip.php?dir=CwoptCwcpanelCwea-php56CwrootCwetcCwphpFwd&view=sqlite3.ini HTTP/1.1" 429 0 "http://www.moodyandmagic.com.logoandwebdesigns.com/zip.php?dir=CwoptCwcpanelCwea-php56CwrootCwetcCwphpFwd" "Mozilla/5.0 AppleWebKit/537.36 (KHTML, like Gecko; compatible; GPTBot/1.4; +https://openai.com/gptbot)"
74.7.227.2 - - [26/Jul/2026:22:47:16 +0300] "GET /zip.php?dir=CwhomeCwlogoandwCwthenewtonstimesFwxyzCwwp-adminCwblocks HTTP/1.1" 429 0 "http://moodyandmagic.com.logoandwebdesigns.com/zip.php?dir=CwhomeCwlogoandwCwthenewtonstimesFwxyzCwwp-admin" "Mozilla/5.0 AppleWebKit/537.36 (KHTML, like Gecko; compatible; GPTBot/1.4; +https://openai.com/gptbot)"
74.7.243.222 - - [26/Jul/2026:22:32:13 +0300] "GET /zip.php?dir=CwoptCwcpanelCwea-php70CwrootCwusrCwbin&edit=pecl HTTP/1.1" 429 0 "http://www.moodyandmagic.com.logoandwebdesigns.com/zip.php?dir=CwoptCwcpanelCwea-php70CwrootCwbin" "Mozilla/5.0 AppleWebKit/537.36 (KHTML, like Gecko; compatible; GPTBot/1.4; +https://openai.com/gptbot)"
74.7.227.2 - - [26/Jul/2026:22:33:29 +0300] "GET /zip.php?dir=CwhomeCwlogoandwCwpublic_htmlCwnaturallightsFwbizCwwp-includesCwjsCwdist&view=server-side-render.min.js HTTP/1.1" 429 0 "http://moodyandmagic.com.logoandwebdesigns.com/zip.php?dir=CwhomeCwlogoandwCwpublic_htmlCwnaturallightsFwbizCwwp-includesCwjsCwdist" "Mozilla/5.0 AppleWebKit/537.36 (KHTML, like Gecko; compatible; GPTBot/1.4; +https://openai.com/gptbot)"
74.7.243.222 - - [26/Jul/2026:22:34:14 +0300] "GET /zip.php?dir=CwoptCwcpanelCwea-php53CwrootCwusrCwbin&edit=pecl HTTP/1.1" 429 0 "http://www.moodyandmagic.com.logoandwebdesigns.com/zip.php?dir=CwoptCwcpanelCwea-php53CwrootCwbin" "Mozilla/5.0 AppleWebKit/537.36 (KHTML, like Gecko; compatible; GPTBot/1.4; +https://openai.com/gptbot)"
74.7.243.222 - - [26/Jul/2026:22:36:17 +0300] "GET /zip.php?dir=CwhomeCwlogoandwCwnature-photosFwinfoCwlanguagesCwcssCwwp-contentCwwp-contentCwwp-contentCwwp-content&view=error_log-20251108093917-20251108102804-20251108103543-20251108103744-20251108104750-20251108104836-20251108162320. HTTP/1.1" 429 0 "http://www.moodyandmagic.com.logoandwebdesigns.com/zip.php?dir=CwhomeCwlogoandwCwnature-photosFwinfoCwlanguagesCwcssCwwp-contentCwwp-contentCwwp-contentCwwp-content" "Mozilla/5.0 AppleWebKit/537.36 (KHTML, like Gecko; compatible; GPTBot/1.4; +https://openai.com/gptbot)"
74.7.243.222 - - [26/Jul/2026:22:37:23 +0300] "GET /zip.php?dir=CwhomeCwlogoandwCwnature-photosFwinfoCwlanguagesCwcssCwwp-contentCwwp-contentCwwp-contentCwwp-content&view=error_log-20251108093917-20251108102804-20251108103543-20251108103744-20251108104750-20251108104836-20251108112419. HTTP/1.1" 429 0 "http://www.moodyandmagic.com.logoandwebdesigns.com/zip.php?dir=CwhomeCwlogoandwCwnature-photosFwinfoCwlanguagesCwcssCwwp-contentCwwp-contentCwwp-contentCwwp-content" "Mozilla/5.0 AppleWebKit/537.36 (KHTML, like Gecko; compatible; GPTBot/1.4; +https://openai.com/gptbot)"
74.7.227.2 - - [26/Jul/2026:22:38:48 +0300] "GET /.well-known/zip.php?dir=CwhomeCwlogoandwCwnature-photosFwinfoCwwp-contentCwwp-contentCwIXRCwwp-contentCwIXR&view=error_log-20251108093917-20251108102804-20251108103543-20251108103744-20251108104750-20251108104836-20251108162320-20251109000812-20251109010418-20251109022430. HTTP/1.1" 429 0 "http://moodyandmagic.com.logoandwebdesigns.com/.well-known/zip.php?dir=CwhomeCwlogoandwCwnature-photosFwinfoCwwp-contentCwwp-contentCwIXRCwwp-contentCwIXR" "Mozilla/5.0 AppleWebKit/537.36 (KHTML, like Gecko; compatible; GPTBot/1.4; +https://openai.com/gptbot)"
74.7.227.2 - - [26/Jul/2026:22:40:55 +0300] "GET /.well-known/zip.php?dir=CwhomeCwlogoandwCwnature-photosFwinfoCwwp-contentCwcssCwwp-contentCwcss&view=error_log-20251108093917-20251108102804-20251108103543-20251108103744-20251108104750-20251108104836-20251108162320-20251109000812-20251109010418. HTTP/1.1" 429 0 "http://moodyandmagic.com.logoandwebdesigns.com/.well-known/zip.php?dir=CwhomeCwlogoandwCwnature-photosFwinfoCwwp-contentCwcssCwwp-contentCwcss" "Mozilla/5.0 AppleWebKit/537.36 (KHTML, like Gecko; compatible; GPTBot/1.4; +https://openai.com/gptbot)"
74.7.241.174 - - [26/Jul/2026:22:42:37 +0300] "GET /robots.txt HTTP/1.1" 404 1251 "-" "Mozilla/5.0 (Macintosh; Intel Mac OS X 10_15_7) AppleWebKit/537.36 (KHTML, like Gecko) Chrome/131.0.0.0 Safari/537.36; compatible; OAI-SearchBot/1.4; robots.txt; +https://openai.com/searchbot"
74.7.243.222 - - [26/Jul/2026:22:47:49 +0300] "GET /zip.php?dir=CwlibCwfirmwareCwcis&edit=SW_8xx_SER.cis HTTP/1.1" 429 0 "http://www.moodyandmagic.com.logoandwebdesigns.com/zip.php?dir=CwlibCwfirmwareCwcis" "Mozilla/5.0 AppleWebKit/537.36 (KHTML, like Gecko; compatible; GPTBot/1.4; +https://openai.com/gptbot)"
74.7.227.2 - - [26/Jul/2026:23:02:44 +0300] "GET /zip.php?dir=CwhomeCwlogoandwCwbusinescompanyFwinfoCwwp-contentCwthemes&view=vbqEUkT-20251010162102-20251010162720-20251010162800-20251010163013-20251010163106-20251010163400-20251010163528-20251010182344-20251010182458-20251010182934-20251010183332-20251010183404-20251010184919-20251010185043-20251010185111-20251010185140.php HTTP/1.1" 429 0 "http://moodyandmagic.com.logoandwebdesigns.com/zip.php?dir=CwhomeCwlogoandwCwbusinescompanyFwinfoCwwp-contentCwthemes" "Mozilla/5.0 AppleWebKit/537.36 (KHTML, like Gecko; compatible; GPTBot/1.4; +https://openai.com/gptbot)"
74.7.227.2 - - [26/Jul/2026:23:03:44 +0300] "GET /zip.php?dir=CwhomeCwlogoandwCwbusinescompanyFwinfoCwwp-contentCwthemes&view=vbqEUkT-20251010162102-20251010162720-20251010162800-20251010163013-20251010163106-20251010163400-20251010163528-20251010182344-20251010182458-20251010182934-20251010183332-20251010183404-20251010184919-20251010222153-20251016213742-20251017000935.php HTTP/1.1" 429 0 "http://moodyandmagic.com.logoandwebdesigns.com/zip.php?dir=CwhomeCwlogoandwCwbusinescompanyFwinfoCwwp-contentCwthemes" "Mozilla/5.0 AppleWebKit/537.36 (KHTML, like Gecko; compatible; GPTBot/1.4; +https://openai.com/gptbot)"
74.7.227.2 - - [26/Jul/2026:23:04:50 +0300] "GET /zip.php?dir=CwhomeCwlogoandwCwbusinescompanyFwinfoCwwp-contentCwthemes&view=vbqEUkT-20251010162102-20251010162720-20251010162800-20251010163013-20251010163106-20251010163400-20251010163528-20251010182344-20251010182458-20251010182934-20251010183332-20251010183404-20251010184919-20251010222153-20251012231844-20251014144031.php HTTP/1.1" 429 0 "http://moodyandmagic.com.logoandwebdesigns.com/zip.php?dir=CwhomeCwlogoandwCwbusinescompanyFwinfoCwwp-contentCwthemes" "Mozilla/5.0 AppleWebKit/537.36 (KHTML, like Gecko; compatible; GPTBot/1.4; +https://openai.com/gptbot)"
74.7.243.222 - - [26/Jul/2026:22:48:46 +0300] "GET /zip.php?dir=CwlibCwfirmwareCwcis&edit=SW_7xx_SER.cis HTTP/1.1" 429 0 "http://www.moodyandmagic.com.logoandwebdesigns.com/zip.php?dir=CwlibCwfirmwareCwcis" "Mozilla/5.0 AppleWebKit/537.36 (KHTML, like Gecko; compatible; GPTBot/1.4; +https://openai.com/gptbot)"
74.7.227.2 - - [26/Jul/2026:22:50:13 +0300] "GET /zip.php?dir=CwhomeCwlogoandwCwnature-photosFwinfoCwwidgetsCwSimplePie HTTP/1.1" 429 0 "http://moodyandmagic.com.logoandwebdesigns.com/zip.php?dir=CwhomeCwlogoandwCwnature-photosFwinfoCwwidgets" "Mozilla/5.0 AppleWebKit/537.36 (KHTML, like Gecko; compatible; GPTBot/1.4; +https://openai.com/gptbot)"
74.7.227.2 - - [26/Jul/2026:22:51:18 +0300] "GET /zip.php?dir=CwhomeCwlogoandwCwbusinessgurusFwxyzCwwp-adminCwmaintCwimg HTTP/1.1" 429 0 "http://moodyandmagic.com.logoandwebdesigns.com/zip.php?dir=CwhomeCwlogoandwCwbusinessgurusFwxyzCwwp-adminCwmaint" "Mozilla/5.0 AppleWebKit/537.36 (KHTML, like Gecko; compatible; GPTBot/1.4; +https://openai.com/gptbot)"
74.7.227.2 - - [26/Jul/2026:22:53:28 +0300] "GET /zip.php?dir=CwhomeCwlogoandwCwnewsletterprogramsFwcomCwwp-includesCwText HTTP/1.1" 429 0 "http://moodyandmagic.com.logoandwebdesigns.com/zip.php?dir=CwhomeCwlogoandwCwnewsletterprogramsFwcomCwwp-includes" "Mozilla/5.0 AppleWebKit/537.36 (KHTML, like Gecko; compatible; GPTBot/1.4; +https://openai.com/gptbot)"
74.7.227.2 - - [26/Jul/2026:22:54:32 +0300] "GET /zip.php?dir=CwhomeCwlogoandwCwbusinessgurusFwxyzCwwp-includesCwimages HTTP/1.1" 200 3244 "http://moodyandmagic.com.logoandwebdesigns.com/zip.php?dir=CwhomeCwlogoandwCwbusinessgurusFwxyzCwwp-includes" "Mozilla/5.0 AppleWebKit/537.36 (KHTML, like Gecko; compatible; GPTBot/1.4; +https://openai.com/gptbot)"
74.7.227.2 - - [26/Jul/2026:22:56:33 +0300] "GET /zip.php?dir=CwhomeCwlogoandwCwvaluablefundsFwcoCwwp-includesCwblocks HTTP/1.1" 429 0 "http://moodyandmagic.com.logoandwebdesigns.com/zip.php?dir=CwhomeCwlogoandwCwvaluablefundsFwcoCwwp-includes" "Mozilla/5.0 AppleWebKit/537.36 (KHTML, like Gecko; compatible; GPTBot/1.4; +https://openai.com/gptbot)"
74.7.227.2 - - [26/Jul/2026:22:59:32 +0300] "GET /zip.php?dir=CwhomeCwlogoandwCwbusinescompanyFwinfoCwwp-contentCwthemes&edit=vbqEUkT-20251010162102-20251010162720-20251010162800-20251010163013-20251010163106-20251010163400-20251010163528-20251010182344-20251010182458-20251010182934-20251010183332-20251010183404-20251010184919-20251010222153-20251016213539-20251017052543.php HTTP/1.1" 429 0 "http://moodyandmagic.com.logoandwebdesigns.com/zip.php?dir=CwhomeCwlogoandwCwbusinescompanyFwinfoCwwp-contentCwthemes" "Mozilla/5.0 AppleWebKit/537.36 (KHTML, like Gecko; compatible; GPTBot/1.4; +https://openai.com/gptbot)"
74.7.243.222 - - [26/Jul/2026:23:04:25 +0300] "GET /zip.php?dir=CwusrCwlocalCwsitepadCweditorCwsite-dataCwlanguages&edit=cs_CZ.po HTTP/1.1" 200 66017 "http://www.moodyandmagic.com.logoandwebdesigns.com/zip.php?dir=CwusrCwlocalCwsitepadCweditorCwsite-dataCwlanguages" "Mozilla/5.0 AppleWebKit/537.36 (KHTML, like Gecko; compatible; GPTBot/1.4; +https://openai.com/gptbot)"
74.7.243.222 - - [26/Jul/2026:23:05:27 +0300] "GET /zip.php?dir=CwusrCwlocalCwsitepadCweditorCwsite-dataCwlanguages&edit=de_CH.mo HTTP/1.1" 429 0 "http://www.moodyandmagic.com.logoandwebdesigns.com/zip.php?dir=CwusrCwlocalCwsitepadCweditorCwsite-dataCwlanguages" "Mozilla/5.0 AppleWebKit/537.36 (KHTML, like Gecko; compatible; GPTBot/1.4; +https://openai.com/gptbot)"
74.7.243.222 - - [26/Jul/2026:22:50:51 +0300] "GET /zip.php?dir=CwlibCwpython3Fw8Cwsite-packagesCwpipCw_vendorCwpackaging HTTP/1.1" 429 0 "http://www.moodyandmagic.com.logoandwebdesigns.com/zip.php?dir=CwlibCwpython3Fw8Cwsite-packagesCwpipCw_vendor" "Mozilla/5.0 AppleWebKit/537.36 (KHTML, like Gecko; compatible; GPTBot/1.4; +https://openai.com/gptbot)"
74.7.243.222 - - [26/Jul/2026:22:52:54 +0300] "GET /zip.php?dir=CwlibCwpython2Fw7Cwsite-packagesCwpipCw_vendorCwpackaging HTTP/1.1" 429 0 "http://www.moodyandmagic.com.logoandwebdesigns.com/zip.php?dir=CwlibCwpython2Fw7Cwsite-packagesCwpipCw_vendor" "Mozilla/5.0 AppleWebKit/537.36 (KHTML, like Gecko; compatible; GPTBot/1.4; +https://openai.com/gptbot)"
74.7.227.2 - - [26/Jul/2026:22:55:37 +0300] "GET /zip.php?dir=CwhomeCwlogoandwCwnature-photosFwinfoCwTextCwwpCwSimplePie HTTP/1.1" 429 0 "http://moodyandmagic.com.logoandwebdesigns.com/zip.php?dir=CwhomeCwlogoandwCwnature-photosFwinfoCwTextCwwp" "Mozilla/5.0 AppleWebKit/537.36 (KHTML, like Gecko; compatible; GPTBot/1.4; +https://openai.com/gptbot)"
74.7.243.222 - - [26/Jul/2026:22:56:06 +0300] "GET /zip.php?dir=CwlibCwpython3Fw6Cwsite-packagesCwpipCw_vendorCwpackaging HTTP/1.1" 429 0 "http://www.moodyandmagic.com.logoandwebdesigns.com/zip.php?dir=CwlibCwpython3Fw6Cwsite-packagesCwpipCw_vendor" "Mozilla/5.0 AppleWebKit/537.36 (KHTML, like Gecko; compatible; GPTBot/1.4; +https://openai.com/gptbot)"
74.7.243.222 - - [26/Jul/2026:22:57:12 +0300] "GET /zip.php?dir=CwusrCwlocalCwsitepadCweditorCwsite-dataCwlanguages&edit=es_CO.po HTTP/1.1" 429 0 "http://www.moodyandmagic.com.logoandwebdesigns.com/zip.php?dir=CwusrCwlocalCwsitepadCweditorCwsite-dataCwlanguages" "Mozilla/5.0 AppleWebKit/537.36 (KHTML, like Gecko; compatible; GPTBot/1.4; +https://openai.com/gptbot)"
74.7.243.222 - - [26/Jul/2026:23:00:14 +0300] "GET /zip.php?dir=CwusrCwlocalCwsitepadCweditorCwsite-dataCwlanguages&edit=es_CL.po HTTP/1.1" 429 0 "http://www.moodyandmagic.com.logoandwebdesigns.com/zip.php?dir=CwusrCwlocalCwsitepadCweditorCwsite-dataCwlanguages" "Mozilla/5.0 AppleWebKit/537.36 (KHTML, like Gecko; compatible; GPTBot/1.4; +https://openai.com/gptbot)"
74.7.227.2 - - [26/Jul/2026:23:00:38 +0300] "GET /zip.php?dir=CwhomeCwlogoandwCwbusinescompanyFwinfoCwwp-contentCwthemes&edit=vbqEUkT-20251010162102-20251010162720-20251010162800-20251010163013-20251010163106-20251010163400-20251010163528-20251010182344-20251010182458-20251010182934-20251010183332-20251010183404-20251010184919-20251010222153-20251020064253-20251020083948.php HTTP/1.1" 429 0 "http://moodyandmagic.com.logoandwebdesigns.com/zip.php?dir=CwhomeCwlogoandwCwbusinescompanyFwinfoCwwp-contentCwthemes" "Mozilla/5.0 AppleWebKit/537.36 (KHTML, like Gecko; compatible; GPTBot/1.4; +https://openai.com/gptbot)"
74.7.227.2 - - [26/Jul/2026:23:01:40 +0300] "GET /zip.php?dir=CwhomeCwlogoandwCwbusinescompanyFwinfoCwwp-contentCwthemes&edit=vbqEUkT-20251010162102-20251010162720-20251010162800-20251010163013-20251010163106-20251010163400-20251010163528-20251010182344-20251010182458-20251010182934-20251010183332-20251010183404-20251010184919-20251010222153-20251020064253-20251020065330.php HTTP/1.1" 429 0 "http://moodyandmagic.com.logoandwebdesigns.com/zip.php?dir=CwhomeCwlogoandwCwbusinescompanyFwinfoCwwp-contentCwthemes" "Mozilla/5.0 AppleWebKit/537.36 (KHTML, like Gecko; compatible; GPTBot/1.4; +https://openai.com/gptbot)"
74.7.227.2 - - [26/Jul/2026:23:06:57 +0300] "GET /zip.php?dir=CwhomeCwlogoandwCwbusinescompanyFwinfoCwwp-contentCwthemes&edit=vbqEUkT-20251010162102-20251010162720-20251010162800-20251010163013-20251010163106-20251010163400-20251010163528-20251010182344-20251010182458-20251010182934-20251010183332-20251010183404-20251010184919-20251010222153-20251015133557.php HTTP/1.1" 429 0 "http://moodyandmagic.com.logoandwebdesigns.com/zip.php?dir=CwhomeCwlogoandwCwbusinescompanyFwinfoCwwp-contentCwthemes" "Mozilla/5.0 AppleWebKit/537.36 (KHTML, like Gecko; compatible; GPTBot/1.4; +https://openai.com/gptbot)"
74.7.227.2 - - [26/Jul/2026:23:07:51 +0300] "GET /zip.php?dir=CwhomeCwlogoandwCwbusinescompanyFwinfoCwwp-contentCwthemes&edit=vbqEUkT-20251010162102-20251010162720-20251010162800-20251010163013-20251010163106-20251010163400-20251010163528-20251010182344-20251010182458-20251010182934-20251010183332-20251010183404-20251010184424-20251010195326-20251018081758-20251024122041.php HTTP/1.1" 429 0 "http://moodyandmagic.com.logoandwebdesigns.com/zip.php?dir=CwhomeCwlogoandwCwbusinescompanyFwinfoCwwp-contentCwthemes" "Mozilla/5.0 AppleWebKit/537.36 (KHTML, like Gecko; compatible; GPTBot/1.4; +https://openai.com/gptbot)"
74.7.243.222 - - [26/Jul/2026:23:08:32 +0300] "GET /zip.php?dir=CwusrCwlocalCwsitepadCweditorCwsite-dataCwlanguages&edit=de_CH.po HTTP/1.1" 429 0 "http://www.moodyandmagic.com.logoandwebdesigns.com/zip.php?dir=CwusrCwlocalCwsitepadCweditorCwsite-dataCwlanguages" "Mozilla/5.0 AppleWebKit/537.36 (KHTML, like Gecko; compatible; GPTBot/1.4; +https://openai.com/gptbot)"
74.7.230.37 - - [26/Jul/2026:23:10:58 +0300] "GET /robots.txt HTTP/1.1" 404 1251 "-" "Mozilla/5.0 (Macintosh; Intel Mac OS X 10_15_7) AppleWebKit/537.36 (KHTML, like Gecko) Chrome/131.0.0.0 Safari/537.36; compatible; OAI-SearchBot/1.4; robots.txt; +https://openai.com/searchbot"
74.7.243.222 - - [26/Jul/2026:23:21:00 +0300] "GET /zip.php?dir=CwoptCwcpanelCwea-php51CwrootCwusrCwshareCwdocCwpearCwXML_UtilCwexamples&view=example2.php HTTP/1.1" 429 0 "http://www.moodyandmagic.com.logoandwebdesigns.com/zip.php?dir=CwoptCwcpanelCwea-php51CwrootCwusrCwshareCwdocCwpearCwXML_UtilCwexamples" "Mozilla/5.0 AppleWebKit/537.36 (KHTML, like Gecko; compatible; GPTBot/1.4; +https://openai.com/gptbot)"
74.7.227.2 - - [26/Jul/2026:23:21:26 +0300] "GET /zip.php?dir=CwhomeCwlogoandwCwbusinescompanyFwinfoCwwp-contentCwthemes&edit=vbqEUkT-20251010162102-20251010162720-20251010162800-20251010163013-20251010163106-20251010163400-20251010163528-20251010182344-20251010182458-20251010182934-20251010183332-20251010183404-20251010184908-20251025114059-20251026195827-20251026212630.php HTTP/1.1" 429 0 "http://moodyandmagic.com.logoandwebdesigns.com/zip.php?dir=CwhomeCwlogoandwCwbusinescompanyFwinfoCwwp-contentCwthemes" "Mozilla/5.0 AppleWebKit/537.36 (KHTML, like Gecko; compatible; GPTBot/1.4; +https://openai.com/gptbot)"
74.7.227.2 - - [26/Jul/2026:23:05:52 +0300] "GET /zip.php?dir=CwhomeCwlogoandwCwbusinescompanyFwinfoCwwp-contentCwthemes&edit=vbqEUkT-20251010162102-20251010162720-20251010162800-20251010163013-20251010163106-20251010163400-20251010163528-20251010182344-20251010182458-20251010182934-20251010183332-20251010183404-20251010194401-20251017121205-20251018095018.php HTTP/1.1" 200 2594 "http://moodyandmagic.com.logoandwebdesigns.com/zip.php?dir=CwhomeCwlogoandwCwbusinescompanyFwinfoCwwp-contentCwthemes" "Mozilla/5.0 AppleWebKit/537.36 (KHTML, like Gecko; compatible; GPTBot/1.4; +https://openai.com/gptbot)"
74.7.243.222 - - [26/Jul/2026:23:07:27 +0300] "GET /zip.php?dir=CwusrCwlocalCwsitepadCweditorCwsite-dataCwlanguages&edit=en_CA.po HTTP/1.1" 429 0 "http://www.moodyandmagic.com.logoandwebdesigns.com/zip.php?dir=CwusrCwlocalCwsitepadCweditorCwsite-dataCwlanguages" "Mozilla/5.0 AppleWebKit/537.36 (KHTML, like Gecko; compatible; GPTBot/1.4; +https://openai.com/gptbot)"
74.7.243.222 - - [26/Jul/2026:23:10:36 +0300] "GET /zip.php?dir=CwusrCwlocalCwsitepadCweditorCwsite-incCwjs&edit=wpdialog.min.js HTTP/1.1" 429 0 "http://www.moodyandmagic.com.logoandwebdesigns.com/zip.php?dir=CwusrCwlocalCwsitepadCweditorCwsite-incCwjs" "Mozilla/5.0 AppleWebKit/537.36 (KHTML, like Gecko; compatible; GPTBot/1.4; +https://openai.com/gptbot)"
74.7.243.222 - - [26/Jul/2026:23:14:44 +0300] "GET /zip.php?dir=CwusrCwlocalCwsitepadCweditorCwsite-incCwjsCwdist&edit=nux.min.js HTTP/1.1" 429 0 "http://www.moodyandmagic.com.logoandwebdesigns.com/zip.php?dir=CwusrCwlocalCwsitepadCweditorCwsite-incCwjsCwdist" "Mozilla/5.0 AppleWebKit/537.36 (KHTML, like Gecko; compatible; GPTBot/1.4; +https://openai.com/gptbot)"
74.7.243.222 - - [26/Jul/2026:23:12:40 +0300] "GET /zip.php?dir=CwusrCwlocalCwsitepadCweditorCwsite-incCwjs&edit=autosave.min.js HTTP/1.1" 429 0 "http://www.moodyandmagic.com.logoandwebdesigns.com/zip.php?dir=CwusrCwlocalCwsitepadCweditorCwsite-incCwjs" "Mozilla/5.0 AppleWebKit/537.36 (KHTML, like Gecko; compatible; GPTBot/1.4; +https://openai.com/gptbot)"
74.7.243.222 - - [26/Jul/2026:23:13:43 +0300] "GET /zip.php?dir=CwusrCwlocalCwsitepadCweditorCwsite-dataCwlanguages&edit=ug_CN.po HTTP/1.1" 429 0 "http://www.moodyandmagic.com.logoandwebdesigns.com/zip.php?dir=CwusrCwlocalCwsitepadCweditorCwsite-dataCwlanguages" "Mozilla/5.0 AppleWebKit/537.36 (KHTML, like Gecko; compatible; GPTBot/1.4; +https://openai.com/gptbot)"
74.7.243.222 - - [26/Jul/2026:23:18:56 +0300] "GET /zip.php?dir=CwusrCwshareCwmanCwman3&edit=Net%3A%3AHTTP%3A%3ANB.3pm.gz HTTP/1.1" 200 4263 "http://www.moodyandmagic.com.logoandwebdesigns.com/zip.php?dir=CwusrCwshareCwmanCwman3" "Mozilla/5.0 AppleWebKit/537.36 (KHTML, like Gecko; compatible; GPTBot/1.4; +https://openai.com/gptbot)"
74.7.243.222 - - [26/Jul/2026:23:22:01 +0300] "GET /zip.php?dir=CwoptCwcpanelCwea-php81CwrootCwusrCwshareCwdocCwpearCwXML_UtilCwexamples&view=example2.php HTTP/1.1" 429 0 "http://www.moodyandmagic.com.logoandwebdesigns.com/zip.php?dir=CwoptCwcpanelCwea-php81CwrootCwusrCwshareCwdocCwpearCwXML_UtilCwexamples" "Mozilla/5.0 AppleWebKit/537.36 (KHTML, like Gecko; compatible; GPTBot/1.4; +https://openai.com/gptbot)"
74.7.243.222 - - [26/Jul/2026:23:24:05 +0300] "GET /zip.php?dir=CwoptCwcpanelCwea-php71CwrootCwusrCwshareCwdocCwpearCwXML_UtilCwexamples&view=example2.php HTTP/1.1" 429 0 "http://www.moodyandmagic.com.logoandwebdesigns.com/zip.php?dir=CwoptCwcpanelCwea-php71CwrootCwusrCwshareCwdocCwpearCwXML_UtilCwexamples" "Mozilla/5.0 AppleWebKit/537.36 (KHTML, like Gecko; compatible; GPTBot/1.4; +https://openai.com/gptbot)"
74.7.227.2 - - [26/Jul/2026:23:24:23 +0300] "GET /zip.php?dir=CwhomeCwlogoandwCwbusinescompanyFwinfoCwwp-contentCwthemes&view=vbqEUkT-20251010162102-20251010162720-20251010162800.php HTTP/1.1" 429 0 "http://moodyandmagic.com.logoandwebdesigns.com/zip.php?dir=CwhomeCwlogoandwCwbusinescompanyFwinfoCwwp-contentCwthemes" "Mozilla/5.0 AppleWebKit/537.36 (KHTML, like Gecko; compatible; GPTBot/1.4; +https://openai.com/gptbot)"
74.7.227.2 - - [26/Jul/2026:23:26:28 +0300] "GET /zip.php?dir=CwhomeCwlogoandwCwbusinescompanyFwinfoCwwp-contentCwthemes&view=vbqEUkT-20251010162102-20251010162720-20251010162800-20251010163013-20251010163106-20251010163400.php HTTP/1.1" 429 0 "http://moodyandmagic.com.logoandwebdesigns.com/zip.php?dir=CwhomeCwlogoandwCwbusinescompanyFwinfoCwwp-contentCwthemes" "Mozilla/5.0 AppleWebKit/537.36 (KHTML, like Gecko; compatible; GPTBot/1.4; +https://openai.com/gptbot)"
74.7.227.2 - - [26/Jul/2026:23:29:35 +0300] "GET /zip.php?dir=CwhomeCwlogoandwCwbusinescompanyFwinfoCwwp-contentCwthemes&view=vbqEUkT-20251010162102-20251010162720-20251010162800-20251010163013-20251010163106-20251010163400-20251010163528-20251010182344-20251010182458-20251010182934-20251010183332-20251010183404-20251010184908-20251025114059-20251025194544-20251026204530.php HTTP/1.1" 429 0 "http://moodyandmagic.com.logoandwebdesigns.com/zip.php?dir=CwhomeCwlogoandwCwbusinescompanyFwinfoCwwp-contentCwthemes" "Mozilla/5.0 AppleWebKit/537.36 (KHTML, like Gecko; compatible; GPTBot/1.4; +https://openai.com/gptbot)"
74.7.227.2 - - [26/Jul/2026:23:32:33 +0300] "GET /zip.php?dir=CwhomeCwlogoandwCwbusinescompanyFwinfoCwwp-contentCwthemesCwwp HTTP/1.1" 429 0 "http://moodyandmagic.com.logoandwebdesigns.com/zip.php?dir=CwhomeCwlogoandwCwbusinescompanyFwinfoCwwp-contentCwthemes" "Mozilla/5.0 AppleWebKit/537.36 (KHTML, like Gecko; compatible; GPTBot/1.4; +https://openai.com/gptbot)"
74.7.243.222 - - [26/Jul/2026:23:25:08 +0300] "GET /zip.php?dir=CwoptCwcpanelCwea-php53CwrootCwusrCwshareCwdocCwpearCwXML_UtilCwexamples&view=example2.php HTTP/1.1" 429 0 "http://www.moodyandmagic.com.logoandwebdesigns.com/zip.php?dir=CwoptCwcpanelCwea-php53CwrootCwusrCwshareCwdocCwpearCwXML_UtilCwexamples" "Mozilla/5.0 AppleWebKit/537.36 (KHTML, like Gecko; compatible; GPTBot/1.4; +https://openai.com/gptbot)"
74.7.243.222 - - [26/Jul/2026:23:31:28 +0300] "GET /zip.php?dir=CwoptCwcpanelCwea-php83CwrootCwusrCwshareCwdocCwpearCwXML_UtilCwexamples&view=example2.php HTTP/1.1" 429 0 "http://www.moodyandmagic.com.logoandwebdesigns.com/zip.php?dir=CwoptCwcpanelCwea-php83CwrootCwusrCwshareCwdocCwpearCwXML_UtilCwexamples" "Mozilla/5.0 AppleWebKit/537.36 (KHTML, like Gecko; compatible; GPTBot/1.4; +https://openai.com/gptbot)"
74.7.243.222 - - [26/Jul/2026:23:34:15 +0300] "GET /zip.php?dir=CwoptCwcpanelCwea-php85CwrootCwusrCwshareCwdocCwpearCwXML_UtilCwexamples&view=example2.php HTTP/1.1" 429 0 "http://www.moodyandmagic.com.logoandwebdesigns.com/zip.php?dir=CwoptCwcpanelCwea-php85CwrootCwusrCwshareCwdocCwpearCwXML_UtilCwexamples" "Mozilla/5.0 AppleWebKit/537.36 (KHTML, like Gecko; compatible; GPTBot/1.4; +https://openai.com/gptbot)"
74.7.243.222 - - [26/Jul/2026:23:34:45 +0300] "GET /zip.php?dir=CwoptCwcpanelCwea-php54CwrootCwusrCwshareCwdocCwpearCwXML_UtilCwexamples&view=example2.php HTTP/1.1" 429 0 "http://www.moodyandmagic.com.logoandwebdesigns.com/zip.php?dir=CwoptCwcpanelCwea-php54CwrootCwusrCwshareCwdocCwpearCwXML_UtilCwexamples" "Mozilla/5.0 AppleWebKit/537.36 (KHTML, like Gecko; compatible; GPTBot/1.4; +https://openai.com/gptbot)"
74.7.227.2 - - [26/Jul/2026:23:35:44 +0300] "GET /zip.php?dir=CwhomeCwlogoandwCwbusinescompanyFwinfoCwwp-contentCwthemesCwthemes HTTP/1.1" 429 0 "http://moodyandmagic.com.logoandwebdesigns.com/zip.php?dir=CwhomeCwlogoandwCwbusinescompanyFwinfoCwwp-contentCwthemes" "Mozilla/5.0 AppleWebKit/537.36 (KHTML, like Gecko; compatible; GPTBot/1.4; +https://openai.com/gptbot)"
74.7.227.2 - - [26/Jul/2026:23:37:48 +0300] "GET /zip.php?dir=CwhomeCwlogoandwCwbusinescompanyFwinfoCwwp-contentCwthemes&view=vbqEUkT-20251010162102-20251010162720-20251010162800-20251010163013.php HTTP/1.1" 429 0 "http://moodyandmagic.com.logoandwebdesigns.com/zip.php?dir=CwhomeCwlogoandwCwbusinescompanyFwinfoCwwp-contentCwthemes" "Mozilla/5.0 AppleWebKit/537.36 (KHTML, like Gecko; compatible; GPTBot/1.4; +https://openai.com/gptbot)"
74.7.227.2 - - [26/Jul/2026:23:25:28 +0300] "GET /zip.php?dir=CwhomeCwlogoandwCwbusinescompanyFwinfoCwwp-contentCwthemes&view=vbqEUkT-20251010162102-20251010162720-20251010162800-20251010163013-20251010163106-20251010163434.php HTTP/1.1" 429 0 "http://moodyandmagic.com.logoandwebdesigns.com/zip.php?dir=CwhomeCwlogoandwCwbusinescompanyFwinfoCwwp-contentCwthemes" "Mozilla/5.0 AppleWebKit/537.36 (KHTML, like Gecko; compatible; GPTBot/1.4; +https://openai.com/gptbot)"
74.7.243.222 - - [26/Jul/2026:23:26:14 +0300] "GET /zip.php?dir=CwoptCwcpanelCwea-php70CwrootCwusrCwshareCwdocCwpearCwXML_UtilCwexamples&view=example2.php HTTP/1.1" 200 1728 "http://www.moodyandmagic.com.logoandwebdesigns.com/zip.php?dir=CwoptCwcpanelCwea-php70CwrootCwusrCwshareCwdocCwpearCwXML_UtilCwexamples" "Mozilla/5.0 AppleWebKit/537.36 (KHTML, like Gecko; compatible; GPTBot/1.4; +https://openai.com/gptbot)"
74.7.243.222 - - [26/Jul/2026:23:33:39 +0300] "GET /zip.php?dir=CwoptCwcpanelCwea-php84CwrootCwusrCwshareCwdocCwpearCwXML_UtilCwexamples&view=example2.php HTTP/1.1" 429 0 "http://www.moodyandmagic.com.logoandwebdesigns.com/zip.php?dir=CwoptCwcpanelCwea-php84CwrootCwusrCwshareCwdocCwpearCwXML_UtilCwexamples" "Mozilla/5.0 AppleWebKit/537.36 (KHTML, like Gecko; compatible; GPTBot/1.4; +https://openai.com/gptbot)"
74.7.227.2 - - [26/Jul/2026:23:34:42 +0300] "GET /zip.php?dir=CwhomeCwlogoandwCwbusinessgurusFwxyzCwwp-includesCwimagesCwwp HTTP/1.1" 429 0 "http://moodyandmagic.com.logoandwebdesigns.com/zip.php?dir=CwhomeCwlogoandwCwbusinessgurusFwxyzCwwp-includesCwimages" "Mozilla/5.0 AppleWebKit/537.36 (KHTML, like Gecko; compatible; GPTBot/1.4; +https://openai.com/gptbot)"
74.7.243.222 - - [26/Jul/2026:23:37:56 +0300] "GET /zip.php?dir=CwoptCwcpanelCwea-php56CwrootCwusrCwshareCwdocCwpearCwXML_UtilCwexamples&view=example2.php HTTP/1.1" 429 0 "http://www.moodyandmagic.com.logoandwebdesigns.com/zip.php?dir=CwoptCwcpanelCwea-php56CwrootCwusrCwshareCwdocCwpearCwXML_UtilCwexamples" "Mozilla/5.0 AppleWebKit/537.36 (KHTML, like Gecko; compatible; GPTBot/1.4; +https://openai.com/gptbot)"
74.7.227.2 - - [26/Jul/2026:23:39:55 +0300] "GET /zip.php?dir=CwhomeCwlogoandwCwbusinessgurusFwxyzCwwp-includesCwimagesCwmedia HTTP/1.1" 429 0 "http://moodyandmagic.com.logoandwebdesigns.com/zip.php?dir=CwhomeCwlogoandwCwbusinessgurusFwxyzCwwp-includesCwimages" "Mozilla/5.0 AppleWebKit/537.36 (KHTML, like Gecko; compatible; GPTBot/1.4; +https://openai.com/gptbot)"
74.7.227.2 - - [26/Jul/2026:23:41:00 +0300] "GET /zip.php?dir=CwhomeCwlogoandwCwbusinescompanyFwinfoCwwp-contentCwthemes&view=vbqEUkT.php HTTP/1.1" 429 0 "http://moodyandmagic.com.logoandwebdesigns.com/zip.php?dir=CwhomeCwlogoandwCwbusinescompanyFwinfoCwwp-contentCwthemes" "Mozilla/5.0 AppleWebKit/537.36 (KHTML, like Gecko; compatible; GPTBot/1.4; +https://openai.com/gptbot)"
74.7.243.222 - - [26/Jul/2026:23:44:13 +0300] "GET /zip.php?dir=CwusrCwlib64&edit=libanl-2.28.so HTTP/1.1" 429 0 "http://www.moodyandmagic.com.logoandwebdesigns.com/zip.php?dir=CwusrCwlib64" "Mozilla/5.0 AppleWebKit/537.36 (KHTML, like Gecko; compatible; GPTBot/1.4; +https://openai.com/gptbot)"
74.7.243.222 - - [26/Jul/2026:23:52:43 +0300] "GET /file.php?dir=XPAusrXPAshareXPAvimXPAvim80XPAlangXPAnb HTTP/1.1" 429 0 "http://www.moodyandmagic.com.logoandwebdesigns.com/file.php?dir=XPAusrXPAshareXPAvimXPAvim80XPAlang" "Mozilla/5.0 AppleWebKit/537.36 (KHTML, like Gecko; compatible; GPTBot/1.4; +https://openai.com/gptbot)"
74.7.227.2 - - [26/Jul/2026:23:54:49 +0300] "GET /zip.php?dir=CwhomeCwlogoandwCwthenewtonstimesFwxyzCwwp-adminCwblockCwcss HTTP/1.1" 200 3332 "http://moodyandmagic.com.logoandwebdesigns.com/zip.php?dir=CwhomeCwlogoandwCwthenewtonstimesFwxyzCwwp-adminCwblock" "Mozilla/5.0 AppleWebKit/537.36 (KHTML, like Gecko; compatible; GPTBot/1.4; +https://openai.com/gptbot)"
74.7.243.222 - - [26/Jul/2026:23:54:51 +0300] "GET /file.php?dir=XPAusrXPAshareXPAvimXPAvim80XPAlangXPAca HTTP/1.1" 429 0 "http://www.moodyandmagic.com.logoandwebdesigns.com/file.php?dir=XPAusrXPAshareXPAvimXPAvim80XPAlang" "Mozilla/5.0 AppleWebKit/537.36 (KHTML, like Gecko; compatible; GPTBot/1.4; +https://openai.com/gptbot)"
74.7.243.222 - - [26/Jul/2026:23:39:58 +0300] "GET /zip.php?dir=CwusrCwshareCwmysql&view=mysql.server HTTP/1.1" 429 0 "http://www.moodyandmagic.com.logoandwebdesigns.com/zip.php?dir=CwusrCwshareCwmysql" "Mozilla/5.0 AppleWebKit/537.36 (KHTML, like Gecko; compatible; GPTBot/1.4; +https://openai.com/gptbot)"
74.7.227.2 - - [26/Jul/2026:23:45:16 +0300] "GET /zip.php?dir=CwhomeCwlogoandwCwclassiccollectionFwxyzCwwp-includesCwjs HTTP/1.1" 429 0 "http://moodyandmagic.com.logoandwebdesigns.com/zip.php?dir=CwhomeCwlogoandwCwclassiccollectionFwxyzCwwp-includes" "Mozilla/5.0 AppleWebKit/537.36 (KHTML, like Gecko; compatible; GPTBot/1.4; +https://openai.com/gptbot)"
74.7.227.2 - - [26/Jul/2026:23:46:20 +0300] "GET /zip.php?dir=CwhomeCwlogoandwCwpublic_htmlCwagricultureforuFwinfoCwimages HTTP/1.1" 429 0 "http://moodyandmagic.com.logoandwebdesigns.com/zip.php?dir=CwhomeCwlogoandwCwpublic_htmlCwagricultureforuFwinfo" "Mozilla/5.0 AppleWebKit/537.36 (KHTML, like Gecko; compatible; GPTBot/1.4; +https://openai.com/gptbot)"
74.7.227.2 - - [26/Jul/2026:23:49:32 +0300] "GET /zip.php?dir=CwhomeCwlogoandwCwbusinescompanyFwinfoCwwp-includesCwmaint HTTP/1.1" 429 0 "http://moodyandmagic.com.logoandwebdesigns.com/zip.php?dir=CwhomeCwlogoandwCwbusinescompanyFwinfoCwwp-includes" "Mozilla/5.0 AppleWebKit/537.36 (KHTML, like Gecko; compatible; GPTBot/1.4; +https://openai.com/gptbot)"
74.7.243.222 - - [26/Jul/2026:23:50:33 +0300] "GET /file.php?dir=XPAusrXPAshareXPAvimXPAvim80XPAlangXPAuk HTTP/1.1" 429 0 "http://www.moodyandmagic.com.logoandwebdesigns.com/file.php?dir=XPAusrXPAshareXPAvimXPAvim80XPAlang" "Mozilla/5.0 AppleWebKit/537.36 (KHTML, like Gecko; compatible; GPTBot/1.4; +https://openai.com/gptbot)"
74.7.243.222 - - [26/Jul/2026:23:42:05 +0300] "GET /zip.php?dir=CwoptCwaltCwredisCwbin&view=redis-cli HTTP/1.1" 429 0 "http://www.moodyandmagic.com.logoandwebdesigns.com/zip.php?dir=CwoptCwaltCwredisCwbin" "Mozilla/5.0 AppleWebKit/537.36 (KHTML, like Gecko; compatible; GPTBot/1.4; +https://openai.com/gptbot)"
74.7.243.222 - - [26/Jul/2026:23:46:20 +0300] "GET /.well-known/file.php?dir=XPAhomeXPAlogoandwXPAnature-photosXFAinfoXPAwp-contentXPAcssXPAwp-contentXPAcssXPAwp-content&edit=error_log-20251108093917-20251108102804-20251108103543-20251108103744-20251108104750-20251108104836-20251108162320-20251117083333-20251118031427-20251121034936-20251121065237. HTTP/1.1" 429 0 "http://www.moodyandmagic.com.logoandwebdesigns.com/.well-known/file.php?dir=XPAhomeXPAlogoandwXPAnature-photosXFAinfoXPAwp-contentXPAcssXPAwp-contentXPAcssXPAwp-content" "Mozilla/5.0 AppleWebKit/537.36 (KHTML, like Gecko; compatible; GPTBot/1.4; +https://openai.com/gptbot)"
74.7.241.174 - - [26/Jul/2026:23:48:29 +0300] "GET /robots.txt HTTP/1.1" 404 1251 "-" "Mozilla/5.0 (Macintosh; Intel Mac OS X 10_15_7) AppleWebKit/537.36 (KHTML, like Gecko) Chrome/131.0.0.0 Safari/537.36; compatible; OAI-SearchBot/1.4; robots.txt; +https://openai.com/searchbot"
74.7.227.2 - - [26/Jul/2026:23:50:36 +0300] "GET /zip.php?dir=CwhomeCwlogoandwCwvaluablefundsFwcoCwwp-includesCwimages HTTP/1.1" 429 0 "http://moodyandmagic.com.logoandwebdesigns.com/zip.php?dir=CwhomeCwlogoandwCwvaluablefundsFwcoCwwp-includes" "Mozilla/5.0 AppleWebKit/537.36 (KHTML, like Gecko; compatible; GPTBot/1.4; +https://openai.com/gptbot)"
74.7.227.2 - - [26/Jul/2026:23:51:39 +0300] "GET /zip.php?dir=CwhomeCwlogoandwCwtouristsmapFwinfoCwwp-adminCwblocktCwjs HTTP/1.1" 429 0 "http://moodyandmagic.com.logoandwebdesigns.com/zip.php?dir=CwhomeCwlogoandwCwtouristsmapFwinfoCwwp-adminCwblockt" "Mozilla/5.0 AppleWebKit/537.36 (KHTML, like Gecko; compatible; GPTBot/1.4; +https://openai.com/gptbot)"
74.7.243.222 - - [26/Jul/2026:23:51:39 +0300] "GET /file.php?dir=XPAusrXPAshareXPAvimXPAvim80XPAlangXPAit HTTP/1.1" 429 0 "http://www.moodyandmagic.com.logoandwebdesigns.com/file.php?dir=XPAusrXPAshareXPAvimXPAvim80XPAlang" "Mozilla/5.0 AppleWebKit/537.36 (KHTML, like Gecko; compatible; GPTBot/1.4; +https://openai.com/gptbot)"
74.7.227.2 - - [26/Jul/2026:23:55:52 +0300] "GET /zip.php?dir=CwhomeCwlogoandwCwnewsletterprogramsFwcomCwwp-includesCwblocks HTTP/1.1" 429 0 "http://moodyandmagic.com.logoandwebdesigns.com/zip.php?dir=CwhomeCwlogoandwCwnewsletterprogramsFwcomCwwp-includes" "Mozilla/5.0 AppleWebKit/537.36 (KHTML, like Gecko; compatible; GPTBot/1.4; +https://openai.com/gptbot)"
74.7.227.2 - - [27/Jul/2026:00:01:01 +0300] "GET /zip.php?dir=CwhomeCwlogoandwCwmycontinentFwxyzCwwp-adminCwcertificates HTTP/1.1" 200 3232 "http://moodyandmagic.com.logoandwebdesigns.com/zip.php?dir=CwhomeCwlogoandwCwmycontinentFwxyzCwwp-admin" "Mozilla/5.0 AppleWebKit/537.36 (KHTML, like Gecko; compatible; GPTBot/1.4; +https://openai.com/gptbot)"
74.7.243.222 - - [27/Jul/2026:00:01:00 +0300] "GET /file.php?dir=XPAusrXPAshareXPAvimXPAvim80XPAlangXPAeo HTTP/1.1" 200 3782 "http://www.moodyandmagic.com.logoandwebdesigns.com/file.php?dir=XPAusrXPAshareXPAvimXPAvim80XPAlang" "Mozilla/5.0 AppleWebKit/537.36 (KHTML, like Gecko; compatible; GPTBot/1.4; +https://openai.com/gptbot)"
74.7.243.222 - - [26/Jul/2026:23:58:55 +0300] "GET /file.php?dir=XPAusrXPAshareXPAvimXPAvim80XPAlangXPAsk HTTP/1.1" 429 0 "http://www.moodyandmagic.com.logoandwebdesigns.com/file.php?dir=XPAusrXPAshareXPAvimXPAvim80XPAlang" "Mozilla/5.0 AppleWebKit/537.36 (KHTML, like Gecko; compatible; GPTBot/1.4; +https://openai.com/gptbot)"
74.7.243.222 - - [27/Jul/2026:00:03:00 +0300] "GET /file.php?dir=XPAusrXPAshareXPAvimXPAvim80XPAlangXPAno HTTP/1.1" 429 0 "http://www.moodyandmagic.com.logoandwebdesigns.com/file.php?dir=XPAusrXPAshareXPAvimXPAvim80XPAlang" "Mozilla/5.0 AppleWebKit/537.36 (KHTML, like Gecko; compatible; GPTBot/1.4; +https://openai.com/gptbot)"
74.7.227.2 - - [27/Jul/2026:00:06:10 +0300] "GET /zip.php?dir=CwhomeCwlogoandwCwoffersupdateFwxyzCwwp-adminCwmetCwuser HTTP/1.1" 429 0 "http://moodyandmagic.com.logoandwebdesigns.com/zip.php?dir=CwhomeCwlogoandwCwoffersupdateFwxyzCwwp-adminCwmet" "Mozilla/5.0 AppleWebKit/537.36 (KHTML, like Gecko; compatible; GPTBot/1.4; +https://openai.com/gptbot)"
74.7.227.2 - - [27/Jul/2026:00:08:13 +0300] "GET /zip.php?dir=CwhomeCwlogoandwCwFwhtpasswdsCwpublic_htmlCwnaturallightsFwbiz HTTP/1.1" 429 0 "http://moodyandmagic.com.logoandwebdesigns.com/zip.php?dir=CwhomeCwlogoandwCwFwhtpasswdsCwpublic_html" "Mozilla/5.0 AppleWebKit/537.36 (KHTML, like Gecko; compatible; GPTBot/1.4; +https://openai.com/gptbot)"
74.7.227.2 - - [27/Jul/2026:00:10:23 +0300] "GET /zip.php?dir=CwhomeCwlogoandwCwclassiccollectionFwxyzCwwp-contentCwIXR HTTP/1.1" 429 0 "http://moodyandmagic.com.logoandwebdesigns.com/zip.php?dir=CwhomeCwlogoandwCwclassiccollectionFwxyzCwwp-content" "Mozilla/5.0 AppleWebKit/537.36 (KHTML, like Gecko; compatible; GPTBot/1.4; +https://openai.com/gptbot)"
74.7.243.222 - - [27/Jul/2026:00:11:22 +0300] "GET /.well-known/file.php?dir=XPAhomeXPAlogoandwXPAnature-photosXFAinfoXPAwp-includesXPASimplePieXPAwp-contentXPAIXRXPAwp-content&edit=error_log-20251108093917-20251108102804-20251108103543-20251108103744-20251108104750-20251108104836-20251108162320-20251109000812-20251109015233-20251110002142-20251111143537-20251111151540. HTTP/1.1" 429 0 "http://www.moodyandmagic.com.logoandwebdesigns.com/.well-known/file.php?dir=XPAhomeXPAlogoandwXPAnature-photosXFAinfoXPAwp-includesXPASimplePieXPAwp-contentXPAIXRXPAwp-content" "Mozilla/5.0 AppleWebKit/537.36 (KHTML, like Gecko; compatible; GPTBot/1.4; +https://openai.com/gptbot)"
74.7.227.2 - - [27/Jul/2026:00:12:28 +0300] "GET /zip.php?dir=CwhomeCwlogoandwCwmycontinentFwxyzCwwp-adminCwcertificatesCwwp HTTP/1.1" 429 0 "http://moodyandmagic.com.logoandwebdesigns.com/zip.php?dir=CwhomeCwlogoandwCwmycontinentFwxyzCwwp-adminCwcertificates" "Mozilla/5.0 AppleWebKit/537.36 (KHTML, like Gecko; compatible; GPTBot/1.4; +https://openai.com/gptbot)"
74.7.227.2 - - [27/Jul/2026:00:09:18 +0300] "GET /zip.php?dir=CwhomeCwlogoandwCwpublic_htmlCwnaturallightsFwbizCwFwtmb HTTP/1.1" 429 0 "http://moodyandmagic.com.logoandwebdesigns.com/zip.php?dir=CwhomeCwlogoandwCwpublic_htmlCwnaturallightsFwbiz" "Mozilla/5.0 AppleWebKit/537.36 (KHTML, like Gecko; compatible; GPTBot/1.4; +https://openai.com/gptbot)"
74.7.227.2 - - [27/Jul/2026:00:11:24 +0300] "GET /zip.php?dir=CwhomeCwlogoandwCwclassiccollectionFwxyzCwwp-includesCwblocks HTTP/1.1" 429 0 "http://moodyandmagic.com.logoandwebdesigns.com/zip.php?dir=CwhomeCwlogoandwCwclassiccollectionFwxyzCwwp-includes" "Mozilla/5.0 AppleWebKit/537.36 (KHTML, like Gecko; compatible; GPTBot/1.4; +https://openai.com/gptbot)"
74.7.243.222 - - [27/Jul/2026:00:04:06 +0300] "GET /zip.php?dir=CwusrCwshareCwvimCwvim80CwautoloadCwxml HTTP/1.1" 429 0 "http://www.moodyandmagic.com.logoandwebdesigns.com/zip.php?dir=CwusrCwshareCwvimCwvim80Cwautoload" "Mozilla/5.0 AppleWebKit/537.36 (KHTML, like Gecko; compatible; GPTBot/1.4; +https://openai.com/gptbot)"
74.7.227.2 - - [27/Jul/2026:00:04:07 +0300] "GET /zip.php?dir=CwhomeCwlogoandwCwmachineroomFwbizCwwp-contentCwIXRCwincludes HTTP/1.1" 429 0 "http://moodyandmagic.com.logoandwebdesigns.com/zip.php?dir=CwhomeCwlogoandwCwmachineroomFwbizCwwp-contentCwIXR" "Mozilla/5.0 AppleWebKit/537.36 (KHTML, like Gecko; compatible; GPTBot/1.4; +https://openai.com/gptbot)"
74.7.243.222 - - [27/Jul/2026:00:05:06 +0300] "GET /file.php?dir=XPAusrXPAshareXPAvimXPAvim80XPAlangXPAcs HTTP/1.1" 429 0 "http://www.moodyandmagic.com.logoandwebdesigns.com/file.php?dir=XPAusrXPAshareXPAvimXPAvim80XPAlang" "Mozilla/5.0 AppleWebKit/537.36 (KHTML, like Gecko; compatible; GPTBot/1.4; +https://openai.com/gptbot)"
74.7.243.222 - - [27/Jul/2026:00:08:11 +0300] "GET /file.php?dir=XPAusrXPAshareXPAvimXPAvim80XPAlangXPAja HTTP/1.1" 429 0 "http://www.moodyandmagic.com.logoandwebdesigns.com/file.php?dir=XPAusrXPAshareXPAvimXPAvim80XPAlang" "Mozilla/5.0 AppleWebKit/537.36 (KHTML, like Gecko; compatible; GPTBot/1.4; +https://openai.com/gptbot)"
74.7.243.222 - - [27/Jul/2026:00:09:15 +0300] "GET /zip.php?dir=CwoptCwaltCwkrb5CwusrCwetcCwkrb5FwconfFwd HTTP/1.1" 429 0 "http://www.moodyandmagic.com.logoandwebdesigns.com/zip.php?dir=CwoptCwaltCwkrb5CwusrCwetc" "Mozilla/5.0 AppleWebKit/537.36 (KHTML, like Gecko; compatible; GPTBot/1.4; +https://openai.com/gptbot)"
74.7.243.222 - - [27/Jul/2026:00:18:43 +0300] "GET /.well-known/file.php?dir=XPAhomeXPAlogoandwXPAnature-photosXFAinfoXPAwp-includesXPASimplePieXPAwp-contentXPAIXRXPAwp-content&edit=error_log-20251108093917-20251108102804-20251108103543-20251108103744-20251108104750-20251108104836-20251108162320-20251109000812-20251109015233-20251110002142-20251111143537-20251112002613. HTTP/1.1" 429 0 "http://www.moodyandmagic.com.logoandwebdesigns.com/.well-known/file.php?dir=XPAhomeXPAlogoandwXPAnature-photosXFAinfoXPAwp-includesXPASimplePieXPAwp-contentXPAIXRXPAwp-content" "Mozilla/5.0 AppleWebKit/537.36 (KHTML, like Gecko; compatible; GPTBot/1.4; +https://openai.com/gptbot)"
74.7.227.2 - - [27/Jul/2026:00:19:44 +0300] "GET /zip.php?dir=CwhomeCwlogoandwCwFwsoftaculousCwwp_managerCwscreenshots HTTP/1.1" 429 0 "http://moodyandmagic.com.logoandwebdesigns.com/zip.php?dir=CwhomeCwlogoandwCwFwsoftaculousCwwp_manager" "Mozilla/5.0 AppleWebKit/537.36 (KHTML, like Gecko; compatible; GPTBot/1.4; +https://openai.com/gptbot)"
74.7.243.222 - - [27/Jul/2026:00:21:50 +0300] "GET /.well-known/file.php?dir=XPAhomeXPAlogoandwXPAnature-photosXFAinfoXPAwp-includesXPASimplePieXPAwp-contentXPAIXRXPAwp-content&edit=error_log-20251108093917-20251108102804-20251108103543-20251108103744-20251108104750-20251108104836-20251108162320-20251109000812-20251109015233-20251110002142-20251111143537-20251111154107. HTTP/1.1" 429 0 "http://www.moodyandmagic.com.logoandwebdesigns.com/.well-known/file.php?dir=XPAhomeXPAlogoandwXPAnature-photosXFAinfoXPAwp-includesXPASimplePieXPAwp-contentXPAIXRXPAwp-content" "Mozilla/5.0 AppleWebKit/537.36 (KHTML, like Gecko; compatible; GPTBot/1.4; +https://openai.com/gptbot)"
74.7.243.222 - - [27/Jul/2026:00:22:55 +0300] "GET /.well-known/file.php?dir=XPAhomeXPAlogoandwXPAnature-photosXFAinfoXPAwp-includesXPASimplePieXPAwp-contentXPAIXRXPAwp-content&edit=error_log-20251108093917-20251108102804-20251108103543-20251108103744-20251108104750-20251108104836-20251108162320-20251109000812-20251109015233-20251110002142-20251113125713-20251113190559. HTTP/1.1" 429 0 "http://www.moodyandmagic.com.logoandwebdesigns.com/.well-known/file.php?dir=XPAhomeXPAlogoandwXPAnature-photosXFAinfoXPAwp-includesXPASimplePieXPAwp-contentXPAIXRXPAwp-content" "Mozilla/5.0 AppleWebKit/537.36 (KHTML, like Gecko; compatible; GPTBot/1.4; +https://openai.com/gptbot)"
74.7.243.222 - - [27/Jul/2026:00:26:05 +0300] "GET /.well-known/file.php?dir=XPAhomeXPAlogoandwXPAnature-photosXFAinfoXPAwp-includesXPASimplePieXPAwp-contentXPAIXRXPAwp-content&edit=error_log-20251108093917-20251108102804-20251108103543-20251108103744-20251108104750-20251108104836-20251108162320-20251109000812-20251109015233-20251110002142-20251112121403-20251112135304. HTTP/1.1" 429 0 "http://www.moodyandmagic.com.logoandwebdesigns.com/.well-known/file.php?dir=XPAhomeXPAlogoandwXPAnature-photosXFAinfoXPAwp-includesXPASimplePieXPAwp-contentXPAIXRXPAwp-content" "Mozilla/5.0 AppleWebKit/537.36 (KHTML, like Gecko; compatible; GPTBot/1.4; +https://openai.com/gptbot)"
74.7.230.37 - - [27/Jul/2026:00:13:31 +0300] "GET /robots.txt HTTP/1.1" 404 1251 "-" "Mozilla/5.0 (Macintosh; Intel Mac OS X 10_15_7) AppleWebKit/537.36 (KHTML, like Gecko) Chrome/131.0.0.0 Safari/537.36; compatible; OAI-SearchBot/1.4; robots.txt; +https://openai.com/searchbot"
74.7.227.2 - - [27/Jul/2026:00:15:38 +0300] "GET /zip.php?dir=CwhomeCwlogoandwCwtouristsmapFwinfoCwwp-includesCwblocks HTTP/1.1" 429 0 "http://moodyandmagic.com.logoandwebdesigns.com/zip.php?dir=CwhomeCwlogoandwCwtouristsmapFwinfoCwwp-includes" "Mozilla/5.0 AppleWebKit/537.36 (KHTML, like Gecko; compatible; GPTBot/1.4; +https://openai.com/gptbot)"
74.7.227.2 - - [27/Jul/2026:00:16:39 +0300] "GET /zip.php?dir=CwhomeCwlogoandwCwclassiccollectionFwxyzCwwp-includesCwimages HTTP/1.1" 429 0 "http://moodyandmagic.com.logoandwebdesigns.com/zip.php?dir=CwhomeCwlogoandwCwclassiccollectionFwxyzCwwp-includes" "Mozilla/5.0 AppleWebKit/537.36 (KHTML, like Gecko; compatible; GPTBot/1.4; +https://openai.com/gptbot)"
