74.7.243.222 - - [27/Jul/2026:00:27:01 +0300] "GET /.well-known/file.php?dir=XPAhomeXPAlogoandwXPAnature-photosXFAinfoXPAwp-includesXPASimplePieXPAwp-contentXPAIXRXPAwp-content&edit=error_log-20251108093917-20251108102804-20251108103543-20251108103744-20251108104750-20251108104836-20251108162320-20251109000812-20251109015233-20251110002142-20251112121403-20251112135548. HTTP/1.1" 429 0 "http://www.moodyandmagic.com.logoandwebdesigns.com/.well-known/file.php?dir=XPAhomeXPAlogoandwXPAnature-photosXFAinfoXPAwp-includesXPASimplePieXPAwp-contentXPAIXRXPAwp-content" "Mozilla/5.0 AppleWebKit/537.36 (KHTML, like Gecko; compatible; GPTBot/1.4; +https://openai.com/gptbot)"
74.7.227.2 - - [27/Jul/2026:00:29:15 +0300] "GET /zip.php?dir=CwhomeCwlogoandwCwmailCwnaturallightsFwbizCwcharles_nichols HTTP/1.1" 200 4163 "http://moodyandmagic.com.logoandwebdesigns.com/zip.php?dir=CwhomeCwlogoandwCwmailCwFwcharles__nichols%40naturallights_biz" "Mozilla/5.0 AppleWebKit/537.36 (KHTML, like Gecko; compatible; GPTBot/1.4; +https://openai.com/gptbot)"
74.7.227.2 - - [27/Jul/2026:00:13:31 +0300] "GET /zip.php?dir=CwhomeCwlogoandwCwmycontinentFwxyzCwwp-adminCwcertificatesCwrandom HTTP/1.1" 429 0 "http://moodyandmagic.com.logoandwebdesigns.com/zip.php?dir=CwhomeCwlogoandwCwmycontinentFwxyzCwwp-adminCwcertificates" "Mozilla/5.0 AppleWebKit/537.36 (KHTML, like Gecko; compatible; GPTBot/1.4; +https://openai.com/gptbot)"
74.7.243.222 - - [27/Jul/2026:00:14:31 +0300] "GET /.well-known/file.php?dir=XPAhomeXPAlogoandwXPAnature-photosXFAinfoXPAwp-includesXPASimplePieXPAwp-contentXPAIXRXPAwp-content&edit=error_log-20251108093917-20251108102804-20251108103543-20251108103744-20251108104750-20251108104836-20251108162320-20251109000812-20251109015233-20251110002142-20251111143537-20251111162411. HTTP/1.1" 429 0 "http://www.moodyandmagic.com.logoandwebdesigns.com/.well-known/file.php?dir=XPAhomeXPAlogoandwXPAnature-photosXFAinfoXPAwp-includesXPASimplePieXPAwp-contentXPAIXRXPAwp-content" "Mozilla/5.0 AppleWebKit/537.36 (KHTML, like Gecko; compatible; GPTBot/1.4; +https://openai.com/gptbot)"
74.7.243.222 - - [27/Jul/2026:00:20:49 +0300] "GET /.well-known/zip.php?dir=CwhomeCwlogoandwCwnature-photosFwinfoCwIXRCwrandomCwimagesCwmediaCwwp-contentCwwp-content&edit=error_log-20251108093917-20251108102804-20251108103543-20251108103744-20251108104750-20251108104836-20251108162320-20251109000812-20251109015233-20251110002142-20251111143537. HTTP/1.1" 429 0 "http://www.moodyandmagic.com.logoandwebdesigns.com/.well-known/zip.php?dir=CwhomeCwlogoandwCwnature-photosFwinfoCwIXRCwrandomCwimagesCwmediaCwwp-contentCwwp-content" "Mozilla/5.0 AppleWebKit/537.36 (KHTML, like Gecko; compatible; GPTBot/1.4; +https://openai.com/gptbot)"
74.7.243.222 - - [27/Jul/2026:00:24:01 +0300] "GET /.well-known/file.php?dir=XPAhomeXPAlogoandwXPAnature-photosXFAinfoXPAwp-includesXPASimplePieXPAwp-contentXPAIXRXPAwp-content&edit=error_log-20251108093917-20251108102804-20251108103543-20251108103744-20251108104750-20251108104836-20251108162320-20251109000812-20251109015233-20251110002142-20251111143537-20251111210544. HTTP/1.1" 429 0 "http://www.moodyandmagic.com.logoandwebdesigns.com/.well-known/file.php?dir=XPAhomeXPAlogoandwXPAnature-photosXFAinfoXPAwp-includesXPASimplePieXPAwp-contentXPAIXRXPAwp-content" "Mozilla/5.0 AppleWebKit/537.36 (KHTML, like Gecko; compatible; GPTBot/1.4; +https://openai.com/gptbot)"
74.7.227.2 - - [27/Jul/2026:00:24:02 +0300] "GET /zip.php?dir=CwhomeCwlogoandwCwclassiccollectionFwxyzCwwp-adminCwimgCwjs HTTP/1.1" 429 0 "http://moodyandmagic.com.logoandwebdesigns.com/zip.php?dir=CwhomeCwlogoandwCwclassiccollectionFwxyzCwwp-adminCwimg" "Mozilla/5.0 AppleWebKit/537.36 (KHTML, like Gecko; compatible; GPTBot/1.4; +https://openai.com/gptbot)"
74.7.243.222 - - [27/Jul/2026:00:25:04 +0300] "GET /.well-known/file.php?dir=XPAhomeXPAlogoandwXPAnature-photosXFAinfoXPAwp-includesXPASimplePieXPAwp-contentXPAIXRXPAwp-content&edit=error_log-20251108093917-20251108102804-20251108103543-20251108103744-20251108104750-20251108104836-20251108162320-20251109000812-20251109015233-20251110002142-20251110210415-20251117204644. HTTP/1.1" 200 3014 "http://www.moodyandmagic.com.logoandwebdesigns.com/.well-known/file.php?dir=XPAhomeXPAlogoandwXPAnature-photosXFAinfoXPAwp-includesXPASimplePieXPAwp-contentXPAIXRXPAwp-content" "Mozilla/5.0 AppleWebKit/537.36 (KHTML, like Gecko; compatible; GPTBot/1.4; +https://openai.com/gptbot)"
74.7.227.2 - - [27/Jul/2026:00:26:10 +0300] "GET /zip.php?dir=CwhomeCwlogoandwCwbabypartyboxFwcomCwwp-contentCwcertificates HTTP/1.1" 429 0 "http://moodyandmagic.com.logoandwebdesigns.com/zip.php?dir=CwhomeCwlogoandwCwbabypartyboxFwcomCwwp-content" "Mozilla/5.0 AppleWebKit/537.36 (KHTML, like Gecko; compatible; GPTBot/1.4; +https://openai.com/gptbot)"
74.7.243.222 - - [27/Jul/2026:00:32:22 +0300] "GET /.well-known/zip.php?dir=CwhomeCwlogoandwCwnature-photosFwinfoCwIXRCwrandomCwimagesCwmediaCwwp-contentCwwp-content&edit=error_log-20251108093917-20251108102804-20251108103543-20251108103744-20251108104750-20251108104836-20251108162320-20251109000812-20251109015233-20251110002142-20251110210415. HTTP/1.1" 429 0 "http://www.moodyandmagic.com.logoandwebdesigns.com/.well-known/zip.php?dir=CwhomeCwlogoandwCwnature-photosFwinfoCwIXRCwrandomCwimagesCwmediaCwwp-contentCwwp-content" "Mozilla/5.0 AppleWebKit/537.36 (KHTML, like Gecko; compatible; GPTBot/1.4; +https://openai.com/gptbot)"
74.7.243.222 - - [27/Jul/2026:00:34:33 +0300] "GET /.well-known/file.php?dir=XPAhomeXPAlogoandwXPAnature-photosXFAinfoXPAwp-includesXPASimplePieXPAwp-contentXPAIXRXPAwp-content&edit=error_log-20251108093917-20251108102804-20251108103543-20251108103744-20251108104750-20251108104836-20251108162320-20251109000812-20251109015233-20251110002142-20251111140521-20251112153824. HTTP/1.1" 429 0 "http://www.moodyandmagic.com.logoandwebdesigns.com/.well-known/file.php?dir=XPAhomeXPAlogoandwXPAnature-photosXFAinfoXPAwp-includesXPASimplePieXPAwp-contentXPAIXRXPAwp-content" "Mozilla/5.0 AppleWebKit/537.36 (KHTML, like Gecko; compatible; GPTBot/1.4; +https://openai.com/gptbot)"
74.7.243.222 - - [27/Jul/2026:00:36:33 +0300] "GET /.well-known/file.php?dir=XPAhomeXPAlogoandwXPAnature-photosXFAinfoXPAwp-includesXPASimplePieXPAwp-contentXPAIXRXPAwp-content&edit=error_log-20251108093917-20251108102804-20251108103543-20251108103744-20251108104750-20251108104836-20251108162320-20251109000812-20251109015233-20251110002142-20251113155032-20251115075505. HTTP/1.1" 429 0 "http://www.moodyandmagic.com.logoandwebdesigns.com/.well-known/file.php?dir=XPAhomeXPAlogoandwXPAnature-photosXFAinfoXPAwp-includesXPASimplePieXPAwp-contentXPAIXRXPAwp-content" "Mozilla/5.0 AppleWebKit/537.36 (KHTML, like Gecko; compatible; GPTBot/1.4; +https://openai.com/gptbot)"
74.7.227.2 - - [27/Jul/2026:00:40:24 +0300] "GET /zip.php?dir=CwusrCwshareCwmanCwman3&view=xcb_xfixes_create_pointer_barrier.3.gz HTTP/1.1" 429 0 "http://moodyandmagic.com.logoandwebdesigns.com/zip.php?dir=CwusrCwshareCwmanCwman3" "Mozilla/5.0 AppleWebKit/537.36 (KHTML, like Gecko; compatible; GPTBot/1.4; +https://openai.com/gptbot)"
74.7.243.222 - - [27/Jul/2026:00:40:41 +0300] "GET /.well-known/file.php?dir=XPAhomeXPAlogoandwXPAnature-photosXFAinfoXPAwp-includesXPASimplePieXPAwp-contentXPAIXRXPAwp-content&edit=error_log-20251108093917-20251108102804-20251108103543-20251108103744-20251108104750-20251108104836-20251108162320-20251109000812-20251109015233-20251110002142-20251113155032-20251115075350. HTTP/1.1" 429 0 "http://www.moodyandmagic.com.logoandwebdesigns.com/.well-known/file.php?dir=XPAhomeXPAlogoandwXPAnature-photosXFAinfoXPAwp-includesXPASimplePieXPAwp-contentXPAIXRXPAwp-content" "Mozilla/5.0 AppleWebKit/537.36 (KHTML, like Gecko; compatible; GPTBot/1.4; +https://openai.com/gptbot)"
74.7.227.2 - - [27/Jul/2026:00:35:16 +0300] "GET /zip.php?dir=CwhomeCwlogoandwCwpublic_htmlCwcaredentalserviceFwinfoCwadmin HTTP/1.1" 200 3048 "http://moodyandmagic.com.logoandwebdesigns.com/zip.php?dir=CwhomeCwlogoandwCwpublic_htmlCwcaredentalserviceFwinfo" "Mozilla/5.0 AppleWebKit/537.36 (KHTML, like Gecko; compatible; GPTBot/1.4; +https://openai.com/gptbot)"
74.7.227.2 - - [27/Jul/2026:00:38:16 +0300] "GET /zip.php?dir=CwusrCwlib64Cwsssd&edit=libsss_util.so HTTP/1.1" 429 0 "http://moodyandmagic.com.logoandwebdesigns.com/zip.php?dir=CwusrCwlib64Cwsssd" "Mozilla/5.0 AppleWebKit/537.36 (KHTML, like Gecko; compatible; GPTBot/1.4; +https://openai.com/gptbot)"
74.7.243.222 - - [27/Jul/2026:00:38:35 +0300] "GET /.well-known/file.php?dir=XPAhomeXPAlogoandwXPAnature-photosXFAinfoXPAwp-includesXPASimplePieXPAwp-contentXPAIXRXPAwp-content&edit=error_log-20251108093917-20251108102804-20251108103543-20251108103744-20251108104750-20251108104836-20251108162320-20251109000812-20251109015233-20251110002142-20251111140521-20251114172610. HTTP/1.1" 429 0 "http://www.moodyandmagic.com.logoandwebdesigns.com/.well-known/file.php?dir=XPAhomeXPAlogoandwXPAnature-photosXFAinfoXPAwp-includesXPASimplePieXPAwp-contentXPAIXRXPAwp-content" "Mozilla/5.0 AppleWebKit/537.36 (KHTML, like Gecko; compatible; GPTBot/1.4; +https://openai.com/gptbot)"
74.7.243.222 - - [27/Jul/2026:00:41:38 +0300] "GET /.well-known/file.php?dir=XPAhomeXPAlogoandwXPAnature-photosXFAinfoXPAwp-includesXPASimplePieXPAwp-contentXPAIXRXPAwp-content&edit=error_log-20251108093917-20251108102804-20251108103543-20251108103744-20251108104750-20251108104836-20251108162320-20251109000812-20251109015233-20251110002142-20251110204737-20251110204811. HTTP/1.1" 429 0 "http://www.moodyandmagic.com.logoandwebdesigns.com/.well-known/file.php?dir=XPAhomeXPAlogoandwXPAnature-photosXFAinfoXPAwp-includesXPASimplePieXPAwp-contentXPAIXRXPAwp-content" "Mozilla/5.0 AppleWebKit/537.36 (KHTML, like Gecko; compatible; GPTBot/1.4; +https://openai.com/gptbot)"
74.7.227.2 - - [27/Jul/2026:00:30:16 +0300] "GET /zip.php?dir=CwhomeCwlogoandwCwnewsletterprogramsFwcomCwwp-includesCwIXR HTTP/1.1" 429 0 "http://moodyandmagic.com.logoandwebdesigns.com/zip.php?dir=CwhomeCwlogoandwCwnewsletterprogramsFwcomCwwp-includes" "Mozilla/5.0 AppleWebKit/537.36 (KHTML, like Gecko; compatible; GPTBot/1.4; +https://openai.com/gptbot)"
74.7.227.2 - - [27/Jul/2026:00:37:16 +0300] "GET /.well-known/file.php?dir=XPAhomeXPAlogoandwXPAnature-photosXFAinfoXPAwp-content-20251108024714XPAmaintXPAwp-contentXPAIXRXPAwp-contentXPAIXR&edit=error_log-20251108093917-20251108102804-20251108103543-20251108103744-20251108104750-20251108104836-20251108162320-20251109000812-20251109015233-20251118054149. HTTP/1.1" 429 0 "http://moodyandmagic.com.logoandwebdesigns.com/.well-known/file.php?dir=XPAhomeXPAlogoandwXPAnature-photosXFAinfoXPAwp-content-20251108024714XPAmaintXPAwp-contentXPAIXRXPAwp-contentXPAIXR" "Mozilla/5.0 AppleWebKit/537.36 (KHTML, like Gecko; compatible; GPTBot/1.4; +https://openai.com/gptbot)"
74.7.227.2 - - [27/Jul/2026:00:42:34 +0300] "GET /zip.php?dir=CwusrCwshareCwmanCwman3&view=xcb_composite_name_window_pixmap.3.gz HTTP/1.1" 429 0 "http://moodyandmagic.com.logoandwebdesigns.com/zip.php?dir=CwusrCwshareCwmanCwman3" "Mozilla/5.0 AppleWebKit/537.36 (KHTML, like Gecko; compatible; GPTBot/1.4; +https://openai.com/gptbot)"
74.7.227.2 - - [27/Jul/2026:00:44:39 +0300] "GET /zip.php?dir=CwusrCwshareCwmanCwman3&view=xcb_render_create_picture_checked.3.gz HTTP/1.1" 429 0 "http://moodyandmagic.com.logoandwebdesigns.com/zip.php?dir=CwusrCwshareCwmanCwman3" "Mozilla/5.0 AppleWebKit/537.36 (KHTML, like Gecko; compatible; GPTBot/1.4; +https://openai.com/gptbot)"
91.213.188.11 - - [27/Jul/2026:00:49:47 +0300] "GET /.well-known/acme-challenge/VNLO-VBVQQ71-_D2UEGHVEM4UR3XGSXA HTTP/1.1" 200 64 "-" "Cpanel-HTTP-Client/1.0"
74.7.227.2 - - [27/Jul/2026:00:47:44 +0300] "GET /zip.php?dir=CwusrCwshareCwmanCwman3&view=xcb_render_create_cursor_checked.3.gz HTTP/1.1" 429 0 "http://moodyandmagic.com.logoandwebdesigns.com/zip.php?dir=CwusrCwshareCwmanCwman3" "Mozilla/5.0 AppleWebKit/537.36 (KHTML, like Gecko; compatible; GPTBot/1.4; +https://openai.com/gptbot)"
74.7.243.222 - - [27/Jul/2026:00:47:53 +0300] "GET /.well-known/file.php?dir=XPAhomeXPAlogoandwXPAnature-photosXFAinfoXPAwp-includesXPASimplePieXPAwp-contentXPAIXRXPAwp-content&edit=error_log-20251108093917-20251108102804-20251108103543-20251108103744-20251108104750-20251108104836-20251108162320-20251109000812-20251109015233-20251110002142-20251111143537-20251113212100. HTTP/1.1" 429 0 "http://www.moodyandmagic.com.logoandwebdesigns.com/.well-known/file.php?dir=XPAhomeXPAlogoandwXPAnature-photosXFAinfoXPAwp-includesXPASimplePieXPAwp-contentXPAIXRXPAwp-content" "Mozilla/5.0 AppleWebKit/537.36 (KHTML, like Gecko; compatible; GPTBot/1.4; +https://openai.com/gptbot)"
74.7.227.2 - - [27/Jul/2026:00:49:47 +0300] "GET /zip.php?dir=CwusrCwshareCwmanCwman3&view=xcb_render_change_picture_checked.3.gz HTTP/1.1" 429 0 "http://moodyandmagic.com.logoandwebdesigns.com/zip.php?dir=CwusrCwshareCwmanCwman3" "Mozilla/5.0 AppleWebKit/537.36 (KHTML, like Gecko; compatible; GPTBot/1.4; +https://openai.com/gptbot)"
32.193.141.171 - - [27/Jul/2026:00:50:47 +0300] "GET / HTTP/1.1" 200 1356 "-" "Mozilla/5.0 (Windows NT 10.0; Win64; x64) AppleWebKit/537.36 (KHTML, like Gecko) Chrome/125.0.0.0 Safari/537.36 Edg/125.0.0.0"
74.7.243.222 - - [27/Jul/2026:00:52:08 +0300] "GET /.well-known/file.php?dir=XPAhomeXPAlogoandwXPAnature-photosXFAinfoXPAwp-includesXPASimplePieXPAwp-contentXPAIXRXPAwp-content&edit=error_log-20251108093917-20251108102804-20251108103543-20251108103744-20251108104750-20251108104836-20251108162320-20251109000812-20251109015233-20251110002142-20251113155032-20251115124302. HTTP/1.1" 429 0 "http://www.moodyandmagic.com.logoandwebdesigns.com/.well-known/file.php?dir=XPAhomeXPAlogoandwXPAnature-photosXFAinfoXPAwp-includesXPASimplePieXPAwp-contentXPAIXRXPAwp-content" "Mozilla/5.0 AppleWebKit/537.36 (KHTML, like Gecko; compatible; GPTBot/1.4; +https://openai.com/gptbot)"
91.213.188.11 - - [27/Jul/2026:00:49:47 +0300] "GET /.well-known/acme-challenge/KJKQ31GCEQ8BLKCWP9QQI4FPC8EJY4XL HTTP/1.1" 200 64 "-" "Cpanel-HTTP-Client/1.0"
74.7.241.174 - - [27/Jul/2026:00:50:01 +0300] "GET /robots.txt HTTP/1.1" 404 1251 "-" "Mozilla/5.0 (Macintosh; Intel Mac OS X 10_15_7) AppleWebKit/537.36 (KHTML, like Gecko) Chrome/131.0.0.0 Safari/537.36; compatible; OAI-SearchBot/1.4; robots.txt; +https://openai.com/searchbot"
54.157.149.144 - - [27/Jul/2026:00:50:47 +0300] "GET / HTTP/1.1" 200 1358 "-" "Mozilla/5.0 (Windows NT 10.0; Win64; x64; rv:135.0) Gecko/20100101 Firefox/135.0"
74.7.243.222 - - [27/Jul/2026:00:51:05 +0300] "GET /.well-known/file.php?dir=XPAhomeXPAlogoandwXPAnature-photosXFAinfoXPAwp-includesXPASimplePieXPAwp-contentXPAIXRXPAwp-content&edit=error_log-20251108093917-20251108102804-20251108103543-20251108103744-20251108104750-20251108104836-20251108162320-20251109000812-20251109015233-20251110002142-20251111043754-20251111051715. HTTP/1.1" 429 0 "http://www.moodyandmagic.com.logoandwebdesigns.com/.well-known/file.php?dir=XPAhomeXPAlogoandwXPAnature-photosXFAinfoXPAwp-includesXPASimplePieXPAwp-contentXPAIXRXPAwp-content" "Mozilla/5.0 AppleWebKit/537.36 (KHTML, like Gecko; compatible; GPTBot/1.4; +https://openai.com/gptbot)"
74.7.227.2 - - [27/Jul/2026:00:51:46 +0300] "GET /.well-known/zip.php?dir=CwhomeCwlogoandwCwfeellifelivelifeFwcomCwwp-adminCwlanguagesCwphp-compatCwimagesCwuserCwlanguagesCwwp HTTP/1.1" 429 0 "http://moodyandmagic.com.logoandwebdesigns.com/.well-known/zip.php?dir=CwhomeCwlogoandwCwfeellifelivelifeFwcomCwwp-adminCwlanguagesCwphp-compatCwimagesCwuserCwlanguages" "Mozilla/5.0 AppleWebKit/537.36 (KHTML, like Gecko; compatible; GPTBot/1.4; +https://openai.com/gptbot)"
74.7.227.2 - - [27/Jul/2026:00:52:49 +0300] "GET /.well-known/zip.php?dir=CwhomeCwlogoandwCwnewsletterprogramsFwcomCwwp-contentCwpluginsCwsiteseoCwvendorCwphpseclibCwphpseclib HTTP/1.1" 429 0 "http://moodyandmagic.com.logoandwebdesigns.com/.well-known/zip.php?dir=CwhomeCwlogoandwCwnewsletterprogramsFwcomCwwp-contentCwpluginsCwsiteseoCwvendorCwphpseclib" "Mozilla/5.0 AppleWebKit/537.36 (KHTML, like Gecko; compatible; GPTBot/1.4; +https://openai.com/gptbot)"
74.7.243.222 - - [27/Jul/2026:00:53:13 +0300] "GET /.well-known/zip.php?dir=CwhomeCwlogoandwCwnature-photosFwinfoCwIXRCwrandomCwimagesCwmediaCwwp-contentCwwp-content&edit=error_log-20251108093917-20251108102804-20251108103543-20251108103744-20251108104750-20251108104836-20251108162320-20251109000812-20251109015233-20251110002142-20251113125713. HTTP/1.1" 429 0 "http://www.moodyandmagic.com.logoandwebdesigns.com/.well-known/zip.php?dir=CwhomeCwlogoandwCwnature-photosFwinfoCwIXRCwrandomCwimagesCwmediaCwwp-contentCwwp-content" "Mozilla/5.0 AppleWebKit/537.36 (KHTML, like Gecko; compatible; GPTBot/1.4; +https://openai.com/gptbot)"
74.7.227.2 - - [27/Jul/2026:00:54:54 +0300] "GET /.well-known/zip.php?dir=CwhomeCwlogoandwCwnewsletterprogramsFwcomCwwp-contentCwthemesCwastraCwincCwcustomizerCwextend-customizer HTTP/1.1" 200 3458 "http://moodyandmagic.com.logoandwebdesigns.com/.well-known/zip.php?dir=CwhomeCwlogoandwCwnewsletterprogramsFwcomCwwp-contentCwthemesCwastraCwincCwcustomizer" "Mozilla/5.0 AppleWebKit/537.36 (KHTML, like Gecko; compatible; GPTBot/1.4; +https://openai.com/gptbot)"
74.7.243.222 - - [27/Jul/2026:00:55:17 +0300] "GET /.well-known/file.php?dir=XPAhomeXPAlogoandwXPAnature-photosXFAinfoXPAwp-includesXPASimplePieXPAwp-contentXPAIXRXPAwp-content&edit=error_log-20251108093917-20251108102804-20251108103543-20251108103744-20251108104750-20251108104836-20251108162320-20251109000812-20251109015233-20251110002142-20251111143537-20251112004721. HTTP/1.1" 200 3014 "http://www.moodyandmagic.com.logoandwebdesigns.com/.well-known/file.php?dir=XPAhomeXPAlogoandwXPAnature-photosXFAinfoXPAwp-includesXPASimplePieXPAwp-contentXPAIXRXPAwp-content" "Mozilla/5.0 AppleWebKit/537.36 (KHTML, like Gecko; compatible; GPTBot/1.4; +https://openai.com/gptbot)"
74.7.243.222 - - [27/Jul/2026:00:59:09 +0300] "GET /.well-known/file.php?dir=XPAhomeXPAlogoandwXPAnature-photosXFAinfoXPAwp-includesXPASimplePieXPAwp-contentXPAIXRXPAwp-content&edit=error_log-20251108093917-20251108102804-20251108103543-20251108103744-20251108104750-20251108104836-20251108162320-20251109000812-20251109015233-20251110002142-20251111140521-20251115030359. HTTP/1.1" 200 3014 "http://www.moodyandmagic.com.logoandwebdesigns.com/.well-known/file.php?dir=XPAhomeXPAlogoandwXPAnature-photosXFAinfoXPAwp-includesXPASimplePieXPAwp-contentXPAIXRXPAwp-content" "Mozilla/5.0 AppleWebKit/537.36 (KHTML, like Gecko; compatible; GPTBot/1.4; +https://openai.com/gptbot)"
74.7.243.222 - - [27/Jul/2026:01:00:42 +0300] "GET /.well-known/zip.php?dir=CwhomeCwlogoandwCwnature-photosFwinfoCwIXRCwrandomCwimagesCwmediaCwwp-contentCwwp-content&edit=error_log-20251108093917-20251108102804-20251108103543-20251108103744-20251108104750-20251108104836-20251108162320-20251109000812-20251109015233-20251110002142-20251111140521. HTTP/1.1" 200 2598 "http://www.moodyandmagic.com.logoandwebdesigns.com/.well-known/zip.php?dir=CwhomeCwlogoandwCwnature-photosFwinfoCwIXRCwrandomCwimagesCwmediaCwwp-contentCwwp-content" "Mozilla/5.0 AppleWebKit/537.36 (KHTML, like Gecko; compatible; GPTBot/1.4; +https://openai.com/gptbot)"
74.7.227.2 - - [27/Jul/2026:01:01:21 +0300] "GET /zip.php?dir=CwusrCwlib64Cwpython2Fw7Cwunittest&view=suite.pyo HTTP/1.1" 200 3835 "http://moodyandmagic.com.logoandwebdesigns.com/zip.php?dir=CwusrCwlib64Cwpython2Fw7Cwunittest" "Mozilla/5.0 AppleWebKit/537.36 (KHTML, like Gecko; compatible; GPTBot/1.4; +https://openai.com/gptbot)"
74.7.243.222 - - [27/Jul/2026:01:02:09 +0300] "GET /.well-known/file.php?dir=XPAhomeXPAlogoandwXPAnature-photosXFAinfoXPAwp-includesXPASimplePieXPAwp-contentXPAIXRXPAwp-content&edit=error_log-20251108093917-20251108102804-20251108103543-20251108103744-20251108104750-20251108104836-20251108162320-20251109000812-20251109015233-20251110002142-20251110013512-20251113060009. HTTP/1.1" 200 3011 "http://www.moodyandmagic.com.logoandwebdesigns.com/.well-known/file.php?dir=XPAhomeXPAlogoandwXPAnature-photosXFAinfoXPAwp-includesXPASimplePieXPAwp-contentXPAIXRXPAwp-content" "Mozilla/5.0 AppleWebKit/537.36 (KHTML, like Gecko; compatible; GPTBot/1.4; +https://openai.com/gptbot)"
74.7.227.2 - - [27/Jul/2026:00:55:50 +0300] "GET /.well-known/zip.php?dir=CwhomeCwlogoandwCwincludtechFwcomCwwp-includesCwblocksCwSimplePieCwpluginsCwphpCwincludesCwplugins HTTP/1.1" 200 3273 "http://moodyandmagic.com.logoandwebdesigns.com/.well-known/zip.php?dir=CwhomeCwlogoandwCwincludtechFwcomCwwp-includesCwblocksCwSimplePieCwpluginsCwphpCwincludes" "Mozilla/5.0 AppleWebKit/537.36 (KHTML, like Gecko; compatible; GPTBot/1.4; +https://openai.com/gptbot)"
74.7.243.222 - - [27/Jul/2026:00:57:08 +0300] "GET /.well-known/zip.php?dir=CwhomeCwlogoandwCwnature-photosFwinfoCwIXRCwrandomCwimagesCwmediaCwwp-contentCwwp-content&edit=error_log-20251108093917-20251108102804-20251108103543-20251108103744-20251108104750-20251108104836-20251108162320-20251109000812-20251109015233-20251110002142-20251116184409. HTTP/1.1" 200 2629 "http://www.moodyandmagic.com.logoandwebdesigns.com/.well-known/zip.php?dir=CwhomeCwlogoandwCwnature-photosFwinfoCwIXRCwrandomCwimagesCwmediaCwwp-contentCwwp-content" "Mozilla/5.0 AppleWebKit/537.36 (KHTML, like Gecko; compatible; GPTBot/1.4; +https://openai.com/gptbot)"
74.7.227.2 - - [27/Jul/2026:00:58:06 +0300] "GET /zip.php?dir=CwusrCwlib64Cwpython3Fw8Cwunittest&view=suite.py HTTP/1.1" 200 2921 "http://moodyandmagic.com.logoandwebdesigns.com/zip.php?dir=CwusrCwlib64Cwpython3Fw8Cwunittest" "Mozilla/5.0 AppleWebKit/537.36 (KHTML, like Gecko; compatible; GPTBot/1.4; +https://openai.com/gptbot)"
74.7.243.222 - - [27/Jul/2026:00:59:44 +0300] "GET /.well-known/file.php?dir=XPAhomeXPAlogoandwXPAnature-photosXFAinfoXPAwp-includesXPASimplePieXPAwp-contentXPAIXRXPAwp-content&edit=error_log-20251108093917-20251108102804-20251108103543-20251108103744-20251108104750-20251108104836-20251108162320-20251109000812-20251109015233-20251110002142-20251111140521-20251115173033. HTTP/1.1" 200 3014 "http://www.moodyandmagic.com.logoandwebdesigns.com/.well-known/file.php?dir=XPAhomeXPAlogoandwXPAnature-photosXFAinfoXPAwp-includesXPASimplePieXPAwp-contentXPAIXRXPAwp-content" "Mozilla/5.0 AppleWebKit/537.36 (KHTML, like Gecko; compatible; GPTBot/1.4; +https://openai.com/gptbot)"
74.7.227.2 - - [27/Jul/2026:00:59:17 +0300] "GET /zip.php?dir=CwusrCwlib64Cwpython2Fw7Cwdistutils&view=dist.py HTTP/1.1" 200 13478 "http://moodyandmagic.com.logoandwebdesigns.com/zip.php?dir=CwusrCwlib64Cwpython2Fw7Cwdistutils" "Mozilla/5.0 AppleWebKit/537.36 (KHTML, like Gecko; compatible; GPTBot/1.4; +https://openai.com/gptbot)"
74.7.227.2 - - [27/Jul/2026:01:01:38 +0300] "GET /.well-known/zip.php?dir=CwhomeCwlogoandwCwincludtechFwcomCwwp-includesCwblocksCwSimplePieCwpluginsCwphpCwincludesCwpluginsCwwp HTTP/1.1" 200 3402 "http://moodyandmagic.com.logoandwebdesigns.com/.well-known/zip.php?dir=CwhomeCwlogoandwCwincludtechFwcomCwwp-includesCwblocksCwSimplePieCwpluginsCwphpCwincludesCwplugins" "Mozilla/5.0 AppleWebKit/537.36 (KHTML, like Gecko; compatible; GPTBot/1.4; +https://openai.com/gptbot)"
74.7.243.222 - - [27/Jul/2026:01:02:24 +0300] "GET /.well-known/file.php?dir=XPAhomeXPAlogoandwXPAnature-photosXFAinfoXPAwp-includesXPASimplePieXPAwp-contentXPAIXRXPAwp-content&edit=error_log-20251108093917-20251108102804-20251108103543-20251108103744-20251108104750-20251108104836-20251108162320-20251109000812-20251109015233-20251110002142-20251111140521-20251115073421. HTTP/1.1" 200 3014 "http://www.moodyandmagic.com.logoandwebdesigns.com/.well-known/file.php?dir=XPAhomeXPAlogoandwXPAnature-photosXFAinfoXPAwp-includesXPASimplePieXPAwp-contentXPAIXRXPAwp-content" "Mozilla/5.0 AppleWebKit/537.36 (KHTML, like Gecko; compatible; GPTBot/1.4; +https://openai.com/gptbot)"
74.7.243.222 - - [27/Jul/2026:01:02:51 +0300] "GET /.well-known/file.php?dir=XPAhomeXPAlogoandwXPAnature-photosXFAinfoXPAwp-includesXPASimplePieXPAwp-contentXPAIXRXPAwp-content&edit=error_log-20251108093917-20251108102804-20251108103543-20251108103744-20251108104750-20251108104836-20251108162320-20251109000812-20251109015233-20251110002142-20251112121403-20251112121436. HTTP/1.1" 200 3009 "http://www.moodyandmagic.com.logoandwebdesigns.com/.well-known/file.php?dir=XPAhomeXPAlogoandwXPAnature-photosXFAinfoXPAwp-includesXPASimplePieXPAwp-contentXPAIXRXPAwp-content" "Mozilla/5.0 AppleWebKit/537.36 (KHTML, like Gecko; compatible; GPTBot/1.4; +https://openai.com/gptbot)"
74.7.243.222 - - [27/Jul/2026:01:03:02 +0300] "GET /.well-known/file.php?dir=XPAhomeXPAlogoandwXPAnature-photosXFAinfoXPAwp-includesXPASimplePieXPAwp-contentXPAIXRXPAwp-content&edit=error_log-20251108093917-20251108102804-20251108103543-20251108103744-20251108104750-20251108104836-20251108162320-20251109000812-20251109010418-20251118084246-20251118085210-20251118093805. HTTP/1.1" 429 0 "http://www.moodyandmagic.com.logoandwebdesigns.com/.well-known/file.php?dir=XPAhomeXPAlogoandwXPAnature-photosXFAinfoXPAwp-includesXPASimplePieXPAwp-contentXPAIXRXPAwp-content" "Mozilla/5.0 AppleWebKit/537.36 (KHTML, like Gecko; compatible; GPTBot/1.4; +https://openai.com/gptbot)"
74.7.227.2 - - [27/Jul/2026:01:06:29 +0300] "GET /.well-known/zip.php?dir=CwhomeCwlogoandwCwincludtechFwcomCwwp-includesCwblocksCwSimplePieCwpluginsCwphpCwincludesCwpluginsCwwp&view=.htaccess HTTP/1.1" 429 0 "http://moodyandmagic.com.logoandwebdesigns.com/.well-known/zip.php?dir=CwhomeCwlogoandwCwincludtechFwcomCwwp-includesCwblocksCwSimplePieCwpluginsCwphpCwincludesCwpluginsCwwp" "Mozilla/5.0 AppleWebKit/537.36 (KHTML, like Gecko; compatible; GPTBot/1.4; +https://openai.com/gptbot)"
74.7.227.2 - - [27/Jul/2026:01:13:40 +0300] "GET /zip.php?dir=CwusrCwlib64Cwpython2Fw7Cwdistutils&view=dist.pyo HTTP/1.1" 429 0 "http://moodyandmagic.com.logoandwebdesigns.com/zip.php?dir=CwusrCwlib64Cwpython2Fw7Cwdistutils" "Mozilla/5.0 AppleWebKit/537.36 (KHTML, like Gecko; compatible; GPTBot/1.4; +https://openai.com/gptbot)"
74.7.230.37 - - [27/Jul/2026:01:14:35 +0300] "GET /robots.txt HTTP/1.1" 404 1251 "-" "Mozilla/5.0 (Macintosh; Intel Mac OS X 10_15_7) AppleWebKit/537.36 (KHTML, like Gecko) Chrome/131.0.0.0 Safari/537.36; compatible; OAI-SearchBot/1.4; robots.txt; +https://openai.com/searchbot"
74.7.243.222 - - [27/Jul/2026:01:18:33 +0300] "GET /zip.php?dir=CwusrCwlibCwfirmware&edit=iwlwifi-QuZ-a0-jf-b0-77.ucode HTTP/1.1" 429 0 "http://www.moodyandmagic.com.logoandwebdesigns.com/zip.php?dir=CwusrCwlibCwfirmware" "Mozilla/5.0 AppleWebKit/537.36 (KHTML, like Gecko; compatible; GPTBot/1.4; +https://openai.com/gptbot)"
74.7.227.2 - - [27/Jul/2026:01:18:39 +0300] "GET /zip.php?dir=CwusrCwlib64Cwpython3Fw6Cwunittest&view=runner.py HTTP/1.1" 200 2082 "http://moodyandmagic.com.logoandwebdesigns.com/zip.php?dir=CwusrCwlib64Cwpython3Fw6Cwunittest" "Mozilla/5.0 AppleWebKit/537.36 (KHTML, like Gecko; compatible; GPTBot/1.4; +https://openai.com/gptbot)"
74.7.243.222 - - [27/Jul/2026:01:02:38 +0300] "GET /.well-known/file.php?dir=XPAhomeXPAlogoandwXPAnature-photosXFAinfoXPAwp-includesXPASimplePieXPAwp-contentXPAIXRXPAwp-content&edit=error_log-20251108093917-20251108102804-20251108103543-20251108103744-20251108104750-20251108104836-20251108162320-20251109000812-20251109015233-20251110002142-20251111143537-20251112020354. HTTP/1.1" 200 3014 "http://www.moodyandmagic.com.logoandwebdesigns.com/.well-known/file.php?dir=XPAhomeXPAlogoandwXPAnature-photosXFAinfoXPAwp-includesXPASimplePieXPAwp-contentXPAIXRXPAwp-content" "Mozilla/5.0 AppleWebKit/537.36 (KHTML, like Gecko; compatible; GPTBot/1.4; +https://openai.com/gptbot)"
74.7.227.2 - - [27/Jul/2026:01:11:43 +0300] "GET /zip.php?dir=Cwlib64Cwpython2Fw7Cwidlelib&view=CallTipWindow.py HTTP/1.1" 429 0 "http://moodyandmagic.com.logoandwebdesigns.com/zip.php?dir=Cwlib64Cwpython2Fw7Cwidlelib" "Mozilla/5.0 AppleWebKit/537.36 (KHTML, like Gecko; compatible; GPTBot/1.4; +https://openai.com/gptbot)"
74.7.243.222 - - [27/Jul/2026:01:14:16 +0300] "GET /zip.php?dir=Cwlib64Cwpython3Fw6Cwsite-packagesCwgi&edit=__init__.py HTTP/1.1" 429 0 "http://www.moodyandmagic.com.logoandwebdesigns.com/zip.php?dir=Cwlib64Cwpython3Fw6Cwsite-packagesCwgi" "Mozilla/5.0 AppleWebKit/537.36 (KHTML, like Gecko; compatible; GPTBot/1.4; +https://openai.com/gptbot)"
74.7.227.2 - - [27/Jul/2026:01:14:35 +0300] "GET /zip.php?dir=CwusrCwlib64Cwpython2Fw7Cwhotshot&view=stones.pyo HTTP/1.1" 200 763 "http://moodyandmagic.com.logoandwebdesigns.com/zip.php?dir=CwusrCwlib64Cwpython2Fw7Cwhotshot" "Mozilla/5.0 AppleWebKit/537.36 (KHTML, like Gecko; compatible; GPTBot/1.4; +https://openai.com/gptbot)"
74.7.243.222 - - [27/Jul/2026:01:15:21 +0300] "GET /zip.php?dir=CwusrCwlibCwfirmware&edit=iwlwifi-QuZ-a0-hr-b0-74.ucode HTTP/1.1" 429 0 "http://www.moodyandmagic.com.logoandwebdesigns.com/zip.php?dir=CwusrCwlibCwfirmware" "Mozilla/5.0 AppleWebKit/537.36 (KHTML, like Gecko; compatible; GPTBot/1.4; +https://openai.com/gptbot)"
74.7.227.2 - - [27/Jul/2026:01:16:33 +0300] "GET /zip.php?dir=CwusrCwlib64Cwpython2Fw7Cwunittest&view=suite.py HTTP/1.1" 429 0 "http://moodyandmagic.com.logoandwebdesigns.com/zip.php?dir=CwusrCwlib64Cwpython2Fw7Cwunittest" "Mozilla/5.0 AppleWebKit/537.36 (KHTML, like Gecko; compatible; GPTBot/1.4; +https://openai.com/gptbot)"
74.7.243.222 - - [27/Jul/2026:01:03:45 +0300] "GET /.well-known/file.php?dir=XPAhomeXPAlogoandwXPAnature-photosXFAinfoXPAwp-includesXPASimplePieXPAwp-contentXPAIXRXPAwp-content&edit=error_log-20251108093917-20251108102804-20251108103543-20251108103744-20251108104750-20251108104836-20251108162320-20251109000812-20251109015233-20251110002142-20251110013512-20251113061727. HTTP/1.1" 429 0 "http://www.moodyandmagic.com.logoandwebdesigns.com/.well-known/file.php?dir=XPAhomeXPAlogoandwXPAnature-photosXFAinfoXPAwp-includesXPASimplePieXPAwp-contentXPAIXRXPAwp-content" "Mozilla/5.0 AppleWebKit/537.36 (KHTML, like Gecko; compatible; GPTBot/1.4; +https://openai.com/gptbot)"
74.7.243.222 - - [27/Jul/2026:01:06:57 +0300] "GET /.well-known/file.php?dir=XPAhomeXPAlogoandwXPAnature-photosXFAinfoXPAwp-includesXPASimplePieXPAwp-contentXPAIXRXPAwp-content&edit=error_log-20251108093917-20251108102804-20251108103543-20251108103744-20251108104750-20251108104836-20251108162320-20251109000812-20251109015233-20251110002142-20251111140521-20251114194201. HTTP/1.1" 429 0 "http://www.moodyandmagic.com.logoandwebdesigns.com/.well-known/file.php?dir=XPAhomeXPAlogoandwXPAnature-photosXFAinfoXPAwp-includesXPASimplePieXPAwp-contentXPAIXRXPAwp-content" "Mozilla/5.0 AppleWebKit/537.36 (KHTML, like Gecko; compatible; GPTBot/1.4; +https://openai.com/gptbot)"
74.7.243.222 - - [27/Jul/2026:01:07:53 +0300] "GET /.well-known/zip.php?dir=CwhomeCwlogoandwCwnature-photosFwinfoCwwp-includesCwSimplePieCwwp-contentCwIXRCwwp-content&edit=error_log-20251108093917-20251108102804-20251108103543-20251108103744-20251108104750-20251108104836-20251108162320-20251109000812-20251109015233-20251110002142-20251116184409. HTTP/1.1" 429 0 "http://www.moodyandmagic.com.logoandwebdesigns.com/.well-known/zip.php?dir=CwhomeCwlogoandwCwnature-photosFwinfoCwwp-includesCwSimplePieCwwp-contentCwIXRCwwp-content" "Mozilla/5.0 AppleWebKit/537.36 (KHTML, like Gecko; compatible; GPTBot/1.4; +https://openai.com/gptbot)"
74.7.227.2 - - [27/Jul/2026:01:08:35 +0300] "GET /zip.php?dir=CwusrCwlib64Cwpython2Fw7Cwidlelib&view=idlever.pyo HTTP/1.1" 429 0 "http://moodyandmagic.com.logoandwebdesigns.com/zip.php?dir=CwusrCwlib64Cwpython2Fw7Cwidlelib" "Mozilla/5.0 AppleWebKit/537.36 (KHTML, like Gecko; compatible; GPTBot/1.4; +https://openai.com/gptbot)"
74.7.243.222 - - [27/Jul/2026:01:10:01 +0300] "GET /.well-known/file.php?dir=XPAhomeXPAlogoandwXPAnature-photosXFAinfoXPAwp-includesXPASimplePieXPAwp-contentXPAIXRXPAwp-content&edit=error_log-20251108093917-20251108102804-20251108103543-20251108103744-20251108104750-20251108104836-20251108162320-20251109000812-20251109015233-20251110002142-20251111143537-20251112123224. HTTP/1.1" 429 0 "http://www.moodyandmagic.com.logoandwebdesigns.com/.well-known/file.php?dir=XPAhomeXPAlogoandwXPAnature-photosXFAinfoXPAwp-includesXPASimplePieXPAwp-contentXPAIXRXPAwp-content" "Mozilla/5.0 AppleWebKit/537.36 (KHTML, like Gecko; compatible; GPTBot/1.4; +https://openai.com/gptbot)"
74.7.243.222 - - [27/Jul/2026:01:12:08 +0300] "GET /zip.php?dir=CwusrCwlibCwfirmware&edit=iwlwifi-QuZ-a0-hr-b0-72.ucode HTTP/1.1" 429 0 "http://www.moodyandmagic.com.logoandwebdesigns.com/zip.php?dir=CwusrCwlibCwfirmware" "Mozilla/5.0 AppleWebKit/537.36 (KHTML, like Gecko; compatible; GPTBot/1.4; +https://openai.com/gptbot)"
74.7.243.222 - - [27/Jul/2026:01:16:25 +0300] "GET /zip.php?dir=CwusrCwlibCwfirmware&edit=iwlwifi-QuZ-a0-hr-b0-73.ucode HTTP/1.1" 429 0 "http://www.moodyandmagic.com.logoandwebdesigns.com/zip.php?dir=CwusrCwlibCwfirmware" "Mozilla/5.0 AppleWebKit/537.36 (KHTML, like Gecko; compatible; GPTBot/1.4; +https://openai.com/gptbot)"
74.7.227.2 - - [27/Jul/2026:01:21:42 +0300] "GET /zip.php?dir=CwusrCwlib64Cwpython3Fw6Cwurllib&view=response.py HTTP/1.1" 429 0 "http://moodyandmagic.com.logoandwebdesigns.com/zip.php?dir=CwusrCwlib64Cwpython3Fw6Cwurllib" "Mozilla/5.0 AppleWebKit/537.36 (KHTML, like Gecko; compatible; GPTBot/1.4; +https://openai.com/gptbot)"
74.7.243.222 - - [27/Jul/2026:01:22:45 +0300] "GET /zip.php?dir=CwusrCwlibCwfirmware&edit=iwlwifi-QuZ-a0-jf-b0-66.ucode HTTP/1.1" 429 0 "http://www.moodyandmagic.com.logoandwebdesigns.com/zip.php?dir=CwusrCwlibCwfirmware" "Mozilla/5.0 AppleWebKit/537.36 (KHTML, like Gecko; compatible; GPTBot/1.4; +https://openai.com/gptbot)"
74.7.243.222 - - [27/Jul/2026:01:24:56 +0300] "GET /zip.php?dir=CwusrCwlibCwfirmware&edit=iwlwifi-QuZ-a0-hr-b0-59.ucode HTTP/1.1" 429 0 "http://www.moodyandmagic.com.logoandwebdesigns.com/zip.php?dir=CwusrCwlibCwfirmware" "Mozilla/5.0 AppleWebKit/537.36 (KHTML, like Gecko; compatible; GPTBot/1.4; +https://openai.com/gptbot)"
74.7.227.2 - - [27/Jul/2026:01:27:53 +0300] "GET /zip.php?dir=CwusrCwlib64Cwpython3Fw8Cwdistutils&view=dist.py HTTP/1.1" 429 0 "http://moodyandmagic.com.logoandwebdesigns.com/zip.php?dir=CwusrCwlib64Cwpython3Fw8Cwdistutils" "Mozilla/5.0 AppleWebKit/537.36 (KHTML, like Gecko; compatible; GPTBot/1.4; +https://openai.com/gptbot)"
74.7.243.222 - - [27/Jul/2026:01:30:05 +0300] "GET /zip.php?dir=CwusrCwlib64&view=libarchive.so.13.3.3 HTTP/1.1" 429 0 "http://www.moodyandmagic.com.logoandwebdesigns.com/zip.php?dir=CwusrCwlib64" "Mozilla/5.0 AppleWebKit/537.36 (KHTML, like Gecko; compatible; GPTBot/1.4; +https://openai.com/gptbot)"
74.7.227.2 - - [27/Jul/2026:01:31:05 +0300] "GET /zip.php?dir=CwusrCwlib64Cwpython3Fw6Cwimportlib&view=util.py HTTP/1.1" 429 0 "http://moodyandmagic.com.logoandwebdesigns.com/zip.php?dir=CwusrCwlib64Cwpython3Fw6Cwimportlib" "Mozilla/5.0 AppleWebKit/537.36 (KHTML, like Gecko; compatible; GPTBot/1.4; +https://openai.com/gptbot)"
74.7.243.222 - - [27/Jul/2026:01:31:11 +0300] "GET /zip.php?dir=CwusrCwlib64&view=libleveldb.so.1.22.0 HTTP/1.1" 429 0 "http://www.moodyandmagic.com.logoandwebdesigns.com/zip.php?dir=CwusrCwlib64" "Mozilla/5.0 AppleWebKit/537.36 (KHTML, like Gecko; compatible; GPTBot/1.4; +https://openai.com/gptbot)"
74.7.243.222 - - [27/Jul/2026:01:33:19 +0300] "GET /zip.php?dir=CwusrCwlib64&view=libcgroup.so.1.0.41 HTTP/1.1" 429 0 "http://www.moodyandmagic.com.logoandwebdesigns.com/zip.php?dir=CwusrCwlib64" "Mozilla/5.0 AppleWebKit/537.36 (KHTML, like Gecko; compatible; GPTBot/1.4; +https://openai.com/gptbot)"
74.7.243.222 - - [27/Jul/2026:01:34:24 +0300] "GET /zip.php?dir=CwusrCwlib64&view=libcrypto.so.1.1.1k HTTP/1.1" 429 0 "http://www.moodyandmagic.com.logoandwebdesigns.com/zip.php?dir=CwusrCwlib64" "Mozilla/5.0 AppleWebKit/537.36 (KHTML, like Gecko; compatible; GPTBot/1.4; +https://openai.com/gptbot)"
74.7.227.2 - - [27/Jul/2026:01:20:37 +0300] "GET /zip.php?dir=Cwlib64Cwpython2Fw7Cwidlelib&view=EditorWindow.py HTTP/1.1" 429 0 "http://moodyandmagic.com.logoandwebdesigns.com/zip.php?dir=Cwlib64Cwpython2Fw7Cwidlelib" "Mozilla/5.0 AppleWebKit/537.36 (KHTML, like Gecko; compatible; GPTBot/1.4; +https://openai.com/gptbot)"
74.7.227.2 - - [27/Jul/2026:01:24:45 +0300] "GET /zip.php?dir=CwusrCwlib64Cwpython3Fw6Cwunittest&view=result.py HTTP/1.1" 429 0 "http://moodyandmagic.com.logoandwebdesigns.com/zip.php?dir=CwusrCwlib64Cwpython3Fw6Cwunittest" "Mozilla/5.0 AppleWebKit/537.36 (KHTML, like Gecko; compatible; GPTBot/1.4; +https://openai.com/gptbot)"
74.7.227.2 - - [27/Jul/2026:01:25:46 +0300] "GET /zip.php?dir=CwusrCwlib64Cwpython2Fw7Cwidlelib&view=idlever.py HTTP/1.1" 429 0 "http://moodyandmagic.com.logoandwebdesigns.com/zip.php?dir=CwusrCwlib64Cwpython2Fw7Cwidlelib" "Mozilla/5.0 AppleWebKit/537.36 (KHTML, like Gecko; compatible; GPTBot/1.4; +https://openai.com/gptbot)"
74.7.243.222 - - [27/Jul/2026:01:32:16 +0300] "GET /zip.php?dir=CwusrCwlib64&view=libsgutils2.so.2.0.0 HTTP/1.1" 429 0 "http://www.moodyandmagic.com.logoandwebdesigns.com/zip.php?dir=CwusrCwlib64" "Mozilla/5.0 AppleWebKit/537.36 (KHTML, like Gecko; compatible; GPTBot/1.4; +https://openai.com/gptbot)"
74.7.227.2 - - [27/Jul/2026:01:19:40 +0300] "GET /zip.php?dir=CwusrCwlib64Cwpython2Fw7Cwdistutils&view=util.py HTTP/1.1" 429 0 "http://moodyandmagic.com.logoandwebdesigns.com/zip.php?dir=CwusrCwlib64Cwpython2Fw7Cwdistutils" "Mozilla/5.0 AppleWebKit/537.36 (KHTML, like Gecko; compatible; GPTBot/1.4; +https://openai.com/gptbot)"
74.7.243.222 - - [27/Jul/2026:01:23:50 +0300] "GET /zip.php?dir=CwusrCwlibCwfirmware&edit=iwlwifi-QuZ-a0-jf-b0-50.ucode HTTP/1.1" 429 0 "http://www.moodyandmagic.com.logoandwebdesigns.com/zip.php?dir=CwusrCwlibCwfirmware" "Mozilla/5.0 AppleWebKit/537.36 (KHTML, like Gecko; compatible; GPTBot/1.4; +https://openai.com/gptbot)"
74.7.227.2 - - [27/Jul/2026:01:30:00 +0300] "GET /zip.php?dir=CwusrCwlib64Cwpython3Fw8Cwunittest&view=runner.py HTTP/1.1" 429 0 "http://moodyandmagic.com.logoandwebdesigns.com/zip.php?dir=CwusrCwlib64Cwpython3Fw8Cwunittest" "Mozilla/5.0 AppleWebKit/537.36 (KHTML, like Gecko; compatible; GPTBot/1.4; +https://openai.com/gptbot)"
74.7.227.2 - - [27/Jul/2026:01:32:07 +0300] "GET /zip.php?dir=Cwlib64Cwpython2Fw7Cwidlelib&view=CodeContext.py HTTP/1.1" 429 0 "http://moodyandmagic.com.logoandwebdesigns.com/zip.php?dir=Cwlib64Cwpython2Fw7Cwidlelib" "Mozilla/5.0 AppleWebKit/537.36 (KHTML, like Gecko; compatible; GPTBot/1.4; +https://openai.com/gptbot)"
74.7.227.2 - - [27/Jul/2026:01:35:12 +0300] "GET /zip.php?dir=CwusrCwlib64Cwpython2Fw7Cwhotshot&view=stones.py HTTP/1.1" 429 0 "http://moodyandmagic.com.logoandwebdesigns.com/zip.php?dir=CwusrCwlib64Cwpython2Fw7Cwhotshot" "Mozilla/5.0 AppleWebKit/537.36 (KHTML, like Gecko; compatible; GPTBot/1.4; +https://openai.com/gptbot)"
💾 Save
❌ Cancel