Sid Gifari From Gifari Industries - BD Cyber Security Team
Home
/
usr
/
local
/
apache
/
domlogs
/
logoandw
/
✏️
Editing: moodyandmagic.com.logoandwebdesigns.com
74.7.227.2 - - [26/Jul/2026:15:04:28 +0300] "GET /.well-known/file.php?dir=XPAhomeXPAlogoandwXPAnature-photosXFAinfoXPAwp-contentXPAincludesXPAwp-contentXPAcssXPAwp-contentXPAwp-contentXPAwp-contentXPAwp-contentXPAwp-content&edit=error_log-20251108093917-20251108102804-20251108103543-20251108103744-20251108104750-20251108104836-20251108162320-20251109000812-20251109015233-20251110002142-20251112121403-20251112163256. HTTP/1.1" 429 0 "http://moodyandmagic.com.logoandwebdesigns.com/.well-known/file.php?dir=XPAhomeXPAlogoandwXPAnature-photosXFAinfoXPAwp-contentXPAincludesXPAwp-contentXPAcssXPAwp-contentXPAwp-contentXPAwp-contentXPAwp-contentXPAwp-content" "Mozilla/5.0 AppleWebKit/537.36 (KHTML, like Gecko; compatible; GPTBot/1.4; +https://openai.com/gptbot)"
74.7.243.222 - - [26/Jul/2026:15:06:23 +0300] "GET /zip.php?dir=CwhomeCwlogoandwCwnature-photosFwinfoCwlanguagesCwText&edit=error_log-20251108093917-20251108102804-20251108103543-20251108103744-20251108104750-20251108104836-20251108112419. HTTP/1.1" 429 0 "http://www.moodyandmagic.com.logoandwebdesigns.com/zip.php?dir=CwhomeCwlogoandwCwnature-photosFwinfoCwlanguagesCwText" "Mozilla/5.0 AppleWebKit/537.36 (KHTML, like Gecko; compatible; GPTBot/1.4; +https://openai.com/gptbot)"
74.7.227.2 - - [26/Jul/2026:15:08:40 +0300] "GET /.well-known/file.php?dir=XPAhomeXPAlogoandwXPAnature-photosXFAinfoXPAwp-contentXPAincludesXPAwp-contentXPAcssXPAwp-contentXPAwp-contentXPAwp-contentXPAwp-contentXPAwp-content&edit=error_log-20251108093917-20251108102804-20251108103543-20251108103744-20251108104750-20251108104836-20251108162320-20251109000812-20251109010418-20251118084246-20251118085210-20251118093805. HTTP/1.1" 429 0 "http://moodyandmagic.com.logoandwebdesigns.com/.well-known/file.php?dir=XPAhomeXPAlogoandwXPAnature-photosXFAinfoXPAwp-contentXPAincludesXPAwp-contentXPAcssXPAwp-contentXPAwp-contentXPAwp-contentXPAwp-contentXPAwp-content" "Mozilla/5.0 AppleWebKit/537.36 (KHTML, like Gecko; compatible; GPTBot/1.4; +https://openai.com/gptbot)"
74.7.243.222 - - [26/Jul/2026:15:12:36 +0300] "GET /file.php?dir=XPAhomeXPAlogoandwXPAnature-photosXFAinfoXPAlanguages&edit=error_log-20251108093917-20251108102804-20251108103543-20251108103744-20251108104750-20251108104836-20251108204156. HTTP/1.1" 429 0 "http://www.moodyandmagic.com.logoandwebdesigns.com/file.php?dir=XPAhomeXPAlogoandwXPAnature-photosXFAinfoXPAlanguages" "Mozilla/5.0 AppleWebKit/537.36 (KHTML, like Gecko; compatible; GPTBot/1.4; +https://openai.com/gptbot)"
74.7.227.2 - - [26/Jul/2026:15:12:45 +0300] "GET /.well-known/file.php?dir=XPAhomeXPAlogoandwXPAnature-photosXFAinfoXPAwp-contentXPAincludesXPAwp-contentXPAcssXPAwp-contentXPAwp-contentXPAwp-contentXPAwp-contentXPAwp-content&edit=error_log-20251108093917-20251108102804-20251108103543-20251108103744-20251108104750-20251108104836-20251108162320-20251109000812-20251109015233-20251110002142-20251111025318-20251111030817. HTTP/1.1" 429 0 "http://moodyandmagic.com.logoandwebdesigns.com/.well-known/file.php?dir=XPAhomeXPAlogoandwXPAnature-photosXFAinfoXPAwp-contentXPAincludesXPAwp-contentXPAcssXPAwp-contentXPAwp-contentXPAwp-contentXPAwp-contentXPAwp-content" "Mozilla/5.0 AppleWebKit/537.36 (KHTML, like Gecko; compatible; GPTBot/1.4; +https://openai.com/gptbot)"
74.7.243.222 - - [26/Jul/2026:15:13:41 +0300] "GET /zip.php?dir=CwhomeCwlogoandwCwnature-photosFwinfoCwblockCwlanguages&edit=error_log-20251108093917-20251108102804-20251108103543-20251108103744-20251108104750-20251108104836-20251108162320. HTTP/1.1" 429 0 "http://www.moodyandmagic.com.logoandwebdesigns.com/zip.php?dir=CwhomeCwlogoandwCwnature-photosFwinfoCwblockCwlanguages" "Mozilla/5.0 AppleWebKit/537.36 (KHTML, like Gecko; compatible; GPTBot/1.4; +https://openai.com/gptbot)"
74.7.243.222 - - [26/Jul/2026:15:03:22 +0300] "GET /zip.php?dir=CwhomeCwlogoandwCwnature-photosFwinfoCwblockCwlanguages&edit=error_log-20251108093917-20251108102804-20251108103543-20251108103744-20251108104750-20251108104836-20251108225138. HTTP/1.1" 429 0 "http://www.moodyandmagic.com.logoandwebdesigns.com/zip.php?dir=CwhomeCwlogoandwCwnature-photosFwinfoCwblockCwlanguages" "Mozilla/5.0 AppleWebKit/537.36 (KHTML, like Gecko; compatible; GPTBot/1.4; +https://openai.com/gptbot)"
74.7.243.222 - - [26/Jul/2026:15:05:29 +0300] "GET /file.php?dir=XPAhomeXPAlogoandwXPAnature-photosXFAinfoXPAlanguages&edit=error_log-20251108093917-20251108102804-20251108103543-20251108103744-20251108104750-20251108104836-20251108105047. HTTP/1.1" 429 0 "http://www.moodyandmagic.com.logoandwebdesigns.com/file.php?dir=XPAhomeXPAlogoandwXPAnature-photosXFAinfoXPAlanguages" "Mozilla/5.0 AppleWebKit/537.36 (KHTML, like Gecko; compatible; GPTBot/1.4; +https://openai.com/gptbot)"
74.7.227.2 - - [26/Jul/2026:15:05:30 +0300] "GET /.well-known/file.php?dir=XPAhomeXPAlogoandwXPAnature-photosXFAinfoXPAwp-contentXPAwp-contentXPAcssXPAwp-contentXPAcssXPAwp-contentXPAwp-contentXPAwp-contentXPAwp-contentXPAwp-content&edit=error_log-20251108093917-20251108102804-20251108103543-20251108103744-20251108104750-20251108104836-20251108162320-20251109000812-20251109015233-20251110002142-20251113155032-20251115022032. HTTP/1.1" 429 0 "http://moodyandmagic.com.logoandwebdesigns.com/.well-known/file.php?dir=XPAhomeXPAlogoandwXPAnature-photosXFAinfoXPAwp-contentXPAwp-contentXPAcssXPAwp-contentXPAcssXPAwp-contentXPAwp-contentXPAwp-contentXPAwp-contentXPAwp-content" "Mozilla/5.0 AppleWebKit/537.36 (KHTML, like Gecko; compatible; GPTBot/1.4; +https://openai.com/gptbot)"
74.7.243.222 - - [26/Jul/2026:15:07:25 +0300] "GET /file.php?dir=XPAhomeXPAlogoandwXPAnature-photosXFAinfoXPAlanguages&edit=error_log-20251108093917-20251108102804-20251108103543-20251108103744-20251108104750-20251108104836-20251108215346. HTTP/1.1" 429 0 "http://www.moodyandmagic.com.logoandwebdesigns.com/file.php?dir=XPAhomeXPAlogoandwXPAnature-photosXFAinfoXPAlanguages" "Mozilla/5.0 AppleWebKit/537.36 (KHTML, like Gecko; compatible; GPTBot/1.4; +https://openai.com/gptbot)"
74.7.243.222 - - [26/Jul/2026:15:08:27 +0300] "GET /zip.php?dir=CwhomeCwlogoandwCwnature-photosFwinfoCwblockCwlanguages&edit=error_log-20251108093917-20251108102804-20251108103543-20251108103744-20251108104750-20251108104836-20251108121044. HTTP/1.1" 429 0 "http://www.moodyandmagic.com.logoandwebdesigns.com/zip.php?dir=CwhomeCwlogoandwCwnature-photosFwinfoCwblockCwlanguages" "Mozilla/5.0 AppleWebKit/537.36 (KHTML, like Gecko; compatible; GPTBot/1.4; +https://openai.com/gptbot)"
74.7.227.2 - - [26/Jul/2026:15:17:53 +0300] "GET /.well-known/file.php?dir=XPAhomeXPAlogoandwXPAnature-photosXFAinfoXPAwp-contentXPAincludesXPAwp-contentXPAcssXPAwp-contentXPAwp-contentXPAwp-contentXPAwp-contentXPAwp-content&edit=error_log-20251108093917-20251108102804-20251108103543-20251108103744-20251108104750-20251108104836-20251108162320-20251109000812-20251109015233-20251110002142-20251112121403-20251112123937. HTTP/1.1" 429 0 "http://moodyandmagic.com.logoandwebdesigns.com/.well-known/file.php?dir=XPAhomeXPAlogoandwXPAnature-photosXFAinfoXPAwp-contentXPAincludesXPAwp-contentXPAcssXPAwp-contentXPAwp-contentXPAwp-contentXPAwp-contentXPAwp-content" "Mozilla/5.0 AppleWebKit/537.36 (KHTML, like Gecko; compatible; GPTBot/1.4; +https://openai.com/gptbot)"
74.7.243.222 - - [26/Jul/2026:15:04:28 +0300] "GET /zip.php?dir=CwhomeCwlogoandwCwnature-photosFwinfoCwblockCwlanguages&edit=error_log-20251108093917-20251108102804-20251108103543-20251108103744-20251108104750-20251108104836-20251108112419. HTTP/1.1" 200 2523 "http://www.moodyandmagic.com.logoandwebdesigns.com/zip.php?dir=CwhomeCwlogoandwCwnature-photosFwinfoCwblockCwlanguages" "Mozilla/5.0 AppleWebKit/537.36 (KHTML, like Gecko; compatible; GPTBot/1.4; +https://openai.com/gptbot)"
74.7.227.2 - - [26/Jul/2026:15:09:41 +0300] "GET /.well-known/file.php?dir=XPAhomeXPAlogoandwXPAnature-photosXFAinfoXPAwp-contentXPAincludesXPAwp-contentXPAcssXPAwp-contentXPAwp-contentXPAwp-contentXPAwp-contentXPAwp-content&edit=error_log-20251108093917-20251108102804-20251108103543-20251108103744-20251108104750-20251108104836-20251108162320-20251109000812-20251109015233-20251110002142-20251112121403-20251112145145. HTTP/1.1" 429 0 "http://moodyandmagic.com.logoandwebdesigns.com/.well-known/file.php?dir=XPAhomeXPAlogoandwXPAnature-photosXFAinfoXPAwp-contentXPAincludesXPAwp-contentXPAcssXPAwp-contentXPAwp-contentXPAwp-contentXPAwp-contentXPAwp-content" "Mozilla/5.0 AppleWebKit/537.36 (KHTML, like Gecko; compatible; GPTBot/1.4; +https://openai.com/gptbot)"
74.7.227.2 - - [26/Jul/2026:15:13:51 +0300] "GET /.well-known/file.php?dir=XPAhomeXPAlogoandwXPAnature-photosXFAinfoXPAwp-contentXPAincludesXPAwp-contentXPAcssXPAwp-contentXPAwp-contentXPAwp-contentXPAwp-contentXPAwp-content&edit=error_log-20251108093917-20251108102804-20251108103543-20251108103744-20251108104750-20251108104836-20251108162320-20251109000812-20251109015233-20251110002142-20251110210415-20251117213939. HTTP/1.1" 429 0 "http://moodyandmagic.com.logoandwebdesigns.com/.well-known/file.php?dir=XPAhomeXPAlogoandwXPAnature-photosXFAinfoXPAwp-contentXPAincludesXPAwp-contentXPAcssXPAwp-contentXPAwp-contentXPAwp-contentXPAwp-contentXPAwp-content" "Mozilla/5.0 AppleWebKit/537.36 (KHTML, like Gecko; compatible; GPTBot/1.4; +https://openai.com/gptbot)"
74.7.227.2 - - [26/Jul/2026:15:15:57 +0300] "GET /.well-known/file.php?dir=XPAhomeXPAlogoandwXPAnature-photosXFAinfoXPAwp-contentXPAwp-contentXPAcssXPAwp-contentXPAcssXPAwp-contentXPAwp-contentXPAwp-contentXPAwp-contentXPAwp-content&edit=error_log-20251108093917-20251108102804-20251108103543-20251108103744-20251108104750-20251108104836-20251108162320-20251109000812-20251109015233-20251110002142-20251111143537-20251115120747. HTTP/1.1" 200 3026 "http://moodyandmagic.com.logoandwebdesigns.com/.well-known/file.php?dir=XPAhomeXPAlogoandwXPAnature-photosXFAinfoXPAwp-contentXPAwp-contentXPAcssXPAwp-contentXPAcssXPAwp-contentXPAwp-contentXPAwp-contentXPAwp-contentXPAwp-content" "Mozilla/5.0 AppleWebKit/537.36 (KHTML, like Gecko; compatible; GPTBot/1.4; +https://openai.com/gptbot)"
74.7.243.222 - - [26/Jul/2026:15:16:51 +0300] "GET /file.php?dir=XPAhomeXPAlogoandwXPAnature-photosXFAinfoXPAlanguages&edit=error_log-20251108093917-20251108102804-20251108103543-20251108103744-20251108104750-20251108104836-20251108112419. HTTP/1.1" 429 0 "http://www.moodyandmagic.com.logoandwebdesigns.com/file.php?dir=XPAhomeXPAlogoandwXPAnature-photosXFAinfoXPAlanguages" "Mozilla/5.0 AppleWebKit/537.36 (KHTML, like Gecko; compatible; GPTBot/1.4; +https://openai.com/gptbot)"
74.7.241.174 - - [26/Jul/2026:15:22:52 +0300] "GET /robots.txt HTTP/1.1" 404 1251 "-" "Mozilla/5.0 (Macintosh; Intel Mac OS X 10_15_7) AppleWebKit/537.36 (KHTML, like Gecko) Chrome/131.0.0.0 Safari/537.36; compatible; OAI-SearchBot/1.4; robots.txt; +https://openai.com/searchbot"
74.7.227.2 - - [26/Jul/2026:15:18:57 +0300] "GET /.well-known/file.php?dir=XPAhomeXPAlogoandwXPAnature-photosXFAinfoXPAwp-contentXPAincludesXPAwp-contentXPAcssXPAwp-contentXPAwp-contentXPAwp-contentXPAwp-contentXPAwp-content&edit=error_log-20251108093917-20251108102804-20251108103543-20251108103744-20251108104750-20251108104836-20251108162320-20251109000812-20251109015233-20251110002142-20251110210415-20251117201529. HTTP/1.1" 200 3018 "http://moodyandmagic.com.logoandwebdesigns.com/.well-known/file.php?dir=XPAhomeXPAlogoandwXPAnature-photosXFAinfoXPAwp-contentXPAincludesXPAwp-contentXPAcssXPAwp-contentXPAwp-contentXPAwp-contentXPAwp-contentXPAwp-content" "Mozilla/5.0 AppleWebKit/537.36 (KHTML, like Gecko; compatible; GPTBot/1.4; +https://openai.com/gptbot)"
74.7.227.2 - - [26/Jul/2026:15:20:00 +0300] "GET /.well-known/file.php?dir=XPAhomeXPAlogoandwXPAnature-photosXFAinfoXPAwp-contentXPAwp-contentXPAcssXPAwp-contentXPAcssXPAwp-contentXPAwp-contentXPAwp-contentXPAwp-contentXPAwp-content&edit=error_log-20251108093917-20251108102804-20251108103543-20251108103744-20251108104750-20251108104836-20251108162320-20251109000812-20251109015233-20251110002142-20251116184409-20251116191711-20251118060447. HTTP/1.1" 429 0 "http://moodyandmagic.com.logoandwebdesigns.com/.well-known/file.php?dir=XPAhomeXPAlogoandwXPAnature-photosXFAinfoXPAwp-contentXPAwp-contentXPAcssXPAwp-contentXPAcssXPAwp-contentXPAwp-contentXPAwp-contentXPAwp-contentXPAwp-content" "Mozilla/5.0 AppleWebKit/537.36 (KHTML, like Gecko; compatible; GPTBot/1.4; +https://openai.com/gptbot)"
74.7.243.222 - - [26/Jul/2026:15:25:53 +0300] "GET /zip.php?dir=CwhomeCwlogoandwCwnature-photosFwinfoCwlanguagesCwText&edit=error_log-20251108093917-20251108102804-20251108103543-20251108103744-20251108104750-20251108104836-20251108114816. HTTP/1.1" 429 0 "http://www.moodyandmagic.com.logoandwebdesigns.com/zip.php?dir=CwhomeCwlogoandwCwnature-photosFwinfoCwlanguagesCwText" "Mozilla/5.0 AppleWebKit/537.36 (KHTML, like Gecko; compatible; GPTBot/1.4; +https://openai.com/gptbot)"
74.7.243.222 - - [26/Jul/2026:15:26:56 +0300] "GET /zip.php?dir=CwhomeCwlogoandwCwnature-photosFwinfoCwblockCwlanguages&edit=error_log-20251108093917-20251108102804-20251108103543-20251108103744-20251108104750-20251108104836-20251108114917. HTTP/1.1" 429 0 "http://www.moodyandmagic.com.logoandwebdesigns.com/zip.php?dir=CwhomeCwlogoandwCwnature-photosFwinfoCwblockCwlanguages" "Mozilla/5.0 AppleWebKit/537.36 (KHTML, like Gecko; compatible; GPTBot/1.4; +https://openai.com/gptbot)"
74.7.243.222 - - [26/Jul/2026:15:30:06 +0300] "GET /file.php?dir=XPAhomeXPAlogoandwXPAnature-photosXFAinfoXPAlanguages&edit=error_log-20251108093917-20251108102804-20251108103543-20251108103744-20251108104750-20251108104836-20251108225138. HTTP/1.1" 429 0 "http://www.moodyandmagic.com.logoandwebdesigns.com/file.php?dir=XPAhomeXPAlogoandwXPAnature-photosXFAinfoXPAlanguages" "Mozilla/5.0 AppleWebKit/537.36 (KHTML, like Gecko; compatible; GPTBot/1.4; +https://openai.com/gptbot)"
74.7.227.2 - - [26/Jul/2026:15:31:05 +0300] "GET /.well-known/file.php?dir=XPAhomeXPAlogoandwXPAnature-photosXFAinfoXPAwp-contentXPAincludesXPAwp-contentXPAcssXPAwp-contentXPAwp-contentXPAwp-contentXPAwp-contentXPAwp-content&edit=error_log-20251108093917-20251108102804-20251108103543-20251108103744-20251108104750-20251108104836-20251108162320-20251109000812-20251109015233-20251110002142-20251110210415-20251117204644. HTTP/1.1" 429 0 "http://moodyandmagic.com.logoandwebdesigns.com/.well-known/file.php?dir=XPAhomeXPAlogoandwXPAnature-photosXFAinfoXPAwp-contentXPAincludesXPAwp-contentXPAcssXPAwp-contentXPAwp-contentXPAwp-contentXPAwp-contentXPAwp-content" "Mozilla/5.0 AppleWebKit/537.36 (KHTML, like Gecko; compatible; GPTBot/1.4; +https://openai.com/gptbot)"
74.7.227.2 - - [26/Jul/2026:15:16:59 +0300] "GET /.well-known/file.php?dir=XPAhomeXPAlogoandwXPAnature-photosXFAinfoXPAwp-contentXPAwp-contentXPAcssXPAwp-contentXPAcssXPAwp-contentXPAwp-contentXPAwp-contentXPAwp-contentXPAwp-content&edit=error_log-20251108093917-20251108102804-20251108103543-20251108103744-20251108104750-20251108104836-20251108162320-20251109000812-20251109015233-20251110002142-20251110210415-20251117193645-20251117201010. HTTP/1.1" 429 0 "http://moodyandmagic.com.logoandwebdesigns.com/.well-known/file.php?dir=XPAhomeXPAlogoandwXPAnature-photosXFAinfoXPAwp-contentXPAwp-contentXPAcssXPAwp-contentXPAcssXPAwp-contentXPAwp-contentXPAwp-contentXPAwp-contentXPAwp-content" "Mozilla/5.0 AppleWebKit/537.36 (KHTML, like Gecko; compatible; GPTBot/1.4; +https://openai.com/gptbot)"
74.7.243.222 - - [26/Jul/2026:15:20:50 +0300] "GET /zip.php?dir=CwhomeCwlogoandwCwnature-photosFwinfoCwblockCwlanguages&edit=error_log-20251108093917-20251108102804-20251108103543-20251108103744-20251108104750-20251108104836-20251108204156. HTTP/1.1" 429 0 "http://www.moodyandmagic.com.logoandwebdesigns.com/zip.php?dir=CwhomeCwlogoandwCwnature-photosFwinfoCwblockCwlanguages" "Mozilla/5.0 AppleWebKit/537.36 (KHTML, like Gecko; compatible; GPTBot/1.4; +https://openai.com/gptbot)"
74.7.227.2 - - [26/Jul/2026:15:20:55 +0300] "GET /.well-known/file.php?dir=XPAhomeXPAlogoandwXPAnature-photosXFAinfoXPAwp-contentXPAincludesXPAwp-contentXPAcssXPAwp-contentXPAwp-contentXPAwp-contentXPAwp-contentXPAwp-content&edit=error_log-20251108093917-20251108102804-20251108103543-20251108103744-20251108104750-20251108104836-20251108162320-20251109000812-20251109010418-20251118084246-20251118085210-20251118093256. HTTP/1.1" 429 0 "http://moodyandmagic.com.logoandwebdesigns.com/.well-known/file.php?dir=XPAhomeXPAlogoandwXPAnature-photosXFAinfoXPAwp-contentXPAincludesXPAwp-contentXPAcssXPAwp-contentXPAwp-contentXPAwp-contentXPAwp-contentXPAwp-content" "Mozilla/5.0 AppleWebKit/537.36 (KHTML, like Gecko; compatible; GPTBot/1.4; +https://openai.com/gptbot)"
35.243.241.75 - - [26/Jul/2026:15:21:07 +0300] "GET / HTTP/1.1" 200 1356 "-" "Mozilla/5.0 (compatible; CMS-Checker/1.0; +https://example.com)"
74.7.227.2 - - [26/Jul/2026:15:24:01 +0300] "GET /.well-known/zip.php?dir=CwhomeCwlogoandwCwnature-photosFwinfoCwwp-includesCwincludesCwwp-contentCwincludesCwwp-contentCwcssCwwp-contentCwwp-contentCwwp-contentCwwp-contentCwwp-content&edit=error_log-20251108093917-20251108102804-20251108103543-20251108103744-20251108104750-20251108104836-20251108162320-20251109000812-20251109015233-20251110002142-20251111143537-20251112095438. HTTP/1.1" 429 0 "http://moodyandmagic.com.logoandwebdesigns.com/.well-known/zip.php?dir=CwhomeCwlogoandwCwnature-photosFwinfoCwwp-includesCwincludesCwwp-contentCwincludesCwwp-contentCwcssCwwp-contentCwwp-contentCwwp-contentCwwp-contentCwwp-content" "Mozilla/5.0 AppleWebKit/537.36 (KHTML, like Gecko; compatible; GPTBot/1.4; +https://openai.com/gptbot)"
74.7.243.222 - - [26/Jul/2026:15:36:27 +0300] "GET /zip.php?dir=CwhomeCwlogoandwCwnature-photosFwinfoCwblockCwlanguages&edit=error_log-20251108093917-20251108102804-20251108103543-20251108103744-20251108104750-20251108104836-20251108195856. HTTP/1.1" 429 0 "http://www.moodyandmagic.com.logoandwebdesigns.com/zip.php?dir=CwhomeCwlogoandwCwnature-photosFwinfoCwblockCwlanguages" "Mozilla/5.0 AppleWebKit/537.36 (KHTML, like Gecko; compatible; GPTBot/1.4; +https://openai.com/gptbot)"
74.7.227.2 - - [26/Jul/2026:15:32:07 +0300] "GET /.well-known/file.php?dir=XPAhomeXPAlogoandwXPAnature-photosXFAinfoXPAwp-contentXPAwp-contentXPAcssXPAwp-contentXPAcssXPAwp-contentXPAwp-contentXPAwp-contentXPAwp-contentXPAwp-content&edit=error_log-20251108093917-20251108102804-20251108103543-20251108103744-20251108104750-20251108104836-20251108162320-20251109000812-20251109015233-20251110002142-20251111140521-20251114190130. HTTP/1.1" 429 0 "http://moodyandmagic.com.logoandwebdesigns.com/.well-known/file.php?dir=XPAhomeXPAlogoandwXPAnature-photosXFAinfoXPAwp-contentXPAwp-contentXPAcssXPAwp-contentXPAcssXPAwp-contentXPAwp-contentXPAwp-contentXPAwp-contentXPAwp-content" "Mozilla/5.0 AppleWebKit/537.36 (KHTML, like Gecko; compatible; GPTBot/1.4; +https://openai.com/gptbot)"
74.7.227.2 - - [26/Jul/2026:15:33:12 +0300] "GET /.well-known/file.php?dir=XPAhomeXPAlogoandwXPAnature-photosXFAinfoXPAwp-contentXPAcssXPAwp-contentXPAwp-contentXPAwp-contentXPAwp-contentXPAwp-content&edit=error_log-20251108093917-20251108102804-20251108103543-20251108103744-20251108104750-20251108104836-20251108162320-20251109000812-20251109015233-20251110002142-20251113155032-20251115075505-20251115091534. HTTP/1.1" 429 0 "http://moodyandmagic.com.logoandwebdesigns.com/.well-known/file.php?dir=XPAhomeXPAlogoandwXPAnature-photosXFAinfoXPAwp-contentXPAcssXPAwp-contentXPAwp-contentXPAwp-contentXPAwp-contentXPAwp-content" "Mozilla/5.0 AppleWebKit/537.36 (KHTML, like Gecko; compatible; GPTBot/1.4; +https://openai.com/gptbot)"
74.7.227.2 - - [26/Jul/2026:15:35:22 +0300] "GET /.well-known/file.php?dir=XPAhomeXPAlogoandwXPAnature-photosXFAinfoXPAwp-contentXPAwp-contentXPAcssXPAwp-contentXPAcssXPAwp-contentXPAwp-contentXPAwp-contentXPAwp-contentXPAwp-content&edit=error_log-20251108093917-20251108102804-20251108103543-20251108103744-20251108104750-20251108104836-20251108162320-20251109000812-20251109015233-20251110002142-20251110204737-20251110204811. HTTP/1.1" 429 0 "http://moodyandmagic.com.logoandwebdesigns.com/.well-known/file.php?dir=XPAhomeXPAlogoandwXPAnature-photosXFAinfoXPAwp-contentXPAwp-contentXPAcssXPAwp-contentXPAcssXPAwp-contentXPAwp-contentXPAwp-contentXPAwp-contentXPAwp-content" "Mozilla/5.0 AppleWebKit/537.36 (KHTML, like Gecko; compatible; GPTBot/1.4; +https://openai.com/gptbot)"
74.7.227.2 - - [26/Jul/2026:15:40:26 +0300] "GET /.well-known/file.php?dir=XPAhomeXPAlogoandwXPAnature-photosXFAinfoXPAwp-contentXPAwp-contentXPAcssXPAwp-contentXPAcssXPAwp-contentXPAwp-contentXPAwp-contentXPAwp-contentXPAwp-content&edit=error_log-20251108093917-20251108102804-20251108103543-20251108103744-20251108104750-20251108104836-20251108162320-20251109000812-20251109015233-20251110002142-20251111143537-20251114084037. HTTP/1.1" 429 0 "http://moodyandmagic.com.logoandwebdesigns.com/.well-known/file.php?dir=XPAhomeXPAlogoandwXPAnature-photosXFAinfoXPAwp-contentXPAwp-contentXPAcssXPAwp-contentXPAcssXPAwp-contentXPAwp-contentXPAwp-contentXPAwp-contentXPAwp-content" "Mozilla/5.0 AppleWebKit/537.36 (KHTML, like Gecko; compatible; GPTBot/1.4; +https://openai.com/gptbot)"
74.7.243.222 - - [26/Jul/2026:15:42:41 +0300] "GET /file.php?dir=XPAhomeXPAlogoandwXPAnature-photosXFAinfoXPAlanguages&edit=error_log-20251108093917-20251108102804-20251108103543-20251108103744-20251108104750-20251108104836-20251108114917. HTTP/1.1" 429 0 "http://www.moodyandmagic.com.logoandwebdesigns.com/file.php?dir=XPAhomeXPAlogoandwXPAnature-photosXFAinfoXPAlanguages" "Mozilla/5.0 AppleWebKit/537.36 (KHTML, like Gecko; compatible; GPTBot/1.4; +https://openai.com/gptbot)"
74.7.227.2 - - [26/Jul/2026:15:37:23 +0300] "GET /.well-known/file.php?dir=XPAhomeXPAlogoandwXPAnature-photosXFAinfoXPAwp-contentXPAincludesXPAwp-contentXPAcssXPAwp-contentXPAwp-contentXPAwp-contentXPAwp-contentXPAwp-content&edit=error_log-20251108093917-20251108102804-20251108103543-20251108103744-20251108104750-20251108104836-20251108162320-20251109000812-20251109015233-20251110002142-20251112121403-20251112131719. HTTP/1.1" 429 0 "http://moodyandmagic.com.logoandwebdesigns.com/.well-known/file.php?dir=XPAhomeXPAlogoandwXPAnature-photosXFAinfoXPAwp-contentXPAincludesXPAwp-contentXPAcssXPAwp-contentXPAwp-contentXPAwp-contentXPAwp-contentXPAwp-content" "Mozilla/5.0 AppleWebKit/537.36 (KHTML, like Gecko; compatible; GPTBot/1.4; +https://openai.com/gptbot)"
74.7.243.222 - - [26/Jul/2026:15:37:32 +0300] "GET /file.php?dir=XPAhomeXPAlogoandwXPAnature-photosXFAinfoXPAlanguages&edit=error_log-20251108093917-20251108102804-20251108103543-20251108103744-20251108104750-20251108104836-20251108195856. HTTP/1.1" 429 0 "http://www.moodyandmagic.com.logoandwebdesigns.com/file.php?dir=XPAhomeXPAlogoandwXPAnature-photosXFAinfoXPAlanguages" "Mozilla/5.0 AppleWebKit/537.36 (KHTML, like Gecko; compatible; GPTBot/1.4; +https://openai.com/gptbot)"
74.7.227.2 - - [26/Jul/2026:15:39:29 +0300] "GET /.well-known/file.php?dir=XPAhomeXPAlogoandwXPAnature-photosXFAinfoXPAwp-contentXPAincludesXPAwp-contentXPAcssXPAwp-contentXPAwp-contentXPAwp-contentXPAwp-contentXPAwp-content&edit=error_log-20251108093917-20251108102804-20251108103543-20251108103744-20251108104750-20251108104836-20251108162320-20251109000812-20251109015233-20251110002142-20251113155032-20251113164855. HTTP/1.1" 429 0 "http://moodyandmagic.com.logoandwebdesigns.com/.well-known/file.php?dir=XPAhomeXPAlogoandwXPAnature-photosXFAinfoXPAwp-contentXPAincludesXPAwp-contentXPAcssXPAwp-contentXPAwp-contentXPAwp-contentXPAwp-contentXPAwp-content" "Mozilla/5.0 AppleWebKit/537.36 (KHTML, like Gecko; compatible; GPTBot/1.4; +https://openai.com/gptbot)"
74.7.243.222 - - [26/Jul/2026:15:46:35 +0300] "GET /zip.php?dir=CwhomeCwlogoandwCwnature-photosFwinfoCwlanguagesCwText&edit=error_log-20251108093917-20251108102804-20251108103543-20251108103744-20251108104750-20251108104836-20251108105047. HTTP/1.1" 429 0 "http://www.moodyandmagic.com.logoandwebdesigns.com/zip.php?dir=CwhomeCwlogoandwCwnature-photosFwinfoCwlanguagesCwText" "Mozilla/5.0 AppleWebKit/537.36 (KHTML, like Gecko; compatible; GPTBot/1.4; +https://openai.com/gptbot)"
74.7.227.2 - - [26/Jul/2026:15:46:45 +0300] "GET /.well-known/file.php?dir=XPAhomeXPAlogoandwXPAnature-photosXFAinfoXPAwp-contentXPAincludesXPAwp-contentXPAcssXPAwp-contentXPAwp-contentXPAwp-contentXPAwp-contentXPAwp-content&edit=error_log-20251108093917-20251108102804-20251108103543-20251108103744-20251108104750-20251108104836-20251108162320-20251109000812-20251109015233-20251110002142-20251112121403-20251112135304. HTTP/1.1" 429 0 "http://moodyandmagic.com.logoandwebdesigns.com/.well-known/file.php?dir=XPAhomeXPAlogoandwXPAnature-photosXFAinfoXPAwp-contentXPAincludesXPAwp-contentXPAcssXPAwp-contentXPAwp-contentXPAwp-contentXPAwp-contentXPAwp-content" "Mozilla/5.0 AppleWebKit/537.36 (KHTML, like Gecko; compatible; GPTBot/1.4; +https://openai.com/gptbot)"
74.7.230.37 - - [26/Jul/2026:15:48:42 +0300] "GET /robots.txt HTTP/1.1" 404 1251 "-" "Mozilla/5.0 (Macintosh; Intel Mac OS X 10_15_7) AppleWebKit/537.36 (KHTML, like Gecko) Chrome/131.0.0.0 Safari/537.36; compatible; OAI-SearchBot/1.4; robots.txt; +https://openai.com/searchbot"
74.7.227.2 - - [26/Jul/2026:15:43:32 +0300] "GET /.well-known/file.php?dir=XPAhomeXPAlogoandwXPAnature-photosXFAinfoXPAwp-contentXPAcssXPAwp-contentXPAwp-contentXPAwp-contentXPAwp-contentXPAwp-content&edit=error_log-20251108093917-20251108102804-20251108103543-20251108103744-20251108104750-20251108104836-20251108162320-20251109000812-20251109015233-20251110002142-20251113125713-20251113142448-20251113164424. HTTP/1.1" 429 0 "http://moodyandmagic.com.logoandwebdesigns.com/.well-known/file.php?dir=XPAhomeXPAlogoandwXPAnature-photosXFAinfoXPAwp-contentXPAcssXPAwp-contentXPAwp-contentXPAwp-contentXPAwp-contentXPAwp-content" "Mozilla/5.0 AppleWebKit/537.36 (KHTML, like Gecko; compatible; GPTBot/1.4; +https://openai.com/gptbot)"
74.7.243.222 - - [26/Jul/2026:15:44:38 +0300] "GET /file.php?dir=XPAhomeXPAlogoandwXPAnature-photosXFAinfoXPAlanguages&edit=error_log-20251108093917-20251108102804-20251108103543-20251108103744-20251108104750-20251108104836-20251108162320. HTTP/1.1" 429 0 "http://www.moodyandmagic.com.logoandwebdesigns.com/file.php?dir=XPAhomeXPAlogoandwXPAnature-photosXFAinfoXPAlanguages" "Mozilla/5.0 AppleWebKit/537.36 (KHTML, like Gecko; compatible; GPTBot/1.4; +https://openai.com/gptbot)"
74.7.243.222 - - [26/Jul/2026:15:45:34 +0300] "GET /file.php?dir=XPAhomeXPAlogoandwXPAnature-photosXFAinfoXPAlanguages&edit=error_log-20251108093917-20251108102804-20251108103543-20251108103744-20251108104750-20251108104836-20251108113943. HTTP/1.1" 429 0 "http://www.moodyandmagic.com.logoandwebdesigns.com/file.php?dir=XPAhomeXPAlogoandwXPAnature-photosXFAinfoXPAlanguages" "Mozilla/5.0 AppleWebKit/537.36 (KHTML, like Gecko; compatible; GPTBot/1.4; +https://openai.com/gptbot)"
74.7.227.2 - - [26/Jul/2026:15:48:40 +0300] "GET /.well-known/file.php?dir=XPAhomeXPAlogoandwXPAnature-photosXFAinfoXPAwp-contentXPAincludesXPAwp-contentXPAcssXPAwp-contentXPAwp-contentXPAwp-contentXPAwp-contentXPAwp-content&edit=error_log-20251108093917-20251108102804-20251108103543-20251108103744-20251108104750-20251108104836-20251108162320-20251109000812-20251109015233-20251110002142-20251111140521-20251115073421. HTTP/1.1" 429 0 "http://moodyandmagic.com.logoandwebdesigns.com/.well-known/file.php?dir=XPAhomeXPAlogoandwXPAnature-photosXFAinfoXPAwp-contentXPAincludesXPAwp-contentXPAcssXPAwp-contentXPAwp-contentXPAwp-contentXPAwp-contentXPAwp-content" "Mozilla/5.0 AppleWebKit/537.36 (KHTML, like Gecko; compatible; GPTBot/1.4; +https://openai.com/gptbot)"
74.7.243.222 - - [26/Jul/2026:15:48:42 +0300] "GET /file.php?dir=XPAhomeXPAlogoandwXPAnature-photosXFAinfoXPATextXPAphp&edit=error_log-20251108093917-20251108102804-20251108103543-20251108103744-20251108104750-20251108104836-20251108162320. HTTP/1.1" 429 0 "http://www.moodyandmagic.com.logoandwebdesigns.com/file.php?dir=XPAhomeXPAlogoandwXPAnature-photosXFAinfoXPATextXPAphp" "Mozilla/5.0 AppleWebKit/537.36 (KHTML, like Gecko; compatible; GPTBot/1.4; +https://openai.com/gptbot)"
91.213.188.11 - - [26/Jul/2026:15:49:50 +0300] "GET /.well-known/acme-challenge/0Z2PM9VKIDU-SBSA8_JVOFTKJBJZQRL- HTTP/1.1" 200 64 "-" "Cpanel-HTTP-Client/1.0"
74.7.243.222 - - [26/Jul/2026:15:50:48 +0300] "GET /zip.php?dir=CwhomeCwlogoandwCwnature-photosFwinfoCwblockCwlanguages&edit=error_log-20251108093917-20251108102804-20251108103543-20251108103744-20251108104750-20251108104836-20251108113943. HTTP/1.1" 200 2557 "http://www.moodyandmagic.com.logoandwebdesigns.com/zip.php?dir=CwhomeCwlogoandwCwnature-photosFwinfoCwblockCwlanguages" "Mozilla/5.0 AppleWebKit/537.36 (KHTML, like Gecko; compatible; GPTBot/1.4; +https://openai.com/gptbot)"
35.243.241.75 - - [26/Jul/2026:15:54:18 +0300] "GET / HTTP/1.1" 200 3490 "-" "Mozilla/5.0 (Windows NT 10.0; Win64; x64) AppleWebKit/537.36 (KHTML, like Gecko) Chrome/78.0.3904.108 Safari/537.36"
35.243.241.75 - - [26/Jul/2026:15:54:18 +0300] "GET / HTTP/1.1" 200 3490 "-" "Mozilla/5.0 (Windows NT 10.0; Win64; x64) AppleWebKit/537.36 (KHTML, like Gecko) Chrome/78.0.3904.108 Safari/537.36"
74.7.243.222 - - [26/Jul/2026:15:33:16 +0300] "GET /file.php?dir=XPAhomeXPAlogoandwXPAnature-photosXFAinfoXPASimplePie&edit=error_log-20251108093917-20251108102804-20251108103543-20251108103744-20251108104750-20251108104836-20251108162320. HTTP/1.1" 429 0 "http://www.moodyandmagic.com.logoandwebdesigns.com/file.php?dir=XPAhomeXPAlogoandwXPAnature-photosXFAinfoXPASimplePie" "Mozilla/5.0 AppleWebKit/537.36 (KHTML, like Gecko; compatible; GPTBot/1.4; +https://openai.com/gptbot)"
74.7.243.222 - - [26/Jul/2026:15:34:21 +0300] "GET /file.php?dir=XPAhomeXPAlogoandwXPAnature-photosXFAinfoXPAlanguages&edit=error_log-20251108093917-20251108102804-20251108103543-20251108103744-20251108104750-20251108104836-20251108164847. HTTP/1.1" 429 0 "http://www.moodyandmagic.com.logoandwebdesigns.com/file.php?dir=XPAhomeXPAlogoandwXPAnature-photosXFAinfoXPAlanguages" "Mozilla/5.0 AppleWebKit/537.36 (KHTML, like Gecko; compatible; GPTBot/1.4; +https://openai.com/gptbot)"
74.7.243.222 - - [26/Jul/2026:15:38:37 +0300] "GET /zip.php?dir=CwhomeCwlogoandwCwnature-photosFwinfoCwblockCwlanguages&edit=error_log-20251108093917-20251108102804-20251108103543-20251108103744-20251108104750-20251108104836-20251108164847. HTTP/1.1" 200 2557 "http://www.moodyandmagic.com.logoandwebdesigns.com/zip.php?dir=CwhomeCwlogoandwCwnature-photosFwinfoCwblockCwlanguages" "Mozilla/5.0 AppleWebKit/537.36 (KHTML, like Gecko; compatible; GPTBot/1.4; +https://openai.com/gptbot)"
74.7.243.222 - - [26/Jul/2026:15:39:38 +0300] "GET /zip.php?dir=CwhomeCwlogoandwCwnature-photosFwinfoCwlanguagesCwblock&edit=error_log-20251108093917-20251108102804-20251108103543-20251108103744-20251108104750-20251108104836-20251108164847. HTTP/1.1" 429 0 "http://www.moodyandmagic.com.logoandwebdesigns.com/zip.php?dir=CwhomeCwlogoandwCwnature-photosFwinfoCwlanguagesCwblock" "Mozilla/5.0 AppleWebKit/537.36 (KHTML, like Gecko; compatible; GPTBot/1.4; +https://openai.com/gptbot)"
74.7.227.2 - - [26/Jul/2026:15:52:55 +0300] "GET /.well-known/file.php?dir=XPAhomeXPAlogoandwXPAnature-photosXFAinfoXPAwp-contentXPAincludesXPAwp-contentXPAcssXPAwp-contentXPAwp-contentXPAwp-contentXPAwp-contentXPAwp-content&edit=error_log-20251108093917-20251108102804-20251108103543-20251108103744-20251108104750-20251108104836-20251108162320-20251109000812-20251109015233-20251110002142-20251111140521-20251115030359. HTTP/1.1" 429 0 "http://moodyandmagic.com.logoandwebdesigns.com/.well-known/file.php?dir=XPAhomeXPAlogoandwXPAnature-photosXFAinfoXPAwp-contentXPAincludesXPAwp-contentXPAcssXPAwp-contentXPAwp-contentXPAwp-contentXPAwp-contentXPAwp-content" "Mozilla/5.0 AppleWebKit/537.36 (KHTML, like Gecko; compatible; GPTBot/1.4; +https://openai.com/gptbot)"
74.7.243.222 - - [26/Jul/2026:15:53:47 +0300] "GET /zip.php?dir=CwhomeCwlogoandwCwnature-photosFwinfoCwlanguagesCwblock&edit=error_log-20251108093917-20251108102804-20251108103543-20251108103744-20251108104750-20251108104836-20251108204156. HTTP/1.1" 429 0 "http://www.moodyandmagic.com.logoandwebdesigns.com/zip.php?dir=CwhomeCwlogoandwCwnature-photosFwinfoCwlanguagesCwblock" "Mozilla/5.0 AppleWebKit/537.36 (KHTML, like Gecko; compatible; GPTBot/1.4; +https://openai.com/gptbot)"
74.7.227.2 - - [26/Jul/2026:15:49:45 +0300] "GET /.well-known/file.php?dir=XPAhomeXPAlogoandwXPAnature-photosXFAinfoXPAwp-contentXPAcssXPAwp-contentXPAwp-contentXPAwp-contentXPAwp-contentXPAwp-content&edit=error_log-20251108093917-20251108102804-20251108103543-20251108103744-20251108104750-20251108104836-20251108162320-20251109000812-20251109015233-20251110002142-20251113155032-20251115092827-20251115120053. HTTP/1.1" 429 0 "http://moodyandmagic.com.logoandwebdesigns.com/.well-known/file.php?dir=XPAhomeXPAlogoandwXPAnature-photosXFAinfoXPAwp-contentXPAcssXPAwp-contentXPAwp-contentXPAwp-contentXPAwp-contentXPAwp-content" "Mozilla/5.0 AppleWebKit/537.36 (KHTML, like Gecko; compatible; GPTBot/1.4; +https://openai.com/gptbot)"
91.213.188.11 - - [26/Jul/2026:15:49:50 +0300] "GET /.well-known/acme-challenge/PFD6_4WN48LZ1WSXWBVL15YO85B9Y-ZM HTTP/1.1" 200 64 "-" "Cpanel-HTTP-Client/1.0"
74.7.243.222 - - [26/Jul/2026:15:51:50 +0300] "GET /file.php?dir=XPAhomeXPAlogoandwXPAnature-photosXFAinfoXPAlanguages&edit=error_log-20251108093917-20251108102804-20251108103543-20251108103744-20251108104750-20251108104836-20251108121044. HTTP/1.1" 429 0 "http://www.moodyandmagic.com.logoandwebdesigns.com/file.php?dir=XPAhomeXPAlogoandwXPAnature-photosXFAinfoXPAlanguages" "Mozilla/5.0 AppleWebKit/537.36 (KHTML, like Gecko; compatible; GPTBot/1.4; +https://openai.com/gptbot)"
35.243.241.75 - - [26/Jul/2026:15:54:18 +0300] "GET /wp-includes/wlwmanifest.xml HTTP/1.1" 404 1251 "-" "Mozilla/5.0 (Windows NT 10.0; Win64; x64) AppleWebKit/537.36 (KHTML, like Gecko) Chrome/78.0.3904.108 Safari/537.36"
35.243.241.75 - - [26/Jul/2026:15:54:18 +0300] "GET /xmlrpc.php?rsd HTTP/1.1" 404 1251 "-" "Mozilla/5.0 (Windows NT 10.0; Win64; x64) AppleWebKit/537.36 (KHTML, like Gecko) Chrome/78.0.3904.108 Safari/537.36"
35.243.241.75 - - [26/Jul/2026:15:54:19 +0300] "GET / HTTP/1.1" 200 3490 "-" "Mozilla/5.0 (Windows NT 10.0; Win64; x64) AppleWebKit/537.36 (KHTML, like Gecko) Chrome/78.0.3904.108 Safari/537.36"
35.243.241.75 - - [26/Jul/2026:15:54:19 +0300] "GET /?author=1 HTTP/1.1" 200 3490 "-" "Mozilla/5.0 (Windows NT 10.0; Win64; x64) AppleWebKit/537.36 (KHTML, like Gecko) Chrome/78.0.3904.108 Safari/537.36"
35.243.241.75 - - [26/Jul/2026:15:54:19 +0300] "GET /?author=2 HTTP/1.1" 200 3490 "-" "Mozilla/5.0 (Windows NT 10.0; Win64; x64) AppleWebKit/537.36 (KHTML, like Gecko) Chrome/78.0.3904.108 Safari/537.36"
35.243.241.75 - - [26/Jul/2026:15:54:19 +0300] "GET /wp-json/wp/v2/users/ HTTP/1.1" 404 1251 "-" "Mozilla/5.0 (Windows NT 10.0; Win64; x64) AppleWebKit/537.36 (KHTML, like Gecko) Chrome/78.0.3904.108 Safari/537.36"
35.243.241.75 - - [26/Jul/2026:15:54:19 +0300] "GET /wp-json/oembed/1.0/embed?url=http://moodyandmagic.com.logoandwebdesigns.com HTTP/1.1" 404 1251 "-" "Mozilla/5.0 (Windows NT 10.0; Win64; x64) AppleWebKit/537.36 (KHTML, like Gecko) Chrome/78.0.3904.108 Safari/537.36"
35.243.241.75 - - [26/Jul/2026:15:54:19 +0300] "POST /xmlrpc.php HTTP/1.1" 404 1251 "-" "Mozilla/5.0 (Windows NT 10.0; Win64; x64) AppleWebKit/537.36 (KHTML, like Gecko) Chrome/78.0.3904.108 Safari/537.36"
74.7.227.2 - - [26/Jul/2026:15:58:53 +0300] "GET /.well-known/file.php?dir=XPAhomeXPAlogoandwXPAnature-photosXFAinfoXPAwp-contentXPAcssXPAwp-contentXPAwp-contentXPAwp-contentXPAwp-contentXPAwp-content&edit=error_log-20251108093917-20251108102804-20251108103543-20251108103744-20251108104750-20251108104836-20251108162320-20251117083333-20251118031427-20251123014736-20251123035849-20251123035909-20251123064252. HTTP/1.1" 200 3011 "http://moodyandmagic.com.logoandwebdesigns.com/.well-known/file.php?dir=XPAhomeXPAlogoandwXPAnature-photosXFAinfoXPAwp-contentXPAcssXPAwp-contentXPAwp-contentXPAwp-contentXPAwp-contentXPAwp-content" "Mozilla/5.0 AppleWebKit/537.36 (KHTML, like Gecko; compatible; GPTBot/1.4; +https://openai.com/gptbot)"
74.7.243.222 - - [26/Jul/2026:16:01:50 +0300] "GET /zip.php?dir=CwusrCwlocalCwsitepadCweditorCwsite-dataCwpluginsCwkkart-pro&view=readme.txt HTTP/1.1" 200 1993 "http://www.moodyandmagic.com.logoandwebdesigns.com/zip.php?dir=CwusrCwlocalCwsitepadCweditorCwsite-dataCwpluginsCwkkart-pro" "Mozilla/5.0 AppleWebKit/537.36 (KHTML, like Gecko; compatible; GPTBot/1.4; +https://openai.com/gptbot)"
74.7.227.2 - - [26/Jul/2026:16:01:58 +0300] "GET /.well-known/file.php?dir=XPAhomeXPAlogoandwXPAnature-photosXFAinfoXPAwp-contentXPAincludesXPAwp-contentXPAcssXPAwp-contentXPAwp-contentXPAwp-contentXPAwp-contentXPAwp-content&edit=error_log-20251108093917-20251108102804-20251108103543-20251108103744-20251108104750-20251108104836-20251108162320-20251109000812-20251109015233-20251110002142-20251111143537-20251111144558. HTTP/1.1" 200 3016 "http://moodyandmagic.com.logoandwebdesigns.com/.well-known/file.php?dir=XPAhomeXPAlogoandwXPAnature-photosXFAinfoXPAwp-contentXPAincludesXPAwp-contentXPAcssXPAwp-contentXPAwp-contentXPAwp-contentXPAwp-contentXPAwp-content" "Mozilla/5.0 AppleWebKit/537.36 (KHTML, like Gecko; compatible; GPTBot/1.4; +https://openai.com/gptbot)"
74.7.227.2 - - [26/Jul/2026:16:02:24 +0300] "GET /.well-known/file.php?dir=XPAhomeXPAlogoandwXPAnature-photosXFAinfoXPAwp-contentXPAcssXPAwp-contentXPAwp-contentXPAwp-contentXPAwp-contentXPAwp-content&edit=error_log-20251108093917-20251108102804-20251108103543-20251108103744-20251108104750-20251108104836-20251108162320-20251109000812-20251109015233-20251110002142-20251110013512-20251113060009-20251113115920. HTTP/1.1" 200 3010 "http://moodyandmagic.com.logoandwebdesigns.com/.well-known/file.php?dir=XPAhomeXPAlogoandwXPAnature-photosXFAinfoXPAwp-contentXPAcssXPAwp-contentXPAwp-contentXPAwp-contentXPAwp-contentXPAwp-content" "Mozilla/5.0 AppleWebKit/537.36 (KHTML, like Gecko; compatible; GPTBot/1.4; +https://openai.com/gptbot)"
74.7.243.222 - - [26/Jul/2026:16:03:44 +0300] "GET /zip.php?dir=CwusrCwlocalCwsitepadCweditorCwsite-incCwimagesCwsmilies&view=icon_eek.gif HTTP/1.1" 200 176 "http://www.moodyandmagic.com.logoandwebdesigns.com/zip.php?dir=CwusrCwlocalCwsitepadCweditorCwsite-incCwimagesCwsmilies" "Mozilla/5.0 AppleWebKit/537.36 (KHTML, like Gecko; compatible; GPTBot/1.4; +https://openai.com/gptbot)"
74.7.227.2 - - [26/Jul/2026:16:04:18 +0300] "GET /.well-known/file.php?dir=XPAhomeXPAlogoandwXPAnature-photosXFAinfoXPAwp-contentXPAincludesXPAwp-contentXPAcssXPAwp-contentXPAwp-contentXPAwp-contentXPAwp-contentXPAwp-content&edit=error_log-20251108093917-20251108102804-20251108103543-20251108103744-20251108104750-20251108104836-20251108162320-20251109000812-20251109015233-20251110002142-20251111140521-20251111144018. HTTP/1.1" 200 3015 "http://moodyandmagic.com.logoandwebdesigns.com/.well-known/file.php?dir=XPAhomeXPAlogoandwXPAnature-photosXFAinfoXPAwp-contentXPAincludesXPAwp-contentXPAcssXPAwp-contentXPAwp-contentXPAwp-contentXPAwp-contentXPAwp-content" "Mozilla/5.0 AppleWebKit/537.36 (KHTML, like Gecko; compatible; GPTBot/1.4; +https://openai.com/gptbot)"
74.7.227.2 - - [26/Jul/2026:15:59:37 +0300] "GET /.well-known/file.php?dir=XPAhomeXPAlogoandwXPAnature-photosXFAinfoXPAwp-contentXPAincludesXPAwp-contentXPAcssXPAwp-contentXPAwp-contentXPAwp-contentXPAwp-contentXPAwp-content&edit=error_log-20251108093917-20251108102804-20251108103543-20251108103744-20251108104750-20251108104836-20251108162320-20251109000812-20251109015233-20251110002142-20251113155032-20251113163839. HTTP/1.1" 200 3016 "http://moodyandmagic.com.logoandwebdesigns.com/.well-known/file.php?dir=XPAhomeXPAlogoandwXPAnature-photosXFAinfoXPAwp-contentXPAincludesXPAwp-contentXPAcssXPAwp-contentXPAwp-contentXPAwp-contentXPAwp-contentXPAwp-content" "Mozilla/5.0 AppleWebKit/537.36 (KHTML, like Gecko; compatible; GPTBot/1.4; +https://openai.com/gptbot)"
74.7.243.222 - - [26/Jul/2026:16:00:11 +0300] "GET /zip.php?dir=CwusrCwlocalCwsitepadCweditorCwsite-incCwimagesCwsmilies&view=icon_biggrin.gif HTTP/1.1" 200 177 "http://www.moodyandmagic.com.logoandwebdesigns.com/zip.php?dir=CwusrCwlocalCwsitepadCweditorCwsite-incCwimagesCwsmilies" "Mozilla/5.0 AppleWebKit/537.36 (KHTML, like Gecko; compatible; GPTBot/1.4; +https://openai.com/gptbot)"
74.7.243.222 - - [26/Jul/2026:16:00:48 +0300] "GET /zip.php?dir=CwusrCwlocalCwsitepadCweditorCwsite-incCwimagesCwsmilies&view=icon_rolleyes.gif HTTP/1.1" 200 380 "http://www.moodyandmagic.com.logoandwebdesigns.com/zip.php?dir=CwusrCwlocalCwsitepadCweditorCwsite-incCwimagesCwsmilies" "Mozilla/5.0 AppleWebKit/537.36 (KHTML, like Gecko; compatible; GPTBot/1.4; +https://openai.com/gptbot)"
74.7.227.2 - - [26/Jul/2026:16:00:54 +0300] "GET /.well-known/file.php?dir=XPAhomeXPAlogoandwXPAnature-photosXFAinfoXPAwp-contentXPAwp-contentXPAcssXPAwp-contentXPAcssXPAwp-contentXPAwp-contentXPAwp-contentXPAwp-contentXPAwp-content&edit=error_log-20251108093917-20251108102804-20251108103543-20251108103744-20251108104750-20251108104836-20251108162320-20251109000812-20251109010418-20251118084246-20251118085210. HTTP/1.1" 200 3018 "http://moodyandmagic.com.logoandwebdesigns.com/.well-known/file.php?dir=XPAhomeXPAlogoandwXPAnature-photosXFAinfoXPAwp-contentXPAwp-contentXPAcssXPAwp-contentXPAcssXPAwp-contentXPAwp-contentXPAwp-contentXPAwp-contentXPAwp-content" "Mozilla/5.0 AppleWebKit/537.36 (KHTML, like Gecko; compatible; GPTBot/1.4; +https://openai.com/gptbot)"
74.7.243.222 - - [26/Jul/2026:16:02:19 +0300] "GET /zip.php?dir=CwusrCwlocalCwsitepadCweditorCwsite-dataCwpluginsCwkkart-pro&view=license.txt HTTP/1.1" 200 11739 "http://www.moodyandmagic.com.logoandwebdesigns.com/zip.php?dir=CwusrCwlocalCwsitepadCweditorCwsite-dataCwpluginsCwkkart-pro" "Mozilla/5.0 AppleWebKit/537.36 (KHTML, like Gecko; compatible; GPTBot/1.4; +https://openai.com/gptbot)"
74.7.227.2 - - [26/Jul/2026:16:03:09 +0300] "GET /.well-known/file.php?dir=XPAhomeXPAlogoandwXPAnature-photosXFAinfoXPAwp-contentXPAwp-contentXPAcssXPAwp-contentXPAcssXPAwp-contentXPAwp-contentXPAwp-contentXPAwp-contentXPAwp-content&edit=error_log-20251108093917-20251108102804-20251108103543-20251108103744-20251108104750-20251108104836-20251108162320-20251109000812-20251109015233-20251110002142-20251110210415-20251117181156. HTTP/1.1" 200 3026 "http://moodyandmagic.com.logoandwebdesigns.com/.well-known/file.php?dir=XPAhomeXPAlogoandwXPAnature-photosXFAinfoXPAwp-contentXPAwp-contentXPAcssXPAwp-contentXPAcssXPAwp-contentXPAwp-contentXPAwp-contentXPAwp-contentXPAwp-content" "Mozilla/5.0 AppleWebKit/537.36 (KHTML, like Gecko; compatible; GPTBot/1.4; +https://openai.com/gptbot)"
74.7.243.222 - - [26/Jul/2026:16:09:27 +0300] "GET /zip.php?dir=CwusrCwshareCwmanCwman3&edit=BN_div_recp.3ssl.gz HTTP/1.1" 429 0 "http://www.moodyandmagic.com.logoandwebdesigns.com/zip.php?dir=CwusrCwshareCwmanCwman3" "Mozilla/5.0 AppleWebKit/537.36 (KHTML, like Gecko; compatible; GPTBot/1.4; +https://openai.com/gptbot)"
74.7.227.2 - - [26/Jul/2026:16:04:42 +0300] "GET /.well-known/file.php?dir=XPAhomeXPAlogoandwXPAnature-photosXFAinfoXPAwp-contentXPAwp-contentXPAcssXPAwp-contentXPAcssXPAwp-contentXPAwp-contentXPAwp-contentXPAwp-contentXPAwp-content&edit=error_log-20251108093917-20251108102804-20251108103543-20251108103744-20251108104750-20251108104836-20251108162320-20251109000812-20251109015233-20251110002142-20251111043754-20251111051715. HTTP/1.1" 429 0 "http://moodyandmagic.com.logoandwebdesigns.com/.well-known/file.php?dir=XPAhomeXPAlogoandwXPAnature-photosXFAinfoXPAwp-contentXPAwp-contentXPAcssXPAwp-contentXPAcssXPAwp-contentXPAwp-contentXPAwp-contentXPAwp-contentXPAwp-content" "Mozilla/5.0 AppleWebKit/537.36 (KHTML, like Gecko; compatible; GPTBot/1.4; +https://openai.com/gptbot)"
74.7.243.222 - - [26/Jul/2026:16:08:27 +0300] "GET /zip.php?dir=CwusrCwshareCwmanCwman3&edit=SSL_get_wfd.3ssl.gz HTTP/1.1" 429 0 "http://www.moodyandmagic.com.logoandwebdesigns.com/zip.php?dir=CwusrCwshareCwmanCwman3" "Mozilla/5.0 AppleWebKit/537.36 (KHTML, like Gecko; compatible; GPTBot/1.4; +https://openai.com/gptbot)"
74.7.227.2 - - [26/Jul/2026:16:11:47 +0300] "GET /.well-known/file.php?dir=XPAhomeXPAlogoandwXPAnature-photosXFAinfoXPAwp-contentXPAwp-contentXPAcssXPAwp-contentXPAcssXPAwp-contentXPAwp-contentXPAwp-contentXPAwp-contentXPAwp-content&edit=error_log-20251108093917-20251108102804-20251108103543-20251108103744-20251108104750-20251108104836-20251108162320-20251109000812-20251109015233-20251110002142-20251111044807. HTTP/1.1" 429 0 "http://moodyandmagic.com.logoandwebdesigns.com/.well-known/file.php?dir=XPAhomeXPAlogoandwXPAnature-photosXFAinfoXPAwp-contentXPAwp-contentXPAcssXPAwp-contentXPAcssXPAwp-contentXPAwp-contentXPAwp-contentXPAwp-contentXPAwp-content" "Mozilla/5.0 AppleWebKit/537.36 (KHTML, like Gecko; compatible; GPTBot/1.4; +https://openai.com/gptbot)"
74.7.227.2 - - [26/Jul/2026:16:15:00 +0300] "GET /.well-known/file.php?dir=XPAhomeXPAlogoandwXPAnature-photosXFAinfoXPAwp-contentXPAincludesXPAwp-contentXPAcssXPAwp-contentXPAwp-contentXPAwp-contentXPAwp-contentXPAwp-content&edit=error_log-20251108093917-20251108102804-20251108103543-20251108103744-20251108104750-20251108104836-20251108162320-20251109000812-20251109015233-20251110002142-20251110013512-20251111030055. HTTP/1.1" 200 2973 "http://moodyandmagic.com.logoandwebdesigns.com/.well-known/file.php?dir=XPAhomeXPAlogoandwXPAnature-photosXFAinfoXPAwp-contentXPAincludesXPAwp-contentXPAcssXPAwp-contentXPAwp-contentXPAwp-contentXPAwp-contentXPAwp-content" "Mozilla/5.0 AppleWebKit/537.36 (KHTML, like Gecko; compatible; GPTBot/1.4; +https://openai.com/gptbot)"
74.7.227.2 - - [26/Jul/2026:16:19:13 +0300] "GET /.well-known/file.php?dir=XPAhomeXPAlogoandwXPAnature-photosXFAinfoXPAwp-contentXPAwp-contentXPAcssXPAwp-contentXPAcssXPAwp-contentXPAwp-contentXPAwp-contentXPAwp-contentXPAwp-content&edit=error_log-20251108093917-20251108102804-20251108103543-20251108103744-20251108104750-20251108104836-20251108162320-20251109000812-20251109015233-20251110002142-20251112121403. HTTP/1.1" 429 0 "http://moodyandmagic.com.logoandwebdesigns.com/.well-known/file.php?dir=XPAhomeXPAlogoandwXPAnature-photosXFAinfoXPAwp-contentXPAwp-contentXPAcssXPAwp-contentXPAcssXPAwp-contentXPAwp-contentXPAwp-contentXPAwp-contentXPAwp-content" "Mozilla/5.0 AppleWebKit/537.36 (KHTML, like Gecko; compatible; GPTBot/1.4; +https://openai.com/gptbot)"
74.7.243.222 - - [26/Jul/2026:15:57:52 +0300] "GET /zip.php?dir=CwhomeCwlogoandwCwnature-photosFwinfoCwblockCwlanguages&edit=error_log-20251108093917-20251108102804-20251108103543-20251108103744-20251108104750-20251108104836-20251108215346. HTTP/1.1" 200 2558 "http://www.moodyandmagic.com.logoandwebdesigns.com/zip.php?dir=CwhomeCwlogoandwCwnature-photosFwinfoCwblockCwlanguages" "Mozilla/5.0 AppleWebKit/537.36 (KHTML, like Gecko; compatible; GPTBot/1.4; +https://openai.com/gptbot)"
74.7.227.2 - - [26/Jul/2026:16:03:29 +0300] "GET /.well-known/file.php?dir=XPAhomeXPAlogoandwXPAnature-photosXFAinfoXPAwp-contentXPAincludesXPAwp-contentXPAcssXPAwp-contentXPAwp-contentXPAwp-contentXPAwp-contentXPAwp-content&edit=error_log-20251108093917-20251108102804-20251108103543-20251108103744-20251108104750-20251108104836-20251108162320-20251109000812-20251109015233-20251110002142-20251113155032-20251115092827. HTTP/1.1" 200 3017 "http://moodyandmagic.com.logoandwebdesigns.com/.well-known/file.php?dir=XPAhomeXPAlogoandwXPAnature-photosXFAinfoXPAwp-contentXPAincludesXPAwp-contentXPAcssXPAwp-contentXPAwp-contentXPAwp-contentXPAwp-contentXPAwp-content" "Mozilla/5.0 AppleWebKit/537.36 (KHTML, like Gecko; compatible; GPTBot/1.4; +https://openai.com/gptbot)"
74.7.243.222 - - [26/Jul/2026:16:04:00 +0300] "GET /zip.php?dir=CwusrCwlocalCwsitepadCwlibCwpanelsCwcpanel&view=sitemush_cpanel.conf HTTP/1.1" 200 258 "http://www.moodyandmagic.com.logoandwebdesigns.com/zip.php?dir=CwusrCwlocalCwsitepadCwlibCwpanelsCwcpanel" "Mozilla/5.0 AppleWebKit/537.36 (KHTML, like Gecko; compatible; GPTBot/1.4; +https://openai.com/gptbot)"
74.7.243.222 - - [26/Jul/2026:16:04:38 +0300] "GET /zip.php?dir=CwusrCwshareCwmanCwman3&edit=BIO_read_ex.3ssl.gz HTTP/1.1" 429 0 "http://www.moodyandmagic.com.logoandwebdesigns.com/zip.php?dir=CwusrCwshareCwmanCwman3" "Mozilla/5.0 AppleWebKit/537.36 (KHTML, like Gecko; compatible; GPTBot/1.4; +https://openai.com/gptbot)"
74.7.243.222 - - [26/Jul/2026:16:06:20 +0300] "GET /zip.php?dir=CwusrCwshareCwmanCwman3&edit=form_opts_off.3x.gz HTTP/1.1" 429 0 "http://www.moodyandmagic.com.logoandwebdesigns.com/zip.php?dir=CwusrCwshareCwmanCwman3" "Mozilla/5.0 AppleWebKit/537.36 (KHTML, like Gecko; compatible; GPTBot/1.4; +https://openai.com/gptbot)"
74.7.243.222 - - [26/Jul/2026:16:14:38 +0300] "GET /zip.php?dir=CwusrCwshareCwmanCwman3&edit=SSL_read_ex.3ssl.gz HTTP/1.1" 429 0 "http://www.moodyandmagic.com.logoandwebdesigns.com/zip.php?dir=CwusrCwshareCwmanCwman3" "Mozilla/5.0 AppleWebKit/537.36 (KHTML, like Gecko; compatible; GPTBot/1.4; +https://openai.com/gptbot)"
74.7.227.2 - - [26/Jul/2026:16:17:04 +0300] "GET /.well-known/file.php?dir=XPAhomeXPAlogoandwXPAnature-photosXFAinfoXPAwp-contentXPAincludesXPAwp-contentXPAcssXPAwp-contentXPAwp-contentXPAwp-contentXPAwp-contentXPAwp-content&edit=error_log-20251108093917-20251108102804-20251108103543-20251108103744-20251108104750-20251108104836-20251108162320-20251109000812-20251109015233-20251110002142-20251110013512-20251110211737. HTTP/1.1" 429 0 "http://moodyandmagic.com.logoandwebdesigns.com/.well-known/file.php?dir=XPAhomeXPAlogoandwXPAnature-photosXFAinfoXPAwp-contentXPAincludesXPAwp-contentXPAcssXPAwp-contentXPAwp-contentXPAwp-contentXPAwp-contentXPAwp-content" "Mozilla/5.0 AppleWebKit/537.36 (KHTML, like Gecko; compatible; GPTBot/1.4; +https://openai.com/gptbot)"
