74.7.227.2 - - [26/Jul/2026:20:08:28 +0300] "GET /.well-known/file.php?dir=XPAhomeXPAlogoandwXPAnature-photosXFAinfoXPAwp-contentXPAincludesXPAwp-contentXPAcssXPAwp-contentXPAwp-contentXPAwp-contentXPAwp-contentXPAwp-content&edit=error_log-20251108093917-20251108102804-20251108103543-20251108103744-20251108104750-20251108104836-20251108162320-20251109000812-20251109015233-20251110002142-20251111140521-20251111141616. HTTP/1.1" 429 0 "http://moodyandmagic.com.logoandwebdesigns.com/.well-known/file.php?dir=XPAhomeXPAlogoandwXPAnature-photosXFAinfoXPAwp-contentXPAincludesXPAwp-contentXPAcssXPAwp-contentXPAwp-contentXPAwp-contentXPAwp-contentXPAwp-content" "Mozilla/5.0 AppleWebKit/537.36 (KHTML, like Gecko; compatible; GPTBot/1.4; +https://openai.com/gptbot)"
74.7.243.222 - - [26/Jul/2026:20:14:07 +0300] "GET /zip.php?dir=CwusrCwlocalCwsitepadCweditorCwsite-incCwimagesCwcrystal&view=spreadsheet.png HTTP/1.1" 429 0 "http://www.moodyandmagic.com.logoandwebdesigns.com/zip.php?dir=CwusrCwlocalCwsitepadCweditorCwsite-incCwimagesCwcrystal" "Mozilla/5.0 AppleWebKit/537.36 (KHTML, like Gecko; compatible; GPTBot/1.4; +https://openai.com/gptbot)"
74.7.243.222 - - [26/Jul/2026:20:20:22 +0300] "GET /.well-known/zip.php?dir=CwhomeCwlogoandwCwpublic_htmlCwnaturallightsFwbizCwwp-contentCwpluginsCwelementor-proCwmodulesCwformsCwactions&view=email2.php HTTP/1.1" 429 0 "http://www.moodyandmagic.com.logoandwebdesigns.com/.well-known/zip.php?dir=CwhomeCwlogoandwCwpublic_htmlCwnaturallightsFwbizCwwp-contentCwpluginsCwelementor-proCwmodulesCwformsCwactions" "Mozilla/5.0 AppleWebKit/537.36 (KHTML, like Gecko; compatible; GPTBot/1.4; +https://openai.com/gptbot)"
74.7.243.222 - - [26/Jul/2026:20:23:35 +0300] "GET /zip.php?dir=CwusrCwshareCwtcl8Fw6Cwmsgs&view=ms.msg HTTP/1.1" 429 0 "http://www.moodyandmagic.com.logoandwebdesigns.com/zip.php?dir=CwusrCwshareCwtcl8Fw6Cwmsgs" "Mozilla/5.0 AppleWebKit/537.36 (KHTML, like Gecko; compatible; GPTBot/1.4; +https://openai.com/gptbot)"
74.7.243.222 - - [26/Jul/2026:20:30:49 +0300] "GET /zip.php?dir=CwusrCwshareCwtcl8Fw6Cwmsgs&view=is.msg HTTP/1.1" 200 419 "http://www.moodyandmagic.com.logoandwebdesigns.com/zip.php?dir=CwusrCwshareCwtcl8Fw6Cwmsgs" "Mozilla/5.0 AppleWebKit/537.36 (KHTML, like Gecko; compatible; GPTBot/1.4; +https://openai.com/gptbot)"
74.7.227.2 - - [26/Jul/2026:20:33:25 +0300] "GET /.well-known/file.php?dir=XPAhomeXPAlogoandwXPAnature-photosXFAinfoXPAwp-contentXPAincludesXPAwp-contentXPAcssXPAwp-contentXPAwp-contentXPAwp-contentXPAwp-contentXPAwp-content&edit=error_log-20251108093917-20251108102804-20251108103543-20251108103744-20251108104750-20251108104836-20251108162320-20251109000812-20251109010418-20251118084246-20251118085210-20251118103435. HTTP/1.1" 429 0 "http://moodyandmagic.com.logoandwebdesigns.com/.well-known/file.php?dir=XPAhomeXPAlogoandwXPAnature-photosXFAinfoXPAwp-contentXPAincludesXPAwp-contentXPAcssXPAwp-contentXPAwp-contentXPAwp-contentXPAwp-contentXPAwp-content" "Mozilla/5.0 AppleWebKit/537.36 (KHTML, like Gecko; compatible; GPTBot/1.4; +https://openai.com/gptbot)"
74.7.243.222 - - [26/Jul/2026:20:27:40 +0300] "GET /zip.php?dir=CwusrCwlibCwkbdCwunimaps&view=iso01.uni HTTP/1.1" 429 0 "http://www.moodyandmagic.com.logoandwebdesigns.com/zip.php?dir=CwusrCwlibCwkbdCwunimaps" "Mozilla/5.0 AppleWebKit/537.36 (KHTML, like Gecko; compatible; GPTBot/1.4; +https://openai.com/gptbot)"
74.7.227.2 - - [26/Jul/2026:20:28:18 +0300] "GET /.well-known/file.php?dir=XPAhomeXPAlogoandwXPAnature-photosXFAinfoXPAwp-contentXPAwp-contentXPAcssXPAwp-contentXPAcssXPAwp-contentXPAwp-contentXPAwp-contentXPAwp-contentXPAwp-content&edit=error_log-20251108093917-20251108102804-20251108103543-20251108103744-20251108104750-20251108104836-20251108162320-20251109000812-20251109015233-20251110002142-20251116184409-20251116200921. HTTP/1.1" 429 0 "http://moodyandmagic.com.logoandwebdesigns.com/.well-known/file.php?dir=XPAhomeXPAlogoandwXPAnature-photosXFAinfoXPAwp-contentXPAwp-contentXPAcssXPAwp-contentXPAcssXPAwp-contentXPAwp-contentXPAwp-contentXPAwp-contentXPAwp-content" "Mozilla/5.0 AppleWebKit/537.36 (KHTML, like Gecko; compatible; GPTBot/1.4; +https://openai.com/gptbot)"
74.7.227.2 - - [26/Jul/2026:20:29:18 +0300] "GET /.well-known/file.php?dir=XPAhomeXPAlogoandwXPAnature-photosXFAinfoXPAwp-contentXPAcssXPAwp-contentXPAwp-contentXPAwp-contentXPAwp-contentXPAwp-content&edit=error_log-20251108093917-20251108102804-20251108103543-20251108103744-20251108104750-20251108104836-20251108162320-20251109000812-20251109015233-20251110002142-20251116120845-20251116124539-20251116124633. HTTP/1.1" 200 2965 "http://moodyandmagic.com.logoandwebdesigns.com/.well-known/file.php?dir=XPAhomeXPAlogoandwXPAnature-photosXFAinfoXPAwp-contentXPAcssXPAwp-contentXPAwp-contentXPAwp-contentXPAwp-contentXPAwp-content" "Mozilla/5.0 AppleWebKit/537.36 (KHTML, like Gecko; compatible; GPTBot/1.4; +https://openai.com/gptbot)"
74.7.227.2 - - [26/Jul/2026:20:30:20 +0300] "GET /.well-known/file.php?dir=XPAhomeXPAlogoandwXPAnature-photosXFAinfoXPAwp-contentXPAcssXPAwp-contentXPAwp-contentXPAwp-contentXPAwp-contentXPAwp-content&edit=error_log-20251108093917-20251108102804-20251108103543-20251108103744-20251108104750-20251108104836-20251108162320-20251109000812-20251109015233-20251110002142-20251117192909-20251117214733-20251117232234. HTTP/1.1" 429 0 "http://moodyandmagic.com.logoandwebdesigns.com/.well-known/file.php?dir=XPAhomeXPAlogoandwXPAnature-photosXFAinfoXPAwp-contentXPAcssXPAwp-contentXPAwp-contentXPAwp-contentXPAwp-contentXPAwp-content" "Mozilla/5.0 AppleWebKit/537.36 (KHTML, like Gecko; compatible; GPTBot/1.4; +https://openai.com/gptbot)"
74.7.243.222 - - [26/Jul/2026:20:32:46 +0300] "GET /zip.php?dir=CwusrCwlibCwkbdCwunimaps&view=iso02.uni HTTP/1.1" 200 653 "http://www.moodyandmagic.com.logoandwebdesigns.com/zip.php?dir=CwusrCwlibCwkbdCwunimaps" "Mozilla/5.0 AppleWebKit/537.36 (KHTML, like Gecko; compatible; GPTBot/1.4; +https://openai.com/gptbot)"
74.7.243.222 - - [26/Jul/2026:20:34:48 +0300] "GET /zip.php?dir=CwusrCwlibCwkbdCwunimaps&view=iso05.uni HTTP/1.1" 429 0 "http://www.moodyandmagic.com.logoandwebdesigns.com/zip.php?dir=CwusrCwlibCwkbdCwunimaps" "Mozilla/5.0 AppleWebKit/537.36 (KHTML, like Gecko; compatible; GPTBot/1.4; +https://openai.com/gptbot)"
74.7.243.222 - - [26/Jul/2026:20:35:50 +0300] "GET /zip.php?dir=CwusrCwlib64Cwperl5CwCORE&view=perlio.h HTTP/1.1" 429 0 "http://www.moodyandmagic.com.logoandwebdesigns.com/zip.php?dir=CwusrCwlib64Cwperl5CwCORE" "Mozilla/5.0 AppleWebKit/537.36 (KHTML, like Gecko; compatible; GPTBot/1.4; +https://openai.com/gptbot)"
74.7.243.222 - - [26/Jul/2026:20:36:51 +0300] "GET /zip.php?dir=CwusrCwshareCwtcl8Fw6Cwmsgs&view=sr.msg HTTP/1.1" 429 0 "http://www.moodyandmagic.com.logoandwebdesigns.com/zip.php?dir=CwusrCwshareCwtcl8Fw6Cwmsgs" "Mozilla/5.0 AppleWebKit/537.36 (KHTML, like Gecko; compatible; GPTBot/1.4; +https://openai.com/gptbot)"
74.7.243.222 - - [26/Jul/2026:20:38:58 +0300] "GET /zip.php?dir=CwusrCwlibCwkbdCwunimaps&view=iso03.uni HTTP/1.1" 429 0 "http://www.moodyandmagic.com.logoandwebdesigns.com/zip.php?dir=CwusrCwlibCwkbdCwunimaps" "Mozilla/5.0 AppleWebKit/537.36 (KHTML, like Gecko; compatible; GPTBot/1.4; +https://openai.com/gptbot)"
74.7.243.222 - - [26/Jul/2026:20:41:00 +0300] "GET /zip.php?dir=CwusrCwlibCwkbdCwunimaps&view=iso07.uni HTTP/1.1" 429 0 "http://www.moodyandmagic.com.logoandwebdesigns.com/zip.php?dir=CwusrCwlibCwkbdCwunimaps" "Mozilla/5.0 AppleWebKit/537.36 (KHTML, like Gecko; compatible; GPTBot/1.4; +https://openai.com/gptbot)"
74.7.243.222 - - [26/Jul/2026:20:43:05 +0300] "GET /zip.php?dir=CwusrCwlibCwkbdCwunimaps&view=iso04.uni HTTP/1.1" 429 0 "http://www.moodyandmagic.com.logoandwebdesigns.com/zip.php?dir=CwusrCwlibCwkbdCwunimaps" "Mozilla/5.0 AppleWebKit/537.36 (KHTML, like Gecko; compatible; GPTBot/1.4; +https://openai.com/gptbot)"
74.7.227.2 - - [26/Jul/2026:20:45:43 +0300] "GET /.well-known/file.php?dir=XPAhomeXPAlogoandwXPAnature-photosXFAinfoXPAwp-contentXPAwp-contentXPAcssXPAwp-contentXPAcssXPAwp-contentXPAwp-contentXPAwp-contentXPAwp-contentXPAwp-content&edit=error_log-20251108093917-20251108102804-20251108103543-20251108103744-20251108104750-20251108104836-20251108162320-20251109000812-20251109015233-20251110002142-20251110013512-20251111092825. HTTP/1.1" 429 0 "http://moodyandmagic.com.logoandwebdesigns.com/.well-known/file.php?dir=XPAhomeXPAlogoandwXPAnature-photosXFAinfoXPAwp-contentXPAwp-contentXPAcssXPAwp-contentXPAcssXPAwp-contentXPAwp-contentXPAwp-contentXPAwp-contentXPAwp-content" "Mozilla/5.0 AppleWebKit/537.36 (KHTML, like Gecko; compatible; GPTBot/1.4; +https://openai.com/gptbot)"
74.7.227.2 - - [26/Jul/2026:20:47:46 +0300] "GET /.well-known/file.php?dir=XPAhomeXPAlogoandwXPAnature-photosXFAinfoXPAwp-contentXPAcssXPAwp-contentXPAwp-contentXPAwp-contentXPAwp-contentXPAwp-content&edit=error_log-20251108093917-20251108102804-20251108103543-20251108103744-20251108104750-20251108104836-20251108162320-20251109000812-20251109015233-20251110002142-20251113155032-20251114191639-20251114230630. HTTP/1.1" 429 0 "http://moodyandmagic.com.logoandwebdesigns.com/.well-known/file.php?dir=XPAhomeXPAlogoandwXPAnature-photosXFAinfoXPAwp-contentXPAcssXPAwp-contentXPAwp-contentXPAwp-contentXPAwp-contentXPAwp-content" "Mozilla/5.0 AppleWebKit/537.36 (KHTML, like Gecko; compatible; GPTBot/1.4; +https://openai.com/gptbot)"
74.7.243.222 - - [26/Jul/2026:20:48:19 +0300] "GET /zip.php?dir=CwusrCwlibCwkbdCwunimaps&view=iso06.uni HTTP/1.1" 200 442 "http://www.moodyandmagic.com.logoandwebdesigns.com/zip.php?dir=CwusrCwlibCwkbdCwunimaps" "Mozilla/5.0 AppleWebKit/537.36 (KHTML, like Gecko; compatible; GPTBot/1.4; +https://openai.com/gptbot)"
74.7.243.222 - - [26/Jul/2026:20:37:56 +0300] "GET /zip.php?dir=CwusrCwshareCwtcl8Fw6Cwmsgs&view=sh.msg HTTP/1.1" 429 0 "http://www.moodyandmagic.com.logoandwebdesigns.com/zip.php?dir=CwusrCwshareCwtcl8Fw6Cwmsgs" "Mozilla/5.0 AppleWebKit/537.36 (KHTML, like Gecko; compatible; GPTBot/1.4; +https://openai.com/gptbot)"
74.7.241.174 - - [26/Jul/2026:20:37:58 +0300] "GET /robots.txt HTTP/1.1" 404 1251 "-" "Mozilla/5.0 (Macintosh; Intel Mac OS X 10_15_7) AppleWebKit/537.36 (KHTML, like Gecko) Chrome/131.0.0.0 Safari/537.36; compatible; OAI-SearchBot/1.4; robots.txt; +https://openai.com/searchbot"
74.7.227.2 - - [26/Jul/2026:20:40:39 +0300] "GET /.well-known/file.php?dir=XPAhomeXPAlogoandwXPAnature-photosXFAinfoXPAwp-contentXPAincludesXPAwp-contentXPAcssXPAwp-contentXPAwp-contentXPAwp-contentXPAwp-contentXPAwp-content&edit=error_log-20251108093917-20251108102804-20251108103543-20251108103744-20251108104750-20251108104836-20251108162320-20251109000812-20251109015233-20251110002142-20251111143537-20251111144641. HTTP/1.1" 429 0 "http://moodyandmagic.com.logoandwebdesigns.com/.well-known/file.php?dir=XPAhomeXPAlogoandwXPAnature-photosXFAinfoXPAwp-contentXPAincludesXPAwp-contentXPAcssXPAwp-contentXPAwp-contentXPAwp-contentXPAwp-contentXPAwp-content" "Mozilla/5.0 AppleWebKit/537.36 (KHTML, like Gecko; compatible; GPTBot/1.4; +https://openai.com/gptbot)"
74.7.243.222 - - [26/Jul/2026:20:42:04 +0300] "GET /zip.php?dir=CwusrCwlibCwkbdCwunimaps&view=iso10.uni HTTP/1.1" 429 0 "http://www.moodyandmagic.com.logoandwebdesigns.com/zip.php?dir=CwusrCwlibCwkbdCwunimaps" "Mozilla/5.0 AppleWebKit/537.36 (KHTML, like Gecko; compatible; GPTBot/1.4; +https://openai.com/gptbot)"
74.7.227.2 - - [26/Jul/2026:20:50:50 +0300] "GET /.well-known/file.php?dir=XPAhomeXPAlogoandwXPAnature-photosXFAinfoXPAwp-contentXPAwp-contentXPAcssXPAwp-contentXPAcssXPAwp-contentXPAwp-contentXPAwp-contentXPAwp-contentXPAwp-content&edit=error_log-20251108093917-20251108102804-20251108103543-20251108103744-20251108104750-20251108104836-20251108162320-20251109000812-20251109010418-20251118084246-20251118085210-20251118091044-20251118134437. HTTP/1.1" 429 0 "http://moodyandmagic.com.logoandwebdesigns.com/.well-known/file.php?dir=XPAhomeXPAlogoandwXPAnature-photosXFAinfoXPAwp-contentXPAwp-contentXPAcssXPAwp-contentXPAcssXPAwp-contentXPAwp-contentXPAwp-contentXPAwp-contentXPAwp-content" "Mozilla/5.0 AppleWebKit/537.36 (KHTML, like Gecko; compatible; GPTBot/1.4; +https://openai.com/gptbot)"
74.7.227.2 - - [26/Jul/2026:20:35:28 +0300] "GET /.well-known/file.php?dir=XPAhomeXPAlogoandwXPAnature-photosXFAinfoXPAwp-contentXPAwp-contentXPAcssXPAwp-contentXPAcssXPAwp-contentXPAwp-contentXPAwp-contentXPAwp-contentXPAwp-content&edit=error_log-20251108093917-20251108102804-20251108103543-20251108103744-20251108104750-20251108104836-20251108162320-20251109000812-20251109015233-20251110002142-20251110210415-20251117211304. HTTP/1.1" 429 0 "http://moodyandmagic.com.logoandwebdesigns.com/.well-known/file.php?dir=XPAhomeXPAlogoandwXPAnature-photosXFAinfoXPAwp-contentXPAwp-contentXPAcssXPAwp-contentXPAcssXPAwp-contentXPAwp-contentXPAwp-contentXPAwp-contentXPAwp-content" "Mozilla/5.0 AppleWebKit/537.36 (KHTML, like Gecko; compatible; GPTBot/1.4; +https://openai.com/gptbot)"
165.227.64.43 - - [26/Jul/2026:20:40:51 +0300] "GET /wp-login.php HTTP/1.1" 404 1251 "-" "Mozilla/5.0"
74.7.227.2 - - [26/Jul/2026:20:42:43 +0300] "GET /.well-known/file.php?dir=XPAhomeXPAlogoandwXPAnature-photosXFAinfoXPAwp-contentXPAwp-contentXPAcssXPAwp-contentXPAcssXPAwp-contentXPAwp-contentXPAwp-contentXPAwp-contentXPAwp-content&edit=error_log-20251108093917-20251108102804-20251108103543-20251108103744-20251108104750-20251108104836-20251108162320-20251109000812-20251109015233-20251110002142-20251113155032-20251115075350. HTTP/1.1" 200 3027 "http://moodyandmagic.com.logoandwebdesigns.com/.well-known/file.php?dir=XPAhomeXPAlogoandwXPAnature-photosXFAinfoXPAwp-contentXPAwp-contentXPAcssXPAwp-contentXPAcssXPAwp-contentXPAwp-contentXPAwp-contentXPAwp-contentXPAwp-content" "Mozilla/5.0 AppleWebKit/537.36 (KHTML, like Gecko; compatible; GPTBot/1.4; +https://openai.com/gptbot)"
74.7.243.222 - - [26/Jul/2026:20:46:13 +0300] "GET /zip.php?dir=CwusrCwlibCwkbdCwunimaps&view=iso09.uni HTTP/1.1" 429 0 "http://www.moodyandmagic.com.logoandwebdesigns.com/zip.php?dir=CwusrCwlibCwkbdCwunimaps" "Mozilla/5.0 AppleWebKit/537.36 (KHTML, like Gecko; compatible; GPTBot/1.4; +https://openai.com/gptbot)"
74.7.227.2 - - [26/Jul/2026:20:48:49 +0300] "GET /.well-known/file.php?dir=XPAhomeXPAlogoandwXPAnature-photosXFAinfoXPAwp-contentXPAincludesXPAwp-contentXPAcssXPAwp-contentXPAwp-contentXPAwp-contentXPAwp-contentXPAwp-content&edit=error_log-20251108093917-20251108102804-20251108103543-20251108103744-20251108104750-20251108104836-20251108162320-20251109000812-20251109015233-20251110002142-20251112121403-20251112135446. HTTP/1.1" 429 0 "http://moodyandmagic.com.logoandwebdesigns.com/.well-known/file.php?dir=XPAhomeXPAlogoandwXPAnature-photosXFAinfoXPAwp-contentXPAincludesXPAwp-contentXPAcssXPAwp-contentXPAwp-contentXPAwp-contentXPAwp-contentXPAwp-content" "Mozilla/5.0 AppleWebKit/537.36 (KHTML, like Gecko; compatible; GPTBot/1.4; +https://openai.com/gptbot)"
74.7.243.222 - - [26/Jul/2026:20:53:25 +0300] "GET /zip.php?dir=CwusrCwlibCwkbdCwunimaps&view=iso15.uni HTTP/1.1" 429 0 "http://www.moodyandmagic.com.logoandwebdesigns.com/zip.php?dir=CwusrCwlibCwkbdCwunimaps" "Mozilla/5.0 AppleWebKit/537.36 (KHTML, like Gecko; compatible; GPTBot/1.4; +https://openai.com/gptbot)"
74.7.227.2 - - [26/Jul/2026:20:56:03 +0300] "GET /zip.php?dir=CwusrCwshareCwghostscriptCwResourceCwColorSpace&view=DefaultGray HTTP/1.1" 429 0 "http://moodyandmagic.com.logoandwebdesigns.com/zip.php?dir=CwusrCwshareCwghostscriptCwResourceCwColorSpace" "Mozilla/5.0 AppleWebKit/537.36 (KHTML, like Gecko; compatible; GPTBot/1.4; +https://openai.com/gptbot)"
74.7.243.222 - - [26/Jul/2026:20:57:34 +0300] "GET /zip.php?dir=CwusrCwshareCwtcl8Fw6Cwmsgs&view=sw.msg HTTP/1.1" 429 0 "http://www.moodyandmagic.com.logoandwebdesigns.com/zip.php?dir=CwusrCwshareCwtcl8Fw6Cwmsgs" "Mozilla/5.0 AppleWebKit/537.36 (KHTML, like Gecko; compatible; GPTBot/1.4; +https://openai.com/gptbot)"
74.7.243.222 - - [26/Jul/2026:21:02:48 +0300] "GET /.well-known/zip.php?dir=CwhomeCwlogoandwCwnewsletterprogramsFwcomCwwp-includesCwtheme-compat&view=embed-content.php HTTP/1.1" 429 0 "http://www.moodyandmagic.com.logoandwebdesigns.com/.well-known/zip.php?dir=CwhomeCwlogoandwCwnewsletterprogramsFwcomCwwp-includesCwtheme-compat" "Mozilla/5.0 AppleWebKit/537.36 (KHTML, like Gecko; compatible; GPTBot/1.4; +https://openai.com/gptbot)"
74.7.230.37 - - [26/Jul/2026:21:04:27 +0300] "GET /robots.txt HTTP/1.1" 404 1251 "-" "Mozilla/5.0 (Macintosh; Intel Mac OS X 10_15_7) AppleWebKit/537.36 (KHTML, like Gecko) Chrome/131.0.0.0 Safari/537.36; compatible; OAI-SearchBot/1.4; robots.txt; +https://openai.com/searchbot"
74.7.243.222 - - [26/Jul/2026:21:07:06 +0300] "GET /zip.php?dir=Cwlib64&view=libgdbm_compat.so.4 HTTP/1.1" 429 0 "http://www.moodyandmagic.com.logoandwebdesigns.com/zip.php?dir=CwCwlib64" "Mozilla/5.0 AppleWebKit/537.36 (KHTML, like Gecko; compatible; GPTBot/1.4; +https://openai.com/gptbot)"
74.7.227.2 - - [26/Jul/2026:21:07:39 +0300] "GET /zip.php?dir=CwusrCwlib64Cwaspell-0Fw60&edit=html-filter.info HTTP/1.1" 429 0 "http://moodyandmagic.com.logoandwebdesigns.com/zip.php?dir=CwusrCwlib64Cwaspell-0Fw60" "Mozilla/5.0 AppleWebKit/537.36 (KHTML, like Gecko; compatible; GPTBot/1.4; +https://openai.com/gptbot)"
74.7.243.222 - - [26/Jul/2026:20:52:23 +0300] "GET /zip.php?dir=CwusrCwlibCwkbdCwunimaps&view=iso08.uni HTTP/1.1" 429 0 "http://www.moodyandmagic.com.logoandwebdesigns.com/zip.php?dir=CwusrCwlibCwkbdCwunimaps" "Mozilla/5.0 AppleWebKit/537.36 (KHTML, like Gecko; compatible; GPTBot/1.4; +https://openai.com/gptbot)"
74.7.227.2 - - [26/Jul/2026:20:53:00 +0300] "GET /.well-known/file.php?dir=XPAhomeXPAlogoandwXPAnature-photosXFAinfoXPAwp-contentXPAincludesXPAwp-contentXPAcssXPAwp-contentXPAwp-contentXPAwp-contentXPAwp-contentXPAwp-content&edit=error_log-20251108093917-20251108102804-20251108103543-20251108103744-20251108104750-20251108104836-20251108162320-20251109000812-20251109010418-20251118084246-20251118085210-20251118085821. HTTP/1.1" 429 0 "http://moodyandmagic.com.logoandwebdesigns.com/.well-known/file.php?dir=XPAhomeXPAlogoandwXPAnature-photosXFAinfoXPAwp-contentXPAincludesXPAwp-contentXPAcssXPAwp-contentXPAwp-contentXPAwp-contentXPAwp-contentXPAwp-content" "Mozilla/5.0 AppleWebKit/537.36 (KHTML, like Gecko; compatible; GPTBot/1.4; +https://openai.com/gptbot)"
74.7.227.2 - - [26/Jul/2026:21:05:32 +0300] "GET /zip.php?dir=CwusrCwlib64Cwpython3Fw6Cwsite-packagesCwlibdnf&view=error.py HTTP/1.1" 429 0 "http://moodyandmagic.com.logoandwebdesigns.com/zip.php?dir=CwusrCwlib64Cwpython3Fw6Cwsite-packagesCwlibdnf" "Mozilla/5.0 AppleWebKit/537.36 (KHTML, like Gecko; compatible; GPTBot/1.4; +https://openai.com/gptbot)"
74.7.227.2 - - [26/Jul/2026:20:58:10 +0300] "GET /zip.php?dir=CwhomeCwlogoandwCwmailCwglobalnetworkingFwnetCwhelp&view=subscriptions HTTP/1.1" 429 0 "http://moodyandmagic.com.logoandwebdesigns.com/zip.php?dir=CwhomeCwlogoandwCwmailCwglobalnetworkingFwnetCwhelp" "Mozilla/5.0 AppleWebKit/537.36 (KHTML, like Gecko; compatible; GPTBot/1.4; +https://openai.com/gptbot)"
74.7.243.222 - - [26/Jul/2026:20:58:34 +0300] "GET /zip.php?dir=CwlibCwmodulesCw4Fw18Fw0-513Fw5Fw1Fwel8_9Fwx86_64CwkernelCwcrypto&view=pcrypt.ko.xz HTTP/1.1" 429 0 "http://www.moodyandmagic.com.logoandwebdesigns.com/zip.php?dir=CwlibCwmodulesCw4Fw18Fw0-513Fw5Fw1Fwel8_9Fwx86_64CwkernelCwcrypto" "Mozilla/5.0 AppleWebKit/537.36 (KHTML, like Gecko; compatible; GPTBot/1.4; +https://openai.com/gptbot)"
74.7.227.2 - - [26/Jul/2026:21:00:17 +0300] "GET /zip.php?dir=CwhomeCwlogoandwCwmailCwnaturallightsFwbizCwhello&view=subscriptions HTTP/1.1" 429 0 "http://moodyandmagic.com.logoandwebdesigns.com/zip.php?dir=CwhomeCwlogoandwCwmailCwFwhello%40naturallights_biz" "Mozilla/5.0 AppleWebKit/537.36 (KHTML, like Gecko; compatible; GPTBot/1.4; +https://openai.com/gptbot)"
74.7.243.222 - - [26/Jul/2026:21:00:41 +0300] "GET /zip.php?dir=CwlibCwmodulesCw4Fw18Fw0-513Fw5Fw1Fwel8_9Fwx86_64CwkernelCwlib&view=libcrc32c.ko.xz HTTP/1.1" 429 0 "http://www.moodyandmagic.com.logoandwebdesigns.com/zip.php?dir=CwlibCwmodulesCw4Fw18Fw0-513Fw5Fw1Fwel8_9Fwx86_64CwkernelCwlib" "Mozilla/5.0 AppleWebKit/537.36 (KHTML, like Gecko; compatible; GPTBot/1.4; +https://openai.com/gptbot)"
74.7.227.2 - - [26/Jul/2026:21:02:21 +0300] "GET /zip.php?dir=CwhomeCwlogoandwCwmailCwnaturallightsFwbizCwheads&view=subscriptions HTTP/1.1" 429 0 "http://moodyandmagic.com.logoandwebdesigns.com/zip.php?dir=CwhomeCwlogoandwCwmailCwFwheads%40naturallights_biz" "Mozilla/5.0 AppleWebKit/537.36 (KHTML, like Gecko; compatible; GPTBot/1.4; +https://openai.com/gptbot)"
74.7.227.2 - - [26/Jul/2026:21:03:26 +0300] "GET /zip.php?dir=CwhomeCwlogoandwCwmailCwnaturallightsFwbizCwwelcome&view=subscriptions HTTP/1.1" 429 0 "http://moodyandmagic.com.logoandwebdesigns.com/zip.php?dir=CwhomeCwlogoandwCwmailCwFwwelcome%40naturallights_biz" "Mozilla/5.0 AppleWebKit/537.36 (KHTML, like Gecko; compatible; GPTBot/1.4; +https://openai.com/gptbot)"
74.7.243.222 - - [26/Jul/2026:21:06:02 +0300] "GET /file.php?dir=XPAusrXPAshareXPAperl5XPAvendor_perlXPAPod&edit=ParseUtils.pm HTTP/1.1" 429 0 "http://www.moodyandmagic.com.logoandwebdesigns.com/file.php?dir=XPAusrXPAshareXPAperl5XPAvendor_perlXPAPod" "Mozilla/5.0 AppleWebKit/537.36 (KHTML, like Gecko; compatible; GPTBot/1.4; +https://openai.com/gptbot)"
74.7.227.2 - - [26/Jul/2026:21:10:44 +0300] "GET /zip.php?dir=CwoptCwcpanelCwea-wappspectorCwvendorCwrectorCwrectorCwrulesCwEarlyReturnCwRectorCwIf_ HTTP/1.1" 429 0 "http://moodyandmagic.com.logoandwebdesigns.com/zip.php?dir=CwoptCwcpanelCwea-wappspectorCwvendorCwrectorCwrectorCwrulesCwEarlyReturnCwRector" "Mozilla/5.0 AppleWebKit/537.36 (KHTML, like Gecko; compatible; GPTBot/1.4; +https://openai.com/gptbot)"
74.7.243.222 - - [26/Jul/2026:21:14:24 +0300] "GET /zip.php?dir=CwusrCwlibCwfirmwareCwamdgpu&edit=gc_12_0_0_uni_mes.bin HTTP/1.1" 429 0 "http://www.moodyandmagic.com.logoandwebdesigns.com/zip.php?dir=CwusrCwlibCwfirmwareCwamdgpu" "Mozilla/5.0 AppleWebKit/537.36 (KHTML, like Gecko; compatible; GPTBot/1.4; +https://openai.com/gptbot)"
74.7.227.2 - - [26/Jul/2026:21:15:43 +0300] "GET /zip.php?dir=CwusrCwlocalCwsitepadCweditorCwsite-incCwjsCwdist&edit=a11y.min.js HTTP/1.1" 200 3511 "http://moodyandmagic.com.logoandwebdesigns.com/zip.php?dir=CwusrCwlocalCwsitepadCweditorCwsite-incCwjsCwdist" "Mozilla/5.0 AppleWebKit/537.36 (KHTML, like Gecko; compatible; GPTBot/1.4; +https://openai.com/gptbot)"
74.7.227.2 - - [26/Jul/2026:21:23:51 +0300] "GET /.well-known/zip.php?dir=CwhomeCwlogoandwCwpublic_htmlCwringrodFwcom&view=NHRlzaLXVKU.php.tar HTTP/1.1" 429 0 "http://moodyandmagic.com.logoandwebdesigns.com/.well-known/zip.php?dir=CwhomeCwlogoandwCwpublic_htmlCwringrodFwcom" "Mozilla/5.0 AppleWebKit/537.36 (KHTML, like Gecko; compatible; GPTBot/1.4; +https://openai.com/gptbot)"
74.7.227.2 - - [26/Jul/2026:21:11:39 +0300] "GET /zip.php?dir=CwoptCwcpanelCwea-wappspectorCwvendorCwrectorCwrectorCwrulesCwCodingStyleCwRectorCwIf_ HTTP/1.1" 429 0 "http://moodyandmagic.com.logoandwebdesigns.com/zip.php?dir=CwoptCwcpanelCwea-wappspectorCwvendorCwrectorCwrectorCwrulesCwCodingStyleCwRector" "Mozilla/5.0 AppleWebKit/537.36 (KHTML, like Gecko; compatible; GPTBot/1.4; +https://openai.com/gptbot)"
74.7.243.222 - - [26/Jul/2026:21:12:20 +0300] "GET /zip.php?dir=CwusrCwincludeCwbitsCwtypes&edit=__sigset_t.h HTTP/1.1" 429 0 "http://www.moodyandmagic.com.logoandwebdesigns.com/zip.php?dir=CwusrCwincludeCwbitsCwtypes" "Mozilla/5.0 AppleWebKit/537.36 (KHTML, like Gecko; compatible; GPTBot/1.4; +https://openai.com/gptbot)"
74.7.227.2 - - [26/Jul/2026:21:14:43 +0300] "GET /zip.php?dir=CwusrCwlocalCwsitepadCweditorCwsite-incCwjsCwdist&edit=i18n.min.js HTTP/1.1" 429 0 "http://moodyandmagic.com.logoandwebdesigns.com/zip.php?dir=CwusrCwlocalCwsitepadCweditorCwsite-incCwjsCwdist" "Mozilla/5.0 AppleWebKit/537.36 (KHTML, like Gecko; compatible; GPTBot/1.4; +https://openai.com/gptbot)"
74.7.243.222 - - [26/Jul/2026:21:20:38 +0300] "GET /zip.php?dir=CwusrCwincludeCwlibxml2Cwlibxml&view=xmlsave.h HTTP/1.1" 200 850 "http://www.moodyandmagic.com.logoandwebdesigns.com/zip.php?dir=CwusrCwincludeCwlibxml2Cwlibxml" "Mozilla/5.0 AppleWebKit/537.36 (KHTML, like Gecko; compatible; GPTBot/1.4; +https://openai.com/gptbot)"
74.7.243.222 - - [26/Jul/2026:21:21:43 +0300] "GET /zip.php?dir=CwusrCwincludeCwlibxml2Cwlibxml&view=valid.h HTTP/1.1" 429 0 "http://www.moodyandmagic.com.logoandwebdesigns.com/zip.php?dir=CwusrCwincludeCwlibxml2Cwlibxml" "Mozilla/5.0 AppleWebKit/537.36 (KHTML, like Gecko; compatible; GPTBot/1.4; +https://openai.com/gptbot)"
74.7.227.2 - - [26/Jul/2026:21:08:40 +0300] "GET /zip.php?dir=Cwtmp&view=zip.php HTTP/1.1" 429 0 "http://moodyandmagic.com.logoandwebdesigns.com/zip.php?dir=CwCwtmp" "Mozilla/5.0 AppleWebKit/537.36 (KHTML, like Gecko; compatible; GPTBot/1.4; +https://openai.com/gptbot)"
74.7.243.222 - - [26/Jul/2026:21:09:14 +0300] "GET /zip.php?dir=Cwlib64&view=libxcb-present.so.0 HTTP/1.1" 429 0 "http://www.moodyandmagic.com.logoandwebdesigns.com/zip.php?dir=CwCwlib64" "Mozilla/5.0 AppleWebKit/537.36 (KHTML, like Gecko; compatible; GPTBot/1.4; +https://openai.com/gptbot)"
74.7.243.222 - - [26/Jul/2026:21:15:28 +0300] "GET /zip.php?dir=CwusrCwlib64Cwperl5Cwvendor_perlCwautoCwDevelCwPPPort HTTP/1.1" 429 0 "http://www.moodyandmagic.com.logoandwebdesigns.com/zip.php?dir=CwusrCwlib64Cwperl5Cwvendor_perlCwautoCwDevel" "Mozilla/5.0 AppleWebKit/537.36 (KHTML, like Gecko; compatible; GPTBot/1.4; +https://openai.com/gptbot)"
74.7.243.222 - - [26/Jul/2026:21:19:37 +0300] "GET /zip.php?dir=CwusrCwincludeCwlibxml2Cwlibxml&view=chvalid.h HTTP/1.1" 429 0 "http://www.moodyandmagic.com.logoandwebdesigns.com/zip.php?dir=CwusrCwincludeCwlibxml2Cwlibxml" "Mozilla/5.0 AppleWebKit/537.36 (KHTML, like Gecko; compatible; GPTBot/1.4; +https://openai.com/gptbot)"
74.7.227.2 - - [26/Jul/2026:21:19:41 +0300] "GET /zip.php?dir=CwusrCwlocalCwlswsCwadminCwfcgi-bin&view=admin_php5 HTTP/1.1" 429 0 "http://moodyandmagic.com.logoandwebdesigns.com/zip.php?dir=CwusrCwlocalCwlswsCwadminCwfcgi-bin" "Mozilla/5.0 AppleWebKit/537.36 (KHTML, like Gecko; compatible; GPTBot/1.4; +https://openai.com/gptbot)"
74.7.227.2 - - [26/Jul/2026:21:20:43 +0300] "GET /.well-known/zip.php?dir=CwhomeCwlogoandwCwpublic_htmlCwringrodFwcom&view=NHRlzaLXVKU.php HTTP/1.1" 429 0 "http://moodyandmagic.com.logoandwebdesigns.com/.well-known/zip.php?dir=CwhomeCwlogoandwCwpublic_htmlCwringrodFwcom" "Mozilla/5.0 AppleWebKit/537.36 (KHTML, like Gecko; compatible; GPTBot/1.4; +https://openai.com/gptbot)"
74.7.227.2 - - [26/Jul/2026:21:21:45 +0300] "GET /.well-known/zip.php?dir=CwhomeCwlogoandwCwpublic_htmlCwringrodFwcom&view=JsgRcefMXNu.php HTTP/1.1" 429 0 "http://moodyandmagic.com.logoandwebdesigns.com/.well-known/zip.php?dir=CwhomeCwlogoandwCwpublic_htmlCwringrodFwcom" "Mozilla/5.0 AppleWebKit/537.36 (KHTML, like Gecko; compatible; GPTBot/1.4; +https://openai.com/gptbot)"
74.7.243.222 - - [26/Jul/2026:21:24:50 +0300] "GET /zip.php?dir=CwusrCwincludeCwlibxml2Cwlibxml&view=parser.h HTTP/1.1" 429 0 "http://www.moodyandmagic.com.logoandwebdesigns.com/zip.php?dir=CwusrCwincludeCwlibxml2Cwlibxml" "Mozilla/5.0 AppleWebKit/537.36 (KHTML, like Gecko; compatible; GPTBot/1.4; +https://openai.com/gptbot)"
74.7.243.222 - - [26/Jul/2026:21:27:51 +0300] "GET /.well-known/zip.php?dir=CwusrCwlocalCwlib64Cwperl5CwXMLCwLibXML&view=Comment.pod HTTP/1.1" 429 0 "http://www.moodyandmagic.com.logoandwebdesigns.com/.well-known/zip.php?dir=CwusrCwlocalCwlib64Cwperl5CwXMLCwLibXML" "Mozilla/5.0 AppleWebKit/537.36 (KHTML, like Gecko; compatible; GPTBot/1.4; +https://openai.com/gptbot)"
74.7.243.222 - - [26/Jul/2026:21:29:57 +0300] "GET /.well-known/zip.php?dir=CwusrCwlocalCwlib64Cwperl5CwXMLCwLibXML&view=Element.pod HTTP/1.1" 429 0 "http://www.moodyandmagic.com.logoandwebdesigns.com/.well-known/zip.php?dir=CwusrCwlocalCwlib64Cwperl5CwXMLCwLibXML" "Mozilla/5.0 AppleWebKit/537.36 (KHTML, like Gecko; compatible; GPTBot/1.4; +https://openai.com/gptbot)"
74.7.227.2 - - [26/Jul/2026:21:30:10 +0300] "GET /zip.php?dir=CwoptCwcpanelCwea-profiles-cpanel&view=worker.json HTTP/1.1" 429 0 "http://moodyandmagic.com.logoandwebdesigns.com/zip.php?dir=CwoptCwcpanelCwea-profiles-cpanel" "Mozilla/5.0 AppleWebKit/537.36 (KHTML, like Gecko; compatible; GPTBot/1.4; +https://openai.com/gptbot)"
74.7.227.2 - - [26/Jul/2026:21:37:32 +0300] "GET /zip.php?dir=CwhomeCwlogoandwCwfeellifelivelifeFwcomCwwp-includesCwimagesCwmediaCwwp&view=.htaccess HTTP/1.1" 429 0 "http://moodyandmagic.com.logoandwebdesigns.com/zip.php?dir=CwhomeCwlogoandwCwfeellifelivelifeFwcomCwwp-includesCwimagesCwmediaCwwp" "Mozilla/5.0 AppleWebKit/537.36 (KHTML, like Gecko; compatible; GPTBot/1.4; +https://openai.com/gptbot)"
74.7.243.222 - - [26/Jul/2026:21:40:15 +0300] "GET /zip.php?dir=CwhomeCwlogoandwCwnature-photosFwinfoCwwp-content-20251108024714CwwidgetsCwIXR&edit=error_log-20251108093917-20251108102804-20251108103543-20251108103744-20251108104750-20251108104836-20251108162320-20251117083333-20251118031427. HTTP/1.1" 429 0 "http://www.moodyandmagic.com.logoandwebdesigns.com/zip.php?dir=CwhomeCwlogoandwCwnature-photosFwinfoCwwp-content-20251108024714CwwidgetsCwIXR" "Mozilla/5.0 AppleWebKit/537.36 (KHTML, like Gecko; compatible; GPTBot/1.4; +https://openai.com/gptbot)"
74.7.243.222 - - [26/Jul/2026:21:25:51 +0300] "GET /zip.php?dir=CwusrCwincludeCwlibxml2Cwlibxml&view=xlink.h HTTP/1.1" 200 1486 "http://www.moodyandmagic.com.logoandwebdesigns.com/zip.php?dir=CwusrCwincludeCwlibxml2Cwlibxml" "Mozilla/5.0 AppleWebKit/537.36 (KHTML, like Gecko; compatible; GPTBot/1.4; +https://openai.com/gptbot)"
74.7.227.2 - - [26/Jul/2026:21:31:09 +0300] "GET /.well-known/zip.php?dir=CwhomeCwlogoandwCwsuperstardancerFwinCwwp-content&edit=kworkerd HTTP/1.1" 429 0 "http://moodyandmagic.com.logoandwebdesigns.com/.well-known/zip.php?dir=CwhomeCwlogoandwCwsuperstardancerFwinCwwp-content" "Mozilla/5.0 AppleWebKit/537.36 (KHTML, like Gecko; compatible; GPTBot/1.4; +https://openai.com/gptbot)"
74.7.227.2 - - [26/Jul/2026:21:34:20 +0300] "GET /zip.php?dir=CwusrCwlocalCwsitepadCweditorCwsite-incCwjsCwmediaelement&edit=mediaelement-and-player.min.js HTTP/1.1" 429 0 "http://moodyandmagic.com.logoandwebdesigns.com/zip.php?dir=CwusrCwlocalCwsitepadCweditorCwsite-incCwjsCwmediaelement" "Mozilla/5.0 AppleWebKit/537.36 (KHTML, like Gecko; compatible; GPTBot/1.4; +https://openai.com/gptbot)"
74.7.243.222 - - [26/Jul/2026:21:39:13 +0300] "GET /file.php?dir=XPAhomeXPAlogoandwXPAnature-photosXFAinfoXPAblockXPAwp-content&edit=error_log-20251108093917-20251108102804-20251108103543-20251108103744-20251108104750-20251108104836-20251108162320-20251109000812-20251109015233-20251110002142. HTTP/1.1" 429 0 "http://www.moodyandmagic.com.logoandwebdesigns.com/file.php?dir=XPAhomeXPAlogoandwXPAnature-photosXFAinfoXPAblockXPAwp-content" "Mozilla/5.0 AppleWebKit/537.36 (KHTML, like Gecko; compatible; GPTBot/1.4; +https://openai.com/gptbot)"
74.7.227.2 - - [26/Jul/2026:21:26:56 +0300] "GET /zip.php?dir=CwusrCwshareCwi18nCwcharmaps&edit=T.101-G2.gz HTTP/1.1" 429 0 "http://moodyandmagic.com.logoandwebdesigns.com/zip.php?dir=CwusrCwshareCwi18nCwcharmaps" "Mozilla/5.0 AppleWebKit/537.36 (KHTML, like Gecko; compatible; GPTBot/1.4; +https://openai.com/gptbot)"
74.7.243.222 - - [26/Jul/2026:21:31:59 +0300] "GET /.well-known/zip.php?dir=CwusrCwlocalCwlib64Cwperl5CwXMLCwLibXML&view=NodeList.pm HTTP/1.1" 429 0 "http://www.moodyandmagic.com.logoandwebdesigns.com/.well-known/zip.php?dir=CwusrCwlocalCwlib64Cwperl5CwXMLCwLibXML" "Mozilla/5.0 AppleWebKit/537.36 (KHTML, like Gecko; compatible; GPTBot/1.4; +https://openai.com/gptbot)"
74.7.243.222 - - [26/Jul/2026:21:35:04 +0300] "GET /.well-known/zip.php?dir=CwusrCwlocalCwlib64Cwperl5CwXMLCwLibXML&view=Pattern.pod HTTP/1.1" 429 0 "http://www.moodyandmagic.com.logoandwebdesigns.com/.well-known/zip.php?dir=CwusrCwlocalCwlib64Cwperl5CwXMLCwLibXML" "Mozilla/5.0 AppleWebKit/537.36 (KHTML, like Gecko; compatible; GPTBot/1.4; +https://openai.com/gptbot)"
74.7.243.222 - - [26/Jul/2026:21:36:05 +0300] "GET /.well-known/zip.php?dir=CwhomeCwlogoandwCwdesertlifeFwinCwwp-includes&view=00cb3 HTTP/1.1" 429 0 "http://www.moodyandmagic.com.logoandwebdesigns.com/.well-known/zip.php?dir=CwhomeCwlogoandwCwdesertlifeFwinCwwp-includes" "Mozilla/5.0 AppleWebKit/537.36 (KHTML, like Gecko; compatible; GPTBot/1.4; +https://openai.com/gptbot)"
74.7.227.2 - - [26/Jul/2026:21:36:30 +0300] "GET /zip.php?dir=CwusrCwlocalCwsitepadCweditorCwsite-incCwjsCwmediaelement&edit=mediaelement-and-player.js HTTP/1.1" 429 0 "http://moodyandmagic.com.logoandwebdesigns.com/zip.php?dir=CwusrCwlocalCwsitepadCweditorCwsite-incCwjsCwmediaelement" "Mozilla/5.0 AppleWebKit/537.36 (KHTML, like Gecko; compatible; GPTBot/1.4; +https://openai.com/gptbot)"
74.7.227.2 - - [26/Jul/2026:21:38:37 +0300] "GET /zip.php?dir=CwhomeCwlogoandwCwkiyamaaFwcomCwwp-contentCwmetCwnetworkCwmaintCwuserCwwp&view=.htaccess HTTP/1.1" 429 0 "http://moodyandmagic.com.logoandwebdesigns.com/zip.php?dir=CwhomeCwlogoandwCwkiyamaaFwcomCwwp-contentCwmetCwnetworkCwmaintCwuserCwwp" "Mozilla/5.0 AppleWebKit/537.36 (KHTML, like Gecko; compatible; GPTBot/1.4; +https://openai.com/gptbot)"
74.7.241.174 - - [26/Jul/2026:21:41:23 +0300] "GET /robots.txt HTTP/1.1" 404 1251 "-" "Mozilla/5.0 (Macintosh; Intel Mac OS X 10_15_7) AppleWebKit/537.36 (KHTML, like Gecko) Chrome/131.0.0.0 Safari/537.36; compatible; OAI-SearchBot/1.4; robots.txt; +https://openai.com/searchbot"
74.7.243.222 - - [26/Jul/2026:21:45:28 +0300] "GET /file.php?dir=XPAhomeXPAlogoandwXPAnature-photosXFAinfoXPATextXPAwp-content&edit=error_log-20251108093917-20251108102804-20251108103543-20251108103744-20251108104750-20251108104836-20251108162320-20251109000812-20251109010418-20251118084246. HTTP/1.1" 429 0 "http://www.moodyandmagic.com.logoandwebdesigns.com/file.php?dir=XPAhomeXPAlogoandwXPAnature-photosXFAinfoXPATextXPAwp-content" "Mozilla/5.0 AppleWebKit/537.36 (KHTML, like Gecko; compatible; GPTBot/1.4; +https://openai.com/gptbot)"
91.213.188.11 - - [26/Jul/2026:21:49:49 +0300] "GET /.well-known/acme-challenge/A0B0QWLAA07TR50MR5O2K7R_HO_8U-1E HTTP/1.1" 200 64 "-" "Cpanel-HTTP-Client/1.0"
91.213.188.11 - - [26/Jul/2026:21:49:49 +0300] "GET /.well-known/acme-challenge/WI6E87FWEHUZC3-66UV9JU2WGPWG-7A8 HTTP/1.1" 200 64 "-" "Cpanel-HTTP-Client/1.0"
74.7.227.2 - - [26/Jul/2026:21:41:47 +0300] "GET /zip.php?dir=CwusrCwshareCwmanCwman3&view=xcb_xkb_controls_notify_event_t.3.gz HTTP/1.1" 429 0 "http://moodyandmagic.com.logoandwebdesigns.com/zip.php?dir=CwusrCwshareCwmanCwman3" "Mozilla/5.0 AppleWebKit/537.36 (KHTML, like Gecko; compatible; GPTBot/1.4; +https://openai.com/gptbot)"
74.7.243.222 - - [26/Jul/2026:21:43:27 +0300] "GET /file.php?dir=XPAhomeXPAlogoandwXPAnature-photosXFAinfoXPAjqueryXPAwp-content&edit=error_log-20251108093917-20251108102804-20251108103543-20251108103744-20251108104750-20251108104836-20251108162320-20251109000812-20251109015233-20251110002142. HTTP/1.1" 429 0 "http://www.moodyandmagic.com.logoandwebdesigns.com/file.php?dir=XPAhomeXPAlogoandwXPAnature-photosXFAinfoXPAjqueryXPAwp-content" "Mozilla/5.0 AppleWebKit/537.36 (KHTML, like Gecko; compatible; GPTBot/1.4; +https://openai.com/gptbot)"
74.7.227.2 - - [26/Jul/2026:21:44:49 +0300] "GET /zip.php?dir=CwusrCwshareCwmanCwman3&view=xcb_glx_get_query_objectuiv_arb.3.gz HTTP/1.1" 429 0 "http://moodyandmagic.com.logoandwebdesigns.com/zip.php?dir=CwusrCwshareCwmanCwman3" "Mozilla/5.0 AppleWebKit/537.36 (KHTML, like Gecko; compatible; GPTBot/1.4; +https://openai.com/gptbot)"
74.7.227.2 - - [26/Jul/2026:21:45:52 +0300] "GET /file.php?dir=XPAusrXPAshareXPAzoneinfoXPAAmerica&edit=Ensenada HTTP/1.1" 429 0 "http://moodyandmagic.com.logoandwebdesigns.com/file.php?dir=XPAusrXPAshareXPAzoneinfoXPAAmerica" "Mozilla/5.0 AppleWebKit/537.36 (KHTML, like Gecko; compatible; GPTBot/1.4; +https://openai.com/gptbot)"
74.7.243.222 - - [26/Jul/2026:21:47:36 +0300] "GET /zip.php?dir=CwoptCwcpanelCwea-php72CwrootCwusrCwbin&edit=pecl HTTP/1.1" 429 0 "http://www.moodyandmagic.com.logoandwebdesigns.com/zip.php?dir=CwoptCwcpanelCwea-php72CwrootCwbin" "Mozilla/5.0 AppleWebKit/537.36 (KHTML, like Gecko; compatible; GPTBot/1.4; +https://openai.com/gptbot)"
74.7.243.222 - - [26/Jul/2026:21:48:41 +0300] "GET /zip.php?dir=CwusrCwincludeCwX11Cwextensions&edit=xtestconst.h HTTP/1.1" 429 0 "http://www.moodyandmagic.com.logoandwebdesigns.com/zip.php?dir=CwusrCwincludeCwX11Cwextensions" "Mozilla/5.0 AppleWebKit/537.36 (KHTML, like Gecko; compatible; GPTBot/1.4; +https://openai.com/gptbot)"
74.7.227.2 - - [26/Jul/2026:21:50:00 +0300] "GET /file.php?dir=XPAusrXPAshareXPAzoneinfoXPAPacific&edit=Johnston HTTP/1.1" 429 0 "http://moodyandmagic.com.logoandwebdesigns.com/file.php?dir=XPAusrXPAshareXPAzoneinfoXPAPacific" "Mozilla/5.0 AppleWebKit/537.36 (KHTML, like Gecko; compatible; GPTBot/1.4; +https://openai.com/gptbot)"
74.7.227.2 - - [26/Jul/2026:21:51:02 +0300] "GET /file.php?dir=XPAusrXPAshareXPAzoneinfoXPAIndian&edit=Mauritius HTTP/1.1" 429 0 "http://moodyandmagic.com.logoandwebdesigns.com/file.php?dir=XPAusrXPAshareXPAzoneinfoXPAIndian" "Mozilla/5.0 AppleWebKit/537.36 (KHTML, like Gecko; compatible; GPTBot/1.4; +https://openai.com/gptbot)"
74.7.243.222 - - [26/Jul/2026:21:51:55 +0300] "GET /zip.php?dir=CwoptCwcpanelCwea-php52CwrootCwusrCwbin&edit=pecl HTTP/1.1" 429 0 "http://www.moodyandmagic.com.logoandwebdesigns.com/zip.php?dir=CwoptCwcpanelCwea-php52CwrootCwbin" "Mozilla/5.0 AppleWebKit/537.36 (KHTML, like Gecko; compatible; GPTBot/1.4; +https://openai.com/gptbot)"
74.7.227.2 - - [26/Jul/2026:21:53:04 +0300] "GET /file.php?dir=XPAusrXPAshareXPAzoneinfoXPAPacific&edit=Funafuti HTTP/1.1" 429 0 "http://moodyandmagic.com.logoandwebdesigns.com/file.php?dir=XPAusrXPAshareXPAzoneinfoXPAPacific" "Mozilla/5.0 AppleWebKit/537.36 (KHTML, like Gecko; compatible; GPTBot/1.4; +https://openai.com/gptbot)"
74.7.227.2 - - [26/Jul/2026:21:55:09 +0300] "GET /zip.php?dir=CwusrCwshareCwmanCwman1&view=openssl-ecparam.1ssl.gz HTTP/1.1" 200 3881 "http://moodyandmagic.com.logoandwebdesigns.com/zip.php?dir=CwusrCwshareCwmanCwman1" "Mozilla/5.0 AppleWebKit/537.36 (KHTML, like Gecko; compatible; GPTBot/1.4; +https://openai.com/gptbot)"
74.7.243.222 - - [26/Jul/2026:21:56:03 +0300] "GET /zip.php?dir=CwusrCwlib64CwnssCwunsupported-tools&edit=derdump HTTP/1.1" 200 42689 "http://www.moodyandmagic.com.logoandwebdesigns.com/zip.php?dir=CwusrCwlib64CwnssCwunsupported-tools" "Mozilla/5.0 AppleWebKit/537.36 (KHTML, like Gecko; compatible; GPTBot/1.4; +https://openai.com/gptbot)"
74.7.227.2 - - [26/Jul/2026:21:54:08 +0300] "GET /file.php?dir=XPAusrXPAshareXPAzoneinfoXPAAustralia&edit=Darwin HTTP/1.1" 200 3092 "http://moodyandmagic.com.logoandwebdesigns.com/file.php?dir=XPAusrXPAshareXPAzoneinfoXPAAustralia" "Mozilla/5.0 AppleWebKit/537.36 (KHTML, like Gecko; compatible; GPTBot/1.4; +https://openai.com/gptbot)"
74.7.243.222 - - [26/Jul/2026:21:56:54 +0300] "GET /file.php?dir=XPAusrXPAlib64XPAperl5XPAbits&edit=typesizes.ph HTTP/1.1" 200 3645 "http://www.moodyandmagic.com.logoandwebdesigns.com/file.php?dir=XPAusrXPAlib64XPAperl5XPAbits" "Mozilla/5.0 AppleWebKit/537.36 (KHTML, like Gecko; compatible; GPTBot/1.4; +https://openai.com/gptbot)"
74.7.243.222 - - [26/Jul/2026:21:59:35 +0300] "GET /zip.php?dir=CwoptCwcpanelCwea-php85CwrootCwusrCwbin&edit=pecl HTTP/1.1" 200 2668 "http://www.moodyandmagic.com.logoandwebdesigns.com/zip.php?dir=CwoptCwcpanelCwea-php85CwrootCwbin" "Mozilla/5.0 AppleWebKit/537.36 (KHTML, like Gecko; compatible; GPTBot/1.4; +https://openai.com/gptbot)"
74.7.227.2 - - [26/Jul/2026:22:00:05 +0300] "GET /zip.php?dir=CwusrCwshareCwmanCwman3&view=checkPasswdAccess.3.gz HTTP/1.1" 200 63 "http://moodyandmagic.com.logoandwebdesigns.com/zip.php?dir=CwusrCwshareCwmanCwman3" "Mozilla/5.0 AppleWebKit/537.36 (KHTML, like Gecko; compatible; GPTBot/1.4; +https://openai.com/gptbot)"
74.7.227.2 - - [26/Jul/2026:22:00:57 +0300] "GET /zip.php?dir=CwusrCwshareCwmanCwman3&view=lwres_freeaddrinfo.3.gz HTTP/1.1" 200 2633 "http://moodyandmagic.com.logoandwebdesigns.com/zip.php?dir=CwusrCwshareCwmanCwman3" "Mozilla/5.0 AppleWebKit/537.36 (KHTML, like Gecko; compatible; GPTBot/1.4; +https://openai.com/gptbot)"
74.7.227.2 - - [26/Jul/2026:22:02:13 +0300] "GET /zip.php?dir=CwusrCwlibCwudevCwrulesFwd&view=71-biosdevname.rules HTTP/1.1" 429 0 "http://moodyandmagic.com.logoandwebdesigns.com/zip.php?dir=CwusrCwlibCwudevCwrulesFwd" "Mozilla/5.0 AppleWebKit/537.36 (KHTML, like Gecko; compatible; GPTBot/1.4; +https://openai.com/gptbot)"
74.7.243.222 - - [26/Jul/2026:22:05:14 +0300] "GET /file.php?dir=XPAusrXPAlib64XPAnssXPAunsupported-tools&edit=pp HTTP/1.1" 429 0 "http://www.moodyandmagic.com.logoandwebdesigns.com/file.php?dir=XPAusrXPAlib64XPAnssXPAunsupported-tools" "Mozilla/5.0 AppleWebKit/537.36 (KHTML, like Gecko; compatible; GPTBot/1.4; +https://openai.com/gptbot)"
74.7.227.2 - - [26/Jul/2026:22:05:17 +0300] "GET /zip.php?dir=CwusrCwshareCwvimCwvim80Cwdoc&view=pi_getscript.txt HTTP/1.1" 429 0 "http://moodyandmagic.com.logoandwebdesigns.com/zip.php?dir=CwusrCwshareCwvimCwvim80Cwdoc" "Mozilla/5.0 AppleWebKit/537.36 (KHTML, like Gecko; compatible; GPTBot/1.4; +https://openai.com/gptbot)"
74.7.243.222 - - [26/Jul/2026:22:06:19 +0300] "GET /zip.php?dir=CwprocCwsysCwnetCwipv6CwconfCwens33&edit=proxy_ndp HTTP/1.1" 429 0 "http://www.moodyandmagic.com.logoandwebdesigns.com/zip.php?dir=CwprocCwsysCwnetCwipv6CwconfCwens33" "Mozilla/5.0 AppleWebKit/537.36 (KHTML, like Gecko; compatible; GPTBot/1.4; +https://openai.com/gptbot)"
74.7.227.2 - - [26/Jul/2026:22:00:33 +0300] "GET /zip.php?dir=CwusrCwshareCwmanCwman7&view=systemd.directives.7.gz HTTP/1.1" 200 23625 "http://moodyandmagic.com.logoandwebdesigns.com/zip.php?dir=CwusrCwshareCwmanCwman7" "Mozilla/5.0 AppleWebKit/537.36 (KHTML, like Gecko; compatible; GPTBot/1.4; +https://openai.com/gptbot)"
74.7.243.222 - - [26/Jul/2026:22:00:56 +0300] "GET /zip.php?dir=CwoptCwcpanelCwea-php81CwrootCwusrCwbin&edit=pecl HTTP/1.1" 200 2668 "http://www.moodyandmagic.com.logoandwebdesigns.com/zip.php?dir=CwprocCw2839532Cwcwd" "Mozilla/5.0 AppleWebKit/537.36 (KHTML, like Gecko; compatible; GPTBot/1.4; +https://openai.com/gptbot)"
74.7.227.2 - - [26/Jul/2026:22:01:19 +0300] "GET /zip.php?dir=CwusrCwlibCwudevCwrulesFwd&view=71-prefixdevname.rules HTTP/1.1" 200 229 "http://moodyandmagic.com.logoandwebdesigns.com/zip.php?dir=CwusrCwlibCwudevCwrulesFwd" "Mozilla/5.0 AppleWebKit/537.36 (KHTML, like Gecko; compatible; GPTBot/1.4; +https://openai.com/gptbot)"
74.7.227.2 - - [26/Jul/2026:22:01:58 +0300] "GET /zip.php?dir=CwusrCwshareCwvimCwvim80Cwlang&view=menu_ja.ujis.vim HTTP/1.1" 200 260 "http://moodyandmagic.com.logoandwebdesigns.com/zip.php?dir=CwusrCwshareCwvimCwvim80Cwlang" "Mozilla/5.0 AppleWebKit/537.36 (KHTML, like Gecko; compatible; GPTBot/1.4; +https://openai.com/gptbot)"
74.7.243.222 - - [26/Jul/2026:22:03:11 +0300] "GET /zip.php?dir=CwusrCwincludeCwX11Cwextensions&edit=xtestproto.h HTTP/1.1" 429 0 "http://www.moodyandmagic.com.logoandwebdesigns.com/zip.php?dir=CwusrCwincludeCwX11Cwextensions" "Mozilla/5.0 AppleWebKit/537.36 (KHTML, like Gecko; compatible; GPTBot/1.4; +https://openai.com/gptbot)"
74.7.227.2 - - [26/Jul/2026:21:58:25 +0300] "GET /zip.php?dir=CwusrCwshareCwmanCwman5&view=firewalld.policies.5.gz HTTP/1.1" 200 2184 "http://moodyandmagic.com.logoandwebdesigns.com/zip.php?dir=CwusrCwshareCwmanCwman5" "Mozilla/5.0 AppleWebKit/537.36 (KHTML, like Gecko; compatible; GPTBot/1.4; +https://openai.com/gptbot)"
74.7.243.222 - - [26/Jul/2026:22:00:32 +0300] "GET /zip.php?dir=CwoptCwcpanelCwea-php74CwrootCwusrCwbin&edit=pecl HTTP/1.1" 200 2668 "http://www.moodyandmagic.com.logoandwebdesigns.com/zip.php?dir=CwoptCwcpanelCwea-php74CwrootCwbin" "Mozilla/5.0 AppleWebKit/537.36 (KHTML, like Gecko; compatible; GPTBot/1.4; +https://openai.com/gptbot)"
74.7.227.2 - - [26/Jul/2026:22:01:39 +0300] "GET /zip.php?dir=CwusrCwlibCwudevCwrulesFwd&view=40-usb-blacklist.rules HTTP/1.1" 200 295 "http://moodyandmagic.com.logoandwebdesigns.com/zip.php?dir=CwusrCwlibCwudevCwrulesFwd" "Mozilla/5.0 AppleWebKit/537.36 (KHTML, like Gecko; compatible; GPTBot/1.4; +https://openai.com/gptbot)"
74.7.227.2 - - [26/Jul/2026:22:06:19 +0300] "GET /zip.php?dir=CwusrCwshareCwvimCwvim80Cwcompiler&view=fortran_cv.vim HTTP/1.1" 429 0 "http://moodyandmagic.com.logoandwebdesigns.com/zip.php?dir=CwusrCwshareCwvimCwvim80Cwcompiler" "Mozilla/5.0 AppleWebKit/537.36 (KHTML, like Gecko; compatible; GPTBot/1.4; +https://openai.com/gptbot)"
74.7.243.222 - - [26/Jul/2026:22:07:24 +0300] "GET /zip.php?dir=CwoptCwcpanelCwea-php56CwrootCwusrCwbin&edit=pecl HTTP/1.1" 429 0 "http://www.moodyandmagic.com.logoandwebdesigns.com/zip.php?dir=CwoptCwcpanelCwea-php56CwrootCwbin" "Mozilla/5.0 AppleWebKit/537.36 (KHTML, like Gecko; compatible; GPTBot/1.4; +https://openai.com/gptbot)"
74.7.243.222 - - [26/Jul/2026:22:09:34 +0300] "GET /zip.php?dir=CwusrCwlib64CwnssCwunsupported-tools&edit=tstclnt HTTP/1.1" 429 0 "http://www.moodyandmagic.com.logoandwebdesigns.com/zip.php?dir=CwusrCwlib64CwnssCwunsupported-tools" "Mozilla/5.0 AppleWebKit/537.36 (KHTML, like Gecko; compatible; GPTBot/1.4; +https://openai.com/gptbot)"
74.7.227.2 - - [26/Jul/2026:22:12:39 +0300] "GET /zip.php?dir=CwusrCwshareCwmanCwman1&view=openssl-ciphers.1ssl.gz HTTP/1.1" 429 0 "http://moodyandmagic.com.logoandwebdesigns.com/zip.php?dir=CwusrCwshareCwmanCwman1" "Mozilla/5.0 AppleWebKit/537.36 (KHTML, like Gecko; compatible; GPTBot/1.4; +https://openai.com/gptbot)"
74.7.227.2 - - [26/Jul/2026:22:14:41 +0300] "GET /zip.php?dir=CwprocCwsysCwnetCwipv4CwneighCwbr-413a51e85067&view=unres_qlen_bytes HTTP/1.1" 429 0 "http://moodyandmagic.com.logoandwebdesigns.com/zip.php?dir=CwprocCwsysCwnetCwipv4CwneighCwbr-413a51e85067" "Mozilla/5.0 AppleWebKit/537.36 (KHTML, like Gecko; compatible; GPTBot/1.4; +https://openai.com/gptbot)"
74.7.243.222 - - [26/Jul/2026:22:14:47 +0300] "GET /file.php?dir=XPAusrXPAincludeXPAX11XPAextensions&edit=secur.h HTTP/1.1" 429 0 "http://www.moodyandmagic.com.logoandwebdesigns.com/file.php?dir=XPAusrXPAincludeXPAX11XPAextensions" "Mozilla/5.0 AppleWebKit/537.36 (KHTML, like Gecko; compatible; GPTBot/1.4; +https://openai.com/gptbot)"
74.7.227.2 - - [26/Jul/2026:22:07:22 +0300] "GET /zip.php?dir=CwusrCwshareCwmanCwruCwman8&view=selinuxenabled.8.gz HTTP/1.1" 429 0 "http://moodyandmagic.com.logoandwebdesigns.com/zip.php?dir=CwusrCwshareCwmanCwruCwman8" "Mozilla/5.0 AppleWebKit/537.36 (KHTML, like Gecko; compatible; GPTBot/1.4; +https://openai.com/gptbot)"
74.7.230.37 - - [26/Jul/2026:22:09:28 +0300] "GET /robots.txt HTTP/1.1" 404 1251 "-" "Mozilla/5.0 (Macintosh; Intel Mac OS X 10_15_7) AppleWebKit/537.36 (KHTML, like Gecko) Chrome/131.0.0.0 Safari/537.36; compatible; OAI-SearchBot/1.4; robots.txt; +https://openai.com/searchbot"
74.7.243.222 - - [26/Jul/2026:22:10:37 +0300] "GET /zip.php?dir=CwoptCwcpanelCwea-php83CwrootCwusrCwbin&edit=pecl HTTP/1.1" 429 0 "http://www.moodyandmagic.com.logoandwebdesigns.com/zip.php?dir=CwprocCw2836866Cwcwd" "Mozilla/5.0 AppleWebKit/537.36 (KHTML, like Gecko; compatible; GPTBot/1.4; +https://openai.com/gptbot)"
74.7.243.222 - - [26/Jul/2026:22:11:39 +0300] "GET /zip.php?dir=CwlibCwfirmwareCwnvidiaCwgm20bCwpmu&edit=sig.bin HTTP/1.1" 429 0 "http://www.moodyandmagic.com.logoandwebdesigns.com/zip.php?dir=CwlibCwfirmwareCwnvidiaCwgm20bCwpmu" "Mozilla/5.0 AppleWebKit/537.36 (KHTML, like Gecko; compatible; GPTBot/1.4; +https://openai.com/gptbot)"
74.7.243.222 - - [26/Jul/2026:22:12:40 +0300] "GET /zip.php?dir=CwoptCwcpanelCwea-php80CwrootCwusrCwbin&edit=pecl HTTP/1.1" 429 0 "http://www.moodyandmagic.com.logoandwebdesigns.com/zip.php?dir=CwoptCwcpanelCwea-php80CwrootCwbin" "Mozilla/5.0 AppleWebKit/537.36 (KHTML, like Gecko; compatible; GPTBot/1.4; +https://openai.com/gptbot)"
74.7.243.222 - - [26/Jul/2026:22:21:58 +0300] "GET /zip.php?dir=CwoptCwcpanelCwea-php54CwrootCwusrCwbin&edit=pecl HTTP/1.1" 429 0 "http://www.moodyandmagic.com.logoandwebdesigns.com/zip.php?dir=CwoptCwcpanelCwea-php54CwrootCwbin" "Mozilla/5.0 AppleWebKit/537.36 (KHTML, like Gecko; compatible; GPTBot/1.4; +https://openai.com/gptbot)"
74.7.227.2 - - [26/Jul/2026:22:23:06 +0300] "GET /zip.php?dir=CwusrCwshareCwmanCwman3&edit=UI_get0_output_string.3ssl.gz HTTP/1.1" 200 5790 "http://moodyandmagic.com.logoandwebdesigns.com/zip.php?dir=CwusrCwshareCwmanCwman3" "Mozilla/5.0 AppleWebKit/537.36 (KHTML, like Gecko; compatible; GPTBot/1.4; +https://openai.com/gptbot)"
74.7.243.222 - - [26/Jul/2026:22:28:11 +0300] "GET /zip.php?dir=CwoptCwcpanelCwea-php84CwrootCwusrCwbin&edit=pecl HTTP/1.1" 429 0 "http://www.moodyandmagic.com.logoandwebdesigns.com/zip.php?dir=CwoptCwcpanelCwea-php84CwrootCwbin" "Mozilla/5.0 AppleWebKit/537.36 (KHTML, like Gecko; compatible; GPTBot/1.4; +https://openai.com/gptbot)"
74.7.243.222 - - [26/Jul/2026:22:30:09 +0300] "GET /file.php?dir=XPAusrXPAshareXPAperl5XPApod&edit=perlwin32.pod HTTP/1.1" 429 0 "http://www.moodyandmagic.com.logoandwebdesigns.com/file.php?dir=XPAusrXPAshareXPAperl5XPApod" "Mozilla/5.0 AppleWebKit/537.36 (KHTML, like Gecko; compatible; GPTBot/1.4; +https://openai.com/gptbot)"
74.7.243.222 - - [26/Jul/2026:22:18:56 +0300] "GET /zip.php?dir=CwoptCwcpanelCwea-php51CwrootCwusrCwbin&edit=pecl HTTP/1.1" 429 0 "http://www.moodyandmagic.com.logoandwebdesigns.com/zip.php?dir=CwoptCwcpanelCwea-php51CwrootCwbin" "Mozilla/5.0 AppleWebKit/537.36 (KHTML, like Gecko; compatible; GPTBot/1.4; +https://openai.com/gptbot)"
74.7.243.222 - - [26/Jul/2026:22:19:56 +0300] "GET /zip.php?dir=CwlibCwfirmwareCwnvidiaCwgp10bCwpmu&edit=sig.bin HTTP/1.1" 429 0 "http://www.moodyandmagic.com.logoandwebdesigns.com/zip.php?dir=CwlibCwfirmwareCwnvidiaCwgp10bCwpmu" "Mozilla/5.0 AppleWebKit/537.36 (KHTML, like Gecko; compatible; GPTBot/1.4; +https://openai.com/gptbot)"
