74.7.227.171 - - [25/Jul/2026:15:03:11 +0300] "GET /zip.php?dir=CwusrCwshareCwmanCwman3&view=slk_noutrefresh.3x.gz HTTP/1.1" 429 0 "http://myfununlimited.com/zip.php?dir=CwusrCwshareCwmanCwman3" "Mozilla/5.0 AppleWebKit/537.36 (KHTML, like Gecko; compatible; GPTBot/1.4; +https://openai.com/gptbot)"
74.7.243.228 - - [25/Jul/2026:15:04:10 +0300] "GET /file.php?dir=XPAusrXPAshareXPAmanXPAman1&edit=zipcloak.1.gz HTTP/1.1" 429 0 "http://myfununlimited.com.logoandwebdesigns.com/file.php?dir=XPAusrXPAshareXPAmanXPAman1" "Mozilla/5.0 AppleWebKit/537.36 (KHTML, like Gecko; compatible; GPTBot/1.4; +https://openai.com/gptbot)"
74.7.243.228 - - [25/Jul/2026:15:06:12 +0300] "GET /file.php?dir=XPAusrXPAshareXPAmanXPAfrXPAman8&edit=pwck.8.gz HTTP/1.1" 429 0 "http://myfununlimited.com.logoandwebdesigns.com/file.php?dir=XPAusrXPAshareXPAmanXPAfrXPAman8" "Mozilla/5.0 AppleWebKit/537.36 (KHTML, like Gecko; compatible; GPTBot/1.4; +https://openai.com/gptbot)"
74.7.243.228 - - [25/Jul/2026:15:07:09 +0300] "GET /file.php?dir=XPAusrXPAshareXPAmanXPAman8&edit=grubby.8.gz HTTP/1.1" 200 5132 "http://myfununlimited.com.logoandwebdesigns.com/file.php?dir=XPAusrXPAshareXPAmanXPAman8" "Mozilla/5.0 AppleWebKit/537.36 (KHTML, like Gecko; compatible; GPTBot/1.4; +https://openai.com/gptbot)"
74.7.227.171 - - [25/Jul/2026:15:07:23 +0300] "GET /zip.php?dir=CwusrCwshareCwmanCwman3&view=default_colors.3x.gz HTTP/1.1" 429 0 "http://myfununlimited.com/zip.php?dir=CwusrCwshareCwmanCwman3" "Mozilla/5.0 AppleWebKit/537.36 (KHTML, like Gecko; compatible; GPTBot/1.4; +https://openai.com/gptbot)"
74.7.243.228 - - [25/Jul/2026:15:10:12 +0300] "GET /file.php?dir=XPAusrXPAshareXPAmanXPAman1&edit=myisampack.1.gz HTTP/1.1" 429 0 "http://myfununlimited.com.logoandwebdesigns.com/file.php?dir=XPAusrXPAshareXPAmanXPAman1" "Mozilla/5.0 AppleWebKit/537.36 (KHTML, like Gecko; compatible; GPTBot/1.4; +https://openai.com/gptbot)"
74.7.244.34 - - [25/Jul/2026:15:10:13 +0300] "GET /robots.txt HTTP/1.1" 404 1251 "-" "Mozilla/5.0 (Macintosh; Intel Mac OS X 10_15_7) AppleWebKit/537.36 (KHTML, like Gecko) Chrome/131.0.0.0 Safari/537.36; compatible; OAI-SearchBot/1.4; robots.txt; +https://openai.com/searchbot"
74.7.227.171 - - [25/Jul/2026:15:10:32 +0300] "GET /zip.php?dir=CwusrCwshareCwmanCwman3&view=PKCS7_decrypt.3ssl.gz HTTP/1.1" 429 0 "http://myfununlimited.com/zip.php?dir=CwusrCwshareCwmanCwman3" "Mozilla/5.0 AppleWebKit/537.36 (KHTML, like Gecko; compatible; GPTBot/1.4; +https://openai.com/gptbot)"
74.7.243.228 - - [25/Jul/2026:15:12:20 +0300] "GET /file.php?dir=XPAusrXPAshareXPAmanXPAman1&edit=isovfy.1.gz HTTP/1.1" 200 2956 "http://myfununlimited.com.logoandwebdesigns.com/file.php?dir=XPAusrXPAshareXPAmanXPAman1" "Mozilla/5.0 AppleWebKit/537.36 (KHTML, like Gecko; compatible; GPTBot/1.4; +https://openai.com/gptbot)"
74.7.243.228 - - [25/Jul/2026:15:14:18 +0300] "GET /file.php?dir=XPAusrXPAshareXPAmanXPAman1&edit=openvt.1.gz HTTP/1.1" 429 0 "http://myfununlimited.com.logoandwebdesigns.com/file.php?dir=XPAusrXPAshareXPAmanXPAman1" "Mozilla/5.0 AppleWebKit/537.36 (KHTML, like Gecko; compatible; GPTBot/1.4; +https://openai.com/gptbot)"
74.7.243.228 - - [25/Jul/2026:15:15:23 +0300] "GET /file.php?dir=XPAusrXPAshareXPAmanXPAman1&edit=pod2usage.1.gz HTTP/1.1" 200 4988 "http://myfununlimited.com.logoandwebdesigns.com/file.php?dir=XPAusrXPAshareXPAmanXPAman1" "Mozilla/5.0 AppleWebKit/537.36 (KHTML, like Gecko; compatible; GPTBot/1.4; +https://openai.com/gptbot)"
74.7.243.228 - - [25/Jul/2026:15:17:25 +0300] "GET /file.php?dir=XPAusrXPAshareXPAmanXPAman1&edit=repotrack.1.gz HTTP/1.1" 429 0 "http://myfununlimited.com.logoandwebdesigns.com/file.php?dir=XPAusrXPAshareXPAmanXPAman1" "Mozilla/5.0 AppleWebKit/537.36 (KHTML, like Gecko; compatible; GPTBot/1.4; +https://openai.com/gptbot)"
74.7.243.228 - - [25/Jul/2026:15:05:11 +0300] "GET /file.php?dir=XPAusrXPAshareXPAmanXPAman1&edit=xzmore.1.gz HTTP/1.1" 200 3592 "http://myfununlimited.com.logoandwebdesigns.com/file.php?dir=XPAusrXPAshareXPAmanXPAman1" "Mozilla/5.0 AppleWebKit/537.36 (KHTML, like Gecko; compatible; GPTBot/1.4; +https://openai.com/gptbot)"
74.7.243.228 - - [25/Jul/2026:15:08:11 +0300] "GET /file.php?dir=XPAusrXPAshareXPAmanXPAman7&edit=gitglossary.7.gz HTTP/1.1" 429 0 "http://myfununlimited.com.logoandwebdesigns.com/file.php?dir=XPAusrXPAshareXPAmanXPAman7" "Mozilla/5.0 AppleWebKit/537.36 (KHTML, like Gecko; compatible; GPTBot/1.4; +https://openai.com/gptbot)"
74.7.243.228 - - [25/Jul/2026:15:11:15 +0300] "GET /file.php?dir=XPAusrXPAshareXPAmanXPAman8&edit=plymouthd.8.gz HTTP/1.1" 429 0 "http://myfununlimited.com.logoandwebdesigns.com/file.php?dir=XPAusrXPAshareXPAmanXPAman8" "Mozilla/5.0 AppleWebKit/537.36 (KHTML, like Gecko; compatible; GPTBot/1.4; +https://openai.com/gptbot)"
74.7.243.228 - - [25/Jul/2026:15:13:21 +0300] "GET /file.php?dir=XPAusrXPAshareXPAmanXPAman8&edit=yum2dnf.8.gz HTTP/1.1" 429 0 "http://myfununlimited.com.logoandwebdesigns.com/file.php?dir=XPAusrXPAshareXPAmanXPAman8" "Mozilla/5.0 AppleWebKit/537.36 (KHTML, like Gecko; compatible; GPTBot/1.4; +https://openai.com/gptbot)"
74.7.227.171 - - [25/Jul/2026:15:15:37 +0300] "GET /zip.php?dir=CwusrCwshareCwmanCwman8&view=dnssec-importkey.8.gz HTTP/1.1" 200 2149 "http://myfununlimited.com/zip.php?dir=CwusrCwshareCwmanCwman8" "Mozilla/5.0 AppleWebKit/537.36 (KHTML, like Gecko; compatible; GPTBot/1.4; +https://openai.com/gptbot)"
74.7.243.228 - - [25/Jul/2026:15:16:26 +0300] "GET /file.php?dir=XPAusrXPAshareXPAmanXPAman7&edit=SM2.7ssl.gz HTTP/1.1" 429 0 "http://myfununlimited.com.logoandwebdesigns.com/file.php?dir=XPAusrXPAshareXPAmanXPAman7" "Mozilla/5.0 AppleWebKit/537.36 (KHTML, like Gecko; compatible; GPTBot/1.4; +https://openai.com/gptbot)"
74.7.243.228 - - [25/Jul/2026:15:18:31 +0300] "GET /file.php?dir=XPAusrXPAshareXPAmanXPAman1&edit=resolvconf.1.gz HTTP/1.1" 429 0 "http://myfununlimited.com.logoandwebdesigns.com/file.php?dir=XPAusrXPAshareXPAmanXPAman1" "Mozilla/5.0 AppleWebKit/537.36 (KHTML, like Gecko; compatible; GPTBot/1.4; +https://openai.com/gptbot)"
74.7.243.228 - - [25/Jul/2026:15:20:34 +0300] "GET /file.php?dir=XPAusrXPAshareXPAmanXPAman8&edit=ifdown.8.gz HTTP/1.1" 429 0 "http://myfununlimited.com.logoandwebdesigns.com/file.php?dir=XPAusrXPAshareXPAmanXPAman8" "Mozilla/5.0 AppleWebKit/537.36 (KHTML, like Gecko; compatible; GPTBot/1.4; +https://openai.com/gptbot)"
74.7.243.228 - - [25/Jul/2026:15:21:34 +0300] "GET /file.php?dir=XPAusrXPAshareXPAmanXPAfrXPAman8&edit=pwconv.8.gz HTTP/1.1" 429 0 "http://myfununlimited.com.logoandwebdesigns.com/file.php?dir=XPAusrXPAshareXPAmanXPAfrXPAman8" "Mozilla/5.0 AppleWebKit/537.36 (KHTML, like Gecko; compatible; GPTBot/1.4; +https://openai.com/gptbot)"
74.7.243.228 - - [25/Jul/2026:15:22:36 +0300] "GET /file.php?dir=XPAusrXPAshareXPAmanXPAman7&edit=RAND.7ssl.gz HTTP/1.1" 429 0 "http://myfununlimited.com.logoandwebdesigns.com/file.php?dir=XPAusrXPAshareXPAmanXPAman7" "Mozilla/5.0 AppleWebKit/537.36 (KHTML, like Gecko; compatible; GPTBot/1.4; +https://openai.com/gptbot)"
74.7.243.228 - - [25/Jul/2026:15:24:42 +0300] "GET /file.php?dir=XPAusrXPAshareXPAmanXPAman1&edit=podchecker.1.gz HTTP/1.1" 429 0 "http://myfununlimited.com.logoandwebdesigns.com/file.php?dir=XPAusrXPAshareXPAmanXPAman1" "Mozilla/5.0 AppleWebKit/537.36 (KHTML, like Gecko; compatible; GPTBot/1.4; +https://openai.com/gptbot)"
74.7.243.228 - - [25/Jul/2026:15:25:46 +0300] "GET /file.php?dir=XPAusrXPAshareXPAmanXPAman1&edit=genpkey.1ssl.gz HTTP/1.1" 429 0 "http://myfununlimited.com.logoandwebdesigns.com/file.php?dir=XPAusrXPAshareXPAmanXPAman1" "Mozilla/5.0 AppleWebKit/537.36 (KHTML, like Gecko; compatible; GPTBot/1.4; +https://openai.com/gptbot)"
74.7.243.228 - - [25/Jul/2026:15:02:02 +0300] "GET /file.php?dir=XPAusrXPAshareXPAmanXPAman1&edit=perltoc.1.gz HTTP/1.1" 429 0 "http://myfununlimited.com.logoandwebdesigns.com/file.php?dir=XPAusrXPAshareXPAmanXPAman1" "Mozilla/5.0 AppleWebKit/537.36 (KHTML, like Gecko; compatible; GPTBot/1.4; +https://openai.com/gptbot)"
74.7.243.228 - - [25/Jul/2026:15:03:08 +0300] "GET /file.php?dir=XPAusrXPAshareXPAmanXPAman1&edit=mkfontdir.1.gz HTTP/1.1" 429 0 "http://myfununlimited.com.logoandwebdesigns.com/file.php?dir=XPAusrXPAshareXPAmanXPAman1" "Mozilla/5.0 AppleWebKit/537.36 (KHTML, like Gecko; compatible; GPTBot/1.4; +https://openai.com/gptbot)"
74.7.243.228 - - [25/Jul/2026:15:09:09 +0300] "GET /file.php?dir=XPAusrXPAshareXPAmanXPAman1&edit=corelist.1.gz HTTP/1.1" 429 0 "http://myfununlimited.com.logoandwebdesigns.com/file.php?dir=XPAusrXPAshareXPAmanXPAman1" "Mozilla/5.0 AppleWebKit/537.36 (KHTML, like Gecko; compatible; GPTBot/1.4; +https://openai.com/gptbot)"
74.7.227.171 - - [25/Jul/2026:15:18:43 +0300] "GET /zip.php?dir=CwusrCwshareCwmanCwman3&view=fgetfilecon_raw.3.gz HTTP/1.1" 429 0 "http://myfununlimited.com/zip.php?dir=CwusrCwshareCwmanCwman3" "Mozilla/5.0 AppleWebKit/537.36 (KHTML, like Gecko; compatible; GPTBot/1.4; +https://openai.com/gptbot)"
74.7.243.228 - - [25/Jul/2026:15:23:39 +0300] "GET /file.php?dir=XPAusrXPAshareXPAmanXPAman5&edit=anacrontab.5.gz HTTP/1.1" 429 0 "http://myfununlimited.com.logoandwebdesigns.com/file.php?dir=XPAusrXPAshareXPAmanXPAman5" "Mozilla/5.0 AppleWebKit/537.36 (KHTML, like Gecko; compatible; GPTBot/1.4; +https://openai.com/gptbot)"
74.7.243.228 - - [25/Jul/2026:15:26:49 +0300] "GET /file.php?dir=XPAusrXPAshareXPAmanXPAman8&edit=ifconfig.8.gz HTTP/1.1" 429 0 "http://myfununlimited.com.logoandwebdesigns.com/file.php?dir=XPAusrXPAshareXPAmanXPAman8" "Mozilla/5.0 AppleWebKit/537.36 (KHTML, like Gecko; compatible; GPTBot/1.4; +https://openai.com/gptbot)"
74.7.243.228 - - [25/Jul/2026:15:28:55 +0300] "GET /file.php?dir=XPAusrXPAshareXPAmanXPAman1&edit=perlfork.1.gz HTTP/1.1" 429 0 "http://myfununlimited.com.logoandwebdesigns.com/file.php?dir=XPAusrXPAshareXPAmanXPAman1" "Mozilla/5.0 AppleWebKit/537.36 (KHTML, like Gecko; compatible; GPTBot/1.4; +https://openai.com/gptbot)"
74.7.243.228 - - [25/Jul/2026:15:30:59 +0300] "GET /file.php?dir=XPAusrXPAshareXPAmanXPAman8&edit=lvmconfig.8.gz HTTP/1.1" 429 0 "http://myfununlimited.com.logoandwebdesigns.com/file.php?dir=XPAusrXPAshareXPAmanXPAman8" "Mozilla/5.0 AppleWebKit/537.36 (KHTML, like Gecko; compatible; GPTBot/1.4; +https://openai.com/gptbot)"
74.7.243.228 - - [25/Jul/2026:15:31:59 +0300] "GET /file.php?dir=XPAusrXPAshareXPAmanXPAman1&edit=logresolve.1.gz HTTP/1.1" 429 0 "http://myfununlimited.com.logoandwebdesigns.com/file.php?dir=XPAusrXPAshareXPAmanXPAman1" "Mozilla/5.0 AppleWebKit/537.36 (KHTML, like Gecko; compatible; GPTBot/1.4; +https://openai.com/gptbot)"
74.7.243.228 - - [25/Jul/2026:15:34:02 +0300] "GET /file.php?dir=XPAusrXPAshareXPAmanXPAman1&edit=bootctl.1.gz HTTP/1.1" 429 0 "http://myfununlimited.com.logoandwebdesigns.com/file.php?dir=XPAusrXPAshareXPAmanXPAman1" "Mozilla/5.0 AppleWebKit/537.36 (KHTML, like Gecko; compatible; GPTBot/1.4; +https://openai.com/gptbot)"
74.7.227.171 - - [25/Jul/2026:15:42:36 +0300] "GET /zip.php?dir=CwusrCwshareCwmanCwman3&view=keyctl_describe.3.gz HTTP/1.1" 429 0 "http://myfununlimited.com/zip.php?dir=CwusrCwshareCwmanCwman3" "Mozilla/5.0 AppleWebKit/537.36 (KHTML, like Gecko; compatible; GPTBot/1.4; +https://openai.com/gptbot)"
74.7.227.171 - - [25/Jul/2026:15:45:44 +0300] "GET /zip.php?dir=CwusrCwshareCwmanCwman3&view=ldap_syntax2str.3.gz HTTP/1.1" 429 0 "http://myfununlimited.com/zip.php?dir=CwusrCwshareCwmanCwman3" "Mozilla/5.0 AppleWebKit/537.36 (KHTML, like Gecko; compatible; GPTBot/1.4; +https://openai.com/gptbot)"
74.7.227.171 - - [25/Jul/2026:15:26:58 +0300] "GET /zip.php?dir=CwusrCwshareCwmanCwman3&view=RAND_cleanup.3ssl.gz HTTP/1.1" 429 0 "http://myfununlimited.com/zip.php?dir=CwusrCwshareCwmanCwman3" "Mozilla/5.0 AppleWebKit/537.36 (KHTML, like Gecko; compatible; GPTBot/1.4; +https://openai.com/gptbot)"
74.7.243.228 - - [25/Jul/2026:15:33:01 +0300] "GET /file.php?dir=XPAusrXPAshareXPAmanXPAman1&edit=showrgb.1.gz HTTP/1.1" 429 0 "http://myfununlimited.com.logoandwebdesigns.com/file.php?dir=XPAusrXPAshareXPAmanXPAman1" "Mozilla/5.0 AppleWebKit/537.36 (KHTML, like Gecko; compatible; GPTBot/1.4; +https://openai.com/gptbot)"
74.7.227.171 - - [25/Jul/2026:15:33:10 +0300] "GET /zip.php?dir=CwusrCwshareCwmanCwman3&view=PBEPARAM_new.3ssl.gz HTTP/1.1" 429 0 "http://myfununlimited.com/zip.php?dir=CwusrCwshareCwmanCwman3" "Mozilla/5.0 AppleWebKit/537.36 (KHTML, like Gecko; compatible; GPTBot/1.4; +https://openai.com/gptbot)"
74.7.227.171 - - [25/Jul/2026:15:35:20 +0300] "GET /zip.php?dir=CwusrCwshareCwmanCwman1&view=docker-manifest.1.gz HTTP/1.1" 429 0 "http://myfununlimited.com/zip.php?dir=CwusrCwshareCwmanCwman1" "Mozilla/5.0 AppleWebKit/537.36 (KHTML, like Gecko; compatible; GPTBot/1.4; +https://openai.com/gptbot)"
74.7.243.228 - - [25/Jul/2026:15:36:10 +0300] "GET /file.php?dir=XPAusrXPAshareXPAmanXPAman8&edit=pvscan.8.gz HTTP/1.1" 429 0 "http://myfununlimited.com.logoandwebdesigns.com/file.php?dir=XPAusrXPAshareXPAmanXPAman8" "Mozilla/5.0 AppleWebKit/537.36 (KHTML, like Gecko; compatible; GPTBot/1.4; +https://openai.com/gptbot)"
74.7.227.171 - - [25/Jul/2026:15:36:18 +0300] "GET /zip.php?dir=CwusrCwshareCwmanCwman1&view=freetype-config.1.gz HTTP/1.1" 429 0 "http://myfununlimited.com/zip.php?dir=CwusrCwshareCwmanCwman1" "Mozilla/5.0 AppleWebKit/537.36 (KHTML, like Gecko; compatible; GPTBot/1.4; +https://openai.com/gptbot)"
74.7.243.228 - - [25/Jul/2026:15:38:15 +0300] "GET /file.php?dir=XPAusrXPAshareXPAmanXPAman1&edit=showkey.1.gz HTTP/1.1" 429 0 "http://myfununlimited.com.logoandwebdesigns.com/file.php?dir=XPAusrXPAshareXPAmanXPAman1" "Mozilla/5.0 AppleWebKit/537.36 (KHTML, like Gecko; compatible; GPTBot/1.4; +https://openai.com/gptbot)"
74.7.243.228 - - [25/Jul/2026:15:39:18 +0300] "GET /file.php?dir=XPAusrXPAshareXPAmanXPAman1&edit=source.1.gz HTTP/1.1" 429 0 "http://myfununlimited.com.logoandwebdesigns.com/file.php?dir=XPAusrXPAshareXPAmanXPAman1" "Mozilla/5.0 AppleWebKit/537.36 (KHTML, like Gecko; compatible; GPTBot/1.4; +https://openai.com/gptbot)"
74.7.243.228 - - [25/Jul/2026:15:42:26 +0300] "GET /file.php?dir=XPAusrXPAshareXPAmanXPAman8&edit=rpcdebug.8.gz HTTP/1.1" 429 0 "http://myfununlimited.com.logoandwebdesigns.com/file.php?dir=XPAusrXPAshareXPAmanXPAman8" "Mozilla/5.0 AppleWebKit/537.36 (KHTML, like Gecko; compatible; GPTBot/1.4; +https://openai.com/gptbot)"
74.7.243.228 - - [25/Jul/2026:15:43:27 +0300] "GET /file.php?dir=XPAusrXPAshareXPAmanXPAman1&edit=perlobj.1.gz HTTP/1.1" 429 0 "http://myfununlimited.com.logoandwebdesigns.com/file.php?dir=XPAusrXPAshareXPAmanXPAman1" "Mozilla/5.0 AppleWebKit/537.36 (KHTML, like Gecko; compatible; GPTBot/1.4; +https://openai.com/gptbot)"
74.7.243.228 - - [25/Jul/2026:15:44:31 +0300] "GET /file.php?dir=XPAusrXPAshareXPAmanXPAman7&edit=lvmvdo.7.gz HTTP/1.1" 429 0 "http://myfununlimited.com.logoandwebdesigns.com/file.php?dir=XPAusrXPAshareXPAmanXPAman7" "Mozilla/5.0 AppleWebKit/537.36 (KHTML, like Gecko; compatible; GPTBot/1.4; +https://openai.com/gptbot)"
74.7.243.228 - - [25/Jul/2026:15:45:34 +0300] "GET /file.php?dir=XPAusrXPAshareXPAmanXPAjaXPAman8&edit=pwck.8.gz HTTP/1.1" 429 0 "http://myfununlimited.com.logoandwebdesigns.com/file.php?dir=XPAusrXPAshareXPAmanXPAjaXPAman8" "Mozilla/5.0 AppleWebKit/537.36 (KHTML, like Gecko; compatible; GPTBot/1.4; +https://openai.com/gptbot)"
74.7.243.228 - - [25/Jul/2026:15:19:33 +0300] "GET /file.php?dir=XPAusrXPAshareXPAmanXPAman1&edit=isodebug.1.gz HTTP/1.1" 429 0 "http://myfununlimited.com.logoandwebdesigns.com/file.php?dir=XPAusrXPAshareXPAmanXPAman1" "Mozilla/5.0 AppleWebKit/537.36 (KHTML, like Gecko; compatible; GPTBot/1.4; +https://openai.com/gptbot)"
74.7.227.171 - - [25/Jul/2026:15:23:52 +0300] "GET /zip.php?dir=CwusrCwshareCwmanCwman3&view=BIO_vsnprintf.3ssl.gz HTTP/1.1" 200 2477 "http://myfununlimited.com/zip.php?dir=CwusrCwshareCwmanCwman3" "Mozilla/5.0 AppleWebKit/537.36 (KHTML, like Gecko; compatible; GPTBot/1.4; +https://openai.com/gptbot)"
74.7.175.174 - - [25/Jul/2026:15:24:55 +0300] "GET /robots.txt HTTP/1.1" 404 1251 "-" "Mozilla/5.0 (Macintosh; Intel Mac OS X 10_15_7) AppleWebKit/537.36 (KHTML, like Gecko) Chrome/131.0.0.0 Safari/537.36; compatible; OAI-SearchBot/1.4; robots.txt; +https://openai.com/searchbot"
74.7.243.228 - - [25/Jul/2026:15:27:52 +0300] "GET /file.php?dir=XPAusrXPAshareXPAmanXPAman1&edit=xmlcatalog.1.gz HTTP/1.1" 429 0 "http://myfununlimited.com.logoandwebdesigns.com/file.php?dir=XPAusrXPAshareXPAmanXPAman1" "Mozilla/5.0 AppleWebKit/537.36 (KHTML, like Gecko; compatible; GPTBot/1.4; +https://openai.com/gptbot)"
74.7.227.171 - - [25/Jul/2026:15:29:04 +0300] "GET /zip.php?dir=CwusrCwshareCwmanCwman3&view=is_linetouched.3x.gz HTTP/1.1" 429 0 "http://myfununlimited.com/zip.php?dir=CwusrCwshareCwmanCwman3" "Mozilla/5.0 AppleWebKit/537.36 (KHTML, like Gecko; compatible; GPTBot/1.4; +https://openai.com/gptbot)"
74.7.243.228 - - [25/Jul/2026:15:29:58 +0300] "GET /file.php?dir=XPAusrXPAshareXPAmanXPAman8&edit=e4crypt.8.gz HTTP/1.1" 429 0 "http://myfununlimited.com.logoandwebdesigns.com/file.php?dir=XPAusrXPAshareXPAmanXPAman8" "Mozilla/5.0 AppleWebKit/537.36 (KHTML, like Gecko; compatible; GPTBot/1.4; +https://openai.com/gptbot)"
74.7.243.228 - - [25/Jul/2026:15:35:04 +0300] "GET /file.php?dir=XPAusrXPAshareXPAmanXPAman8&edit=vgreduce.8.gz HTTP/1.1" 429 0 "http://myfununlimited.com.logoandwebdesigns.com/file.php?dir=XPAusrXPAshareXPAmanXPAman8" "Mozilla/5.0 AppleWebKit/537.36 (KHTML, like Gecko; compatible; GPTBot/1.4; +https://openai.com/gptbot)"
74.7.243.228 - - [25/Jul/2026:15:37:15 +0300] "GET /file.php?dir=XPAusrXPAshareXPAmanXPAman1&edit=mbadblocks.1.gz HTTP/1.1" 429 0 "http://myfununlimited.com.logoandwebdesigns.com/file.php?dir=XPAusrXPAshareXPAmanXPAman1" "Mozilla/5.0 AppleWebKit/537.36 (KHTML, like Gecko; compatible; GPTBot/1.4; +https://openai.com/gptbot)"
74.7.243.228 - - [25/Jul/2026:15:40:23 +0300] "GET /file.php?dir=XPAusrXPAshareXPAmanXPAman1&edit=perlbook.1.gz HTTP/1.1" 200 7668 "http://myfununlimited.com.logoandwebdesigns.com/file.php?dir=XPAusrXPAshareXPAmanXPAman1" "Mozilla/5.0 AppleWebKit/537.36 (KHTML, like Gecko; compatible; GPTBot/1.4; +https://openai.com/gptbot)"
74.7.243.228 - - [25/Jul/2026:15:41:28 +0300] "GET /file.php?dir=XPAusrXPAshareXPAmanXPAman1&edit=graphml2gv.1.gz HTTP/1.1" 429 0 "http://myfununlimited.com.logoandwebdesigns.com/file.php?dir=XPAusrXPAshareXPAmanXPAman1" "Mozilla/5.0 AppleWebKit/537.36 (KHTML, like Gecko; compatible; GPTBot/1.4; +https://openai.com/gptbot)"
74.7.243.228 - - [25/Jul/2026:15:48:42 +0300] "GET /file.php?dir=XPAusrXPAshareXPAmanXPAman5&edit=crontab.5.gz HTTP/1.1" 429 0 "http://myfununlimited.com.logoandwebdesigns.com/file.php?dir=XPAusrXPAshareXPAmanXPAman5" "Mozilla/5.0 AppleWebKit/537.36 (KHTML, like Gecko; compatible; GPTBot/1.4; +https://openai.com/gptbot)"
74.7.227.171 - - [25/Jul/2026:15:50:50 +0300] "GET /zip.php?dir=CwusrCwshareCwmanCwman1&view=python-html2text.1.gz HTTP/1.1" 429 0 "http://myfununlimited.com/zip.php?dir=CwusrCwshareCwmanCwman1" "Mozilla/5.0 AppleWebKit/537.36 (KHTML, like Gecko; compatible; GPTBot/1.4; +https://openai.com/gptbot)"
74.7.243.228 - - [25/Jul/2026:15:49:41 +0300] "GET /file.php?dir=XPAusrXPAshareXPAmanXPAman8&edit=nfsdclddb.8.gz HTTP/1.1" 429 0 "http://myfununlimited.com.logoandwebdesigns.com/file.php?dir=XPAusrXPAshareXPAmanXPAman8" "Mozilla/5.0 AppleWebKit/537.36 (KHTML, like Gecko; compatible; GPTBot/1.4; +https://openai.com/gptbot)"
74.7.243.228 - - [25/Jul/2026:15:50:45 +0300] "GET /zip.php?dir=CwlibCwfirmwareCwqcomCwvenus-6Fw0&edit=venus.mbn HTTP/1.1" 429 0 "http://myfununlimited.com.logoandwebdesigns.com/zip.php?dir=CwlibCwfirmwareCwqcomCwvenus-6Fw0" "Mozilla/5.0 AppleWebKit/537.36 (KHTML, like Gecko; compatible; GPTBot/1.4; +https://openai.com/gptbot)"
74.7.227.171 - - [25/Jul/2026:15:51:52 +0300] "GET /zip.php?dir=CwusrCwshareCwmanCwman3&view=ENGINE_remove.3ssl.gz HTTP/1.1" 429 0 "http://myfununlimited.com/zip.php?dir=CwusrCwshareCwmanCwman3" "Mozilla/5.0 AppleWebKit/537.36 (KHTML, like Gecko; compatible; GPTBot/1.4; +https://openai.com/gptbot)"
74.7.243.228 - - [25/Jul/2026:15:51:46 +0300] "GET /file.php?dir=XPAusrXPAshareXPAmanXPAman1&edit=biosdevname.1.gz HTTP/1.1" 429 0 "http://myfununlimited.com.logoandwebdesigns.com/file.php?dir=XPAusrXPAshareXPAmanXPAman1" "Mozilla/5.0 AppleWebKit/537.36 (KHTML, like Gecko; compatible; GPTBot/1.4; +https://openai.com/gptbot)"
74.7.243.228 - - [25/Jul/2026:15:46:40 +0300] "GET /file.php?dir=XPAusrXPAshareXPAmanXPAman8&edit=lvchange.8.gz HTTP/1.1" 429 0 "http://myfununlimited.com.logoandwebdesigns.com/file.php?dir=XPAusrXPAshareXPAmanXPAman8" "Mozilla/5.0 AppleWebKit/537.36 (KHTML, like Gecko; compatible; GPTBot/1.4; +https://openai.com/gptbot)"
74.7.243.228 - - [25/Jul/2026:15:47:41 +0300] "GET /file.php?dir=XPAusrXPAshareXPAmanXPAman1&edit=perlrequick.1.gz HTTP/1.1" 200 11076 "http://myfununlimited.com.logoandwebdesigns.com/file.php?dir=XPAusrXPAshareXPAmanXPAman1" "Mozilla/5.0 AppleWebKit/537.36 (KHTML, like Gecko; compatible; GPTBot/1.4; +https://openai.com/gptbot)"
74.7.227.171 - - [25/Jul/2026:15:49:46 +0300] "GET /zip.php?dir=CwusrCwshareCwmanCwman5&view=failsafe_context.5.gz HTTP/1.1" 429 0 "http://myfununlimited.com/zip.php?dir=CwusrCwshareCwmanCwman5" "Mozilla/5.0 AppleWebKit/537.36 (KHTML, like Gecko; compatible; GPTBot/1.4; +https://openai.com/gptbot)"
74.7.243.228 - - [25/Jul/2026:15:52:51 +0300] "GET /file.php?dir=XPAusrXPAshareXPAmanXPAman8&edit=getsebool.8.gz HTTP/1.1" 429 0 "http://myfununlimited.com.logoandwebdesigns.com/file.php?dir=XPAusrXPAshareXPAmanXPAman8" "Mozilla/5.0 AppleWebKit/537.36 (KHTML, like Gecko; compatible; GPTBot/1.4; +https://openai.com/gptbot)"
74.7.227.171 - - [25/Jul/2026:15:52:57 +0300] "GET /zip.php?dir=CwusrCwshareCwmanCwman1&view=grub2-mkrelpath.1.gz HTTP/1.1" 429 0 "http://myfununlimited.com/zip.php?dir=CwusrCwshareCwmanCwman1" "Mozilla/5.0 AppleWebKit/537.36 (KHTML, like Gecko; compatible; GPTBot/1.4; +https://openai.com/gptbot)"
74.7.243.228 - - [25/Jul/2026:15:54:55 +0300] "GET /file.php?dir=XPAusrXPAshareXPAmanXPAman7&edit=bootup.7.gz HTTP/1.1" 200 6344 "http://myfununlimited.com.logoandwebdesigns.com/file.php?dir=XPAusrXPAshareXPAmanXPAman7" "Mozilla/5.0 AppleWebKit/537.36 (KHTML, like Gecko; compatible; GPTBot/1.4; +https://openai.com/gptbot)"
74.7.227.171 - - [25/Jul/2026:15:55:03 +0300] "GET /zip.php?dir=CwusrCwshareCwmanCwman1&view=gio-querymodules.1.gz HTTP/1.1" 200 739 "http://myfununlimited.com/zip.php?dir=CwusrCwshareCwmanCwman1" "Mozilla/5.0 AppleWebKit/537.36 (KHTML, like Gecko; compatible; GPTBot/1.4; +https://openai.com/gptbot)"
74.7.227.171 - - [25/Jul/2026:15:55:58 +0300] "GET /zip.php?dir=CwusrCwshareCwmanCwman3&view=BIO_snprintf.3ssl.gz HTTP/1.1" 200 2477 "http://myfununlimited.com/zip.php?dir=CwusrCwshareCwmanCwman3" "Mozilla/5.0 AppleWebKit/537.36 (KHTML, like Gecko; compatible; GPTBot/1.4; +https://openai.com/gptbot)"
74.7.243.228 - - [25/Jul/2026:15:58:09 +0300] "GET /file.php?dir=XPAusrXPAshareXPAmanXPAman1&edit=pkey.1ssl.gz HTTP/1.1" 200 6143 "http://myfununlimited.com.logoandwebdesigns.com/file.php?dir=XPAusrXPAshareXPAmanXPAman1" "Mozilla/5.0 AppleWebKit/537.36 (KHTML, like Gecko; compatible; GPTBot/1.4; +https://openai.com/gptbot)"
74.7.243.228 - - [25/Jul/2026:15:58:47 +0300] "GET /file.php?dir=XPAusrXPAshareXPAmanXPAman1&edit=disown.1.gz HTTP/1.1" 200 2926 "http://myfununlimited.com.logoandwebdesigns.com/file.php?dir=XPAusrXPAshareXPAmanXPAman1" "Mozilla/5.0 AppleWebKit/537.36 (KHTML, like Gecko; compatible; GPTBot/1.4; +https://openai.com/gptbot)"
74.7.243.228 - - [25/Jul/2026:15:59:49 +0300] "GET /file.php?dir=XPAusrXPAshareXPAmanXPAman8&edit=lvscan.8.gz HTTP/1.1" 200 5856 "http://myfununlimited.com.logoandwebdesigns.com/file.php?dir=XPAusrXPAshareXPAmanXPAman8" "Mozilla/5.0 AppleWebKit/537.36 (KHTML, like Gecko; compatible; GPTBot/1.4; +https://openai.com/gptbot)"
74.7.227.171 - - [25/Jul/2026:15:59:51 +0300] "GET /zip.php?dir=CwusrCwshareCwmanCwman3&view=SSLv3_method.3ssl.gz HTTP/1.1" 200 4337 "http://myfununlimited.com/zip.php?dir=CwusrCwshareCwmanCwman3" "Mozilla/5.0 AppleWebKit/537.36 (KHTML, like Gecko; compatible; GPTBot/1.4; +https://openai.com/gptbot)"
74.7.243.228 - - [25/Jul/2026:16:00:15 +0300] "GET /file.php?dir=XPAusrXPAshareXPAmanXPAman1&edit=libtoolize.1.gz HTTP/1.1" 200 4390 "http://myfununlimited.com.logoandwebdesigns.com/file.php?dir=XPAusrXPAshareXPAmanXPAman1" "Mozilla/5.0 AppleWebKit/537.36 (KHTML, like Gecko; compatible; GPTBot/1.4; +https://openai.com/gptbot)"
74.7.243.228 - - [25/Jul/2026:16:00:39 +0300] "GET /file.php?dir=XPAusrXPAshareXPAmanXPAman1&edit=stdbuf.1.gz HTTP/1.1" 200 4155 "http://myfununlimited.com.logoandwebdesigns.com/file.php?dir=XPAusrXPAshareXPAmanXPAman1" "Mozilla/5.0 AppleWebKit/537.36 (KHTML, like Gecko; compatible; GPTBot/1.4; +https://openai.com/gptbot)"
74.7.243.228 - - [25/Jul/2026:16:01:02 +0300] "GET /file.php?dir=XPAusrXPAshareXPAmanXPAman1&edit=pod2man.1.gz HTTP/1.1" 200 8575 "http://myfununlimited.com.logoandwebdesigns.com/file.php?dir=XPAusrXPAshareXPAmanXPAman1" "Mozilla/5.0 AppleWebKit/537.36 (KHTML, like Gecko; compatible; GPTBot/1.4; +https://openai.com/gptbot)"
74.7.243.228 - - [25/Jul/2026:16:01:56 +0300] "GET /file.php?dir=XPAusrXPAshareXPAmanXPAman1&edit=dovecot.1.gz HTTP/1.1" 200 4425 "http://myfununlimited.com.logoandwebdesigns.com/file.php?dir=XPAusrXPAshareXPAmanXPAman1" "Mozilla/5.0 AppleWebKit/537.36 (KHTML, like Gecko; compatible; GPTBot/1.4; +https://openai.com/gptbot)"
74.7.243.228 - - [25/Jul/2026:16:02:10 +0300] "GET /file.php?dir=XPAusrXPAshareXPAmanXPAman7&edit=scrypt.7ssl.gz HTTP/1.1" 200 6238 "http://myfununlimited.com.logoandwebdesigns.com/file.php?dir=XPAusrXPAshareXPAmanXPAman7" "Mozilla/5.0 AppleWebKit/537.36 (KHTML, like Gecko; compatible; GPTBot/1.4; +https://openai.com/gptbot)"
74.7.243.228 - - [25/Jul/2026:16:02:47 +0300] "GET /file.php?dir=XPAusrXPAshareXPAmanXPAman1&edit=repoclosure.1.gz HTTP/1.1" 200 3908 "http://myfununlimited.com.logoandwebdesigns.com/file.php?dir=XPAusrXPAshareXPAmanXPAman1" "Mozilla/5.0 AppleWebKit/537.36 (KHTML, like Gecko; compatible; GPTBot/1.4; +https://openai.com/gptbot)"
74.7.243.228 - - [25/Jul/2026:16:02:57 +0300] "GET /file.php?dir=XPAusrXPAshareXPAmanXPAman7&edit=bio.7ssl.gz HTTP/1.1" 200 5827 "http://myfununlimited.com.logoandwebdesigns.com/file.php?dir=XPAusrXPAshareXPAmanXPAman7" "Mozilla/5.0 AppleWebKit/537.36 (KHTML, like Gecko; compatible; GPTBot/1.4; +https://openai.com/gptbot)"
74.7.243.228 - - [25/Jul/2026:16:03:06 +0300] "GET /file.php?dir=XPAusrXPAshareXPAmanXPAman8&edit=ausyscall.8.gz HTTP/1.1" 200 4140 "http://myfununlimited.com.logoandwebdesigns.com/file.php?dir=XPAusrXPAshareXPAmanXPAman8" "Mozilla/5.0 AppleWebKit/537.36 (KHTML, like Gecko; compatible; GPTBot/1.4; +https://openai.com/gptbot)"
74.7.227.171 - - [25/Jul/2026:16:03:14 +0300] "GET /zip.php?dir=CwusrCwshareCwmanCwman7&view=xkeyboard-config.7.gz HTTP/1.1" 200 11341 "http://myfununlimited.com/zip.php?dir=CwusrCwshareCwmanCwman7" "Mozilla/5.0 AppleWebKit/537.36 (KHTML, like Gecko; compatible; GPTBot/1.4; +https://openai.com/gptbot)"
74.7.243.228 - - [25/Jul/2026:16:03:14 +0300] "GET /file.php?dir=XPAusrXPAshareXPAmanXPAman1&edit=evmctl.1.gz HTTP/1.1" 200 7995 "http://myfununlimited.com.logoandwebdesigns.com/file.php?dir=XPAusrXPAshareXPAmanXPAman1" "Mozilla/5.0 AppleWebKit/537.36 (KHTML, like Gecko; compatible; GPTBot/1.4; +https://openai.com/gptbot)"
74.7.227.171 - - [25/Jul/2026:16:03:21 +0300] "GET /zip.php?dir=CwusrCwshareCwmanCwman3&view=lgetfilecon_raw.3.gz HTTP/1.1" 429 0 "http://myfununlimited.com/zip.php?dir=CwusrCwshareCwmanCwman3" "Mozilla/5.0 AppleWebKit/537.36 (KHTML, like Gecko; compatible; GPTBot/1.4; +https://openai.com/gptbot)"
74.7.243.228 - - [25/Jul/2026:16:03:22 +0300] "GET /file.php?dir=XPAusrXPAlib64XPAgssproxy&edit=proxymech.so HTTP/1.1" 429 0 "http://myfununlimited.com.logoandwebdesigns.com/file.php?dir=XPAusrXPAlib64XPAgssproxy" "Mozilla/5.0 AppleWebKit/537.36 (KHTML, like Gecko; compatible; GPTBot/1.4; +https://openai.com/gptbot)"
74.7.227.171 - - [25/Jul/2026:16:03:27 +0300] "GET /zip.php?dir=CwusrCwshareCwmanCwman3&view=i2d_PublicKey.3ssl.gz HTTP/1.1" 429 0 "http://myfununlimited.com/zip.php?dir=CwusrCwshareCwmanCwman3" "Mozilla/5.0 AppleWebKit/537.36 (KHTML, like Gecko; compatible; GPTBot/1.4; +https://openai.com/gptbot)"
74.7.243.228 - - [25/Jul/2026:16:03:29 +0300] "GET /file.php?dir=XPAusrXPAshareXPAmanXPAman1&edit=bond2team.1.gz HTTP/1.1" 429 0 "http://myfununlimited.com.logoandwebdesigns.com/file.php?dir=XPAusrXPAshareXPAmanXPAman1" "Mozilla/5.0 AppleWebKit/537.36 (KHTML, like Gecko; compatible; GPTBot/1.4; +https://openai.com/gptbot)"
74.7.243.228 - - [25/Jul/2026:16:04:50 +0300] "GET /file.php?dir=XPAusrXPAshareXPAmanXPAman1&edit=colcrt.1.gz HTTP/1.1" 429 0 "http://myfununlimited.com.logoandwebdesigns.com/file.php?dir=XPAusrXPAshareXPAmanXPAman1" "Mozilla/5.0 AppleWebKit/537.36 (KHTML, like Gecko; compatible; GPTBot/1.4; +https://openai.com/gptbot)"
74.7.227.171 - - [25/Jul/2026:16:05:46 +0300] "GET /zip.php?dir=CwusrCwshareCwmanCwman3&view=pcre2_maketables.3.gz HTTP/1.1" 429 0 "http://myfununlimited.com/zip.php?dir=CwusrCwshareCwmanCwman3" "Mozilla/5.0 AppleWebKit/537.36 (KHTML, like Gecko; compatible; GPTBot/1.4; +https://openai.com/gptbot)"
74.7.243.228 - - [25/Jul/2026:16:05:52 +0300] "GET /file.php?dir=XPAusrXPAshareXPAmanXPAman1&edit=gxl2gv.1.gz HTTP/1.1" 429 0 "http://myfununlimited.com.logoandwebdesigns.com/file.php?dir=XPAusrXPAshareXPAmanXPAman1" "Mozilla/5.0 AppleWebKit/537.36 (KHTML, like Gecko; compatible; GPTBot/1.4; +https://openai.com/gptbot)"
74.7.243.228 - - [25/Jul/2026:15:57:30 +0300] "GET /file.php?dir=XPAusrXPAshareXPAmanXPAman8&edit=quotaon.8.gz HTTP/1.1" 200 4768 "http://myfununlimited.com.logoandwebdesigns.com/file.php?dir=XPAusrXPAshareXPAmanXPAman8" "Mozilla/5.0 AppleWebKit/537.36 (KHTML, like Gecko; compatible; GPTBot/1.4; +https://openai.com/gptbot)"
74.7.227.171 - - [25/Jul/2026:15:57:31 +0300] "GET /zip.php?dir=CwusrCwshareCwmanCwman8&view=pure-quotacheck.8.gz HTTP/1.1" 200 1004 "http://myfununlimited.com/zip.php?dir=CwusrCwshareCwmanCwman8" "Mozilla/5.0 AppleWebKit/537.36 (KHTML, like Gecko; compatible; GPTBot/1.4; +https://openai.com/gptbot)"
74.7.227.171 - - [25/Jul/2026:15:58:11 +0300] "GET /zip.php?dir=CwusrCwshareCwmanCwman3&view=EVP_OpenInit.3ssl.gz HTTP/1.1" 200 2837 "http://myfununlimited.com/zip.php?dir=CwusrCwshareCwmanCwman3" "Mozilla/5.0 AppleWebKit/537.36 (KHTML, like Gecko; compatible; GPTBot/1.4; +https://openai.com/gptbot)"
74.7.227.171 - - [25/Jul/2026:15:58:48 +0300] "GET /zip.php?dir=CwusrCwshareCwmanCwman3&view=BN_bn2binpad.3ssl.gz HTTP/1.1" 200 3459 "http://myfununlimited.com/zip.php?dir=CwusrCwshareCwmanCwman3" "Mozilla/5.0 AppleWebKit/537.36 (KHTML, like Gecko; compatible; GPTBot/1.4; +https://openai.com/gptbot)"
74.7.243.228 - - [25/Jul/2026:15:59:20 +0300] "GET /file.php?dir=XPAusrXPAshareXPAmanXPAman8&edit=e2undo.8.gz HTTP/1.1" 200 3934 "http://myfununlimited.com.logoandwebdesigns.com/file.php?dir=XPAusrXPAshareXPAmanXPAman8" "Mozilla/5.0 AppleWebKit/537.36 (KHTML, like Gecko; compatible; GPTBot/1.4; +https://openai.com/gptbot)"
74.7.227.171 - - [25/Jul/2026:16:00:43 +0300] "GET /zip.php?dir=CwusrCwshareCwmanCwman3&view=EVP_whirlpool.3ssl.gz HTTP/1.1" 200 2423 "http://myfununlimited.com/zip.php?dir=CwusrCwshareCwmanCwman3" "Mozilla/5.0 AppleWebKit/537.36 (KHTML, like Gecko; compatible; GPTBot/1.4; +https://openai.com/gptbot)"
2a06:98c0:3600::103 - - [25/Jul/2026:16:01:09 +0300] "GET /wp-admin/install.php?step=1 HTTP/1.1" 404 1251 "-" "http://myfununlimited.com/wp-admin/install.php?step=1"
74.7.243.228 - - [25/Jul/2026:16:02:24 +0300] "GET /file.php?dir=XPAusrXPAshareXPAmanXPAman1&edit=captoinfo.1m.gz HTTP/1.1" 200 5692 "http://myfununlimited.com.logoandwebdesigns.com/file.php?dir=XPAusrXPAshareXPAmanXPAman1" "Mozilla/5.0 AppleWebKit/537.36 (KHTML, like Gecko; compatible; GPTBot/1.4; +https://openai.com/gptbot)"
74.7.227.171 - - [25/Jul/2026:16:02:38 +0300] "GET /zip.php?dir=CwusrCwshareCwmanCwman3&view=EVP_SignFinal.3ssl.gz HTTP/1.1" 200 3428 "http://myfununlimited.com/zip.php?dir=CwusrCwshareCwmanCwman3" "Mozilla/5.0 AppleWebKit/537.36 (KHTML, like Gecko; compatible; GPTBot/1.4; +https://openai.com/gptbot)"
74.7.227.171 - - [25/Jul/2026:16:02:48 +0300] "GET /zip.php?dir=CwusrCwshareCwmanCwman3&view=NOTICEREF_new.3ssl.gz HTTP/1.1" 200 4082 "http://myfununlimited.com/zip.php?dir=CwusrCwshareCwmanCwman3" "Mozilla/5.0 AppleWebKit/537.36 (KHTML, like Gecko; compatible; GPTBot/1.4; +https://openai.com/gptbot)"
74.7.227.171 - - [25/Jul/2026:16:02:58 +0300] "GET /file.php?dir=XPAusrXPAshareXPAmanXPAman1&edit=pango-view.1.gz HTTP/1.1" 200 4107 "http://myfununlimited.com/file.php?dir=XPAusrXPAshareXPAmanXPAman1" "Mozilla/5.0 AppleWebKit/537.36 (KHTML, like Gecko; compatible; GPTBot/1.4; +https://openai.com/gptbot)"
74.7.243.228 - - [25/Jul/2026:16:03:51 +0300] "GET /file.php?dir=XPAusrXPAshareXPAmanXPAman8&edit=polkit.8.gz HTTP/1.1" 429 0 "http://myfununlimited.com.logoandwebdesigns.com/file.php?dir=XPAusrXPAshareXPAmanXPAman8" "Mozilla/5.0 AppleWebKit/537.36 (KHTML, like Gecko; compatible; GPTBot/1.4; +https://openai.com/gptbot)"
74.7.243.228 - - [25/Jul/2026:16:08:00 +0300] "GET /file.php?dir=XPAusrXPAshareXPAmanXPAman1&edit=quotasync.1.gz HTTP/1.1" 200 3651 "http://myfununlimited.com.logoandwebdesigns.com/file.php?dir=XPAusrXPAshareXPAmanXPAman1" "Mozilla/5.0 AppleWebKit/537.36 (KHTML, like Gecko; compatible; GPTBot/1.4; +https://openai.com/gptbot)"
74.7.243.228 - - [25/Jul/2026:15:53:55 +0300] "GET /file.php?dir=XPAusrXPAshareXPAmanXPAman1&edit=pkgconf.1.gz HTTP/1.1" 200 5505 "http://myfununlimited.com.logoandwebdesigns.com/file.php?dir=XPAusrXPAshareXPAmanXPAman1" "Mozilla/5.0 AppleWebKit/537.36 (KHTML, like Gecko; compatible; GPTBot/1.4; +https://openai.com/gptbot)"
74.7.227.171 - - [25/Jul/2026:15:54:03 +0300] "GET /zip.php?dir=CwusrCwshareCwmanCwman5&view=gitformat-bundle.5.gz HTTP/1.1" 200 1897 "http://myfununlimited.com/zip.php?dir=CwusrCwshareCwmanCwman5" "Mozilla/5.0 AppleWebKit/537.36 (KHTML, like Gecko; compatible; GPTBot/1.4; +https://openai.com/gptbot)"
74.7.243.228 - - [25/Jul/2026:15:55:54 +0300] "GET /file.php?dir=XPAusrXPAshareXPAmanXPAman1&edit=fusermount3.1.gz HTTP/1.1" 200 3675 "http://myfununlimited.com.logoandwebdesigns.com/file.php?dir=XPAusrXPAshareXPAmanXPAman1" "Mozilla/5.0 AppleWebKit/537.36 (KHTML, like Gecko; compatible; GPTBot/1.4; +https://openai.com/gptbot)"
74.7.243.228 - - [25/Jul/2026:15:56:43 +0300] "GET /file.php?dir=XPAusrXPAshareXPAmanXPAman1&edit=mysqlaccess.1.gz HTTP/1.1" 200 5266 "http://myfununlimited.com.logoandwebdesigns.com/file.php?dir=XPAusrXPAshareXPAmanXPAman1" "Mozilla/5.0 AppleWebKit/537.36 (KHTML, like Gecko; compatible; GPTBot/1.4; +https://openai.com/gptbot)"
74.7.243.228 - - [25/Jul/2026:16:01:22 +0300] "GET /file.php?dir=XPAusrXPAshareXPAmanXPAman8&edit=nfsdcltrack.8.gz HTTP/1.1" 200 4818 "http://myfununlimited.com.logoandwebdesigns.com/file.php?dir=XPAusrXPAshareXPAmanXPAman8" "Mozilla/5.0 AppleWebKit/537.36 (KHTML, like Gecko; compatible; GPTBot/1.4; +https://openai.com/gptbot)"
74.7.243.228 - - [25/Jul/2026:16:01:40 +0300] "GET /file.php?dir=XPAusrXPAshareXPAmanXPAman5&edit=config.5ssl.gz HTTP/1.1" 200 9915 "http://myfununlimited.com.logoandwebdesigns.com/file.php?dir=XPAusrXPAshareXPAmanXPAman5" "Mozilla/5.0 AppleWebKit/537.36 (KHTML, like Gecko; compatible; GPTBot/1.4; +https://openai.com/gptbot)"
74.7.227.171 - - [25/Jul/2026:16:01:43 +0300] "GET /zip.php?dir=CwusrCwshareCwmanCwman3&view=TLSv1_method.3ssl.gz HTTP/1.1" 200 4337 "http://myfununlimited.com/zip.php?dir=CwusrCwshareCwmanCwman3" "Mozilla/5.0 AppleWebKit/537.36 (KHTML, like Gecko; compatible; GPTBot/1.4; +https://openai.com/gptbot)"
74.7.243.228 - - [25/Jul/2026:16:06:56 +0300] "GET /file.php?dir=XPAusrXPAshareXPAmanXPAruXPAman8&edit=pwconv.8.gz HTTP/1.1" 429 0 "http://myfununlimited.com.logoandwebdesigns.com/file.php?dir=XPAusrXPAshareXPAmanXPAruXPAman8" "Mozilla/5.0 AppleWebKit/537.36 (KHTML, like Gecko; compatible; GPTBot/1.4; +https://openai.com/gptbot)"
74.7.227.171 - - [25/Jul/2026:16:07:53 +0300] "GET /zip.php?dir=CwusrCwshareCwmanCwman8&view=grub2-ofpathname.8.gz HTTP/1.1" 429 0 "http://myfununlimited.com/zip.php?dir=CwusrCwshareCwmanCwman8" "Mozilla/5.0 AppleWebKit/537.36 (KHTML, like Gecko; compatible; GPTBot/1.4; +https://openai.com/gptbot)"
74.7.227.171 - - [25/Jul/2026:16:11:05 +0300] "GET /zip.php?dir=CwusrCwshareCwmanCwpt_BRCwman8&view=groupdel.8.gz HTTP/1.1" 200 1194 "http://myfununlimited.com/zip.php?dir=CwusrCwshareCwmanCwpt_BRCwman8" "Mozilla/5.0 AppleWebKit/537.36 (KHTML, like Gecko; compatible; GPTBot/1.4; +https://openai.com/gptbot)"
74.7.243.228 - - [25/Jul/2026:16:11:07 +0300] "GET /file.php?dir=XPAusrXPAshareXPAmanXPAman8&edit=setsebool.8.gz HTTP/1.1" 429 0 "http://myfununlimited.com.logoandwebdesigns.com/file.php?dir=XPAusrXPAshareXPAmanXPAman8" "Mozilla/5.0 AppleWebKit/537.36 (KHTML, like Gecko; compatible; GPTBot/1.4; +https://openai.com/gptbot)"
74.7.227.171 - - [25/Jul/2026:16:13:05 +0300] "GET /zip.php?dir=CwusrCwshareCwmanCwman8&view=xtables-monitor.8.gz HTTP/1.1" 429 0 "http://myfununlimited.com/zip.php?dir=CwusrCwshareCwmanCwman8" "Mozilla/5.0 AppleWebKit/537.36 (KHTML, like Gecko; compatible; GPTBot/1.4; +https://openai.com/gptbot)"
74.7.227.171 - - [25/Jul/2026:16:08:54 +0300] "GET /zip.php?dir=CwusrCwshareCwmanCwman8&view=systemd-journald.8.gz HTTP/1.1" 429 0 "http://myfununlimited.com/zip.php?dir=CwusrCwshareCwmanCwman8" "Mozilla/5.0 AppleWebKit/537.36 (KHTML, like Gecko; compatible; GPTBot/1.4; +https://openai.com/gptbot)"
74.7.243.228 - - [25/Jul/2026:16:09:05 +0300] "GET /file.php?dir=XPAusrXPAshareXPAmanXPAman8&edit=vgimport.8.gz HTTP/1.1" 429 0 "http://myfununlimited.com.logoandwebdesigns.com/file.php?dir=XPAusrXPAshareXPAmanXPAman8" "Mozilla/5.0 AppleWebKit/537.36 (KHTML, like Gecko; compatible; GPTBot/1.4; +https://openai.com/gptbot)"
74.7.243.228 - - [25/Jul/2026:16:12:09 +0300] "GET /file.php?dir=XPAusrXPAshareXPAmanXPAman1&edit=irqbalance.1.gz HTTP/1.1" 429 0 "http://myfununlimited.com.logoandwebdesigns.com/file.php?dir=XPAusrXPAshareXPAmanXPAman1" "Mozilla/5.0 AppleWebKit/537.36 (KHTML, like Gecko; compatible; GPTBot/1.4; +https://openai.com/gptbot)"
74.7.243.228 - - [25/Jul/2026:16:13:09 +0300] "GET /file.php?dir=XPAusrXPAshareXPAmanXPAman1&edit=perlpacktut.1.gz HTTP/1.1" 429 0 "http://myfununlimited.com.logoandwebdesigns.com/file.php?dir=XPAusrXPAshareXPAmanXPAman1" "Mozilla/5.0 AppleWebKit/537.36 (KHTML, like Gecko; compatible; GPTBot/1.4; +https://openai.com/gptbot)"
74.7.243.228 - - [25/Jul/2026:16:14:13 +0300] "GET /file.php?dir=XPAusrXPAshareXPAmanXPAman5&edit=postlogin.5.gz HTTP/1.1" 429 0 "http://myfununlimited.com.logoandwebdesigns.com/file.php?dir=XPAusrXPAshareXPAmanXPAman5" "Mozilla/5.0 AppleWebKit/537.36 (KHTML, like Gecko; compatible; GPTBot/1.4; +https://openai.com/gptbot)"
74.7.243.228 - - [25/Jul/2026:16:16:18 +0300] "GET /file.php?dir=XPAusrXPAshareXPAmanXPAman8&edit=mysqld.8.gz HTTP/1.1" 429 0 "http://myfununlimited.com.logoandwebdesigns.com/file.php?dir=XPAusrXPAshareXPAmanXPAman8" "Mozilla/5.0 AppleWebKit/537.36 (KHTML, like Gecko; compatible; GPTBot/1.4; +https://openai.com/gptbot)"
74.7.227.171 - - [25/Jul/2026:16:17:19 +0300] "GET /zip.php?dir=CwusrCwshareCwmanCwman3&view=SSL_shutdown.3ssl.gz HTTP/1.1" 429 0 "http://myfununlimited.com/zip.php?dir=CwusrCwshareCwmanCwman3" "Mozilla/5.0 AppleWebKit/537.36 (KHTML, like Gecko; compatible; GPTBot/1.4; +https://openai.com/gptbot)"
74.7.243.228 - - [25/Jul/2026:16:18:26 +0300] "GET /file.php?dir=XPAusrXPAshareXPAmanXPAman8&edit=setkeycodes.8.gz HTTP/1.1" 429 0 "http://myfununlimited.com.logoandwebdesigns.com/file.php?dir=XPAusrXPAshareXPAmanXPAman8" "Mozilla/5.0 AppleWebKit/537.36 (KHTML, like Gecko; compatible; GPTBot/1.4; +https://openai.com/gptbot)"
74.7.227.171 - - [25/Jul/2026:16:21:30 +0300] "GET /zip.php?dir=CwusrCwshareCwmanCwman3&view=CRYPTO_strdup.3ssl.gz HTTP/1.1" 429 0 "http://myfununlimited.com/zip.php?dir=CwusrCwshareCwmanCwman3" "Mozilla/5.0 AppleWebKit/537.36 (KHTML, like Gecko; compatible; GPTBot/1.4; +https://openai.com/gptbot)"
74.7.243.228 - - [25/Jul/2026:16:23:39 +0300] "GET /file.php?dir=XPAusrXPAshareXPAmanXPAman1&edit=cronnext.1.gz HTTP/1.1" 429 0 "http://myfununlimited.com.logoandwebdesigns.com/file.php?dir=XPAusrXPAshareXPAmanXPAman1" "Mozilla/5.0 AppleWebKit/537.36 (KHTML, like Gecko; compatible; GPTBot/1.4; +https://openai.com/gptbot)"
74.7.243.228 - - [25/Jul/2026:16:26:49 +0300] "GET /file.php?dir=XPAusrXPAshareXPAmanXPAman8&edit=shutdown.8.gz HTTP/1.1" 429 0 "http://myfununlimited.com.logoandwebdesigns.com/file.php?dir=XPAusrXPAshareXPAmanXPAman8" "Mozilla/5.0 AppleWebKit/537.36 (KHTML, like Gecko; compatible; GPTBot/1.4; +https://openai.com/gptbot)"
74.7.243.228 - - [25/Jul/2026:16:28:54 +0300] "GET /file.php?dir=XPAusrXPAshareXPAmanXPAman1&edit=chroot.1.gz HTTP/1.1" 429 0 "http://myfununlimited.com.logoandwebdesigns.com/file.php?dir=XPAusrXPAshareXPAmanXPAman1" "Mozilla/5.0 AppleWebKit/537.36 (KHTML, like Gecko; compatible; GPTBot/1.4; +https://openai.com/gptbot)"
74.7.243.228 - - [25/Jul/2026:16:10:03 +0300] "GET /file.php?dir=XPAusrXPAshareXPAmanXPAman8&edit=lvectl.8.gz HTTP/1.1" 429 0 "http://myfununlimited.com.logoandwebdesigns.com/file.php?dir=XPAusrXPAshareXPAmanXPAman8" "Mozilla/5.0 AppleWebKit/537.36 (KHTML, like Gecko; compatible; GPTBot/1.4; +https://openai.com/gptbot)"
74.7.244.34 - - [25/Jul/2026:16:13:11 +0300] "GET /robots.txt HTTP/1.1" 404 1251 "-" "Mozilla/5.0 (Macintosh; Intel Mac OS X 10_15_7) AppleWebKit/537.36 (KHTML, like Gecko) Chrome/131.0.0.0 Safari/537.36; compatible; OAI-SearchBot/1.4; robots.txt; +https://openai.com/searchbot"
74.7.227.171 - - [25/Jul/2026:16:14:09 +0300] "GET /zip.php?dir=CwusrCwshareCwmanCwman3&view=ENGINE_finish.3ssl.gz HTTP/1.1" 429 0 "http://myfununlimited.com/zip.php?dir=CwusrCwshareCwmanCwman3" "Mozilla/5.0 AppleWebKit/537.36 (KHTML, like Gecko; compatible; GPTBot/1.4; +https://openai.com/gptbot)"
74.7.243.228 - - [25/Jul/2026:16:15:13 +0300] "GET /file.php?dir=XPAusrXPAshareXPAmanXPAman8&edit=rpcinfo.8.gz HTTP/1.1" 429 0 "http://myfununlimited.com.logoandwebdesigns.com/file.php?dir=XPAusrXPAshareXPAmanXPAman8" "Mozilla/5.0 AppleWebKit/537.36 (KHTML, like Gecko; compatible; GPTBot/1.4; +https://openai.com/gptbot)"
74.7.227.171 - - [25/Jul/2026:16:18:17 +0300] "GET /zip.php?dir=CwusrCwshareCwmanCwman7&view=crypto-policies.7.gz HTTP/1.1" 429 0 "http://myfununlimited.com/zip.php?dir=CwusrCwshareCwmanCwman7" "Mozilla/5.0 AppleWebKit/537.36 (KHTML, like Gecko; compatible; GPTBot/1.4; +https://openai.com/gptbot)"
74.7.243.228 - - [25/Jul/2026:16:20:30 +0300] "GET /file.php?dir=XPAusrXPAshareXPAmanXPAman1&edit=bcomps.1.gz HTTP/1.1" 429 0 "http://myfununlimited.com.logoandwebdesigns.com/file.php?dir=XPAusrXPAshareXPAmanXPAman1" "Mozilla/5.0 AppleWebKit/537.36 (KHTML, like Gecko; compatible; GPTBot/1.4; +https://openai.com/gptbot)"
74.7.243.228 - - [25/Jul/2026:16:21:31 +0300] "GET /file.php?dir=XPAusrXPAshareXPAmanXPAman1&edit=vimtutor.1.gz HTTP/1.1" 429 0 "http://myfununlimited.com.logoandwebdesigns.com/file.php?dir=XPAusrXPAshareXPAmanXPAman1" "Mozilla/5.0 AppleWebKit/537.36 (KHTML, like Gecko; compatible; GPTBot/1.4; +https://openai.com/gptbot)"
74.7.243.228 - - [25/Jul/2026:16:22:33 +0300] "GET /file.php?dir=XPAusrXPAshareXPAmanXPAman1&edit=dislocate.1.gz HTTP/1.1" 429 0 "http://myfununlimited.com.logoandwebdesigns.com/file.php?dir=XPAusrXPAshareXPAmanXPAman1" "Mozilla/5.0 AppleWebKit/537.36 (KHTML, like Gecko; compatible; GPTBot/1.4; +https://openai.com/gptbot)"
74.7.243.228 - - [25/Jul/2026:16:24:44 +0300] "GET /file.php?dir=XPAusrXPAshareXPAmanXPAman1&edit=perlmacosx.1.gz HTTP/1.1" 429 0 "http://myfununlimited.com.logoandwebdesigns.com/file.php?dir=XPAusrXPAshareXPAmanXPAman1" "Mozilla/5.0 AppleWebKit/537.36 (KHTML, like Gecko; compatible; GPTBot/1.4; +https://openai.com/gptbot)"
74.7.243.228 - - [25/Jul/2026:16:25:45 +0300] "GET /file.php?dir=XPAusrXPAshareXPAmanXPAman1&edit=python2.1.gz HTTP/1.1" 429 0 "http://myfununlimited.com.logoandwebdesigns.com/file.php?dir=XPAusrXPAshareXPAmanXPAman1" "Mozilla/5.0 AppleWebKit/537.36 (KHTML, like Gecko; compatible; GPTBot/1.4; +https://openai.com/gptbot)"
74.7.243.228 - - [25/Jul/2026:16:27:51 +0300] "GET /file.php?dir=XPAusrXPAshareXPAmanXPAman1&edit=mcview.1.gz HTTP/1.1" 429 0 "http://myfununlimited.com.logoandwebdesigns.com/file.php?dir=XPAusrXPAshareXPAmanXPAman1" "Mozilla/5.0 AppleWebKit/537.36 (KHTML, like Gecko; compatible; GPTBot/1.4; +https://openai.com/gptbot)"
74.7.227.171 - - [25/Jul/2026:16:28:39 +0300] "GET /zip.php?dir=CwusrCwshareCwmanCwman5&view=sepgsql_contexts.5.gz HTTP/1.1" 429 0 "http://myfununlimited.com/zip.php?dir=CwusrCwshareCwmanCwman5" "Mozilla/5.0 AppleWebKit/537.36 (KHTML, like Gecko; compatible; GPTBot/1.4; +https://openai.com/gptbot)"
74.7.227.171 - - [25/Jul/2026:16:29:33 +0300] "GET /zip.php?dir=CwusrCwshareCwmanCwman3&view=EVP_SealInit.3ssl.gz HTTP/1.1" 429 0 "http://myfununlimited.com/zip.php?dir=CwusrCwshareCwmanCwman3" "Mozilla/5.0 AppleWebKit/537.36 (KHTML, like Gecko; compatible; GPTBot/1.4; +https://openai.com/gptbot)"
74.7.243.228 - - [25/Jul/2026:16:31:04 +0300] "GET /file.php?dir=XPAusrXPAlib64XPAlibnfsidmap&edit=nsswitch.so HTTP/1.1" 429 0 "http://myfununlimited.com.logoandwebdesigns.com/file.php?dir=XPAusrXPAlib64XPAlibnfsidmap" "Mozilla/5.0 AppleWebKit/537.36 (KHTML, like Gecko; compatible; GPTBot/1.4; +https://openai.com/gptbot)"
74.7.227.171 - - [25/Jul/2026:16:31:44 +0300] "GET /zip.php?dir=CwusrCwshareCwmanCwman3&view=form_fieldtype.3x.gz HTTP/1.1" 429 0 "http://myfununlimited.com/zip.php?dir=CwusrCwshareCwmanCwman3" "Mozilla/5.0 AppleWebKit/537.36 (KHTML, like Gecko; compatible; GPTBot/1.4; +https://openai.com/gptbot)"
74.7.243.228 - - [25/Jul/2026:16:32:07 +0300] "GET /file.php?dir=XPAusrXPAshareXPAmanXPAman1&edit=manconv.1.gz HTTP/1.1" 429 0 "http://myfununlimited.com.logoandwebdesigns.com/file.php?dir=XPAusrXPAshareXPAmanXPAman1" "Mozilla/5.0 AppleWebKit/537.36 (KHTML, like Gecko; compatible; GPTBot/1.4; +https://openai.com/gptbot)"
74.7.227.171 - - [25/Jul/2026:16:33:50 +0300] "GET /zip.php?dir=CwusrCwshareCwmanCwman3&view=d2i_PublicKey.3ssl.gz HTTP/1.1" 429 0 "http://myfununlimited.com/zip.php?dir=CwusrCwshareCwmanCwman3" "Mozilla/5.0 AppleWebKit/537.36 (KHTML, like Gecko; compatible; GPTBot/1.4; +https://openai.com/gptbot)"
74.7.227.171 - - [25/Jul/2026:16:34:52 +0300] "GET /zip.php?dir=CwusrCwshareCwmanCwman3&view=DTLSv1_listen.3ssl.gz HTTP/1.1" 429 0 "http://myfununlimited.com/zip.php?dir=CwusrCwshareCwmanCwman3" "Mozilla/5.0 AppleWebKit/537.36 (KHTML, like Gecko; compatible; GPTBot/1.4; +https://openai.com/gptbot)"
74.7.243.228 - - [25/Jul/2026:16:36:20 +0300] "GET /file.php?dir=XPAusrXPAshareXPAmanXPAman1&edit=keyctl.1.gz HTTP/1.1" 429 0 "http://myfununlimited.com.logoandwebdesigns.com/file.php?dir=XPAusrXPAshareXPAmanXPAman1" "Mozilla/5.0 AppleWebKit/537.36 (KHTML, like Gecko; compatible; GPTBot/1.4; +https://openai.com/gptbot)"
74.7.227.171 - - [25/Jul/2026:16:36:53 +0300] "GET /zip.php?dir=CwusrCwshareCwmanCwman5&view=gitformat-chunk.5.gz HTTP/1.1" 429 0 "http://myfununlimited.com/zip.php?dir=CwusrCwshareCwmanCwman5" "Mozilla/5.0 AppleWebKit/537.36 (KHTML, like Gecko; compatible; GPTBot/1.4; +https://openai.com/gptbot)"
74.7.243.228 - - [25/Jul/2026:16:38:25 +0300] "GET /file.php?dir=XPAusrXPAshareXPAmanXPAman1&edit=perlqnx.1.gz HTTP/1.1" 429 0 "http://myfununlimited.com.logoandwebdesigns.com/file.php?dir=XPAusrXPAshareXPAmanXPAman1" "Mozilla/5.0 AppleWebKit/537.36 (KHTML, like Gecko; compatible; GPTBot/1.4; +https://openai.com/gptbot)"
74.7.243.228 - - [25/Jul/2026:16:39:30 +0300] "GET /file.php?dir=XPAusrXPAshareXPAmanXPAman8&edit=chronyd.8.gz HTTP/1.1" 429 0 "http://myfununlimited.com.logoandwebdesigns.com/file.php?dir=XPAusrXPAshareXPAmanXPAman8" "Mozilla/5.0 AppleWebKit/537.36 (KHTML, like Gecko; compatible; GPTBot/1.4; +https://openai.com/gptbot)"
74.7.243.228 - - [25/Jul/2026:16:42:38 +0300] "GET /file.php?dir=XPAusrXPAshareXPAmanXPAman1&edit=python.1.gz HTTP/1.1" 200 3550 "http://myfununlimited.com.logoandwebdesigns.com/file.php?dir=XPAusrXPAshareXPAmanXPAman1" "Mozilla/5.0 AppleWebKit/537.36 (KHTML, like Gecko; compatible; GPTBot/1.4; +https://openai.com/gptbot)"
74.7.227.171 - - [25/Jul/2026:16:43:07 +0300] "GET /zip.php?dir=CwusrCwshareCwmanCwman3&view=EVP_SignInit.3ssl.gz HTTP/1.1" 429 0 "http://myfununlimited.com/zip.php?dir=CwusrCwshareCwmanCwman3" "Mozilla/5.0 AppleWebKit/537.36 (KHTML, like Gecko; compatible; GPTBot/1.4; +https://openai.com/gptbot)"
74.7.243.228 - - [25/Jul/2026:16:45:41 +0300] "GET /file.php?dir=XPAusrXPAshareXPAmanXPAman1&edit=pkcs8.1ssl.gz HTTP/1.1" 200 8051 "http://myfununlimited.com.logoandwebdesigns.com/file.php?dir=XPAusrXPAshareXPAmanXPAman1" "Mozilla/5.0 AppleWebKit/537.36 (KHTML, like Gecko; compatible; GPTBot/1.4; +https://openai.com/gptbot)"
2a06:98c0:3600::103 - - [25/Jul/2026:16:46:55 +0300] "GET /wp-admin/install.php?step=1 HTTP/1.1" 404 1251 "-" "http://myfununlimited.com/wp-admin/install.php?step=1"
74.7.227.171 - - [25/Jul/2026:16:15:09 +0300] "GET /zip.php?dir=CwusrCwshareCwmanCwman3&view=EVP_OpenFinal.3ssl.gz HTTP/1.1" 429 0 "http://myfununlimited.com/zip.php?dir=CwusrCwshareCwmanCwman3" "Mozilla/5.0 AppleWebKit/537.36 (KHTML, like Gecko; compatible; GPTBot/1.4; +https://openai.com/gptbot)"
74.7.243.228 - - [25/Jul/2026:16:17:21 +0300] "GET /file.php?dir=XPAusrXPAshareXPAmanXPAman5&edit=localtime.5.gz HTTP/1.1" 429 0 "http://myfununlimited.com.logoandwebdesigns.com/file.php?dir=XPAusrXPAshareXPAmanXPAman5" "Mozilla/5.0 AppleWebKit/537.36 (KHTML, like Gecko; compatible; GPTBot/1.4; +https://openai.com/gptbot)"
