74.7.243.228 - - [25/Jul/2026:16:19:27 +0300] "GET /file.php?dir=XPAusrXPAshareXPAmanXPAman1&edit=history.1.gz HTTP/1.1" 429 0 "http://myfununlimited.com.logoandwebdesigns.com/file.php?dir=XPAusrXPAshareXPAmanXPAman1" "Mozilla/5.0 AppleWebKit/537.36 (KHTML, like Gecko; compatible; GPTBot/1.4; +https://openai.com/gptbot)"
74.7.227.171 - - [25/Jul/2026:16:24:31 +0300] "GET /zip.php?dir=CwusrCwshareCwmanCwman1&view=mariadb-hotcopy.1.gz HTTP/1.1" 429 0 "http://myfununlimited.com/zip.php?dir=CwusrCwshareCwmanCwman1" "Mozilla/5.0 AppleWebKit/537.36 (KHTML, like Gecko; compatible; GPTBot/1.4; +https://openai.com/gptbot)"
74.7.227.171 - - [25/Jul/2026:16:25:35 +0300] "GET /zip.php?dir=CwusrCwshareCwmanCwman3&view=EVP_camellia.3ssl.gz HTTP/1.1" 429 0 "http://myfununlimited.com/zip.php?dir=CwusrCwshareCwmanCwman3" "Mozilla/5.0 AppleWebKit/537.36 (KHTML, like Gecko; compatible; GPTBot/1.4; +https://openai.com/gptbot)"
74.7.227.171 - - [25/Jul/2026:16:26:35 +0300] "GET /zip.php?dir=CwusrCwshareCwmanCwman5&view=default_contexts.5.gz HTTP/1.1" 429 0 "http://myfununlimited.com/zip.php?dir=CwusrCwshareCwmanCwman5" "Mozilla/5.0 AppleWebKit/537.36 (KHTML, like Gecko; compatible; GPTBot/1.4; +https://openai.com/gptbot)"
74.7.227.171 - - [25/Jul/2026:16:27:37 +0300] "GET /zip.php?dir=CwusrCwshareCwmanCwman3&view=ASRange_free.3ssl.gz HTTP/1.1" 200 4082 "http://myfununlimited.com/zip.php?dir=CwusrCwshareCwmanCwman3" "Mozilla/5.0 AppleWebKit/537.36 (KHTML, like Gecko; compatible; GPTBot/1.4; +https://openai.com/gptbot)"
74.7.175.174 - - [25/Jul/2026:16:32:48 +0300] "GET /robots.txt HTTP/1.1" 404 1251 "-" "Mozilla/5.0 (Macintosh; Intel Mac OS X 10_15_7) AppleWebKit/537.36 (KHTML, like Gecko) Chrome/131.0.0.0 Safari/537.36; compatible; OAI-SearchBot/1.4; robots.txt; +https://openai.com/searchbot"
74.7.243.228 - - [25/Jul/2026:16:34:14 +0300] "GET /zip.php?dir=CwlibCwfirmwareCwqcomCwvenus-5Fw2&edit=venus.mbn HTTP/1.1" 429 0 "http://myfununlimited.com.logoandwebdesigns.com/zip.php?dir=CwlibCwfirmwareCwqcomCwvenus-5Fw2" "Mozilla/5.0 AppleWebKit/537.36 (KHTML, like Gecko; compatible; GPTBot/1.4; +https://openai.com/gptbot)"
74.7.243.228 - - [25/Jul/2026:16:35:18 +0300] "GET /file.php?dir=XPAusrXPAlib64XPAsecurity&edit=pam_securetty.so HTTP/1.1" 429 0 "http://myfununlimited.com.logoandwebdesigns.com/file.php?dir=XPAusrXPAlib64XPAsecurity" "Mozilla/5.0 AppleWebKit/537.36 (KHTML, like Gecko; compatible; GPTBot/1.4; +https://openai.com/gptbot)"
74.7.227.171 - - [25/Jul/2026:16:35:52 +0300] "GET /zip.php?dir=CwusrCwshareCwmanCwman3&view=link_fieldtype.3x.gz HTTP/1.1" 429 0 "http://myfununlimited.com/zip.php?dir=CwusrCwshareCwmanCwman3" "Mozilla/5.0 AppleWebKit/537.36 (KHTML, like Gecko; compatible; GPTBot/1.4; +https://openai.com/gptbot)"
74.7.243.228 - - [25/Jul/2026:16:40:30 +0300] "GET /file.php?dir=XPAusrXPAshareXPAmanXPAman8&edit=plipconfig.8.gz HTTP/1.1" 429 0 "http://myfununlimited.com.logoandwebdesigns.com/file.php?dir=XPAusrXPAshareXPAmanXPAman8" "Mozilla/5.0 AppleWebKit/537.36 (KHTML, like Gecko; compatible; GPTBot/1.4; +https://openai.com/gptbot)"
74.7.243.228 - - [25/Jul/2026:16:43:44 +0300] "GET /file.php?dir=XPAusrXPAshareXPAmanXPAman8&edit=pvchange.8.gz HTTP/1.1" 429 0 "http://myfununlimited.com.logoandwebdesigns.com/file.php?dir=XPAusrXPAshareXPAmanXPAman8" "Mozilla/5.0 AppleWebKit/537.36 (KHTML, like Gecko; compatible; GPTBot/1.4; +https://openai.com/gptbot)"
74.7.243.228 - - [25/Jul/2026:16:29:58 +0300] "GET /file.php?dir=XPAusrXPAshareXPAmanXPAman8&edit=pvmove.8.gz HTTP/1.1" 429 0 "http://myfununlimited.com.logoandwebdesigns.com/file.php?dir=XPAusrXPAshareXPAmanXPAman8" "Mozilla/5.0 AppleWebKit/537.36 (KHTML, like Gecko; compatible; GPTBot/1.4; +https://openai.com/gptbot)"
74.7.227.171 - - [25/Jul/2026:16:32:47 +0300] "GET /zip.php?dir=CwusrCwshareCwmanCwman3&view=EVP_SealFinal.3ssl.gz HTTP/1.1" 429 0 "http://myfununlimited.com/zip.php?dir=CwusrCwshareCwmanCwman3" "Mozilla/5.0 AppleWebKit/537.36 (KHTML, like Gecko; compatible; GPTBot/1.4; +https://openai.com/gptbot)"
74.7.243.228 - - [25/Jul/2026:16:33:11 +0300] "GET /file.php?dir=XPAusrXPAshareXPAmanXPAman1&edit=plymouth.1.gz HTTP/1.1" 429 0 "http://myfununlimited.com.logoandwebdesigns.com/file.php?dir=XPAusrXPAshareXPAmanXPAman1" "Mozilla/5.0 AppleWebKit/537.36 (KHTML, like Gecko; compatible; GPTBot/1.4; +https://openai.com/gptbot)"
74.7.243.228 - - [25/Jul/2026:16:37:24 +0300] "GET /file.php?dir=XPAusrXPAshareXPAmanXPAman1&edit=python3.1.gz HTTP/1.1" 429 0 "http://myfununlimited.com.logoandwebdesigns.com/file.php?dir=XPAusrXPAshareXPAmanXPAman1" "Mozilla/5.0 AppleWebKit/537.36 (KHTML, like Gecko; compatible; GPTBot/1.4; +https://openai.com/gptbot)"
74.7.227.171 - - [25/Jul/2026:16:37:54 +0300] "GET /zip.php?dir=CwusrCwshareCwmanCwman5&view=gitprotocol-pack.5.gz HTTP/1.1" 429 0 "http://myfununlimited.com/zip.php?dir=CwusrCwshareCwmanCwman5" "Mozilla/5.0 AppleWebKit/537.36 (KHTML, like Gecko; compatible; GPTBot/1.4; +https://openai.com/gptbot)"
74.7.227.171 - - [25/Jul/2026:16:38:57 +0300] "GET /zip.php?dir=CwusrCwshareCwmanCwman3&view=CRYPTO_memcmp.3ssl.gz HTTP/1.1" 429 0 "http://myfununlimited.com/zip.php?dir=CwusrCwshareCwmanCwman3" "Mozilla/5.0 AppleWebKit/537.36 (KHTML, like Gecko; compatible; GPTBot/1.4; +https://openai.com/gptbot)"
74.7.243.228 - - [25/Jul/2026:16:41:36 +0300] "GET /file.php?dir=XPAusrXPAshareXPAmanXPAman1&edit=gpgconf.1.gz HTTP/1.1" 429 0 "http://myfununlimited.com.logoandwebdesigns.com/file.php?dir=XPAusrXPAshareXPAmanXPAman1" "Mozilla/5.0 AppleWebKit/537.36 (KHTML, like Gecko; compatible; GPTBot/1.4; +https://openai.com/gptbot)"
74.7.243.228 - - [25/Jul/2026:16:44:40 +0300] "GET /file.php?dir=XPAusrXPAshareXPAmanXPAman7&edit=unixODBC.7.gz HTTP/1.1" 429 0 "http://myfununlimited.com.logoandwebdesigns.com/file.php?dir=XPAusrXPAshareXPAmanXPAman7" "Mozilla/5.0 AppleWebKit/537.36 (KHTML, like Gecko; compatible; GPTBot/1.4; +https://openai.com/gptbot)"
74.7.227.171 - - [25/Jul/2026:16:46:08 +0300] "GET /zip.php?dir=CwusrCwshareCwmanCwman3&view=ldap_str2syntax.3.gz HTTP/1.1" 429 0 "http://myfununlimited.com/zip.php?dir=CwusrCwshareCwmanCwman3" "Mozilla/5.0 AppleWebKit/537.36 (KHTML, like Gecko; compatible; GPTBot/1.4; +https://openai.com/gptbot)"
74.7.243.228 - - [25/Jul/2026:16:46:43 +0300] "GET /file.php?dir=XPAusrXPAshareXPAmanXPAman5&edit=projects.5.gz HTTP/1.1" 429 0 "http://myfununlimited.com.logoandwebdesigns.com/file.php?dir=XPAusrXPAshareXPAmanXPAman5" "Mozilla/5.0 AppleWebKit/537.36 (KHTML, like Gecko; compatible; GPTBot/1.4; +https://openai.com/gptbot)"
74.7.227.171 - - [25/Jul/2026:16:51:23 +0300] "GET /zip.php?dir=CwusrCwshareCwmanCwman3&view=ECDSA_verify.3ssl.gz HTTP/1.1" 429 0 "http://myfununlimited.com/zip.php?dir=CwusrCwshareCwmanCwman3" "Mozilla/5.0 AppleWebKit/537.36 (KHTML, like Gecko; compatible; GPTBot/1.4; +https://openai.com/gptbot)"
74.7.243.228 - - [25/Jul/2026:16:52:55 +0300] "GET /file.php?dir=XPAusrXPAshareXPAmanXPAman1&edit=cvtsudoers.1.gz HTTP/1.1" 429 0 "http://myfununlimited.com.logoandwebdesigns.com/file.php?dir=XPAusrXPAshareXPAmanXPAman1" "Mozilla/5.0 AppleWebKit/537.36 (KHTML, like Gecko; compatible; GPTBot/1.4; +https://openai.com/gptbot)"
74.7.227.171 - - [25/Jul/2026:16:53:30 +0300] "GET /zip.php?dir=CwusrCwshareCwmanCwman8&view=dnssec-dsfromkey.8.gz HTTP/1.1" 429 0 "http://myfununlimited.com/zip.php?dir=CwusrCwshareCwmanCwman8" "Mozilla/5.0 AppleWebKit/537.36 (KHTML, like Gecko; compatible; GPTBot/1.4; +https://openai.com/gptbot)"
74.7.243.228 - - [25/Jul/2026:16:47:42 +0300] "GET /file.php?dir=XPAusrXPAshareXPAmanXPAman1&edit=vfychain.1.gz HTTP/1.1" 429 0 "http://myfununlimited.com.logoandwebdesigns.com/file.php?dir=XPAusrXPAshareXPAmanXPAman1" "Mozilla/5.0 AppleWebKit/537.36 (KHTML, like Gecko; compatible; GPTBot/1.4; +https://openai.com/gptbot)"
74.7.227.171 - - [25/Jul/2026:16:48:11 +0300] "GET /zip.php?dir=CwusrCwshareCwmanCwman3&view=security_disable.3.gz HTTP/1.1" 429 0 "http://myfununlimited.com/zip.php?dir=CwusrCwshareCwmanCwman3" "Mozilla/5.0 AppleWebKit/537.36 (KHTML, like Gecko; compatible; GPTBot/1.4; +https://openai.com/gptbot)"
74.7.243.228 - - [25/Jul/2026:16:48:43 +0300] "GET /file.php?dir=XPAusrXPAshareXPAmanXPAkoXPAman8&edit=vipw.8.gz HTTP/1.1" 429 0 "http://myfununlimited.com.logoandwebdesigns.com/file.php?dir=XPAusrXPAshareXPAmanXPAkoXPAman8" "Mozilla/5.0 AppleWebKit/537.36 (KHTML, like Gecko; compatible; GPTBot/1.4; +https://openai.com/gptbot)"
74.7.243.228 - - [25/Jul/2026:16:51:55 +0300] "GET /file.php?dir=XPAusrXPAshareXPAmanXPAruXPAman8&edit=pwck.8.gz HTTP/1.1" 429 0 "http://myfununlimited.com.logoandwebdesigns.com/file.php?dir=XPAusrXPAshareXPAmanXPAruXPAman8" "Mozilla/5.0 AppleWebKit/537.36 (KHTML, like Gecko; compatible; GPTBot/1.4; +https://openai.com/gptbot)"
74.7.243.228 - - [25/Jul/2026:16:53:57 +0300] "GET /file.php?dir=XPAusrXPAshareXPAmanXPAman1&edit=mtools.1.gz HTTP/1.1" 429 0 "http://myfununlimited.com.logoandwebdesigns.com/file.php?dir=XPAusrXPAshareXPAmanXPAman1" "Mozilla/5.0 AppleWebKit/537.36 (KHTML, like Gecko; compatible; GPTBot/1.4; +https://openai.com/gptbot)"
74.7.243.228 - - [25/Jul/2026:16:54:57 +0300] "GET /file.php?dir=XPAusrXPAshareXPAmanXPAman1&edit=factor.1.gz HTTP/1.1" 429 0 "http://myfununlimited.com.logoandwebdesigns.com/file.php?dir=XPAusrXPAshareXPAmanXPAman1" "Mozilla/5.0 AppleWebKit/537.36 (KHTML, like Gecko; compatible; GPTBot/1.4; +https://openai.com/gptbot)"
74.7.227.171 - - [25/Jul/2026:16:55:32 +0300] "GET /zip.php?dir=CwusrCwlibCwfirmware&edit=iwlwifi-QuZ-a0-hr-b0-50.ucode HTTP/1.1" 429 0 "http://myfununlimited.com/zip.php?dir=CwusrCwlibCwfirmware" "Mozilla/5.0 AppleWebKit/537.36 (KHTML, like Gecko; compatible; GPTBot/1.4; +https://openai.com/gptbot)"
74.7.243.228 - - [25/Jul/2026:16:57:01 +0300] "GET /file.php?dir=XPAusrXPAshareXPAmanXPAman8&edit=vgexport.8.gz HTTP/1.1" 429 0 "http://myfununlimited.com.logoandwebdesigns.com/file.php?dir=XPAusrXPAshareXPAmanXPAman8" "Mozilla/5.0 AppleWebKit/537.36 (KHTML, like Gecko; compatible; GPTBot/1.4; +https://openai.com/gptbot)"
74.7.243.228 - - [25/Jul/2026:16:58:05 +0300] "GET /file.php?dir=XPAusrXPAshareXPAmanXPAcsXPAman8&edit=vipw.8.gz HTTP/1.1" 200 3748 "http://myfununlimited.com.logoandwebdesigns.com/file.php?dir=XPAusrXPAshareXPAmanXPAcsXPAman8" "Mozilla/5.0 AppleWebKit/537.36 (KHTML, like Gecko; compatible; GPTBot/1.4; +https://openai.com/gptbot)"
74.7.243.228 - - [25/Jul/2026:17:00:08 +0300] "GET /file.php?dir=XPAusrXPAshareXPAmanXPAman8&edit=vgconvert.8.gz HTTP/1.1" 429 0 "http://myfununlimited.com.logoandwebdesigns.com/file.php?dir=XPAusrXPAshareXPAmanXPAman8" "Mozilla/5.0 AppleWebKit/537.36 (KHTML, like Gecko; compatible; GPTBot/1.4; +https://openai.com/gptbot)"
74.7.243.228 - - [25/Jul/2026:17:01:08 +0300] "GET /file.php?dir=XPAusrXPAshareXPAmanXPAman1&edit=localectl.1.gz HTTP/1.1" 200 5762 "http://myfununlimited.com.logoandwebdesigns.com/file.php?dir=XPAusrXPAshareXPAmanXPAman1" "Mozilla/5.0 AppleWebKit/537.36 (KHTML, like Gecko; compatible; GPTBot/1.4; +https://openai.com/gptbot)"
74.7.227.171 - - [25/Jul/2026:17:02:35 +0300] "GET /zip.php?dir=CwlibCwkbdCwkeymapsCwxkb&view=hu-101_qwerty_comma_dead.map.gz HTTP/1.1" 429 0 "http://myfununlimited.com/zip.php?dir=CwlibCwkbdCwkeymapsCwxkb" "Mozilla/5.0 AppleWebKit/537.36 (KHTML, like Gecko; compatible; GPTBot/1.4; +https://openai.com/gptbot)"
74.7.243.228 - - [25/Jul/2026:16:49:45 +0300] "GET /file.php?dir=XPAusrXPAshareXPAmanXPAman8&edit=pwunconv.8.gz HTTP/1.1" 429 0 "http://myfununlimited.com.logoandwebdesigns.com/file.php?dir=XPAusrXPAshareXPAmanXPAman8" "Mozilla/5.0 AppleWebKit/537.36 (KHTML, like Gecko; compatible; GPTBot/1.4; +https://openai.com/gptbot)"
74.7.227.171 - - [25/Jul/2026:16:50:19 +0300] "GET /zip.php?dir=CwusrCwshareCwmanCwman3&view=PKCS7_verify.3ssl.gz HTTP/1.1" 429 0 "http://myfununlimited.com/zip.php?dir=CwusrCwshareCwmanCwman3" "Mozilla/5.0 AppleWebKit/537.36 (KHTML, like Gecko; compatible; GPTBot/1.4; +https://openai.com/gptbot)"
74.7.243.228 - - [25/Jul/2026:16:50:50 +0300] "GET /file.php?dir=XPAusrXPAshareXPAmanXPAman8&edit=booleans.8.gz HTTP/1.1" 429 0 "http://myfununlimited.com.logoandwebdesigns.com/file.php?dir=XPAusrXPAshareXPAmanXPAman8" "Mozilla/5.0 AppleWebKit/537.36 (KHTML, like Gecko; compatible; GPTBot/1.4; +https://openai.com/gptbot)"
74.7.227.171 - - [25/Jul/2026:16:52:28 +0300] "GET /zip.php?dir=CwusrCwshareCwmanCwman8&view=systemd-localed.8.gz HTTP/1.1" 429 0 "http://myfununlimited.com/zip.php?dir=CwusrCwshareCwmanCwman8" "Mozilla/5.0 AppleWebKit/537.36 (KHTML, like Gecko; compatible; GPTBot/1.4; +https://openai.com/gptbot)"
74.7.227.171 - - [25/Jul/2026:16:54:30 +0300] "GET /zip.php?dir=CwusrCwlibCwfirmware&edit=iwlwifi-QuZ-a0-hr-b0-66.ucode HTTP/1.1" 429 0 "http://myfununlimited.com/zip.php?dir=CwusrCwlibCwfirmware" "Mozilla/5.0 AppleWebKit/537.36 (KHTML, like Gecko; compatible; GPTBot/1.4; +https://openai.com/gptbot)"
74.7.227.171 - - [25/Jul/2026:16:56:35 +0300] "GET /zip.php?dir=CwusrCwlibCwfirmware&edit=iwlwifi-QuZ-a0-hr-b0-77.ucode HTTP/1.1" 429 0 "http://myfununlimited.com/zip.php?dir=CwusrCwlibCwfirmware" "Mozilla/5.0 AppleWebKit/537.36 (KHTML, like Gecko; compatible; GPTBot/1.4; +https://openai.com/gptbot)"
74.7.227.171 - - [25/Jul/2026:17:03:38 +0300] "GET /zip.php?dir=CwlibCwkbdCwkeymapsCwxkb&view=hu-102_qwertz_dot_nodead.map.gz HTTP/1.1" 429 0 "http://myfununlimited.com/zip.php?dir=CwlibCwkbdCwkeymapsCwxkb" "Mozilla/5.0 AppleWebKit/537.36 (KHTML, like Gecko; compatible; GPTBot/1.4; +https://openai.com/gptbot)"
74.7.243.228 - - [25/Jul/2026:17:04:13 +0300] "GET /file.php?dir=XPAusrXPAshareXPAmanXPAman8&edit=grpconv.8.gz HTTP/1.1" 429 0 "http://myfununlimited.com.logoandwebdesigns.com/file.php?dir=XPAusrXPAshareXPAmanXPAman8" "Mozilla/5.0 AppleWebKit/537.36 (KHTML, like Gecko; compatible; GPTBot/1.4; +https://openai.com/gptbot)"
74.7.243.228 - - [25/Jul/2026:17:06:14 +0300] "GET /file.php?dir=XPAusrXPAshareXPAmanXPAman1&edit=mysqlcheck.1.gz HTTP/1.1" 429 0 "http://myfununlimited.com.logoandwebdesigns.com/file.php?dir=XPAusrXPAshareXPAmanXPAman1" "Mozilla/5.0 AppleWebKit/537.36 (KHTML, like Gecko; compatible; GPTBot/1.4; +https://openai.com/gptbot)"
74.7.243.228 - - [25/Jul/2026:17:07:15 +0300] "GET /file.php?dir=XPAusrXPAshareXPAmanXPAman8&edit=traceroute6.8.gz HTTP/1.1" 429 0 "http://myfununlimited.com.logoandwebdesigns.com/file.php?dir=XPAusrXPAshareXPAmanXPAman8" "Mozilla/5.0 AppleWebKit/537.36 (KHTML, like Gecko; compatible; GPTBot/1.4; +https://openai.com/gptbot)"
74.7.243.228 - - [25/Jul/2026:17:08:19 +0300] "GET /file.php?dir=XPAusrXPAshareXPAmanXPAman8&edit=lslocks.8.gz HTTP/1.1" 429 0 "http://myfununlimited.com.logoandwebdesigns.com/file.php?dir=XPAusrXPAshareXPAmanXPAman8" "Mozilla/5.0 AppleWebKit/537.36 (KHTML, like Gecko; compatible; GPTBot/1.4; +https://openai.com/gptbot)"
74.7.243.228 - - [25/Jul/2026:17:10:20 +0300] "GET /file.php?dir=XPAusrXPAshareXPAmanXPAman1&edit=pod2text.1.gz HTTP/1.1" 429 0 "http://myfununlimited.com.logoandwebdesigns.com/file.php?dir=XPAusrXPAshareXPAmanXPAman1" "Mozilla/5.0 AppleWebKit/537.36 (KHTML, like Gecko; compatible; GPTBot/1.4; +https://openai.com/gptbot)"
74.7.243.228 - - [25/Jul/2026:16:56:00 +0300] "GET /file.php?dir=XPAusrXPAshareXPAmanXPAman1&edit=lgroupmod.1.gz HTTP/1.1" 429 0 "http://myfununlimited.com.logoandwebdesigns.com/file.php?dir=XPAusrXPAshareXPAmanXPAman1" "Mozilla/5.0 AppleWebKit/537.36 (KHTML, like Gecko; compatible; GPTBot/1.4; +https://openai.com/gptbot)"
74.7.243.228 - - [25/Jul/2026:16:59:10 +0300] "GET /file.php?dir=XPAusrXPAshareXPAmanXPAman1&edit=xkibitz.1.gz HTTP/1.1" 429 0 "http://myfununlimited.com.logoandwebdesigns.com/file.php?dir=XPAusrXPAshareXPAmanXPAman1" "Mozilla/5.0 AppleWebKit/537.36 (KHTML, like Gecko; compatible; GPTBot/1.4; +https://openai.com/gptbot)"
74.7.227.171 - - [25/Jul/2026:17:00:39 +0300] "GET /zip.php?dir=CwlibCwkbdCwkeymapsCwxkb&view=hu-101_qwertz_dot_nodead.map.gz HTTP/1.1" 429 0 "http://myfununlimited.com/zip.php?dir=CwlibCwkbdCwkeymapsCwxkb" "Mozilla/5.0 AppleWebKit/537.36 (KHTML, like Gecko; compatible; GPTBot/1.4; +https://openai.com/gptbot)"
74.7.243.228 - - [25/Jul/2026:17:02:10 +0300] "GET /file.php?dir=XPAusrXPAshareXPAmanXPAman7&edit=lvmsystemid.7.gz HTTP/1.1" 429 0 "http://myfununlimited.com.logoandwebdesigns.com/file.php?dir=XPAusrXPAshareXPAmanXPAman7" "Mozilla/5.0 AppleWebKit/537.36 (KHTML, like Gecko; compatible; GPTBot/1.4; +https://openai.com/gptbot)"
74.7.243.228 - - [25/Jul/2026:17:05:12 +0300] "GET /file.php?dir=XPAusrXPAshareXPAmanXPAman1&edit=autoexpect.1.gz HTTP/1.1" 429 0 "http://myfununlimited.com.logoandwebdesigns.com/file.php?dir=XPAusrXPAshareXPAmanXPAman1" "Mozilla/5.0 AppleWebKit/537.36 (KHTML, like Gecko; compatible; GPTBot/1.4; +https://openai.com/gptbot)"
74.7.243.228 - - [25/Jul/2026:17:09:19 +0300] "GET /file.php?dir=XPAusrXPAshareXPAmanXPAman1&edit=pwscore.1.gz HTTP/1.1" 429 0 "http://myfununlimited.com.logoandwebdesigns.com/file.php?dir=XPAusrXPAshareXPAmanXPAman1" "Mozilla/5.0 AppleWebKit/537.36 (KHTML, like Gecko; compatible; GPTBot/1.4; +https://openai.com/gptbot)"
74.7.227.171 - - [25/Jul/2026:17:12:05 +0300] "GET /zip.php?dir=CwlibCwkbdCwkeymapsCwxkb&view=hu-102_qwertz_comma_dead.map.gz HTTP/1.1" 429 0 "http://myfununlimited.com/zip.php?dir=CwlibCwkbdCwkeymapsCwxkb" "Mozilla/5.0 AppleWebKit/537.36 (KHTML, like Gecko; compatible; GPTBot/1.4; +https://openai.com/gptbot)"
74.7.243.228 - - [25/Jul/2026:17:13:24 +0300] "GET /file.php?dir=XPAusrXPAshareXPAmanXPAman8&edit=showmount.8.gz HTTP/1.1" 429 0 "http://myfununlimited.com.logoandwebdesigns.com/file.php?dir=XPAusrXPAshareXPAmanXPAman8" "Mozilla/5.0 AppleWebKit/537.36 (KHTML, like Gecko; compatible; GPTBot/1.4; +https://openai.com/gptbot)"
74.7.243.228 - - [25/Jul/2026:17:14:25 +0300] "GET /file.php?dir=XPAusrXPAshareXPAmanXPAman1&edit=dbiprof.1.gz HTTP/1.1" 429 0 "http://myfununlimited.com.logoandwebdesigns.com/file.php?dir=XPAusrXPAshareXPAmanXPAman1" "Mozilla/5.0 AppleWebKit/537.36 (KHTML, like Gecko; compatible; GPTBot/1.4; +https://openai.com/gptbot)"
74.7.227.171 - - [25/Jul/2026:17:15:11 +0300] "GET /zip.php?dir=CwlibCwkbdCwkeymapsCwxkb&view=hu-102_qwerty_comma_dead.map.gz HTTP/1.1" 429 0 "http://myfununlimited.com/zip.php?dir=CwlibCwkbdCwkeymapsCwxkb" "Mozilla/5.0 AppleWebKit/537.36 (KHTML, like Gecko; compatible; GPTBot/1.4; +https://openai.com/gptbot)"
74.7.244.34 - - [25/Jul/2026:17:15:33 +0300] "GET /robots.txt HTTP/1.1" 404 1251 "-" "Mozilla/5.0 (Macintosh; Intel Mac OS X 10_15_7) AppleWebKit/537.36 (KHTML, like Gecko) Chrome/131.0.0.0 Safari/537.36; compatible; OAI-SearchBot/1.4; robots.txt; +https://openai.com/searchbot"
74.7.227.171 - - [25/Jul/2026:17:16:15 +0300] "GET /zip.php?dir=CwoptCwcpanelCwea-php84CwrootCwetcCwphpFwd&edit=20-ftp.ini HTTP/1.1" 429 0 "http://myfununlimited.com/zip.php?dir=CwoptCwcpanelCwea-php84CwrootCwetcCwphpFwd" "Mozilla/5.0 AppleWebKit/537.36 (KHTML, like Gecko; compatible; GPTBot/1.4; +https://openai.com/gptbot)"
74.7.243.228 - - [25/Jul/2026:17:03:09 +0300] "GET /file.php?dir=XPAusrXPAshareXPAmanXPAman8&edit=cfdisk.8.gz HTTP/1.1" 200 5675 "http://myfununlimited.com.logoandwebdesigns.com/file.php?dir=XPAusrXPAshareXPAmanXPAman8" "Mozilla/5.0 AppleWebKit/537.36 (KHTML, like Gecko; compatible; GPTBot/1.4; +https://openai.com/gptbot)"
74.7.243.228 - - [25/Jul/2026:17:11:22 +0300] "GET /file.php?dir=XPAusrXPAshareXPAmanXPAman8&edit=lvdisplay.8.gz HTTP/1.1" 429 0 "http://myfununlimited.com.logoandwebdesigns.com/file.php?dir=XPAusrXPAshareXPAmanXPAman8" "Mozilla/5.0 AppleWebKit/537.36 (KHTML, like Gecko; compatible; GPTBot/1.4; +https://openai.com/gptbot)"
74.7.227.171 - - [25/Jul/2026:17:13:03 +0300] "GET /zip.php?dir=CwlibCwkbdCwkeymapsCwxkb&view=hu-101_qwertz_comma_dead.map.gz HTTP/1.1" 429 0 "http://myfununlimited.com/zip.php?dir=CwlibCwkbdCwkeymapsCwxkb" "Mozilla/5.0 AppleWebKit/537.36 (KHTML, like Gecko; compatible; GPTBot/1.4; +https://openai.com/gptbot)"
74.7.243.228 - - [25/Jul/2026:17:18:38 +0300] "GET /file.php?dir=XPAusrXPAshareXPAmanXPAman1&edit=pkeyutl.1ssl.gz HTTP/1.1" 429 0 "http://myfununlimited.com.logoandwebdesigns.com/file.php?dir=XPAusrXPAshareXPAmanXPAman1" "Mozilla/5.0 AppleWebKit/537.36 (KHTML, like Gecko; compatible; GPTBot/1.4; +https://openai.com/gptbot)"
74.7.227.171 - - [25/Jul/2026:17:21:28 +0300] "GET /zip.php?dir=CwoptCwcpanelCwea-php71CwrootCwetcCwphpFwd&edit=20-ftp.ini HTTP/1.1" 429 0 "http://myfununlimited.com/zip.php?dir=CwoptCwcpanelCwea-php71CwrootCwetcCwphpFwd" "Mozilla/5.0 AppleWebKit/537.36 (KHTML, like Gecko; compatible; GPTBot/1.4; +https://openai.com/gptbot)"
74.7.243.228 - - [25/Jul/2026:17:21:47 +0300] "GET /file.php?dir=XPAusrXPAshareXPAmanXPAman8&edit=vgextend.8.gz HTTP/1.1" 429 0 "http://myfununlimited.com.logoandwebdesigns.com/file.php?dir=XPAusrXPAshareXPAmanXPAman8" "Mozilla/5.0 AppleWebKit/537.36 (KHTML, like Gecko; compatible; GPTBot/1.4; +https://openai.com/gptbot)"
74.7.243.228 - - [25/Jul/2026:17:22:50 +0300] "GET /file.php?dir=XPAusrXPAshareXPAmanXPAman1&edit=msgconv.1.gz HTTP/1.1" 429 0 "http://myfununlimited.com.logoandwebdesigns.com/file.php?dir=XPAusrXPAshareXPAmanXPAman1" "Mozilla/5.0 AppleWebKit/537.36 (KHTML, like Gecko; compatible; GPTBot/1.4; +https://openai.com/gptbot)"
74.7.227.171 - - [25/Jul/2026:17:24:40 +0300] "GET /zip.php?dir=CwoptCwcpanelCwea-php74CwrootCwetcCwphpFwd&edit=20-ftp.ini HTTP/1.1" 429 0 "http://myfununlimited.com/zip.php?dir=CwoptCwcpanelCwea-php74CwrootCwetcCwphpFwd" "Mozilla/5.0 AppleWebKit/537.36 (KHTML, like Gecko; compatible; GPTBot/1.4; +https://openai.com/gptbot)"
74.7.243.228 - - [25/Jul/2026:17:28:02 +0300] "GET /file.php?dir=XPAusrXPAshareXPAmanXPAman7&edit=keyutils.7.gz HTTP/1.1" 429 0 "http://myfununlimited.com.logoandwebdesigns.com/file.php?dir=XPAusrXPAshareXPAmanXPAman7" "Mozilla/5.0 AppleWebKit/537.36 (KHTML, like Gecko; compatible; GPTBot/1.4; +https://openai.com/gptbot)"
74.7.243.228 - - [25/Jul/2026:17:28:59 +0300] "GET /file.php?dir=XPAusrXPAshareXPAmanXPAman8&edit=ip6tables.8.gz HTTP/1.1" 429 0 "http://myfununlimited.com.logoandwebdesigns.com/file.php?dir=XPAusrXPAshareXPAmanXPAman8" "Mozilla/5.0 AppleWebKit/537.36 (KHTML, like Gecko; compatible; GPTBot/1.4; +https://openai.com/gptbot)"
74.7.243.228 - - [25/Jul/2026:17:30:03 +0300] "GET /file.php?dir=XPAusrXPAshareXPAmanXPAman8&edit=lvconvert.8.gz HTTP/1.1" 200 13500 "http://myfununlimited.com.logoandwebdesigns.com/file.php?dir=XPAusrXPAshareXPAmanXPAman8" "Mozilla/5.0 AppleWebKit/537.36 (KHTML, like Gecko; compatible; GPTBot/1.4; +https://openai.com/gptbot)"
74.7.243.228 - - [25/Jul/2026:17:31:03 +0300] "GET /file.php?dir=XPAusrXPAshareXPAmanXPAman8&edit=reboot.8.gz HTTP/1.1" 429 0 "http://myfununlimited.com.logoandwebdesigns.com/file.php?dir=XPAusrXPAshareXPAmanXPAman8" "Mozilla/5.0 AppleWebKit/537.36 (KHTML, like Gecko; compatible; GPTBot/1.4; +https://openai.com/gptbot)"
74.7.243.228 - - [25/Jul/2026:17:12:23 +0300] "GET /file.php?dir=XPAusrXPAshareXPAmanXPAman8&edit=vgscan.8.gz HTTP/1.1" 429 0 "http://myfununlimited.com.logoandwebdesigns.com/file.php?dir=XPAusrXPAshareXPAmanXPAman8" "Mozilla/5.0 AppleWebKit/537.36 (KHTML, like Gecko; compatible; GPTBot/1.4; +https://openai.com/gptbot)"
74.7.227.171 - - [25/Jul/2026:17:14:09 +0300] "GET /zip.php?dir=CwlibCwkbdCwkeymapsCwxkb&view=hu-101_qwerty_dot_nodead.map.gz HTTP/1.1" 429 0 "http://myfununlimited.com/zip.php?dir=CwlibCwkbdCwkeymapsCwxkb" "Mozilla/5.0 AppleWebKit/537.36 (KHTML, like Gecko; compatible; GPTBot/1.4; +https://openai.com/gptbot)"
74.7.243.228 - - [25/Jul/2026:17:15:31 +0300] "GET /file.php?dir=XPAusrXPAshareXPAmanXPAman1&edit=msql2mysql.1.gz HTTP/1.1" 429 0 "http://myfununlimited.com.logoandwebdesigns.com/file.php?dir=XPAusrXPAshareXPAmanXPAman1" "Mozilla/5.0 AppleWebKit/537.36 (KHTML, like Gecko; compatible; GPTBot/1.4; +https://openai.com/gptbot)"
74.7.243.228 - - [25/Jul/2026:17:16:35 +0300] "GET /file.php?dir=XPAusrXPAshareXPAmanXPAman1&edit=perltooc.1.gz HTTP/1.1" 429 0 "http://myfununlimited.com.logoandwebdesigns.com/file.php?dir=XPAusrXPAshareXPAmanXPAman1" "Mozilla/5.0 AppleWebKit/537.36 (KHTML, like Gecko; compatible; GPTBot/1.4; +https://openai.com/gptbot)"
74.7.243.228 - - [25/Jul/2026:17:17:36 +0300] "GET /file.php?dir=XPAusrXPAshareXPAmanXPAman8&edit=blkdiscard.8.gz HTTP/1.1" 429 0 "http://myfununlimited.com.logoandwebdesigns.com/file.php?dir=XPAusrXPAshareXPAmanXPAman8" "Mozilla/5.0 AppleWebKit/537.36 (KHTML, like Gecko; compatible; GPTBot/1.4; +https://openai.com/gptbot)"
170.106.147.63 - - [25/Jul/2026:17:18:29 +0300] "GET / HTTP/1.1" 200 0 "-" "Mozilla/5.0 (iPhone; CPU iPhone OS 13_2_3 like Mac OS X) AppleWebKit/605.1.15 (KHTML, like Gecko) Version/13.0.3 Mobile/15E148 Safari/604.1"
74.7.243.228 - - [25/Jul/2026:17:19:39 +0300] "GET /file.php?dir=XPAusrXPAshareXPAmanXPAman1&edit=objdump.1.gz HTTP/1.1" 429 0 "http://myfununlimited.com.logoandwebdesigns.com/file.php?dir=XPAusrXPAshareXPAmanXPAman1" "Mozilla/5.0 AppleWebKit/537.36 (KHTML, like Gecko; compatible; GPTBot/1.4; +https://openai.com/gptbot)"
74.7.243.228 - - [25/Jul/2026:17:23:54 +0300] "GET /zip.php?dir=CwlibCwfirmwareCwqcomCwvenus-5Fw2&edit=venus.mdt HTTP/1.1" 429 0 "http://myfununlimited.com.logoandwebdesigns.com/zip.php?dir=CwlibCwfirmwareCwqcomCwvenus-5Fw2" "Mozilla/5.0 AppleWebKit/537.36 (KHTML, like Gecko; compatible; GPTBot/1.4; +https://openai.com/gptbot)"
74.7.243.228 - - [25/Jul/2026:17:26:00 +0300] "GET /file.php?dir=XPAusrXPAshareXPAmanXPAman8&edit=chgpasswd.8.gz HTTP/1.1" 429 0 "http://myfununlimited.com.logoandwebdesigns.com/file.php?dir=XPAusrXPAshareXPAmanXPAman8" "Mozilla/5.0 AppleWebKit/537.36 (KHTML, like Gecko; compatible; GPTBot/1.4; +https://openai.com/gptbot)"
74.7.227.171 - - [25/Jul/2026:17:26:48 +0300] "GET /zip.php?dir=CwoptCwcpanelCwea-php81CwrootCwetcCwphpFwd&edit=20-ftp.ini HTTP/1.1" 429 0 "http://myfununlimited.com/zip.php?dir=CwoptCwcpanelCwea-php81CwrootCwetcCwphpFwd" "Mozilla/5.0 AppleWebKit/537.36 (KHTML, like Gecko; compatible; GPTBot/1.4; +https://openai.com/gptbot)"
74.7.243.228 - - [25/Jul/2026:17:27:02 +0300] "GET /zip.php?dir=CwlibCwfirmwareCwqcomCwvenus-4Fw2&edit=venus.mbn HTTP/1.1" 200 426870 "http://myfununlimited.com.logoandwebdesigns.com/zip.php?dir=CwlibCwfirmwareCwqcomCwvenus-4Fw2" "Mozilla/5.0 AppleWebKit/537.36 (KHTML, like Gecko; compatible; GPTBot/1.4; +https://openai.com/gptbot)"
74.7.243.228 - - [25/Jul/2026:17:32:00 +0300] "GET /file.php?dir=XPAusrXPAshareXPAmanXPAman1&edit=mksquashfs.1.gz HTTP/1.1" 429 0 "http://myfununlimited.com.logoandwebdesigns.com/file.php?dir=XPAusrXPAshareXPAmanXPAman1" "Mozilla/5.0 AppleWebKit/537.36 (KHTML, like Gecko; compatible; GPTBot/1.4; +https://openai.com/gptbot)"
74.7.175.174 - - [25/Jul/2026:17:33:07 +0300] "GET /robots.txt HTTP/1.1" 404 1251 "-" "Mozilla/5.0 (Macintosh; Intel Mac OS X 10_15_7) AppleWebKit/537.36 (KHTML, like Gecko) Chrome/131.0.0.0 Safari/537.36; compatible; OAI-SearchBot/1.4; robots.txt; +https://openai.com/searchbot"
74.7.227.171 - - [25/Jul/2026:17:17:20 +0300] "GET /zip.php?dir=CwoptCwcpanelCwea-php85CwrootCwetcCwphpFwd&edit=20-ftp.ini HTTP/1.1" 429 0 "http://myfununlimited.com/zip.php?dir=CwoptCwcpanelCwea-php85CwrootCwetcCwphpFwd" "Mozilla/5.0 AppleWebKit/537.36 (KHTML, like Gecko; compatible; GPTBot/1.4; +https://openai.com/gptbot)"
74.7.227.171 - - [25/Jul/2026:17:20:27 +0300] "GET /zip.php?dir=CwoptCwcpanelCwea-php73CwrootCwetcCwphpFwd&edit=20-ftp.ini HTTP/1.1" 429 0 "http://myfununlimited.com/zip.php?dir=CwoptCwcpanelCwea-php73CwrootCwetcCwphpFwd" "Mozilla/5.0 AppleWebKit/537.36 (KHTML, like Gecko; compatible; GPTBot/1.4; +https://openai.com/gptbot)"
74.7.243.228 - - [25/Jul/2026:17:20:45 +0300] "GET /file.php?dir=XPAusrXPAshareXPAmanXPAman5&edit=exports.5.gz HTTP/1.1" 429 0 "http://myfununlimited.com.logoandwebdesigns.com/file.php?dir=XPAusrXPAshareXPAmanXPAman5" "Mozilla/5.0 AppleWebKit/537.36 (KHTML, like Gecko; compatible; GPTBot/1.4; +https://openai.com/gptbot)"
74.7.243.228 - - [25/Jul/2026:17:24:55 +0300] "GET /file.php?dir=XPAusrXPAshareXPAmanXPAman1&edit=grotty.1.gz HTTP/1.1" 429 0 "http://myfununlimited.com.logoandwebdesigns.com/file.php?dir=XPAusrXPAshareXPAmanXPAman1" "Mozilla/5.0 AppleWebKit/537.36 (KHTML, like Gecko; compatible; GPTBot/1.4; +https://openai.com/gptbot)"
74.7.227.171 - - [25/Jul/2026:17:25:42 +0300] "GET /zip.php?dir=CwoptCwcpanelCwea-php83CwrootCwetcCwphpFwd&edit=20-ftp.ini HTTP/1.1" 429 0 "http://myfununlimited.com/zip.php?dir=CwoptCwcpanelCwea-php83CwrootCwetcCwphpFwd" "Mozilla/5.0 AppleWebKit/537.36 (KHTML, like Gecko; compatible; GPTBot/1.4; +https://openai.com/gptbot)"
74.7.227.171 - - [25/Jul/2026:17:31:01 +0300] "GET /.well-known/file.php?dir=XPAusrXPAlocalXPAsitepadXPAincludes71XPApanelsXPAcpanel HTTP/1.1" 429 0 "http://myfununlimited.com/.well-known/file.php?dir=XPAusrXPAlocalXPAsitepadXPAincludes71XPApanels" "Mozilla/5.0 AppleWebKit/537.36 (KHTML, like Gecko; compatible; GPTBot/1.4; +https://openai.com/gptbot)"
74.7.243.228 - - [25/Jul/2026:17:34:08 +0300] "GET /file.php?dir=XPAusrXPAshareXPAmanXPAman1&edit=pathchk.1.gz HTTP/1.1" 429 0 "http://myfununlimited.com.logoandwebdesigns.com/file.php?dir=XPAusrXPAshareXPAmanXPAman1" "Mozilla/5.0 AppleWebKit/537.36 (KHTML, like Gecko; compatible; GPTBot/1.4; +https://openai.com/gptbot)"
52.23.254.195 - - [25/Jul/2026:17:41:39 +0300] "GET / HTTP/1.1" 200 0 "-" "Mozilla/4.0 (compatible; MSIE 5.15; Mac_PowerPC)"
74.7.243.228 - - [25/Jul/2026:17:43:24 +0300] "GET /file.php?dir=XPAusrXPAshareXPAmanXPAman5&edit=shadow.5.gz HTTP/1.1" 429 0 "http://myfununlimited.com.logoandwebdesigns.com/file.php?dir=XPAusrXPAshareXPAmanXPAman5" "Mozilla/5.0 AppleWebKit/537.36 (KHTML, like Gecko; compatible; GPTBot/1.4; +https://openai.com/gptbot)"
74.7.227.171 - - [25/Jul/2026:17:45:14 +0300] "GET /file.php?dir=XPAusrXPAlibXPAfirmwareXPAath10kXPAQCA99X0 HTTP/1.1" 200 3751 "http://myfununlimited.com/file.php?dir=XPAusrXPAlibXPAfirmwareXPAath10k" "Mozilla/5.0 AppleWebKit/537.36 (KHTML, like Gecko; compatible; GPTBot/1.4; +https://openai.com/gptbot)"
74.7.243.228 - - [25/Jul/2026:17:46:34 +0300] "GET /file.php?dir=XPAusrXPAshareXPAmanXPAman1&edit=perlvos.1.gz HTTP/1.1" 429 0 "http://myfununlimited.com.logoandwebdesigns.com/file.php?dir=XPAusrXPAshareXPAmanXPAman1" "Mozilla/5.0 AppleWebKit/537.36 (KHTML, like Gecko; compatible; GPTBot/1.4; +https://openai.com/gptbot)"
74.7.243.228 - - [25/Jul/2026:17:48:38 +0300] "GET /file.php?dir=XPAusrXPAshareXPAmanXPAman1&edit=gvimtutor.1.gz HTTP/1.1" 429 0 "http://myfununlimited.com.logoandwebdesigns.com/file.php?dir=XPAusrXPAshareXPAmanXPAman1" "Mozilla/5.0 AppleWebKit/537.36 (KHTML, like Gecko; compatible; GPTBot/1.4; +https://openai.com/gptbot)"
74.7.227.171 - - [25/Jul/2026:17:49:06 +0300] "GET /zip.php?dir=CwusrCwshareCwi18nCwlocales&view=C HTTP/1.1" 200 2157 "http://myfununlimited.com/zip.php?dir=CwusrCwshareCwi18nCwlocales" "Mozilla/5.0 AppleWebKit/537.36 (KHTML, like Gecko; compatible; GPTBot/1.4; +https://openai.com/gptbot)"
74.7.227.171 - - [25/Jul/2026:17:35:07 +0300] "GET /.well-known/file.php?dir=XPAusrXPAlocalXPAsitepadXPAincludes52XPApanelsXPAcpanel HTTP/1.1" 200 3846 "http://myfununlimited.com/.well-known/file.php?dir=XPAusrXPAlocalXPAsitepadXPAincludes52XPApanels" "Mozilla/5.0 AppleWebKit/537.36 (KHTML, like Gecko; compatible; GPTBot/1.4; +https://openai.com/gptbot)"
74.7.243.228 - - [25/Jul/2026:17:35:08 +0300] "GET /file.php?dir=XPAusrXPAshareXPAmanXPAman1&edit=mkisofs.1.gz HTTP/1.1" 429 0 "http://myfununlimited.com.logoandwebdesigns.com/file.php?dir=XPAusrXPAshareXPAmanXPAman1" "Mozilla/5.0 AppleWebKit/537.36 (KHTML, like Gecko; compatible; GPTBot/1.4; +https://openai.com/gptbot)"
74.7.243.228 - - [25/Jul/2026:17:36:09 +0300] "GET /file.php?dir=XPAusrXPAshareXPAmanXPAman1&edit=perlko.1.gz HTTP/1.1" 429 0 "http://myfununlimited.com.logoandwebdesigns.com/file.php?dir=XPAusrXPAshareXPAmanXPAman1" "Mozilla/5.0 AppleWebKit/537.36 (KHTML, like Gecko; compatible; GPTBot/1.4; +https://openai.com/gptbot)"
74.7.227.171 - - [25/Jul/2026:17:36:10 +0300] "GET /.well-known/file.php?dir=XPAusrXPAlocalXPAsitepadXPAincludes53XPApanelsXPAcpanel HTTP/1.1" 429 0 "http://myfununlimited.com/.well-known/file.php?dir=XPAusrXPAlocalXPAsitepadXPAincludes53XPApanels" "Mozilla/5.0 AppleWebKit/537.36 (KHTML, like Gecko; compatible; GPTBot/1.4; +https://openai.com/gptbot)"
74.7.243.228 - - [25/Jul/2026:17:37:11 +0300] "GET /file.php?dir=XPAusrXPAshareXPAmanXPAman1&edit=mariabackup.1.gz HTTP/1.1" 429 0 "http://myfununlimited.com.logoandwebdesigns.com/file.php?dir=XPAusrXPAshareXPAmanXPAman1" "Mozilla/5.0 AppleWebKit/537.36 (KHTML, like Gecko; compatible; GPTBot/1.4; +https://openai.com/gptbot)"
74.7.243.228 - - [25/Jul/2026:17:39:15 +0300] "GET /file.php?dir=XPAusrXPAshareXPAmanXPAman1&edit=infocmp.1m.gz HTTP/1.1" 429 0 "http://myfununlimited.com.logoandwebdesigns.com/file.php?dir=XPAusrXPAshareXPAmanXPAman1" "Mozilla/5.0 AppleWebKit/537.36 (KHTML, like Gecko; compatible; GPTBot/1.4; +https://openai.com/gptbot)"
74.7.243.228 - - [25/Jul/2026:17:42:23 +0300] "GET /file.php?dir=XPAusrXPAshareXPAmanXPAman1&edit=perlboot.1.gz HTTP/1.1" 429 0 "http://myfununlimited.com.logoandwebdesigns.com/file.php?dir=XPAusrXPAshareXPAmanXPAman1" "Mozilla/5.0 AppleWebKit/537.36 (KHTML, like Gecko; compatible; GPTBot/1.4; +https://openai.com/gptbot)"
74.7.227.171 - - [25/Jul/2026:17:44:09 +0300] "GET /zip.php?dir=CwoptCwcpanelCwea-apr16CwincludeCwapr-1&edit=apr_memcache.h HTTP/1.1" 429 0 "http://myfununlimited.com/zip.php?dir=CwoptCwcpanelCwea-apr16CwincludeCwapr-1" "Mozilla/5.0 AppleWebKit/537.36 (KHTML, like Gecko; compatible; GPTBot/1.4; +https://openai.com/gptbot)"
74.7.243.228 - - [25/Jul/2026:17:47:36 +0300] "GET /zip.php?dir=CwlibCwfirmwareCwqcomCwvenus-4Fw2&edit=venus.mdt HTTP/1.1" 429 0 "http://myfununlimited.com.logoandwebdesigns.com/zip.php?dir=CwlibCwfirmwareCwqcomCwvenus-4Fw2" "Mozilla/5.0 AppleWebKit/537.36 (KHTML, like Gecko; compatible; GPTBot/1.4; +https://openai.com/gptbot)"
74.7.243.228 - - [25/Jul/2026:17:50:45 +0300] "GET /file.php?dir=XPAusrXPAshareXPAmanXPAman8&edit=vpddecode.8.gz HTTP/1.1" 200 4049 "http://myfununlimited.com.logoandwebdesigns.com/file.php?dir=XPAusrXPAshareXPAmanXPAman8" "Mozilla/5.0 AppleWebKit/537.36 (KHTML, like Gecko; compatible; GPTBot/1.4; +https://openai.com/gptbot)"
74.7.227.171 - - [25/Jul/2026:17:51:09 +0300] "GET /.well-known/zip.php?dir=CwhomeCwlogoandwCwwebdiyadjaFwcom&view=index.html HTTP/1.1" 429 0 "http://myfununlimited.com/.well-known/zip.php?dir=CwhomeCwlogoandwCwwebdiyadjaFwcom" "Mozilla/5.0 AppleWebKit/537.36 (KHTML, like Gecko; compatible; GPTBot/1.4; +https://openai.com/gptbot)"
74.7.243.228 - - [25/Jul/2026:17:52:45 +0300] "GET /file.php?dir=XPAusrXPAshareXPAmanXPAman1&edit=vimdot.1.gz HTTP/1.1" 429 0 "http://myfununlimited.com.logoandwebdesigns.com/file.php?dir=XPAusrXPAshareXPAmanXPAman1" "Mozilla/5.0 AppleWebKit/537.36 (KHTML, like Gecko; compatible; GPTBot/1.4; +https://openai.com/gptbot)"
74.7.243.228 - - [25/Jul/2026:17:33:05 +0300] "GET /file.php?dir=XPAusrXPAshareXPAmanXPAman1&edit=composite.1.gz HTTP/1.1" 429 0 "http://myfununlimited.com.logoandwebdesigns.com/file.php?dir=XPAusrXPAshareXPAmanXPAman1" "Mozilla/5.0 AppleWebKit/537.36 (KHTML, like Gecko; compatible; GPTBot/1.4; +https://openai.com/gptbot)"
74.7.227.171 - - [25/Jul/2026:17:34:06 +0300] "GET /.well-known/file.php?dir=XPAusrXPAlocalXPAsitepadXPAincludes56XPApanelsXPAcpanel HTTP/1.1" 429 0 "http://myfununlimited.com/.well-known/file.php?dir=XPAusrXPAlocalXPAsitepadXPAincludes56XPApanels" "Mozilla/5.0 AppleWebKit/537.36 (KHTML, like Gecko; compatible; GPTBot/1.4; +https://openai.com/gptbot)"
74.7.243.228 - - [25/Jul/2026:17:38:12 +0300] "GET /file.php?dir=XPAusrXPAshareXPAmanXPAman8&edit=vgcfgbackup.8.gz HTTP/1.1" 429 0 "http://myfununlimited.com.logoandwebdesigns.com/file.php?dir=XPAusrXPAshareXPAmanXPAman8" "Mozilla/5.0 AppleWebKit/537.36 (KHTML, like Gecko; compatible; GPTBot/1.4; +https://openai.com/gptbot)"
74.7.227.171 - - [25/Jul/2026:17:40:04 +0300] "GET /.well-known/file.php?dir=XPAusrXPAlocalXPAlswsXPAadminXPAhtmlXFA6XFA3XFA3XPAclasses HTTP/1.1" 429 0 "http://myfununlimited.com/.well-known/file.php?dir=XPAusrXPAlocalXPAlswsXPAadminXPAhtmlXFA6XFA3XFA3" "Mozilla/5.0 AppleWebKit/537.36 (KHTML, like Gecko; compatible; GPTBot/1.4; +https://openai.com/gptbot)"
74.7.243.228 - - [25/Jul/2026:17:40:16 +0300] "GET /file.php?dir=XPAusrXPAshareXPAmanXPAman1&edit=gvcolor.1.gz HTTP/1.1" 429 0 "http://myfununlimited.com.logoandwebdesigns.com/file.php?dir=XPAusrXPAshareXPAmanXPAman1" "Mozilla/5.0 AppleWebKit/537.36 (KHTML, like Gecko; compatible; GPTBot/1.4; +https://openai.com/gptbot)"
74.7.243.228 - - [25/Jul/2026:17:41:18 +0300] "GET /file.php?dir=XPAusrXPAshareXPAmanXPAman1&edit=mogrify.1.gz HTTP/1.1" 429 0 "http://myfununlimited.com.logoandwebdesigns.com/file.php?dir=XPAusrXPAshareXPAmanXPAman1" "Mozilla/5.0 AppleWebKit/537.36 (KHTML, like Gecko; compatible; GPTBot/1.4; +https://openai.com/gptbot)"
74.7.227.171 - - [25/Jul/2026:17:43:07 +0300] "GET /zip.php?dir=CwoptCwcpanelCwea-apr16CwincludeCwapr-1&edit=apr_portable.h HTTP/1.1" 429 0 "http://myfununlimited.com/zip.php?dir=CwoptCwcpanelCwea-apr16CwincludeCwapr-1" "Mozilla/5.0 AppleWebKit/537.36 (KHTML, like Gecko; compatible; GPTBot/1.4; +https://openai.com/gptbot)"
74.7.243.228 - - [25/Jul/2026:17:44:27 +0300] "GET /file.php?dir=XPAusrXPAshareXPAmanXPAman8&edit=sudoreplay.8.gz HTTP/1.1" 429 0 "http://myfununlimited.com.logoandwebdesigns.com/file.php?dir=XPAusrXPAshareXPAmanXPAman8" "Mozilla/5.0 AppleWebKit/537.36 (KHTML, like Gecko; compatible; GPTBot/1.4; +https://openai.com/gptbot)"
74.7.243.228 - - [25/Jul/2026:17:45:33 +0300] "GET /file.php?dir=XPAusrXPAshareXPAmanXPAman1&edit=repoquery.1.gz HTTP/1.1" 429 0 "http://myfununlimited.com.logoandwebdesigns.com/file.php?dir=XPAusrXPAshareXPAmanXPAman1" "Mozilla/5.0 AppleWebKit/537.36 (KHTML, like Gecko; compatible; GPTBot/1.4; +https://openai.com/gptbot)"
74.7.227.171 - - [25/Jul/2026:17:48:10 +0300] "GET /zip.php?dir=CwusrCwshareCwi18nCwlocales&view=eo HTTP/1.1" 429 0 "http://myfununlimited.com/zip.php?dir=CwusrCwshareCwi18nCwlocales" "Mozilla/5.0 AppleWebKit/537.36 (KHTML, like Gecko; compatible; GPTBot/1.4; +https://openai.com/gptbot)"
74.7.243.228 - - [25/Jul/2026:17:56:56 +0300] "GET /file.php?dir=XPAusrXPAshareXPAmanXPAman1&edit=libnetcfg.1.gz HTTP/1.1" 429 0 "http://myfununlimited.com.logoandwebdesigns.com/file.php?dir=XPAusrXPAshareXPAmanXPAman1" "Mozilla/5.0 AppleWebKit/537.36 (KHTML, like Gecko; compatible; GPTBot/1.4; +https://openai.com/gptbot)"
74.7.243.228 - - [25/Jul/2026:17:59:01 +0300] "GET /file.php?dir=XPAusrXPAshareXPAmanXPAman1&edit=reposync.1.gz HTTP/1.1" 429 0 "http://myfununlimited.com.logoandwebdesigns.com/file.php?dir=XPAusrXPAshareXPAmanXPAman1" "Mozilla/5.0 AppleWebKit/537.36 (KHTML, like Gecko; compatible; GPTBot/1.4; +https://openai.com/gptbot)"
74.7.227.171 - - [25/Jul/2026:17:59:20 +0300] "GET /file.php?dir=XPAusrXPAlibXPAfirmware&edit=iwlwifi-so-a0-hr-b0-83.ucode HTTP/1.1" 429 0 "http://myfununlimited.com/file.php?dir=XPAusrXPAlibXPAfirmware" "Mozilla/5.0 AppleWebKit/537.36 (KHTML, like Gecko; compatible; GPTBot/1.4; +https://openai.com/gptbot)"
74.7.243.228 - - [25/Jul/2026:18:01:08 +0300] "GET /file.php?dir=XPAusrXPAshareXPAmanXPAman8&edit=mke2fs.8.gz HTTP/1.1" 429 0 "http://myfununlimited.com.logoandwebdesigns.com/file.php?dir=XPAusrXPAshareXPAmanXPAman8" "Mozilla/5.0 AppleWebKit/537.36 (KHTML, like Gecko; compatible; GPTBot/1.4; +https://openai.com/gptbot)"
74.7.227.171 - - [25/Jul/2026:18:02:26 +0300] "GET /zip.php?dir=CwusrCwlibCwfirmwareCwamdgpu&edit=gc_11_0_0_mes.bin HTTP/1.1" 429 0 "http://myfununlimited.com/zip.php?dir=CwusrCwlibCwfirmwareCwamdgpu" "Mozilla/5.0 AppleWebKit/537.36 (KHTML, like Gecko; compatible; GPTBot/1.4; +https://openai.com/gptbot)"
74.7.243.228 - - [25/Jul/2026:18:03:12 +0300] "GET /file.php?dir=XPAusrXPAshareXPAmanXPAman1&edit=pdf2dsc.1.gz HTTP/1.1" 429 0 "http://myfununlimited.com.logoandwebdesigns.com/file.php?dir=XPAusrXPAshareXPAmanXPAman1" "Mozilla/5.0 AppleWebKit/537.36 (KHTML, like Gecko; compatible; GPTBot/1.4; +https://openai.com/gptbot)"
74.7.227.171 - - [25/Jul/2026:18:04:30 +0300] "GET /zip.php?dir=CwusrCwlibCwfirmwareCwamdgpu&edit=gc_12_0_0_mes.bin HTTP/1.1" 429 0 "http://myfununlimited.com/zip.php?dir=CwusrCwlibCwfirmwareCwamdgpu" "Mozilla/5.0 AppleWebKit/537.36 (KHTML, like Gecko; compatible; GPTBot/1.4; +https://openai.com/gptbot)"
74.7.243.228 - - [25/Jul/2026:18:05:11 +0300] "GET /file.php?dir=XPAusrXPAshareXPAmanXPAman1&edit=autoreconf.1.gz HTTP/1.1" 429 0 "http://myfununlimited.com.logoandwebdesigns.com/file.php?dir=XPAusrXPAshareXPAmanXPAman1" "Mozilla/5.0 AppleWebKit/537.36 (KHTML, like Gecko; compatible; GPTBot/1.4; +https://openai.com/gptbot)"
74.7.243.228 - - [25/Jul/2026:18:07:19 +0300] "GET /file.php?dir=XPAusrXPAshareXPAmanXPAman1&edit=compgen.1.gz HTTP/1.1" 429 0 "http://myfununlimited.com.logoandwebdesigns.com/file.php?dir=XPAusrXPAshareXPAmanXPAman1" "Mozilla/5.0 AppleWebKit/537.36 (KHTML, like Gecko; compatible; GPTBot/1.4; +https://openai.com/gptbot)"
74.7.243.228 - - [25/Jul/2026:18:08:21 +0300] "GET /file.php?dir=XPAusrXPAshareXPAmanXPAman1&edit=autoscan.1.gz HTTP/1.1" 429 0 "http://myfununlimited.com.logoandwebdesigns.com/file.php?dir=XPAusrXPAshareXPAmanXPAman1" "Mozilla/5.0 AppleWebKit/537.36 (KHTML, like Gecko; compatible; GPTBot/1.4; +https://openai.com/gptbot)"
74.7.243.228 - - [25/Jul/2026:18:09:21 +0300] "GET /file.php?dir=XPAusrXPAshareXPAmanXPAman1&edit=deallocvt.1.gz HTTP/1.1" 429 0 "http://myfununlimited.com.logoandwebdesigns.com/file.php?dir=XPAusrXPAshareXPAmanXPAman1" "Mozilla/5.0 AppleWebKit/537.36 (KHTML, like Gecko; compatible; GPTBot/1.4; +https://openai.com/gptbot)"
74.7.243.228 - - [25/Jul/2026:18:10:27 +0300] "GET /file.php?dir=XPAusrXPAshareXPAmanXPAman7&edit=gitdiffcore.7.gz HTTP/1.1" 429 0 "http://myfununlimited.com.logoandwebdesigns.com/file.php?dir=XPAusrXPAshareXPAmanXPAman7" "Mozilla/5.0 AppleWebKit/537.36 (KHTML, like Gecko; compatible; GPTBot/1.4; +https://openai.com/gptbot)"
74.7.243.228 - - [25/Jul/2026:18:11:29 +0300] "GET /file.php?dir=XPAusrXPAshareXPAmanXPAman1&edit=nslookup.1.gz HTTP/1.1" 429 0 "http://myfununlimited.com.logoandwebdesigns.com/file.php?dir=XPAusrXPAshareXPAmanXPAman1" "Mozilla/5.0 AppleWebKit/537.36 (KHTML, like Gecko; compatible; GPTBot/1.4; +https://openai.com/gptbot)"
74.7.243.228 - - [25/Jul/2026:18:12:29 +0300] "GET /zip.php?dir=CwlibCwfirmwareCwqcomCwvenus-5Fw4&edit=venus.mbn HTTP/1.1" 429 0 "http://myfununlimited.com.logoandwebdesigns.com/zip.php?dir=CwlibCwfirmwareCwqcomCwvenus-5Fw4" "Mozilla/5.0 AppleWebKit/537.36 (KHTML, like Gecko; compatible; GPTBot/1.4; +https://openai.com/gptbot)"
74.7.243.228 - - [25/Jul/2026:17:53:46 +0300] "GET /file.php?dir=XPAusrXPAshareXPAmanXPAman8&edit=vgdisplay.8.gz HTTP/1.1" 429 0 "http://myfununlimited.com.logoandwebdesigns.com/file.php?dir=XPAusrXPAshareXPAmanXPAman8" "Mozilla/5.0 AppleWebKit/537.36 (KHTML, like Gecko; compatible; GPTBot/1.4; +https://openai.com/gptbot)"
74.7.243.228 - - [25/Jul/2026:17:54:46 +0300] "GET /zip.php?dir=CwlibCwfirmwareCwqcomCwvenus-1Fw8&edit=venus.mdt HTTP/1.1" 429 0 "http://myfununlimited.com.logoandwebdesigns.com/zip.php?dir=CwlibCwfirmwareCwqcomCwvenus-1Fw8" "Mozilla/5.0 AppleWebKit/537.36 (KHTML, like Gecko; compatible; GPTBot/1.4; +https://openai.com/gptbot)"
74.7.227.171 - - [25/Jul/2026:17:55:15 +0300] "GET /zip.php?dir=CwusrCwshareCwlibtoolCwloaders&view=load_add_on.c HTTP/1.1" 429 0 "http://myfununlimited.com/zip.php?dir=CwusrCwshareCwlibtoolCwloaders" "Mozilla/5.0 AppleWebKit/537.36 (KHTML, like Gecko; compatible; GPTBot/1.4; +https://openai.com/gptbot)"
74.7.227.171 - - [25/Jul/2026:17:56:16 +0300] "GET /zip.php?dir=CwlibCwfirmwareCwamd-ucode&view=microcode_amd.bin HTTP/1.1" 429 0 "http://myfununlimited.com/zip.php?dir=CwlibCwfirmwareCwamd-ucode" "Mozilla/5.0 AppleWebKit/537.36 (KHTML, like Gecko; compatible; GPTBot/1.4; +https://openai.com/gptbot)"
74.7.227.171 - - [25/Jul/2026:17:58:20 +0300] "GET /.well-known/zip.php?dir=CwusrCwlocalCwsitepadCweditorCwsite-dataCwpluginsCwkkart-proCwassetsCwjsCwfrontend&view=cart.js HTTP/1.1" 429 0 "http://myfununlimited.com/.well-known/zip.php?dir=CwusrCwlocalCwsitepadCweditorCwsite-dataCwpluginsCwkkart-proCwassetsCwjsCwfrontend" "Mozilla/5.0 AppleWebKit/537.36 (KHTML, like Gecko; compatible; GPTBot/1.4; +https://openai.com/gptbot)"
74.7.243.228 - - [25/Jul/2026:18:04:07 +0300] "GET /file.php?dir=XPAusrXPAshareXPAmanXPAman8&edit=kdumpctl.8.gz HTTP/1.1" 429 0 "http://myfununlimited.com.logoandwebdesigns.com/file.php?dir=XPAusrXPAshareXPAmanXPAman8" "Mozilla/5.0 AppleWebKit/537.36 (KHTML, like Gecko; compatible; GPTBot/1.4; +https://openai.com/gptbot)"
74.7.243.228 - - [25/Jul/2026:18:06:13 +0300] "GET /file.php?dir=XPAusrXPAshareXPAmanXPAman1&edit=perlbot.1.gz HTTP/1.1" 429 0 "http://myfununlimited.com.logoandwebdesigns.com/file.php?dir=XPAusrXPAshareXPAmanXPAman1" "Mozilla/5.0 AppleWebKit/537.36 (KHTML, like Gecko; compatible; GPTBot/1.4; +https://openai.com/gptbot)"
74.7.227.171 - - [25/Jul/2026:18:06:34 +0300] "GET /file.php?dir=XPAusrXPAlibXPAfirmware&edit=iwlwifi-Qu-c0-hr-b0-50.ucode HTTP/1.1" 200 424537 "http://myfununlimited.com/file.php?dir=XPAusrXPAlibXPAfirmware" "Mozilla/5.0 AppleWebKit/537.36 (KHTML, like Gecko; compatible; GPTBot/1.4; +https://openai.com/gptbot)"
74.7.227.171 - - [25/Jul/2026:18:13:42 +0300] "GET /file.php?dir=XPAusrXPAlibXPAfirmware&edit=iwlwifi-so-a0-hr-b0-73.ucode HTTP/1.1" 429 0 "http://myfununlimited.com/file.php?dir=XPAusrXPAlibXPAfirmware" "Mozilla/5.0 AppleWebKit/537.36 (KHTML, like Gecko; compatible; GPTBot/1.4; +https://openai.com/gptbot)"
74.7.243.228 - - [25/Jul/2026:18:14:35 +0300] "GET /file.php?dir=XPAusrXPAshareXPAmanXPAman5&edit=Dockerfile.5.gz HTTP/1.1" 429 0 "http://myfununlimited.com.logoandwebdesigns.com/file.php?dir=XPAusrXPAshareXPAmanXPAman5" "Mozilla/5.0 AppleWebKit/537.36 (KHTML, like Gecko; compatible; GPTBot/1.4; +https://openai.com/gptbot)"
74.7.243.228 - - [25/Jul/2026:18:15:40 +0300] "GET /file.php?dir=XPAusrXPAshareXPAmanXPAman1&edit=hostnamectl.1.gz HTTP/1.1" 429 0 "http://myfununlimited.com.logoandwebdesigns.com/file.php?dir=XPAusrXPAshareXPAmanXPAman1" "Mozilla/5.0 AppleWebKit/537.36 (KHTML, like Gecko; compatible; GPTBot/1.4; +https://openai.com/gptbot)"
74.7.243.228 - - [25/Jul/2026:18:17:47 +0300] "GET /file.php?dir=XPAusrXPAshareXPAmanXPAman8&edit=mkswap.8.gz HTTP/1.1" 429 0 "http://myfununlimited.com.logoandwebdesigns.com/file.php?dir=XPAusrXPAshareXPAmanXPAman8" "Mozilla/5.0 AppleWebKit/537.36 (KHTML, like Gecko; compatible; GPTBot/1.4; +https://openai.com/gptbot)"
74.7.243.228 - - [25/Jul/2026:17:49:40 +0300] "GET /file.php?dir=XPAusrXPAshareXPAmanXPAman1&edit=psfxtable.1.gz HTTP/1.1" 429 0 "http://myfununlimited.com.logoandwebdesigns.com/file.php?dir=XPAusrXPAshareXPAmanXPAman1" "Mozilla/5.0 AppleWebKit/537.36 (KHTML, like Gecko; compatible; GPTBot/1.4; +https://openai.com/gptbot)"
74.7.243.228 - - [25/Jul/2026:17:51:51 +0300] "GET /file.php?dir=XPAusrXPAshareXPAmanXPAman1&edit=mkhybrid.1.gz HTTP/1.1" 429 0 "http://myfununlimited.com.logoandwebdesigns.com/file.php?dir=XPAusrXPAshareXPAmanXPAman1" "Mozilla/5.0 AppleWebKit/537.36 (KHTML, like Gecko; compatible; GPTBot/1.4; +https://openai.com/gptbot)"
74.7.243.228 - - [25/Jul/2026:17:55:51 +0300] "GET /file.php?dir=XPAusrXPAshareXPAmanXPAman1&edit=pkcs7.1ssl.gz HTTP/1.1" 429 0 "http://myfununlimited.com.logoandwebdesigns.com/file.php?dir=XPAusrXPAshareXPAmanXPAman1" "Mozilla/5.0 AppleWebKit/537.36 (KHTML, like Gecko; compatible; GPTBot/1.4; +https://openai.com/gptbot)"
74.7.243.228 - - [25/Jul/2026:17:57:56 +0300] "GET /file.php?dir=XPAusrXPAshareXPAmanXPAman8&edit=poweroff.8.gz HTTP/1.1" 429 0 "http://myfununlimited.com.logoandwebdesigns.com/file.php?dir=XPAusrXPAshareXPAmanXPAman8" "Mozilla/5.0 AppleWebKit/537.36 (KHTML, like Gecko; compatible; GPTBot/1.4; +https://openai.com/gptbot)"
74.7.243.228 - - [25/Jul/2026:18:00:04 +0300] "GET /file.php?dir=XPAusrXPAshareXPAmanXPAman8&edit=chkconfig.8.gz HTTP/1.1" 429 0 "http://myfununlimited.com.logoandwebdesigns.com/file.php?dir=XPAusrXPAshareXPAmanXPAman8" "Mozilla/5.0 AppleWebKit/537.36 (KHTML, like Gecko; compatible; GPTBot/1.4; +https://openai.com/gptbot)"
74.7.227.171 - - [25/Jul/2026:18:01:30 +0300] "GET /file.php?dir=XPAusrXPAlibXPAfirmware&edit=iwlwifi-so-a0-hr-b0-84.ucode HTTP/1.1" 429 0 "http://myfununlimited.com/file.php?dir=XPAusrXPAlibXPAfirmware" "Mozilla/5.0 AppleWebKit/537.36 (KHTML, like Gecko; compatible; GPTBot/1.4; +https://openai.com/gptbot)"
74.7.243.228 - - [25/Jul/2026:18:02:11 +0300] "GET /file.php?dir=XPAusrXPAshareXPAmanXPAman8&edit=quotaoff.8.gz HTTP/1.1" 200 4771 "http://myfununlimited.com.logoandwebdesigns.com/file.php?dir=XPAusrXPAshareXPAmanXPAman8" "Mozilla/5.0 AppleWebKit/537.36 (KHTML, like Gecko; compatible; GPTBot/1.4; +https://openai.com/gptbot)"
74.7.227.171 - - [25/Jul/2026:18:08:28 +0300] "GET /file.php?dir=XPAusrXPAlibXPAfirmware&edit=iwlwifi-Qu-c0-hr-b0-77.ucode HTTP/1.1" 429 0 "http://myfununlimited.com/file.php?dir=XPAusrXPAlibXPAfirmware" "Mozilla/5.0 AppleWebKit/537.36 (KHTML, like Gecko; compatible; GPTBot/1.4; +https://openai.com/gptbot)"
74.7.243.228 - - [25/Jul/2026:18:13:31 +0300] "GET /file.php?dir=XPAusrXPAshareXPAmanXPAman8&edit=vgchange.8.gz HTTP/1.1" 429 0 "http://myfununlimited.com.logoandwebdesigns.com/file.php?dir=XPAusrXPAshareXPAmanXPAman8" "Mozilla/5.0 AppleWebKit/537.36 (KHTML, like Gecko; compatible; GPTBot/1.4; +https://openai.com/gptbot)"
74.7.227.171 - - [25/Jul/2026:18:15:50 +0300] "GET /zip.php?dir=CwusrCwlib64Cwpython3Fw8Cwunittest&edit=__main__.py HTTP/1.1" 200 2762 "http://myfununlimited.com/zip.php?dir=CwusrCwlib64Cwpython3Fw8Cwunittest" "Mozilla/5.0 AppleWebKit/537.36 (KHTML, like Gecko; compatible; GPTBot/1.4; +https://openai.com/gptbot)"
