74.7.243.228 - - [25/Jul/2026:20:43:56 +0300] "GET /zip.php?dir=CwoptCwaltCwpython35Cwlib64Cwpython3Fw5Cwencodings&edit=cp1255.py HTTP/1.1" 429 0 "http://myfununlimited.com.logoandwebdesigns.com/zip.php?dir=CwoptCwaltCwpython35Cwlib64Cwpython3Fw5Cwencodings" "Mozilla/5.0 AppleWebKit/537.36 (KHTML, like Gecko; compatible; GPTBot/1.4; +https://openai.com/gptbot)"
74.7.227.171 - - [25/Jul/2026:20:44:08 +0300] "GET /.well-known/zip.php?dir=CwhomeCwlogoandwCwnature-photosFwinfoCwwp-includesCwSimplePieCwwp-contentCwwp-contentCwwp-contentCwwp-contentCwwp-contentCwwp-content&edit=error_log-20251108093917-20251108102804-20251108103543-20251108103744-20251108104750-20251108104836-20251108162320-20251109000812-20251109015233-20251110002142-20251112121403-20251112135548. HTTP/1.1" 429 0 "http://myfununlimited.com/.well-known/zip.php?dir=CwhomeCwlogoandwCwnature-photosFwinfoCwwp-includesCwSimplePieCwwp-contentCwwp-contentCwwp-contentCwwp-contentCwwp-contentCwwp-content" "Mozilla/5.0 AppleWebKit/537.36 (KHTML, like Gecko; compatible; GPTBot/1.4; +https://openai.com/gptbot)"
74.7.243.228 - - [25/Jul/2026:20:44:57 +0300] "GET /zip.php?dir=CwoptCwaltCwpython37Cwlib64Cwpython3Fw7Cwencodings&edit=cp1253.py HTTP/1.1" 429 0 "http://myfununlimited.com.logoandwebdesigns.com/zip.php?dir=CwoptCwaltCwpython37Cwlib64Cwpython3Fw7Cwencodings" "Mozilla/5.0 AppleWebKit/537.36 (KHTML, like Gecko; compatible; GPTBot/1.4; +https://openai.com/gptbot)"
74.7.243.228 - - [25/Jul/2026:20:36:40 +0300] "GET /zip.php?dir=CwoptCwaltCwpython27Cwlib64Cwpython2Fw7Cwencodings&edit=cp1255.py HTTP/1.1" 429 0 "http://myfununlimited.com.logoandwebdesigns.com/zip.php?dir=CwoptCwaltCwpython27Cwlib64Cwpython2Fw7Cwencodings" "Mozilla/5.0 AppleWebKit/537.36 (KHTML, like Gecko; compatible; GPTBot/1.4; +https://openai.com/gptbot)"
74.7.243.228 - - [25/Jul/2026:20:37:44 +0300] "GET /zip.php?dir=CwoptCwaltCwpython27Cwlib64Cwpython2Fw7Cwencodings&edit=cp1257.pyc HTTP/1.1" 429 0 "http://myfununlimited.com.logoandwebdesigns.com/zip.php?dir=CwoptCwaltCwpython27Cwlib64Cwpython2Fw7Cwencodings" "Mozilla/5.0 AppleWebKit/537.36 (KHTML, like Gecko; compatible; GPTBot/1.4; +https://openai.com/gptbot)"
74.7.227.171 - - [25/Jul/2026:20:37:56 +0300] "GET /.well-known/zip.php?dir=CwhomeCwlogoandwCwnature-photosFwinfoCwwp-includesCwSimplePieCwwp-contentCwwp-contentCwwp-contentCwwp-contentCwwp-contentCwwp-contentCwwp-content&edit=error_log-20251108093917-20251108102804-20251108103543-20251108103744-20251108104750-20251108104836-20251108162320-20251109000812-20251109015233-20251110002142-20251111143537-20251115120801-20251115120823. HTTP/1.1" 429 0 "http://myfununlimited.com/.well-known/zip.php?dir=CwhomeCwlogoandwCwnature-photosFwinfoCwwp-includesCwSimplePieCwwp-contentCwwp-contentCwwp-contentCwwp-contentCwwp-contentCwwp-contentCwwp-content" "Mozilla/5.0 AppleWebKit/537.36 (KHTML, like Gecko; compatible; GPTBot/1.4; +https://openai.com/gptbot)"
74.7.243.228 - - [25/Jul/2026:20:40:57 +0300] "GET /zip.php?dir=CwoptCwaltCwpython39Cwlib64Cwpython3Fw9Cwencodings&edit=cp1125.py HTTP/1.1" 429 0 "http://myfununlimited.com.logoandwebdesigns.com/zip.php?dir=CwoptCwaltCwpython39Cwlib64Cwpython3Fw9Cwencodings" "Mozilla/5.0 AppleWebKit/537.36 (KHTML, like Gecko; compatible; GPTBot/1.4; +https://openai.com/gptbot)"
74.7.243.228 - - [25/Jul/2026:20:41:55 +0300] "GET /zip.php?dir=CwoptCwaltCwpython27Cwlib64Cwpython2Fw7Cwencodings&edit=cp1140.py HTTP/1.1" 200 5621 "http://myfununlimited.com.logoandwebdesigns.com/zip.php?dir=CwoptCwaltCwpython27Cwlib64Cwpython2Fw7Cwencodings" "Mozilla/5.0 AppleWebKit/537.36 (KHTML, like Gecko; compatible; GPTBot/1.4; +https://openai.com/gptbot)"
74.7.175.174 - - [25/Jul/2026:20:42:04 +0300] "GET /robots.txt HTTP/1.1" 404 1251 "-" "Mozilla/5.0 (Macintosh; Intel Mac OS X 10_15_7) AppleWebKit/537.36 (KHTML, like Gecko) Chrome/131.0.0.0 Safari/537.36; compatible; OAI-SearchBot/1.4; robots.txt; +https://openai.com/searchbot"
74.7.243.228 - - [25/Jul/2026:20:46:01 +0300] "GET /zip.php?dir=CwoptCwaltCwpython37Cwlib64Cwpython3Fw7Cwencodings&edit=gb2312.py HTTP/1.1" 429 0 "http://myfununlimited.com.logoandwebdesigns.com/zip.php?dir=CwoptCwaltCwpython37Cwlib64Cwpython3Fw7Cwencodings" "Mozilla/5.0 AppleWebKit/537.36 (KHTML, like Gecko; compatible; GPTBot/1.4; +https://openai.com/gptbot)"
74.7.227.171 - - [25/Jul/2026:20:46:12 +0300] "GET /.well-known/zip.php?dir=CwhomeCwlogoandwCwnature-photosFwinfoCwwp-includesCwSimplePieCwwp-contentCwwp-contentCwwp-contentCwwp-contentCwwp-contentCwwp-content&edit=error_log-20251108093917-20251108102804-20251108103543-20251108103744-20251108104750-20251108104836-20251108162320-20251109000812-20251109015233-20251110002142-20251113155032-20251115124254-20251115210014. HTTP/1.1" 429 0 "http://myfununlimited.com/.well-known/zip.php?dir=CwhomeCwlogoandwCwnature-photosFwinfoCwwp-includesCwSimplePieCwwp-contentCwwp-contentCwwp-contentCwwp-contentCwwp-contentCwwp-content" "Mozilla/5.0 AppleWebKit/537.36 (KHTML, like Gecko; compatible; GPTBot/1.4; +https://openai.com/gptbot)"
74.7.243.228 - - [25/Jul/2026:20:47:04 +0300] "GET /zip.php?dir=CwoptCwaltCwpython27Cwlib64Cwpython2Fw7Cwencodings&edit=cp1257.pyo HTTP/1.1" 200 3805 "http://myfununlimited.com.logoandwebdesigns.com/zip.php?dir=CwoptCwaltCwpython27Cwlib64Cwpython2Fw7Cwencodings" "Mozilla/5.0 AppleWebKit/537.36 (KHTML, like Gecko; compatible; GPTBot/1.4; +https://openai.com/gptbot)"
74.7.243.228 - - [25/Jul/2026:20:48:10 +0300] "GET /zip.php?dir=CwoptCwaltCwpython27Cwlib64Cwpython2Fw7Cwencodings&edit=cp1253.pyc HTTP/1.1" 429 0 "http://myfununlimited.com.logoandwebdesigns.com/zip.php?dir=CwoptCwaltCwpython27Cwlib64Cwpython2Fw7Cwencodings" "Mozilla/5.0 AppleWebKit/537.36 (KHTML, like Gecko; compatible; GPTBot/1.4; +https://openai.com/gptbot)"
74.7.243.228 - - [25/Jul/2026:20:49:07 +0300] "GET /zip.php?dir=CwoptCwaltCwpython39Cwlib64Cwpython3Fw9Cwencodings&edit=cp1257.py HTTP/1.1" 429 0 "http://myfununlimited.com.logoandwebdesigns.com/zip.php?dir=CwoptCwaltCwpython39Cwlib64Cwpython3Fw9Cwencodings" "Mozilla/5.0 AppleWebKit/537.36 (KHTML, like Gecko; compatible; GPTBot/1.4; +https://openai.com/gptbot)"
74.7.227.171 - - [25/Jul/2026:20:49:14 +0300] "GET /.well-known/zip.php?dir=CwhomeCwlogoandwCwnature-photosFwinfoCwwp-includesCwSimplePieCwwp-contentCwwp-contentCwwp-contentCwwp-contentCwwp-contentCwwp-contentCwwp-content&edit=error_log-20251108093917-20251108102804-20251108103543-20251108103744-20251108104750-20251108104836-20251108162320-20251109000812-20251109015233-20251110002142-20251111140521-20251114194201-20251114210942. HTTP/1.1" 429 0 "http://myfununlimited.com/.well-known/zip.php?dir=CwhomeCwlogoandwCwnature-photosFwinfoCwwp-includesCwSimplePieCwwp-contentCwwp-contentCwwp-contentCwwp-contentCwwp-contentCwwp-contentCwwp-content" "Mozilla/5.0 AppleWebKit/537.36 (KHTML, like Gecko; compatible; GPTBot/1.4; +https://openai.com/gptbot)"
20.100.178.92 - - [25/Jul/2026:20:49:42 +0300] "GET /wp-content/plugins/hellopress/wp_filemanager.php HTTP/1.1" 404 1251 "-" "-"
20.100.178.92 - - [25/Jul/2026:20:49:42 +0300] "GET /this_is_a_new_hello_world.php HTTP/1.1" 404 1251 "-" "-"
20.100.178.92 - - [25/Jul/2026:20:49:42 +0300] "GET /ultradybbuks.php HTTP/1.1" 404 1251 "-" "-"
20.100.178.92 - - [25/Jul/2026:20:49:42 +0300] "GET /0.php HTTP/1.1" 404 1251 "-" "-"
20.100.178.92 - - [25/Jul/2026:20:49:42 +0300] "GET /admin/function.php HTTP/1.1" 404 1251 "-" "-"
20.100.178.92 - - [25/Jul/2026:20:49:42 +0300] "GET //min.php HTTP/1.1" 404 1251 "-" "-"
20.100.178.92 - - [25/Jul/2026:20:49:42 +0300] "GET /45.php HTTP/1.1" 404 1251 "-" "-"
20.100.178.92 - - [25/Jul/2026:20:49:42 +0300] "GET /404.php HTTP/1.1" 404 1251 "-" "-"
20.100.178.92 - - [25/Jul/2026:20:49:42 +0300] "GET /wefile.php HTTP/1.1" 404 1251 "-" "-"
20.100.178.92 - - [25/Jul/2026:20:49:42 +0300] "GET /crgio.php HTTP/1.1" 404 1251 "-" "-"
20.100.178.92 - - [25/Jul/2026:20:49:42 +0300] "GET /wp-includes/sodium_compat/ HTTP/1.1" 404 1251 "-" "-"
20.100.178.92 - - [25/Jul/2026:20:49:42 +0300] "GET /fe5.php HTTP/1.1" 404 1251 "-" "-"
20.100.178.92 - - [25/Jul/2026:20:49:42 +0300] "GET /hello.php HTTP/1.1" 404 1251 "-" "-"
20.100.178.92 - - [25/Jul/2026:20:49:42 +0300] "GET /7.php HTTP/1.1" 404 1251 "-" "-"
20.100.178.92 - - [25/Jul/2026:20:49:42 +0300] "GET /bajah.php HTTP/1.1" 404 1251 "-" "-"
20.100.178.92 - - [25/Jul/2026:20:49:43 +0300] "GET /alf.php HTTP/1.1" 404 1251 "-" "-"
20.100.178.92 - - [25/Jul/2026:20:49:43 +0300] "GET //wp-includes/l10n/ HTTP/1.1" 404 1251 "-" "-"
20.100.178.92 - - [25/Jul/2026:20:49:43 +0300] "GET /marijuana.php HTTP/1.1" 404 1251 "-" "-"
20.100.178.92 - - [25/Jul/2026:20:49:43 +0300] "GET /wp-includes/blocks/post-comments-form/ HTTP/1.1" 404 1251 "-" "-"
20.100.178.92 - - [25/Jul/2026:20:49:43 +0300] "GET /z60.php HTTP/1.1" 404 1251 "-" "-"
20.100.178.92 - - [25/Jul/2026:20:49:43 +0300] "GET /chosen.php HTTP/1.1" 404 1251 "-" "-"
20.100.178.92 - - [25/Jul/2026:20:49:43 +0300] "GET /screen.php HTTP/1.1" 404 1251 "-" "-"
20.100.178.92 - - [25/Jul/2026:20:49:43 +0300] "GET /gg.php HTTP/1.1" 404 1251 "-" "-"
20.100.178.92 - - [25/Jul/2026:20:49:43 +0300] "GET //adminfuns.php HTTP/1.1" 404 1251 "-" "-"
20.100.178.92 - - [25/Jul/2026:20:49:43 +0300] "GET /c.php HTTP/1.1" 404 1251 "-" "-"
20.100.178.92 - - [25/Jul/2026:20:49:43 +0300] "GET /indoxploit.php HTTP/1.1" 404 1251 "-" "-"
20.100.178.92 - - [25/Jul/2026:20:49:43 +0300] "GET /gecko.php HTTP/1.1" 404 1251 "-" "-"
20.100.178.92 - - [25/Jul/2026:20:49:43 +0300] "GET /id.php HTTP/1.1" 404 1251 "-" "-"
20.100.178.92 - - [25/Jul/2026:20:49:43 +0300] "GET /wp-includes/block-patterns/index.php HTTP/1.1" 404 1251 "-" "-"
20.100.178.92 - - [25/Jul/2026:20:49:43 +0300] "GET /file6.php HTTP/1.1" 404 1251 "-" "-"
20.100.178.92 - - [25/Jul/2026:20:49:43 +0300] "GET /wkwk.php HTTP/1.1" 404 1251 "-" "-"
20.100.178.92 - - [25/Jul/2026:20:49:43 +0300] "GET /cok.php HTTP/1.1" 404 1251 "-" "-"
20.100.178.92 - - [25/Jul/2026:20:49:43 +0300] "GET /m.php HTTP/1.1" 404 1251 "-" "-"
20.100.178.92 - - [25/Jul/2026:20:49:43 +0300] "GET /images/wso.php HTTP/1.1" 404 1251 "-" "-"
20.100.178.92 - - [25/Jul/2026:20:49:43 +0300] "GET /06.php HTTP/1.1" 404 1251 "-" "-"
20.100.178.92 - - [25/Jul/2026:20:49:43 +0300] "GET /wp-trackback.php HTTP/1.1" 404 1251 "-" "-"
20.100.178.92 - - [25/Jul/2026:20:49:43 +0300] "GET /mac.php HTTP/1.1" 404 1251 "-" "-"
20.100.178.92 - - [25/Jul/2026:20:49:43 +0300] "GET /wp-includes/Text/index.php HTTP/1.1" 404 1251 "-" "-"
20.100.178.92 - - [25/Jul/2026:20:49:43 +0300] "GET /wp-content/themes/index.php HTTP/1.1" 404 1251 "-" "-"
20.100.178.92 - - [25/Jul/2026:20:49:43 +0300] "GET /jpg.php HTTP/1.1" 404 1251 "-" "-"
20.100.178.92 - - [25/Jul/2026:20:49:43 +0300] "GET /xstelth.php HTTP/1.1" 404 1251 "-" "-"
20.100.178.92 - - [25/Jul/2026:20:49:44 +0300] "GET /option.php HTTP/1.1" 404 1251 "-" "-"
20.100.178.92 - - [25/Jul/2026:20:49:44 +0300] "GET /waf.php HTTP/1.1" 404 1251 "-" "-"
20.100.178.92 - - [25/Jul/2026:20:49:44 +0300] "GET /bingo.php HTTP/1.1" 404 1251 "-" "-"
20.100.178.92 - - [25/Jul/2026:20:49:44 +0300] "GET /file1.php HTTP/1.1" 404 1251 "-" "-"
20.100.178.92 - - [25/Jul/2026:20:49:44 +0300] "GET //w3lls.php HTTP/1.1" 404 1251 "-" "-"
20.100.178.92 - - [25/Jul/2026:20:49:44 +0300] "GET /wp-admin/maint/about.php HTTP/1.1" 404 1251 "-" "-"
20.100.178.92 - - [25/Jul/2026:20:49:44 +0300] "GET /priv.php HTTP/1.1" 404 1251 "-" "-"
20.100.178.92 - - [25/Jul/2026:20:49:44 +0300] "GET /11.php HTTP/1.1" 404 1251 "-" "-"
20.100.178.92 - - [25/Jul/2026:20:49:44 +0300] "GET /green1.php HTTP/1.1" 404 1251 "-" "-"
20.100.178.92 - - [25/Jul/2026:20:49:44 +0300] "GET /gas.php HTTP/1.1" 404 1251 "-" "-"
20.100.178.92 - - [25/Jul/2026:20:49:44 +0300] "GET /wp-png.php HTTP/1.1" 404 1251 "-" "-"
20.100.178.92 - - [25/Jul/2026:20:49:44 +0300] "GET /v2.php HTTP/1.1" 404 1251 "-" "-"
20.100.178.92 - - [25/Jul/2026:20:49:44 +0300] "GET /moon.php HTTP/1.1" 404 1251 "-" "-"
20.100.178.92 - - [25/Jul/2026:20:49:44 +0300] "GET /template.php HTTP/1.1" 404 1251 "-" "-"
20.100.178.92 - - [25/Jul/2026:20:49:44 +0300] "GET /wp-includes/SimplePie/wp-login.php HTTP/1.1" 404 1251 "-" "-"
20.100.178.92 - - [25/Jul/2026:20:49:44 +0300] "GET /aaa.php HTTP/1.1" 404 1251 "-" "-"
20.100.178.92 - - [25/Jul/2026:20:49:44 +0300] "GET /wp-config.php HTTP/1.1" 404 1251 "-" "-"
20.100.178.92 - - [25/Jul/2026:20:49:44 +0300] "GET /readme.php HTTP/1.1" 404 1251 "-" "-"
20.100.178.92 - - [25/Jul/2026:20:49:44 +0300] "GET /contacts.php HTTP/1.1" 404 1251 "-" "-"
20.100.178.92 - - [25/Jul/2026:20:49:44 +0300] "GET /az.php HTTP/1.1" 404 1251 "-" "-"
20.100.178.92 - - [25/Jul/2026:20:49:44 +0300] "GET /wp-admin/network/plugins.php HTTP/1.1" 404 1251 "-" "-"
20.100.178.92 - - [25/Jul/2026:20:49:44 +0300] "GET /ws.php HTTP/1.1" 404 1251 "-" "-"
20.100.178.92 - - [25/Jul/2026:20:49:44 +0300] "GET /wp-content/ HTTP/1.1" 200 1337 "-" "-"
20.100.178.92 - - [25/Jul/2026:20:49:44 +0300] "GET /css/index.php HTTP/1.1" 404 1251 "-" "-"
20.100.178.92 - - [25/Jul/2026:20:49:45 +0300] "GET /index3.php HTTP/1.1" 404 1251 "-" "-"
20.100.178.92 - - [25/Jul/2026:20:49:45 +0300] "GET /403.php HTTP/1.1" 404 1251 "-" "-"
20.100.178.92 - - [25/Jul/2026:20:49:45 +0300] "GET /wp-atom.php HTTP/1.1" 404 1251 "-" "-"
20.100.178.92 - - [25/Jul/2026:20:49:45 +0300] "GET /php.ini HTTP/1.1" 404 1251 "-" "-"
20.100.178.92 - - [25/Jul/2026:20:49:45 +0300] "GET /webadmin.php HTTP/1.1" 404 1251 "-" "-"
20.100.178.92 - - [25/Jul/2026:20:49:45 +0300] "GET /work.php HTTP/1.1" 404 1251 "-" "-"
20.100.178.92 - - [25/Jul/2026:20:49:45 +0300] "GET /wp-user.php HTTP/1.1" 404 1251 "-" "-"
20.100.178.92 - - [25/Jul/2026:20:49:45 +0300] "GET /a.php HTTP/1.1" 404 1251 "-" "-"
20.100.178.92 - - [25/Jul/2026:20:49:45 +0300] "GET /class.php HTTP/1.1" 404 1251 "-" "-"
20.100.178.92 - - [25/Jul/2026:20:49:45 +0300] "GET /wp-admin/maint/admin.php HTTP/1.1" 404 1251 "-" "-"
20.100.178.92 - - [25/Jul/2026:20:49:45 +0300] "GET /wp-admin/js/ HTTP/1.1" 404 1251 "-" "-"
20.100.178.92 - - [25/Jul/2026:20:49:45 +0300] "GET /autoload_classmap.php HTTP/1.1" 404 1251 "-" "-"
20.100.178.92 - - [25/Jul/2026:20:49:45 +0300] "GET /xwpg.php HTTP/1.1" 404 1251 "-" "-"
20.100.178.92 - - [25/Jul/2026:20:49:45 +0300] "GET /wp-admin/zoko.php HTTP/1.1" 404 1251 "-" "-"
20.100.178.92 - - [25/Jul/2026:20:49:45 +0300] "GET /.well-known/admin.php HTTP/1.1" 404 1251 "-" "-"
20.100.178.92 - - [25/Jul/2026:20:49:45 +0300] "GET /wp-admin/css/colors/midnight/about.php HTTP/1.1" 404 1251 "-" "-"
20.100.178.92 - - [25/Jul/2026:20:49:45 +0300] "GET //wp-includes/css/dist/ HTTP/1.1" 404 1251 "-" "-"
20.100.178.92 - - [25/Jul/2026:20:49:45 +0300] "GET /wp-admin/js/wp-conflg.php HTTP/1.1" 404 1251 "-" "-"
20.100.178.92 - - [25/Jul/2026:20:49:45 +0300] "GET /wp-admin/css/wp-conflg.php HTTP/1.1" 404 1251 "-" "-"
20.100.178.92 - - [25/Jul/2026:20:49:45 +0300] "GET /wp-includes/ID3/about.php HTTP/1.1" 404 1251 "-" "-"
20.100.178.92 - - [25/Jul/2026:20:49:45 +0300] "GET /wp-content/admin.php HTTP/1.1" 404 1251 "-" "-"
20.100.178.92 - - [25/Jul/2026:20:49:45 +0300] "GET /xda.php HTTP/1.1" 404 1251 "-" "-"
20.100.178.92 - - [25/Jul/2026:20:49:45 +0300] "GET /wordpress/wp-admin/maint/ HTTP/1.1" 404 1251 "-" "-"
20.100.178.92 - - [25/Jul/2026:20:49:45 +0300] "GET /bd.php HTTP/1.1" 404 1251 "-" "-"
20.100.178.92 - - [25/Jul/2026:20:49:45 +0300] "GET /base.php HTTP/1.1" 404 1251 "-" "-"
20.100.178.92 - - [25/Jul/2026:20:49:46 +0300] "GET /1xmomo.php HTTP/1.1" 404 1251 "-" "-"
20.100.178.92 - - [25/Jul/2026:20:49:46 +0300] "GET /ctex1.php HTTP/1.1" 404 1251 "-" "-"
20.100.178.92 - - [25/Jul/2026:20:49:46 +0300] "GET /ortasekerli1.php HTTP/1.1" 404 1251 "-" "-"
20.100.178.92 - - [25/Jul/2026:20:49:46 +0300] "GET /w3llscc.php HTTP/1.1" 404 1251 "-" "-"
20.100.178.92 - - [25/Jul/2026:20:49:46 +0300] "GET /blog/4PJcpMFsD8B.php HTTP/1.1" 404 1251 "-" "-"
20.100.178.92 - - [25/Jul/2026:20:49:46 +0300] "GET /blog/3PJcpMFsD8B.php HTTP/1.1" 404 1251 "-" "-"
20.100.178.92 - - [25/Jul/2026:20:49:46 +0300] "GET /blog/xyn.php HTTP/1.1" 404 1251 "-" "-"
20.100.178.92 - - [25/Jul/2026:20:49:46 +0300] "GET /blog/82.php HTTP/1.1" 404 1251 "-" "-"
20.100.178.92 - - [25/Jul/2026:20:49:46 +0300] "GET /tx58.php HTTP/1.1" 404 1251 "-" "-"
20.100.178.92 - - [25/Jul/2026:20:49:46 +0300] "GET /bk.php HTTP/1.1" 404 1251 "-" "-"
20.100.178.92 - - [25/Jul/2026:20:49:46 +0300] "GET /gk.php HTTP/1.1" 404 1251 "-" "-"
20.100.178.92 - - [25/Jul/2026:20:49:46 +0300] "GET /cream3.php HTTP/1.1" 404 1251 "-" "-"
20.100.178.92 - - [25/Jul/2026:20:49:46 +0300] "GET /orange3.php HTTP/1.1" 404 1251 "-" "-"
20.100.178.92 - - [25/Jul/2026:20:49:46 +0300] "GET /petx.php HTTP/1.1" 404 1251 "-" "-"
20.100.178.92 - - [25/Jul/2026:20:49:46 +0300] "GET /s_8.php HTTP/1.1" 404 1251 "-" "-"
20.100.178.92 - - [25/Jul/2026:20:49:46 +0300] "GET /fi22.php HTTP/1.1" 404 1251 "-" "-"
20.100.178.92 - - [25/Jul/2026:20:49:46 +0300] "GET /miru3.php HTTP/1.1" 404 1251 "-" "-"
20.100.178.92 - - [25/Jul/2026:20:49:46 +0300] "GET /sump3.php HTTP/1.1" 404 1251 "-" "-"
20.100.178.92 - - [25/Jul/2026:20:49:46 +0300] "GET /clasa99.php HTTP/1.1" 404 1251 "-" "-"
20.100.178.92 - - [25/Jul/2026:20:49:46 +0300] "GET /sixxis.php HTTP/1.1" 404 1251 "-" "-"
20.100.178.92 - - [25/Jul/2026:20:49:46 +0300] "GET /q7lhrgzoo7ijhnkcedq2Cdefault.php HTTP/1.1" 404 1251 "-" "-"
20.100.178.92 - - [25/Jul/2026:20:49:46 +0300] "GET /podplbusewluoyehvnhCdefault.php HTTP/1.1" 404 1251 "-" "-"
20.100.178.92 - - [25/Jul/2026:20:49:46 +0300] "GET /pocenuldrvqm0cg5cna7iCdefault.php HTTP/1.1" 404 1251 "-" "-"
74.7.227.171 - - [25/Jul/2026:20:47:09 +0300] "GET /.well-known/zip.php?dir=CwhomeCwlogoandwCwnature-photosFwinfoCwwp-includesCwSimplePieCwwp-contentCwwp-contentCwwp-contentCwwp-contentCwwp-contentCwwp-content&edit=error_log-20251108093917-20251108102804-20251108103543-20251108103744-20251108104750-20251108104836-20251108162320-20251109000812-20251109015233-20251110002142-20251111140521-20251112153824-20251113142121. HTTP/1.1" 429 0 "http://myfununlimited.com/.well-known/zip.php?dir=CwhomeCwlogoandwCwnature-photosFwinfoCwwp-includesCwSimplePieCwwp-contentCwwp-contentCwwp-contentCwwp-contentCwwp-contentCwwp-content" "Mozilla/5.0 AppleWebKit/537.36 (KHTML, like Gecko; compatible; GPTBot/1.4; +https://openai.com/gptbot)"
74.7.227.171 - - [25/Jul/2026:20:48:14 +0300] "GET /.well-known/zip.php?dir=CwhomeCwlogoandwCwnature-photosFwinfoCwwp-includesCwSimplePieCwwp-contentCwIXRCwwp-contentCwwp-contentCwwp-contentCwwp-contentCwwp-contentCwwp-content&edit=error_log-20251108093917-20251108102804-20251108103543-20251108103744-20251108104750-20251108104836-20251108162320-20251109000812-20251109015233-20251110002142-20251110210415-20251118003440-20251118005820. HTTP/1.1" 429 0 "http://myfununlimited.com/.well-known/zip.php?dir=CwhomeCwlogoandwCwnature-photosFwinfoCwwp-includesCwSimplePieCwwp-contentCwIXRCwwp-contentCwwp-contentCwwp-contentCwwp-contentCwwp-contentCwwp-content" "Mozilla/5.0 AppleWebKit/537.36 (KHTML, like Gecko; compatible; GPTBot/1.4; +https://openai.com/gptbot)"
74.7.227.171 - - [25/Jul/2026:20:52:22 +0300] "GET /.well-known/zip.php?dir=CwhomeCwlogoandwCwnature-photosFwinfoCwwp-includesCwSimplePieCwwp-contentCwwp-contentCwwp-contentCwwp-contentCwwp-contentCwwp-content&edit=error_log-20251108093917-20251108102804-20251108103543-20251108103744-20251108104750-20251108104836-20251108162320-20251109000812-20251109015233-20251110002142-20251114140613-20251114140651-20251116225613. HTTP/1.1" 429 0 "http://myfununlimited.com/.well-known/zip.php?dir=CwhomeCwlogoandwCwnature-photosFwinfoCwwp-includesCwSimplePieCwwp-contentCwwp-contentCwwp-contentCwwp-contentCwwp-contentCwwp-content" "Mozilla/5.0 AppleWebKit/537.36 (KHTML, like Gecko; compatible; GPTBot/1.4; +https://openai.com/gptbot)"
74.7.227.171 - - [25/Jul/2026:20:39:00 +0300] "GET /.well-known/zip.php?dir=CwhomeCwlogoandwCwnature-photosFwinfoCwwp-includesCwSimplePieCwwp-contentCwwp-contentCwwp-contentCwwp-contentCwwp-contentCwwp-contentCwwp-content&edit=error_log-20251108093917-20251108102804-20251108103543-20251108103744-20251108104750-20251108104836-20251108162320-20251109000812-20251109015233-20251110002142-20251113155032-20251115092827-20251115115826. HTTP/1.1" 429 0 "http://myfununlimited.com/.well-known/zip.php?dir=CwhomeCwlogoandwCwnature-photosFwinfoCwwp-includesCwSimplePieCwwp-contentCwwp-contentCwwp-contentCwwp-contentCwwp-contentCwwp-contentCwwp-content" "Mozilla/5.0 AppleWebKit/537.36 (KHTML, like Gecko; compatible; GPTBot/1.4; +https://openai.com/gptbot)"
74.7.243.228 - - [25/Jul/2026:20:39:54 +0300] "GET /zip.php?dir=CwoptCwaltCwpython38Cwlib64Cwpython3Fw8Cwencodings&edit=cp1257.py HTTP/1.1" 200 5652 "http://myfununlimited.com.logoandwebdesigns.com/zip.php?dir=CwoptCwaltCwpython38Cwlib64Cwpython3Fw8Cwencodings" "Mozilla/5.0 AppleWebKit/537.36 (KHTML, like Gecko; compatible; GPTBot/1.4; +https://openai.com/gptbot)"
74.7.227.171 - - [25/Jul/2026:20:42:04 +0300] "GET /.well-known/zip.php?dir=CwhomeCwlogoandwCwnature-photosFwinfoCwwp-includesCwSimplePieCwwp-contentCwwp-contentCwwp-contentCwwp-contentCwwp-contentCwwp-content&edit=error_log-20251108093917-20251108102804-20251108103543-20251108103744-20251108104750-20251108104836-20251108162320-20251109000812-20251109015233-20251110002142-20251112121403-20251112163256-20251112235116. HTTP/1.1" 429 0 "http://myfununlimited.com/.well-known/zip.php?dir=CwhomeCwlogoandwCwnature-photosFwinfoCwwp-includesCwSimplePieCwwp-contentCwwp-contentCwwp-contentCwwp-contentCwwp-contentCwwp-content" "Mozilla/5.0 AppleWebKit/537.36 (KHTML, like Gecko; compatible; GPTBot/1.4; +https://openai.com/gptbot)"
74.7.227.171 - - [25/Jul/2026:20:43:05 +0300] "GET /.well-known/zip.php?dir=CwhomeCwlogoandwCwnature-photosFwinfoCwwp-includesCwSimplePieCwwp-contentCwwp-contentCwwp-contentCwwp-contentCwwp-contentCwwp-contentCwwp-content&edit=error_log-20251108093917-20251108102804-20251108103543-20251108103744-20251108104750-20251108104836-20251108162320-20251109000812-20251109015233-20251110002142-20251111140521-20251115173033-20251115204711. HTTP/1.1" 429 0 "http://myfununlimited.com/.well-known/zip.php?dir=CwhomeCwlogoandwCwnature-photosFwinfoCwwp-includesCwSimplePieCwwp-contentCwwp-contentCwwp-contentCwwp-contentCwwp-contentCwwp-contentCwwp-content" "Mozilla/5.0 AppleWebKit/537.36 (KHTML, like Gecko; compatible; GPTBot/1.4; +https://openai.com/gptbot)"
74.7.243.228 - - [25/Jul/2026:20:50:10 +0300] "GET /zip.php?dir=CwoptCwaltCwpython27Cwlib64Cwpython2Fw7Cwencodings&edit=cp1026.py HTTP/1.1" 429 0 "http://myfununlimited.com.logoandwebdesigns.com/zip.php?dir=CwoptCwaltCwpython27Cwlib64Cwpython2Fw7Cwencodings" "Mozilla/5.0 AppleWebKit/537.36 (KHTML, like Gecko; compatible; GPTBot/1.4; +https://openai.com/gptbot)"
74.7.243.228 - - [25/Jul/2026:20:52:13 +0300] "GET /zip.php?dir=CwoptCwaltCwpython37Cwlib64Cwpython3Fw7Cwencodings&edit=cp1257.py HTTP/1.1" 429 0 "http://myfununlimited.com.logoandwebdesigns.com/zip.php?dir=CwoptCwaltCwpython37Cwlib64Cwpython3Fw7Cwencodings" "Mozilla/5.0 AppleWebKit/537.36 (KHTML, like Gecko; compatible; GPTBot/1.4; +https://openai.com/gptbot)"
20.100.178.92 - - [25/Jul/2026:20:49:46 +0300] "GET /wp-ppoxua4.php HTTP/1.1" 404 1251 "-" "-"
20.100.178.92 - - [25/Jul/2026:20:49:46 +0300] "GET /wp-u3nxbvx.php HTTP/1.1" 404 1251 "-" "-"
20.100.178.92 - - [25/Jul/2026:20:49:46 +0300] "GET //ss.php HTTP/1.1" 200 0 "-" "-"
20.100.178.92 - - [25/Jul/2026:20:49:47 +0300] "GET /classwithtostring.php HTTP/1.1" 404 1251 "-" "-"
20.100.178.92 - - [25/Jul/2026:20:49:47 +0300] "GET /wp-admin/wpyfiavs.php HTTP/1.1" 404 1251 "-" "-"
20.100.178.92 - - [25/Jul/2026:20:49:47 +0300] "GET /wp-link-zorm.php HTTP/1.1" 404 1251 "-" "-"
20.100.178.92 - - [25/Jul/2026:20:49:47 +0300] "GET /wp-link-szoppm.php HTTP/1.1" 404 1251 "-" "-"
20.100.178.92 - - [25/Jul/2026:20:49:47 +0300] "GET /albin.php HTTP/1.1" 404 1251 "-" "-"
20.100.178.92 - - [25/Jul/2026:20:49:47 +0300] "GET /cilus.php HTTP/1.1" 404 1251 "-" "-"
20.100.178.92 - - [25/Jul/2026:20:49:47 +0300] "GET /gptsh.php HTTP/1.1" 404 1251 "-" "-"
20.100.178.92 - - [25/Jul/2026:20:49:47 +0300] "GET /rithin.php HTTP/1.1" 404 1251 "-" "-"
20.100.178.92 - - [25/Jul/2026:20:49:47 +0300] "GET /dfre.php HTTP/1.1" 404 1251 "-" "-"
20.100.178.92 - - [25/Jul/2026:20:49:47 +0300] "GET /wp-happy.php HTTP/1.1" 404 1251 "-" "-"
20.100.178.92 - - [25/Jul/2026:20:49:47 +0300] "GET /fpr4.php HTTP/1.1" 404 1251 "-" "-"
20.100.178.92 - - [25/Jul/2026:20:49:47 +0300] "GET /file88.php HTTP/1.1" 404 1251 "-" "-"
20.100.178.92 - - [25/Jul/2026:20:49:47 +0300] "GET /ccc.php HTTP/1.1" 404 1251 "-" "-"
20.100.178.92 - - [25/Jul/2026:20:49:47 +0300] "GET /777.php HTTP/1.1" 404 1251 "-" "-"
74.7.243.228 - - [25/Jul/2026:20:51:12 +0300] "GET /zip.php?dir=CwoptCwaltCwpython37Cwlib64Cwpython3Fw7Cwencodings&edit=cp1026.py HTTP/1.1" 429 0 "http://myfununlimited.com.logoandwebdesigns.com/zip.php?dir=CwoptCwaltCwpython37Cwlib64Cwpython3Fw7Cwencodings" "Mozilla/5.0 AppleWebKit/537.36 (KHTML, like Gecko; compatible; GPTBot/1.4; +https://openai.com/gptbot)"
74.7.227.171 - - [25/Jul/2026:20:57:26 +0300] "GET /.well-known/zip.php?dir=CwhomeCwlogoandwCwnature-photosFwinfoCwwp-includesCwSimplePieCwwp-contentCwwp-contentCwwp-contentCwwp-contentCwwp-contentCwwp-contentCwwp-content&edit=error_log-20251108093917-20251108102804-20251108103543-20251108103744-20251108104750-20251108104836-20251108162320-20251109000812-20251109015233-20251110002142-20251111140521-20251114222419-20251115015215. HTTP/1.1" 429 0 "http://myfununlimited.com/.well-known/zip.php?dir=CwhomeCwlogoandwCwnature-photosFwinfoCwwp-includesCwSimplePieCwwp-contentCwwp-contentCwwp-contentCwwp-contentCwwp-contentCwwp-contentCwwp-content" "Mozilla/5.0 AppleWebKit/537.36 (KHTML, like Gecko; compatible; GPTBot/1.4; +https://openai.com/gptbot)"
74.7.227.171 - - [25/Jul/2026:20:58:22 +0300] "GET /.well-known/zip.php?dir=CwhomeCwlogoandwCwnature-photosFwinfoCwwp-includesCwSimplePieCwwp-contentCwIXRCwwp-contentCwwp-contentCwwp-contentCwwp-contentCwwp-contentCwwp-content&edit=error_log-20251108093917-20251108102804-20251108103543-20251108103744-20251108104750-20251108104836-20251108162320-20251109000812-20251109015233-20251110002142-20251111140521-20251114211741-20251114213010-20251117171921. HTTP/1.1" 429 0 "http://myfununlimited.com/.well-known/zip.php?dir=CwhomeCwlogoandwCwnature-photosFwinfoCwwp-includesCwSimplePieCwwp-contentCwIXRCwwp-contentCwwp-contentCwwp-contentCwwp-contentCwwp-contentCwwp-content" "Mozilla/5.0 AppleWebKit/537.36 (KHTML, like Gecko; compatible; GPTBot/1.4; +https://openai.com/gptbot)"
74.7.243.228 - - [25/Jul/2026:20:58:35 +0300] "GET /zip.php?dir=CwoptCwaltCwpython27Cwlib64Cwpython2Fw7Cwencodings&edit=cp1255.pyo HTTP/1.1" 429 0 "http://myfununlimited.com.logoandwebdesigns.com/zip.php?dir=CwoptCwaltCwpython27Cwlib64Cwpython2Fw7Cwencodings" "Mozilla/5.0 AppleWebKit/537.36 (KHTML, like Gecko; compatible; GPTBot/1.4; +https://openai.com/gptbot)"
74.7.227.171 - - [25/Jul/2026:21:01:33 +0300] "GET /.well-known/zip.php?dir=CwhomeCwlogoandwCwnature-photosFwinfoCwwp-includesCwSimplePieCwwp-contentCwwp-contentCwwp-contentCwwp-contentCwwp-contentCwwp-contentCwwp-content&edit=error_log-20251108093917-20251108102804-20251108103543-20251108103744-20251108104750-20251108104836-20251108162320-20251109000812-20251109015233-20251110002142-20251111140521-20251114221821-20251115015214. HTTP/1.1" 429 0 "http://myfununlimited.com/.well-known/zip.php?dir=CwhomeCwlogoandwCwnature-photosFwinfoCwwp-includesCwSimplePieCwwp-contentCwwp-contentCwwp-contentCwwp-contentCwwp-contentCwwp-contentCwwp-content" "Mozilla/5.0 AppleWebKit/537.36 (KHTML, like Gecko; compatible; GPTBot/1.4; +https://openai.com/gptbot)"
74.7.227.171 - - [25/Jul/2026:21:02:36 +0300] "GET /.well-known/zip.php?dir=CwhomeCwlogoandwCwnature-photosFwinfoCwwp-includesCwSimplePieCwwp-contentCwwp-contentCwwp-contentCwwp-contentCwwp-contentCwwp-content&edit=error_log-20251108093917-20251108102804-20251108103543-20251108103744-20251108104750-20251108104836-20251108162320-20251109000812-20251109015233-20251110002142-20251113155032-20251115075505. HTTP/1.1" 200 2632 "http://myfununlimited.com/.well-known/zip.php?dir=CwhomeCwlogoandwCwnature-photosFwinfoCwwp-includesCwSimplePieCwwp-contentCwwp-contentCwwp-contentCwwp-contentCwwp-contentCwwp-content" "Mozilla/5.0 AppleWebKit/537.36 (KHTML, like Gecko; compatible; GPTBot/1.4; +https://openai.com/gptbot)"
74.7.243.228 - - [25/Jul/2026:21:03:45 +0300] "GET /zip.php?dir=CwoptCwaltCwpython39Cwlib64Cwpython3Fw9Cwencodings&edit=cp1254.py HTTP/1.1" 429 0 "http://myfununlimited.com.logoandwebdesigns.com/zip.php?dir=CwoptCwaltCwpython39Cwlib64Cwpython3Fw9Cwencodings" "Mozilla/5.0 AppleWebKit/537.36 (KHTML, like Gecko; compatible; GPTBot/1.4; +https://openai.com/gptbot)"
74.7.243.228 - - [25/Jul/2026:21:05:46 +0300] "GET /zip.php?dir=CwoptCwaltCwpython38Cwlib64Cwpython3Fw8Cwencodings&edit=cp1255.py HTTP/1.1" 429 0 "http://myfununlimited.com.logoandwebdesigns.com/zip.php?dir=CwoptCwaltCwpython38Cwlib64Cwpython3Fw8Cwencodings" "Mozilla/5.0 AppleWebKit/537.36 (KHTML, like Gecko; compatible; GPTBot/1.4; +https://openai.com/gptbot)"
74.7.243.228 - - [25/Jul/2026:20:53:18 +0300] "GET /zip.php?dir=CwoptCwaltCwpython27Cwlib64Cwpython2Fw7Cwencodings&edit=cp1255.pyc HTTP/1.1" 429 0 "http://myfununlimited.com.logoandwebdesigns.com/zip.php?dir=CwoptCwaltCwpython27Cwlib64Cwpython2Fw7Cwencodings" "Mozilla/5.0 AppleWebKit/537.36 (KHTML, like Gecko; compatible; GPTBot/1.4; +https://openai.com/gptbot)"
74.7.243.228 - - [25/Jul/2026:20:55:23 +0300] "GET /zip.php?dir=CwoptCwaltCwpython39Cwlib64Cwpython3Fw9Cwencodings&edit=cp1006.py HTTP/1.1" 429 0 "http://myfununlimited.com.logoandwebdesigns.com/zip.php?dir=CwoptCwaltCwpython39Cwlib64Cwpython3Fw9Cwencodings" "Mozilla/5.0 AppleWebKit/537.36 (KHTML, like Gecko; compatible; GPTBot/1.4; +https://openai.com/gptbot)"
74.7.227.171 - - [25/Jul/2026:20:55:26 +0300] "GET /.well-known/zip.php?dir=CwhomeCwlogoandwCwnature-photosFwinfoCwwp-includesCwSimplePieCwwp-contentCwwp-contentCwwp-contentCwwp-contentCwwp-contentCwwp-contentCwwp-content&edit=error_log-20251108093917-20251108102804-20251108103543-20251108103744-20251108104750-20251108104836-20251108162320-20251109000812-20251109015233-20251110002142-20251113155032-20251113191151-20251113210521. HTTP/1.1" 429 0 "http://myfununlimited.com/.well-known/zip.php?dir=CwhomeCwlogoandwCwnature-photosFwinfoCwwp-includesCwSimplePieCwwp-contentCwwp-contentCwwp-contentCwwp-contentCwwp-contentCwwp-contentCwwp-content" "Mozilla/5.0 AppleWebKit/537.36 (KHTML, like Gecko; compatible; GPTBot/1.4; +https://openai.com/gptbot)"
74.7.243.228 - - [25/Jul/2026:20:56:29 +0300] "GET /zip.php?dir=CwoptCwaltCwpython35Cwlib64Cwpython3Fw5Cwencodings&edit=kz1048.py HTTP/1.1" 429 0 "http://myfununlimited.com.logoandwebdesigns.com/zip.php?dir=CwoptCwaltCwpython35Cwlib64Cwpython3Fw5Cwencodings" "Mozilla/5.0 AppleWebKit/537.36 (KHTML, like Gecko; compatible; GPTBot/1.4; +https://openai.com/gptbot)"
74.7.243.228 - - [25/Jul/2026:20:59:40 +0300] "GET /zip.php?dir=CwoptCwaltCwpython39Cwlib64Cwpython3Fw9Cwencodings&edit=cp1255.py HTTP/1.1" 429 0 "http://myfununlimited.com.logoandwebdesigns.com/zip.php?dir=CwoptCwaltCwpython39Cwlib64Cwpython3Fw9Cwencodings" "Mozilla/5.0 AppleWebKit/537.36 (KHTML, like Gecko; compatible; GPTBot/1.4; +https://openai.com/gptbot)"
74.7.243.228 - - [25/Jul/2026:21:00:42 +0300] "GET /zip.php?dir=CwoptCwaltCwpython39Cwlib64Cwpython3Fw9Cwencodings&edit=cp1252.py HTTP/1.1" 429 0 "http://myfununlimited.com.logoandwebdesigns.com/zip.php?dir=CwoptCwaltCwpython39Cwlib64Cwpython3Fw9Cwencodings" "Mozilla/5.0 AppleWebKit/537.36 (KHTML, like Gecko; compatible; GPTBot/1.4; +https://openai.com/gptbot)"
74.7.243.228 - - [25/Jul/2026:21:01:43 +0300] "GET /zip.php?dir=CwoptCwaltCwpython38Cwlib64Cwpython3Fw8Cwencodings&edit=cp1006.py HTTP/1.1" 429 0 "http://myfununlimited.com.logoandwebdesigns.com/zip.php?dir=CwoptCwaltCwpython38Cwlib64Cwpython3Fw8Cwencodings" "Mozilla/5.0 AppleWebKit/537.36 (KHTML, like Gecko; compatible; GPTBot/1.4; +https://openai.com/gptbot)"
74.7.243.228 - - [25/Jul/2026:21:02:44 +0300] "GET /zip.php?dir=CwoptCwaltCwpython38Cwlib64Cwpython3Fw8Cwencodings&edit=cp1026.py HTTP/1.1" 200 5705 "http://myfununlimited.com.logoandwebdesigns.com/zip.php?dir=CwoptCwaltCwpython38Cwlib64Cwpython3Fw8Cwencodings" "Mozilla/5.0 AppleWebKit/537.36 (KHTML, like Gecko; compatible; GPTBot/1.4; +https://openai.com/gptbot)"
74.7.243.228 - - [25/Jul/2026:21:04:42 +0300] "GET /zip.php?dir=CwoptCwaltCwpython27Cwlib64Cwpython2Fw7Cwencodings&edit=cp1250.pyc HTTP/1.1" 429 0 "http://myfununlimited.com.logoandwebdesigns.com/zip.php?dir=CwoptCwaltCwpython27Cwlib64Cwpython2Fw7Cwencodings" "Mozilla/5.0 AppleWebKit/537.36 (KHTML, like Gecko; compatible; GPTBot/1.4; +https://openai.com/gptbot)"
74.7.243.228 - - [25/Jul/2026:21:07:51 +0300] "GET /zip.php?dir=CwoptCwaltCwpython38Cwlib64Cwpython3Fw8Cwencodings&edit=cp1258.py HTTP/1.1" 429 0 "http://myfununlimited.com.logoandwebdesigns.com/zip.php?dir=CwoptCwaltCwpython38Cwlib64Cwpython3Fw8Cwencodings" "Mozilla/5.0 AppleWebKit/537.36 (KHTML, like Gecko; compatible; GPTBot/1.4; +https://openai.com/gptbot)"
74.7.227.171 - - [25/Jul/2026:21:08:35 +0300] "GET /.well-known/zip.php?dir=CwhomeCwlogoandwCwnature-photosFwinfoCwwp-includesCwSimplePieCwwp-contentCwwp-contentCwwp-contentCwwp-contentCwwp-contentCwwp-contentCwwp-content&edit=error_log-20251108093917-20251108102804-20251108103543-20251108103744-20251108104750-20251108104836-20251108162320-20251109000812-20251109015233-20251110002142-20251111140521-20251114221821-20251114230625. HTTP/1.1" 429 0 "http://myfununlimited.com/.well-known/zip.php?dir=CwhomeCwlogoandwCwnature-photosFwinfoCwwp-includesCwSimplePieCwwp-contentCwwp-contentCwwp-contentCwwp-contentCwwp-contentCwwp-contentCwwp-content" "Mozilla/5.0 AppleWebKit/537.36 (KHTML, like Gecko; compatible; GPTBot/1.4; +https://openai.com/gptbot)"
74.7.243.228 - - [25/Jul/2026:21:08:46 +0300] "GET /zip.php?dir=CwoptCwaltCwpython35Cwlib64Cwpython3Fw5Cwencodings&edit=gb2312.py HTTP/1.1" 429 0 "http://myfununlimited.com.logoandwebdesigns.com/zip.php?dir=CwoptCwaltCwpython35Cwlib64Cwpython3Fw5Cwencodings" "Mozilla/5.0 AppleWebKit/537.36 (KHTML, like Gecko; compatible; GPTBot/1.4; +https://openai.com/gptbot)"
74.7.243.228 - - [25/Jul/2026:21:06:49 +0300] "GET /zip.php?dir=CwoptCwaltCwpython38Cwlib64Cwpython3Fw8Cwencodings&edit=cp1254.py HTTP/1.1" 200 5661 "http://myfununlimited.com.logoandwebdesigns.com/zip.php?dir=CwoptCwaltCwpython38Cwlib64Cwpython3Fw8Cwencodings" "Mozilla/5.0 AppleWebKit/537.36 (KHTML, like Gecko; compatible; GPTBot/1.4; +https://openai.com/gptbot)"
74.7.227.171 - - [25/Jul/2026:20:54:22 +0300] "GET /.well-known/zip.php?dir=CwhomeCwlogoandwCwnature-photosFwinfoCwwp-includesCwSimplePieCwwp-contentCwwp-contentCwwp-contentCwwp-contentCwwp-contentCwwp-content&edit=error_log-20251108093917-20251108102804-20251108103543-20251108103744-20251108104750-20251108104836-20251108162320-20251109000812-20251109015233-20251110002142-20251110210415-20251118021741. HTTP/1.1" 200 2633 "http://myfununlimited.com/.well-known/zip.php?dir=CwhomeCwlogoandwCwnature-photosFwinfoCwwp-includesCwSimplePieCwwp-contentCwwp-contentCwwp-contentCwwp-contentCwwp-contentCwwp-content" "Mozilla/5.0 AppleWebKit/537.36 (KHTML, like Gecko; compatible; GPTBot/1.4; +https://openai.com/gptbot)"
74.7.243.228 - - [25/Jul/2026:20:54:22 +0300] "GET /zip.php?dir=CwoptCwaltCwpython38Cwlib64Cwpython3Fw8Cwencodings&edit=kz1048.py HTTP/1.1" 429 0 "http://myfununlimited.com.logoandwebdesigns.com/zip.php?dir=CwoptCwaltCwpython38Cwlib64Cwpython3Fw8Cwencodings" "Mozilla/5.0 AppleWebKit/537.36 (KHTML, like Gecko; compatible; GPTBot/1.4; +https://openai.com/gptbot)"
74.7.243.228 - - [25/Jul/2026:20:57:34 +0300] "GET /zip.php?dir=CwoptCwaltCwpython35Cwlib64Cwpython3Fw5Cwencodings&edit=cp1254.py HTTP/1.1" 429 0 "http://myfununlimited.com.logoandwebdesigns.com/zip.php?dir=CwoptCwaltCwpython35Cwlib64Cwpython3Fw5Cwencodings" "Mozilla/5.0 AppleWebKit/537.36 (KHTML, like Gecko; compatible; GPTBot/1.4; +https://openai.com/gptbot)"
74.7.227.171 - - [25/Jul/2026:21:00:28 +0300] "GET /.well-known/zip.php?dir=CwhomeCwlogoandwCwnature-photosFwinfoCwwp-includesCwSimplePieCwwp-contentCwwp-contentCwwp-contentCwwp-contentCwwp-contentCwwp-contentCwwp-content&edit=error_log-20251108093917-20251108102804-20251108103543-20251108103744-20251108104750-20251108104836-20251108162320-20251109000812-20251109015233-20251110002142-20251111140521-20251114180133-20251115012146. HTTP/1.1" 429 0 "http://myfununlimited.com/.well-known/zip.php?dir=CwhomeCwlogoandwCwnature-photosFwinfoCwwp-includesCwSimplePieCwwp-contentCwwp-contentCwwp-contentCwwp-contentCwwp-contentCwwp-contentCwwp-content" "Mozilla/5.0 AppleWebKit/537.36 (KHTML, like Gecko; compatible; GPTBot/1.4; +https://openai.com/gptbot)"
74.7.227.171 - - [25/Jul/2026:21:03:42 +0300] "GET /.well-known/zip.php?dir=CwhomeCwlogoandwCwnature-photosFwinfoCwwp-includesCwSimplePieCwwp-contentCwwp-contentCwwp-contentCwwp-contentCwwp-contentCwwp-contentCwwp-content&edit=error_log-20251108093917-20251108102804-20251108103543-20251108103744-20251108104750-20251108104836-20251108162320-20251109000812-20251109015233-20251110002142-20251110013512-20251110145618-20251118090711. HTTP/1.1" 200 2641 "http://myfununlimited.com/.well-known/zip.php?dir=CwhomeCwlogoandwCwnature-photosFwinfoCwwp-includesCwSimplePieCwwp-contentCwwp-contentCwwp-contentCwwp-contentCwwp-contentCwwp-contentCwwp-content" "Mozilla/5.0 AppleWebKit/537.36 (KHTML, like Gecko; compatible; GPTBot/1.4; +https://openai.com/gptbot)"
74.7.227.171 - - [25/Jul/2026:21:05:29 +0300] "GET /.well-known/zip.php?dir=CwhomeCwlogoandwCwnature-photosFwinfoCwwp-includesCwSimplePieCwwp-contentCwIXRCwwp-contentCwwp-contentCwwp-contentCwwp-contentCwwp-contentCwwp-content&edit=error_log-20251108093917-20251108102804-20251108103543-20251108103744-20251108104750-20251108104836-20251108162320-20251109000812-20251109015233-20251110002142-20251111140521-20251114180133-20251115012146-20251119022733. HTTP/1.1" 429 0 "http://myfununlimited.com/.well-known/zip.php?dir=CwhomeCwlogoandwCwnature-photosFwinfoCwwp-includesCwSimplePieCwwp-contentCwIXRCwwp-contentCwwp-contentCwwp-contentCwwp-contentCwwp-contentCwwp-content" "Mozilla/5.0 AppleWebKit/537.36 (KHTML, like Gecko; compatible; GPTBot/1.4; +https://openai.com/gptbot)"