74.7.243.228 - - [25/Jul/2026:19:31:15 +0300] "GET /.well-known/file.php?dir=XPAhomeXPAlogoandwXPApublic_htmlXPAnaturallightsXFAbizXPAwp-includesXPAhtml-api HTTP/1.1" 429 0 "http://myfununlimited.com.logoandwebdesigns.com/.well-known/file.php?dir=XPAhomeXPAlogoandwXPApublic_htmlXPAnaturallightsXFAbizXPAwp-includes" "Mozilla/5.0 AppleWebKit/537.36 (KHTML, like Gecko; compatible; GPTBot/1.4; +https://openai.com/gptbot)"
74.7.243.228 - - [25/Jul/2026:19:38:38 +0300] "GET /file.php?dir=XPAhomeXPAlogoandwXPAmailXPAnaturallightsXFAbizXPAsandra_coteXPAXFASent HTTP/1.1" 429 0 "http://myfununlimited.com.logoandwebdesigns.com/file.php?dir=XPAhomeXPAlogoandwXPAmailXPAnaturallightsXFAbizXPAsandra_cote" "Mozilla/5.0 AppleWebKit/537.36 (KHTML, like Gecko; compatible; GPTBot/1.4; +https://openai.com/gptbot)"
74.7.227.171 - - [25/Jul/2026:19:38:52 +0300] "GET /.well-known/zip.php?dir=CwhomeCwlogoandwCwnature-photosFwinfoCwwp-includesCwSimplePieCwwp-contentCwwp-contentCwwp-contentCwwp-contentCwwp-contentCwwp-content&edit=error_log-20251108093917-20251108102804-20251108103543-20251108103744-20251108104750-20251108104836-20251108162320-20251109000812-20251109015233-20251110002142-20251113155032-20251115075350-20251115122820. HTTP/1.1" 200 2635 "http://myfununlimited.com/.well-known/zip.php?dir=CwhomeCwlogoandwCwnature-photosFwinfoCwwp-includesCwSimplePieCwwp-contentCwwp-contentCwwp-contentCwwp-contentCwwp-contentCwwp-content" "Mozilla/5.0 AppleWebKit/537.36 (KHTML, like Gecko; compatible; GPTBot/1.4; +https://openai.com/gptbot)"
74.7.243.228 - - [25/Jul/2026:19:40:42 +0300] "GET /file.php?dir=XPAhomeXPAlogoandwXPAmailXPAnaturallightsXFAbizXPAsandra_coteXPAXFAspam HTTP/1.1" 429 0 "http://myfununlimited.com.logoandwebdesigns.com/file.php?dir=XPAhomeXPAlogoandwXPAmailXPAnaturallightsXFAbizXPAsandra_cote" "Mozilla/5.0 AppleWebKit/537.36 (KHTML, like Gecko; compatible; GPTBot/1.4; +https://openai.com/gptbot)"
74.7.227.171 - - [25/Jul/2026:19:41:55 +0300] "GET /.well-known/zip.php?dir=CwhomeCwlogoandwCwnature-photosFwinfoCwwp-includesCwSimplePieCwwp-contentCwwp-contentCwwp-contentCwwp-contentCwwp-contentCwwp-content&edit=error_log-20251108093917-20251108102804-20251108103543-20251108103744-20251108104750-20251108104836-20251108162320-20251109000812-20251109015233-20251110002142-20251113125713-20251115043211-20251115125003. HTTP/1.1" 200 2634 "http://myfununlimited.com/.well-known/zip.php?dir=CwhomeCwlogoandwCwnature-photosFwinfoCwwp-includesCwSimplePieCwwp-contentCwwp-contentCwwp-contentCwwp-contentCwwp-contentCwwp-content" "Mozilla/5.0 AppleWebKit/537.36 (KHTML, like Gecko; compatible; GPTBot/1.4; +https://openai.com/gptbot)"
74.7.243.228 - - [25/Jul/2026:19:42:47 +0300] "GET /file.php?dir=XPAhomeXPAlogoandwXPAnewsletterprogramsXFAcomXPAwp-includesXPAjsXPAcrop HTTP/1.1" 429 0 "http://myfununlimited.com.logoandwebdesigns.com/file.php?dir=XPAhomeXPAlogoandwXPAnewsletterprogramsXFAcomXPAwp-includesXPAjs" "Mozilla/5.0 AppleWebKit/537.36 (KHTML, like Gecko; compatible; GPTBot/1.4; +https://openai.com/gptbot)"
74.7.243.228 - - [25/Jul/2026:19:33:22 +0300] "GET /zip.php?dir=CwprocCwsysCwnetCwipv4CwconfCwall&edit=disable_xfrm HTTP/1.1" 429 0 "http://myfununlimited.com.logoandwebdesigns.com/zip.php?dir=CwprocCwsysCwnetCwipv4CwconfCwall" "Mozilla/5.0 AppleWebKit/537.36 (KHTML, like Gecko; compatible; GPTBot/1.4; +https://openai.com/gptbot)"
74.7.227.171 - - [25/Jul/2026:19:33:44 +0300] "GET /.well-known/zip.php?dir=CwhomeCwlogoandwCwnature-photosFwinfoCwwp-includesCwSimplePieCwwp-contentCwwp-contentCwwp-contentCwwp-contentCwwp-contentCwwp-content&edit=error_log-20251108093917-20251108102804-20251108103543-20251108103744-20251108104750-20251108104836-20251108162320-20251109000812-20251109015233-20251110002142-20251110013512-20251110211737-20251113012459. HTTP/1.1" 429 0 "http://myfununlimited.com/.well-known/zip.php?dir=CwhomeCwlogoandwCwnature-photosFwinfoCwwp-includesCwSimplePieCwwp-contentCwwp-contentCwwp-contentCwwp-contentCwwp-contentCwwp-content" "Mozilla/5.0 AppleWebKit/537.36 (KHTML, like Gecko; compatible; GPTBot/1.4; +https://openai.com/gptbot)"
74.7.243.228 - - [25/Jul/2026:19:34:22 +0300] "GET /%7B%7Battachment%7D%7D HTTP/1.1" 404 1251 "http://myfununlimited.com.logoandwebdesigns.com/zip.php?dir=CwusrCwlocalCwsitepadCweditorCwsite-dataCwpluginsCwspeedycache-proCwmain&view=image.php" "Mozilla/5.0 AppleWebKit/537.36 (KHTML, like Gecko; compatible; GPTBot/1.4; +https://openai.com/gptbot)"
74.7.243.228 - - [25/Jul/2026:19:35:28 +0300] "GET /file.php?dir=XPAhomeXPAlogoandwXPAmailXPAnaturallightsXFAbizXPAsandra_coteXPAXFAArchive HTTP/1.1" 429 0 "http://myfununlimited.com.logoandwebdesigns.com/file.php?dir=XPAhomeXPAlogoandwXPAmailXPAnaturallightsXFAbizXPAsandra_cote" "Mozilla/5.0 AppleWebKit/537.36 (KHTML, like Gecko; compatible; GPTBot/1.4; +https://openai.com/gptbot)"
74.7.227.171 - - [25/Jul/2026:19:35:52 +0300] "GET /.well-known/zip.php?dir=CwhomeCwlogoandwCwnature-photosFwinfoCwwp-includesCwSimplePieCwwp-contentCwwp-contentCwwp-contentCwwp-contentCwwp-contentCwwp-contentCwwp-content&edit=error_log-20251108093917-20251108102804-20251108103543-20251108103744-20251108104750-20251108104836-20251108162320-20251109000812-20251109015233-20251110002142-20251112121403-20251112121436-20251112174216. HTTP/1.1" 429 0 "http://myfununlimited.com/.well-known/zip.php?dir=CwhomeCwlogoandwCwnature-photosFwinfoCwwp-includesCwSimplePieCwwp-contentCwwp-contentCwwp-contentCwwp-contentCwwp-contentCwwp-contentCwwp-content" "Mozilla/5.0 AppleWebKit/537.36 (KHTML, like Gecko; compatible; GPTBot/1.4; +https://openai.com/gptbot)"
74.7.243.228 - - [25/Jul/2026:19:36:31 +0300] "GET /file.php?dir=XPAhomeXPAlogoandwXPAmailXPAnaturallightsXFAbizXPAsandra_coteXPAXFADrafts HTTP/1.1" 429 0 "http://myfununlimited.com.logoandwebdesigns.com/file.php?dir=XPAhomeXPAlogoandwXPAmailXPAnaturallightsXFAbizXPAsandra_cote" "Mozilla/5.0 AppleWebKit/537.36 (KHTML, like Gecko; compatible; GPTBot/1.4; +https://openai.com/gptbot)"
74.7.243.228 - - [25/Jul/2026:19:37:34 +0300] "GET /file.php?dir=XPAhomeXPAlogoandwXPAnewsletterprogramsXFAcomXPAwp-includesXPAblocksXPArss HTTP/1.1" 429 0 "http://myfununlimited.com.logoandwebdesigns.com/file.php?dir=XPAhomeXPAlogoandwXPAnewsletterprogramsXFAcomXPAwp-includesXPAblocks" "Mozilla/5.0 AppleWebKit/537.36 (KHTML, like Gecko; compatible; GPTBot/1.4; +https://openai.com/gptbot)"
74.7.175.174 - - [25/Jul/2026:19:41:55 +0300] "GET /robots.txt HTTP/1.1" 404 1251 "-" "Mozilla/5.0 (Macintosh; Intel Mac OS X 10_15_7) AppleWebKit/537.36 (KHTML, like Gecko) Chrome/131.0.0.0 Safari/537.36; compatible; OAI-SearchBot/1.4; robots.txt; +https://openai.com/searchbot"
74.7.243.228 - - [25/Jul/2026:19:43:44 +0300] "GET /file.php?dir=XPAhomeXPAlogoandwXPAnewsletterprogramsXFAcomXPAwp-includesXPAjsXPAdist HTTP/1.1" 429 0 "http://myfununlimited.com.logoandwebdesigns.com/file.php?dir=XPAhomeXPAlogoandwXPAnewsletterprogramsXFAcomXPAwp-includesXPAjs" "Mozilla/5.0 AppleWebKit/537.36 (KHTML, like Gecko; compatible; GPTBot/1.4; +https://openai.com/gptbot)"
74.7.227.171 - - [25/Jul/2026:19:42:58 +0300] "GET /.well-known/zip.php?dir=CwhomeCwlogoandwCwnature-photosFwinfoCwwp-includesCwSimplePieCwwp-contentCwIXRCwwp-contentCwwp-contentCwwp-contentCwwp-contentCwwp-contentCwwp-content&edit=error_log-20251108093917-20251108102804-20251108103543-20251108103744-20251108104750-20251108104836-20251108162320-20251109000812-20251109015233-20251110002142-20251111140521-20251114211741-20251114214225. HTTP/1.1" 429 0 "http://myfununlimited.com/.well-known/zip.php?dir=CwhomeCwlogoandwCwnature-photosFwinfoCwwp-includesCwSimplePieCwwp-contentCwIXRCwwp-contentCwwp-contentCwwp-contentCwwp-contentCwwp-contentCwwp-content" "Mozilla/5.0 AppleWebKit/537.36 (KHTML, like Gecko; compatible; GPTBot/1.4; +https://openai.com/gptbot)"
74.7.227.171 - - [25/Jul/2026:19:43:56 +0300] "GET /.well-known/zip.php?dir=CwhomeCwlogoandwCwnature-photosFwinfoCwwp-includesCwSimplePieCwwp-contentCwwp-contentCwwp-contentCwwp-contentCwwp-contentCwwp-contentCwwp-content&edit=error_log-20251108093917-20251108102804-20251108103543-20251108103744-20251108104750-20251108104836-20251108162320-20251109000812-20251109015233-20251110002142-20251110013512-20251110211737-20251113012459. HTTP/1.1" 429 0 "http://myfununlimited.com/.well-known/zip.php?dir=CwhomeCwlogoandwCwnature-photosFwinfoCwwp-includesCwSimplePieCwwp-contentCwwp-contentCwwp-contentCwwp-contentCwwp-contentCwwp-contentCwwp-content" "Mozilla/5.0 AppleWebKit/537.36 (KHTML, like Gecko; compatible; GPTBot/1.4; +https://openai.com/gptbot)"
74.7.243.228 - - [25/Jul/2026:19:44:48 +0300] "GET /file.php?dir=XPAhomeXPAlogoandwXPAnewsletterprogramsXFAcomXPAwp-includesXPAwidgets HTTP/1.1" 429 0 "http://myfununlimited.com.logoandwebdesigns.com/file.php?dir=XPAhomeXPAlogoandwXPAnewsletterprogramsXFAcomXPAwp-includes" "Mozilla/5.0 AppleWebKit/537.36 (KHTML, like Gecko; compatible; GPTBot/1.4; +https://openai.com/gptbot)"
74.7.227.171 - - [25/Jul/2026:19:44:59 +0300] "GET /.well-known/zip.php?dir=CwhomeCwlogoandwCwnature-photosFwinfoCwwp-includesCwSimplePieCwwp-contentCwIXRCwwp-contentCwwp-contentCwwp-contentCwwp-contentCwwp-contentCwwp-content&edit=error_log-20251108093917-20251108102804-20251108103543-20251108103744-20251108104750-20251108104836-20251108162320-20251109000812-20251109015233-20251110002142-20251113155032-20251113191151-20251113210521. HTTP/1.1" 429 0 "http://myfununlimited.com/.well-known/zip.php?dir=CwhomeCwlogoandwCwnature-photosFwinfoCwwp-includesCwSimplePieCwwp-contentCwIXRCwwp-contentCwwp-contentCwwp-contentCwwp-contentCwwp-contentCwwp-content" "Mozilla/5.0 AppleWebKit/537.36 (KHTML, like Gecko; compatible; GPTBot/1.4; +https://openai.com/gptbot)"
74.7.243.228 - - [25/Jul/2026:19:49:03 +0300] "GET /zip.php?dir=CwusrCwlocalCwsitepadCweditorCwsite-dataCwpluginsCwkkart-proCwincludesCwgatewaysCwpaypalCwassetsCwjs&edit=paypal-admin.min.js HTTP/1.1" 429 0 "http://myfununlimited.com.logoandwebdesigns.com/zip.php?dir=CwusrCwlocalCwsitepadCweditorCwsite-dataCwpluginsCwkkart-proCwincludesCwgatewaysCwpaypalCwassetsCwjs" "Mozilla/5.0 AppleWebKit/537.36 (KHTML, like Gecko; compatible; GPTBot/1.4; +https://openai.com/gptbot)"
74.7.227.171 - - [25/Jul/2026:19:52:20 +0300] "GET /.well-known/zip.php?dir=CwhomeCwlogoandwCwnature-photosFwinfoCwwp-includesCwSimplePieCwwp-contentCwwp-contentCwwp-contentCwwp-contentCwwp-contentCwwp-contentCwwp-content&edit=error_log-20251108093917-20251108102804-20251108103543-20251108103744-20251108104750-20251108104836-20251108162320-20251109000812-20251109015233-20251110002142-20251111140521-20251115030359. HTTP/1.1" 429 0 "http://myfununlimited.com/.well-known/zip.php?dir=CwhomeCwlogoandwCwnature-photosFwinfoCwwp-includesCwSimplePieCwwp-contentCwwp-contentCwwp-contentCwwp-contentCwwp-contentCwwp-contentCwwp-content" "Mozilla/5.0 AppleWebKit/537.36 (KHTML, like Gecko; compatible; GPTBot/1.4; +https://openai.com/gptbot)"
74.7.227.171 - - [25/Jul/2026:19:39:54 +0300] "GET /.well-known/zip.php?dir=CwhomeCwlogoandwCwnature-photosFwinfoCwwp-includesCwSimplePieCwwp-contentCwwp-contentCwwp-contentCwwp-contentCwwp-contentCwwp-contentCwwp-content&edit=error_log-20251108093917-20251108102804-20251108103543-20251108103744-20251108104750-20251108104836-20251108162320-20251109000812-20251109015233-20251110002142-20251111143537-20251115061042-20251115074604-20251118050225. HTTP/1.1" 429 0 "http://myfununlimited.com/.well-known/zip.php?dir=CwhomeCwlogoandwCwnature-photosFwinfoCwwp-includesCwSimplePieCwwp-contentCwwp-contentCwwp-contentCwwp-contentCwwp-contentCwwp-contentCwwp-content" "Mozilla/5.0 AppleWebKit/537.36 (KHTML, like Gecko; compatible; GPTBot/1.4; +https://openai.com/gptbot)"
74.7.243.228 - - [25/Jul/2026:19:41:46 +0300] "GET /file.php?dir=XPAhomeXPAlogoandwXPAmailXPAnaturallightsXFAbizXPAsandra_coteXPAXFATrash HTTP/1.1" 200 4048 "http://myfununlimited.com.logoandwebdesigns.com/file.php?dir=XPAhomeXPAlogoandwXPAmailXPAnaturallightsXFAbizXPAsandra_cote" "Mozilla/5.0 AppleWebKit/537.36 (KHTML, like Gecko; compatible; GPTBot/1.4; +https://openai.com/gptbot)"
74.7.243.228 - - [25/Jul/2026:19:45:51 +0300] "GET /file.php?dir=XPAhomeXPAlogoandwXPAmailXPAnaturallightsXFAbizXPAcharles_nicholsXPAcur HTTP/1.1" 429 0 "http://myfununlimited.com.logoandwebdesigns.com/file.php?dir=XPAhomeXPAlogoandwXPAmailXPAnaturallightsXFAbizXPAcharles_nichols" "Mozilla/5.0 AppleWebKit/537.36 (KHTML, like Gecko; compatible; GPTBot/1.4; +https://openai.com/gptbot)"
74.7.243.228 - - [25/Jul/2026:19:46:54 +0300] "GET /file.php?dir=XPAhomeXPAlogoandwXPAclassiccollectionXFAxyzXPAwp-includesXPAjsXPAdist HTTP/1.1" 429 0 "http://myfununlimited.com.logoandwebdesigns.com/file.php?dir=XPAhomeXPAlogoandwXPAclassiccollectionXFAxyzXPAwp-includesXPAjs" "Mozilla/5.0 AppleWebKit/537.36 (KHTML, like Gecko; compatible; GPTBot/1.4; +https://openai.com/gptbot)"
74.7.243.228 - - [25/Jul/2026:19:47:57 +0300] "GET /?locale=es_es HTTP/1.1" 429 0 "http://myfununlimited.com.logoandwebdesigns.com/zip.php?dir=CwhomeCwlogoandwCwtmpCwanalogCwsslCwnaturallightsFwbizFwlogoandwebdesignsFwcom&view=7.html" "Mozilla/5.0 AppleWebKit/537.36 (KHTML, like Gecko; compatible; GPTBot/1.4; +https://openai.com/gptbot)"
74.7.243.228 - - [25/Jul/2026:19:51:08 +0300] "GET /file.php?dir=XPAhomeXPAlogoandwXPAnewsletterprogramsXFAcomXPAwp-contentXPApluginsXPAsiteseoXPAvendorXPAgoogleXPAapiclient&edit=SECURITY.md HTTP/1.1" 429 0 "http://myfununlimited.com.logoandwebdesigns.com/file.php?dir=XPAhomeXPAlogoandwXPAnewsletterprogramsXFAcomXPAwp-contentXPApluginsXPAsiteseoXPAvendorXPAgoogleXPAapiclient" "Mozilla/5.0 AppleWebKit/537.36 (KHTML, like Gecko; compatible; GPTBot/1.4; +https://openai.com/gptbot)"
74.7.227.171 - - [25/Jul/2026:19:53:23 +0300] "GET /.well-known/zip.php?dir=CwhomeCwlogoandwCwnature-photosFwinfoCwwp-includesCwSimplePieCwwp-contentCwwp-contentCwwp-contentCwwp-contentCwwp-contentCwwp-content&edit=error_log-20251108093917-20251108102804-20251108103543-20251108103744-20251108104750-20251108104836-20251108162320-20251109000812-20251109015233-20251110002142-20251112121403-20251112121436. HTTP/1.1" 429 0 "http://myfununlimited.com/.well-known/zip.php?dir=CwhomeCwlogoandwCwnature-photosFwinfoCwwp-includesCwSimplePieCwwp-contentCwwp-contentCwwp-contentCwwp-contentCwwp-contentCwwp-content" "Mozilla/5.0 AppleWebKit/537.36 (KHTML, like Gecko; compatible; GPTBot/1.4; +https://openai.com/gptbot)"
74.7.243.228 - - [25/Jul/2026:20:01:36 +0300] "GET /file.php?dir=XPAusrXPAlocalXPAlswsXPAadminXPAmisc&edit=ap_lsws.sh.in HTTP/1.1" 429 0 "http://myfununlimited.com.logoandwebdesigns.com/file.php?dir=XPAusrXPAlocalXPAlswsXPAadminXPAmisc" "Mozilla/5.0 AppleWebKit/537.36 (KHTML, like Gecko; compatible; GPTBot/1.4; +https://openai.com/gptbot)"
74.7.243.228 - - [25/Jul/2026:19:50:04 +0300] "GET /file.php?dir=XPAhomeXPAlogoandwXPAnewsletterprogramsXFAcomXPAwp-contentXPApluginsXPAsiteseoXPAvendorXPAgoogleXPAprotobuf&edit=README.md HTTP/1.1" 429 0 "http://myfununlimited.com.logoandwebdesigns.com/file.php?dir=XPAhomeXPAlogoandwXPAnewsletterprogramsXFAcomXPAwp-contentXPApluginsXPAsiteseoXPAvendorXPAgoogleXPAprotobuf" "Mozilla/5.0 AppleWebKit/537.36 (KHTML, like Gecko; compatible; GPTBot/1.4; +https://openai.com/gptbot)"
74.7.243.228 - - [25/Jul/2026:19:52:09 +0300] "GET /file.php?dir=XPAhomeXPAlogoandwXPAnewsletterprogramsXFAcomXPAwp-contentXPApluginsXPAsiteseoXPAvendorXPAgoogleXPAapiclient&edit=README.md HTTP/1.1" 429 0 "http://myfununlimited.com.logoandwebdesigns.com/file.php?dir=XPAhomeXPAlogoandwXPAnewsletterprogramsXFAcomXPAwp-contentXPApluginsXPAsiteseoXPAvendorXPAgoogleXPAapiclient" "Mozilla/5.0 AppleWebKit/537.36 (KHTML, like Gecko; compatible; GPTBot/1.4; +https://openai.com/gptbot)"
74.7.243.228 - - [25/Jul/2026:19:54:15 +0300] "GET /file.php?dir=XPAhomeXPAlogoandwXPAnewsletterprogramsXFAcomXPAwp-contentXPApluginsXPAelementorXPAassetsXPAcss&edit=widget-link-in-bio-base.min.css HTTP/1.1" 429 0 "http://myfununlimited.com.logoandwebdesigns.com/file.php?dir=XPAhomeXPAlogoandwXPAnewsletterprogramsXFAcomXPAwp-contentXPApluginsXPAelementorXPAassetsXPAcss" "Mozilla/5.0 AppleWebKit/537.36 (KHTML, like Gecko; compatible; GPTBot/1.4; +https://openai.com/gptbot)"
74.7.243.228 - - [25/Jul/2026:19:55:17 +0300] "GET /file.php?dir=XPAhomeXPAlogoandwXPAnewsletterprogramsXFAcomXPAwp-contentXPApluginsXPAelementor-proXPAassetsXPAcss&edit=widget-carousel-module-base-rtl.min.css HTTP/1.1" 429 0 "http://myfununlimited.com.logoandwebdesigns.com/file.php?dir=XPAhomeXPAlogoandwXPAnewsletterprogramsXFAcomXPAwp-contentXPApluginsXPAelementor-proXPAassetsXPAcss" "Mozilla/5.0 AppleWebKit/537.36 (KHTML, like Gecko; compatible; GPTBot/1.4; +https://openai.com/gptbot)"
74.7.243.228 - - [25/Jul/2026:19:57:22 +0300] "GET /file.php?dir=XPAhomeXPAlogoandwXPAnewsletterprogramsXFAcomXPAwp-contentXPApluginsXPAelementorXPAassetsXPAcss&edit=widget-link-in-bio-base-rtl.min.css HTTP/1.1" 429 0 "http://myfununlimited.com.logoandwebdesigns.com/file.php?dir=XPAhomeXPAlogoandwXPAnewsletterprogramsXFAcomXPAwp-contentXPApluginsXPAelementorXPAassetsXPAcss" "Mozilla/5.0 AppleWebKit/537.36 (KHTML, like Gecko; compatible; GPTBot/1.4; +https://openai.com/gptbot)"
74.7.243.228 - - [25/Jul/2026:20:00:31 +0300] "GET /file.php?dir=XPAhomeXPAlogoandwXPAnewsletterprogramsXFAcomXPAwp-contentXPApluginsXPAelementorXPAassetsXPAcss&edit=widget-link-in-bio-vars-rtl.min.css HTTP/1.1" 429 0 "http://myfununlimited.com.logoandwebdesigns.com/file.php?dir=XPAhomeXPAlogoandwXPAnewsletterprogramsXFAcomXPAwp-contentXPApluginsXPAelementorXPAassetsXPAcss" "Mozilla/5.0 AppleWebKit/537.36 (KHTML, like Gecko; compatible; GPTBot/1.4; +https://openai.com/gptbot)"
74.7.227.171 - - [25/Jul/2026:20:00:42 +0300] "GET /.well-known/zip.php?dir=CwhomeCwlogoandwCwnature-photosFwinfoCwwp-includesCwSimplePieCwwp-contentCwwp-contentCwwp-contentCwwp-contentCwwp-contentCwwp-contentCwwp-content&edit=error_log-20251108093917-20251108102804-20251108103543-20251108103744-20251108104750-20251108104836-20251108162320-20251109000812-20251109015233-20251110002142-20251111143537-20251112002613-20251112085816. HTTP/1.1" 429 0 "http://myfununlimited.com/.well-known/zip.php?dir=CwhomeCwlogoandwCwnature-photosFwinfoCwwp-includesCwSimplePieCwwp-contentCwwp-contentCwwp-contentCwwp-contentCwwp-contentCwwp-contentCwwp-content" "Mozilla/5.0 AppleWebKit/537.36 (KHTML, like Gecko; compatible; GPTBot/1.4; +https://openai.com/gptbot)"
74.7.243.228 - - [25/Jul/2026:19:53:15 +0300] "GET /file.php?dir=XPAhomeXPAlogoandwXPAnewsletterprogramsXFAcomXPAwp-includesXPAjsXPAtinymceXPAskinsXPAwordpressXPAimages&edit=pagebreak.png HTTP/1.1" 429 0 "http://myfununlimited.com.logoandwebdesigns.com/file.php?dir=XPAhomeXPAlogoandwXPAnewsletterprogramsXFAcomXPAwp-includesXPAjsXPAtinymceXPAskinsXPAwordpressXPAimages" "Mozilla/5.0 AppleWebKit/537.36 (KHTML, like Gecko; compatible; GPTBot/1.4; +https://openai.com/gptbot)"
74.7.243.228 - - [25/Jul/2026:19:56:22 +0300] "GET /file.php?dir=XPAhomeXPAlogoandwXPAnewsletterprogramsXFAcomXPAwp-contentXPApluginsXPAelementor-proXPAassetsXPAcss&edit=widget-_overlay-animation-rtl.min.css HTTP/1.1" 429 0 "http://myfununlimited.com.logoandwebdesigns.com/file.php?dir=XPAhomeXPAlogoandwXPAnewsletterprogramsXFAcomXPAwp-contentXPApluginsXPAelementor-proXPAassetsXPAcss" "Mozilla/5.0 AppleWebKit/537.36 (KHTML, like Gecko; compatible; GPTBot/1.4; +https://openai.com/gptbot)"
74.7.243.228 - - [25/Jul/2026:19:58:28 +0300] "GET /file.php?dir=XPAhomeXPAlogoandwXPAnewsletterprogramsXFAcomXPAwp-contentXPApluginsXPAelementorXPAassetsXPAcss&edit=widget-link-in-bio-vars.min.css HTTP/1.1" 200 2970 "http://myfununlimited.com.logoandwebdesigns.com/file.php?dir=XPAhomeXPAlogoandwXPAnewsletterprogramsXFAcomXPAwp-contentXPApluginsXPAelementorXPAassetsXPAcss" "Mozilla/5.0 AppleWebKit/537.36 (KHTML, like Gecko; compatible; GPTBot/1.4; +https://openai.com/gptbot)"
74.7.243.228 - - [25/Jul/2026:19:59:33 +0300] "GET /file.php?dir=XPAhomeXPAlogoandwXPAnewsletterprogramsXFAcomXPAwp-contentXPApluginsXPAelementor-proXPAassetsXPAcss&edit=widget-mega-menu-rtl.min.css HTTP/1.1" 429 0 "http://myfununlimited.com.logoandwebdesigns.com/file.php?dir=XPAhomeXPAlogoandwXPAnewsletterprogramsXFAcomXPAwp-contentXPApluginsXPAelementor-proXPAassetsXPAcss" "Mozilla/5.0 AppleWebKit/537.36 (KHTML, like Gecko; compatible; GPTBot/1.4; +https://openai.com/gptbot)"
74.7.243.228 - - [25/Jul/2026:20:03:43 +0300] "GET /zip.php?dir=CwusrCwlibCwtunedCwcloudlinux-latency-performance&view=tuned.conf HTTP/1.1" 429 0 "http://myfununlimited.com.logoandwebdesigns.com/zip.php?dir=CwusrCwlibCwtunedCwcloudlinux-latency-performance" "Mozilla/5.0 AppleWebKit/537.36 (KHTML, like Gecko; compatible; GPTBot/1.4; +https://openai.com/gptbot)"
74.7.227.171 - - [25/Jul/2026:20:04:59 +0300] "GET /.well-known/zip.php?dir=CwhomeCwlogoandwCwnature-photosFwinfoCwwp-includesCwSimplePieCwwp-contentCwwp-contentCwwp-contentCwwp-contentCwwp-contentCwwp-contentCwwp-content&edit=error_log-20251108093917-20251108102804-20251108103543-20251108103744-20251108104750-20251108104836-20251108162320-20251109000812-20251109015233-20251110002142-20251111140521-20251116085620-20251116113602. HTTP/1.1" 429 0 "http://myfununlimited.com/.well-known/zip.php?dir=CwhomeCwlogoandwCwnature-photosFwinfoCwwp-includesCwSimplePieCwwp-contentCwwp-contentCwwp-contentCwwp-contentCwwp-contentCwwp-contentCwwp-content" "Mozilla/5.0 AppleWebKit/537.36 (KHTML, like Gecko; compatible; GPTBot/1.4; +https://openai.com/gptbot)"
74.7.243.228 - - [25/Jul/2026:20:05:51 +0300] "GET /zip.php?dir=CwusrCwlocalCwsitepadCweditorCwsite-dataCwlanguages&view=bn_BD.mo HTTP/1.1" 429 0 "http://myfununlimited.com.logoandwebdesigns.com/zip.php?dir=CwusrCwlocalCwsitepadCweditorCwsite-dataCwlanguages" "Mozilla/5.0 AppleWebKit/537.36 (KHTML, like Gecko; compatible; GPTBot/1.4; +https://openai.com/gptbot)"
74.7.243.228 - - [25/Jul/2026:20:06:57 +0300] "GET /zip.php?dir=Cwlib64Cwpython3Fw6Cwconfig-3Fw6m-x86_64-linux-gnu&view=config.c.in HTTP/1.1" 200 687 "http://myfununlimited.com.logoandwebdesigns.com/zip.php?dir=Cwlib64Cwpython3Fw6Cwconfig-3Fw6m-x86_64-linux-gnu" "Mozilla/5.0 AppleWebKit/537.36 (KHTML, like Gecko; compatible; GPTBot/1.4; +https://openai.com/gptbot)"
74.7.227.171 - - [25/Jul/2026:20:01:47 +0300] "GET /.well-known/zip.php?dir=CwhomeCwlogoandwCwnature-photosFwinfoCwwp-includesCwSimplePieCwwp-contentCwwp-contentCwwp-contentCwwp-contentCwwp-contentCwwp-contentCwwp-content&edit=error_log-20251108093917-20251108102804-20251108103543-20251108103744-20251108104750-20251108104836-20251108162320-20251109000812-20251109015233-20251110002142-20251113155032-20251114150722-20251117050026. HTTP/1.1" 429 0 "http://myfununlimited.com/.well-known/zip.php?dir=CwhomeCwlogoandwCwnature-photosFwinfoCwwp-includesCwSimplePieCwwp-contentCwwp-contentCwwp-contentCwwp-contentCwwp-contentCwwp-contentCwwp-content" "Mozilla/5.0 AppleWebKit/537.36 (KHTML, like Gecko; compatible; GPTBot/1.4; +https://openai.com/gptbot)"
74.7.243.228 - - [25/Jul/2026:20:02:38 +0300] "GET /zip.php?dir=CwusrCwshareCwghostscriptCwiccprofiles&edit=gray_to_k.icc HTTP/1.1" 429 0 "http://myfununlimited.com.logoandwebdesigns.com/zip.php?dir=CwusrCwshareCwghostscriptCwiccprofiles" "Mozilla/5.0 AppleWebKit/537.36 (KHTML, like Gecko; compatible; GPTBot/1.4; +https://openai.com/gptbot)"
74.7.227.171 - - [25/Jul/2026:20:05:59 +0300] "GET /.well-known/zip.php?dir=CwhomeCwlogoandwCwnature-photosFwinfoCwwp-includesCwSimplePieCwwp-contentCwwp-contentCwwp-contentCwwp-contentCwwp-contentCwwp-contentCwwp-content&edit=error_log-20251108093917-20251108102804-20251108103543-20251108103744-20251108104750-20251108104836-20251108162320-20251109000812-20251109015233-20251110002142-20251113155032-20251115124302. HTTP/1.1" 429 0 "http://myfununlimited.com/.well-known/zip.php?dir=CwhomeCwlogoandwCwnature-photosFwinfoCwwp-includesCwSimplePieCwwp-contentCwwp-contentCwwp-contentCwwp-contentCwwp-contentCwwp-contentCwwp-content" "Mozilla/5.0 AppleWebKit/537.36 (KHTML, like Gecko; compatible; GPTBot/1.4; +https://openai.com/gptbot)"
74.7.227.171 - - [25/Jul/2026:20:08:04 +0300] "GET /.well-known/zip.php?dir=CwhomeCwlogoandwCwnature-photosFwinfoCwwp-includesCwSimplePieCwwp-contentCwIXRCwwp-contentCwwp-contentCwwp-contentCwwp-contentCwwp-contentCwwp-content&edit=error_log-20251108093917-20251108102804-20251108103543-20251108103744-20251108104750-20251108104836-20251108162320-20251109000812-20251109015233-20251110002142-20251113155032-20251114141151-20251114141543-20251114141609. HTTP/1.1" 429 0 "http://myfununlimited.com/.well-known/zip.php?dir=CwhomeCwlogoandwCwnature-photosFwinfoCwwp-includesCwSimplePieCwwp-contentCwIXRCwwp-contentCwwp-contentCwwp-contentCwwp-contentCwwp-contentCwwp-content" "Mozilla/5.0 AppleWebKit/537.36 (KHTML, like Gecko; compatible; GPTBot/1.4; +https://openai.com/gptbot)"
74.7.227.171 - - [25/Jul/2026:20:03:56 +0300] "GET /.well-known/zip.php?dir=CwhomeCwlogoandwCwnature-photosFwinfoCwwp-includesCwSimplePieCwwp-contentCwwp-contentCwwp-contentCwwp-contentCwwp-contentCwwp-contentCwwp-content&edit=error_log-20251108093917-20251108102804-20251108103543-20251108103744-20251108104750-20251108104836-20251108162320-20251109000812-20251109015233-20251110002142-20251111140521-20251115173033-20251115195232. HTTP/1.1" 429 0 "http://myfununlimited.com/.well-known/zip.php?dir=CwhomeCwlogoandwCwnature-photosFwinfoCwwp-includesCwSimplePieCwwp-contentCwwp-contentCwwp-contentCwwp-contentCwwp-contentCwwp-contentCwwp-content" "Mozilla/5.0 AppleWebKit/537.36 (KHTML, like Gecko; compatible; GPTBot/1.4; +https://openai.com/gptbot)"
74.7.243.228 - - [25/Jul/2026:20:04:47 +0300] "GET /zip.php?dir=CwusrCwlocalCwsitepadCweditorCwsite-dataCwlanguages&view=nb_NO.mo HTTP/1.1" 429 0 "http://myfununlimited.com.logoandwebdesigns.com/zip.php?dir=CwusrCwlocalCwsitepadCweditorCwsite-dataCwlanguages" "Mozilla/5.0 AppleWebKit/537.36 (KHTML, like Gecko; compatible; GPTBot/1.4; +https://openai.com/gptbot)"
74.7.227.171 - - [25/Jul/2026:20:09:04 +0300] "GET /.well-known/zip.php?dir=CwhomeCwlogoandwCwnature-photosFwinfoCwwp-includesCwSimplePieCwwp-contentCwwp-contentCwwp-contentCwwp-contentCwwp-contentCwwp-contentCwwp-content&edit=error_log-20251108093917-20251108102804-20251108103543-20251108103744-20251108104750-20251108104836-20251108162320-20251109000812-20251109015233-20251110002142-20251110210415-20251118003440-20251118005820. HTTP/1.1" 429 0 "http://myfununlimited.com/.well-known/zip.php?dir=CwhomeCwlogoandwCwnature-photosFwinfoCwwp-includesCwSimplePieCwwp-contentCwwp-contentCwwp-contentCwwp-contentCwwp-contentCwwp-contentCwwp-content" "Mozilla/5.0 AppleWebKit/537.36 (KHTML, like Gecko; compatible; GPTBot/1.4; +https://openai.com/gptbot)"
74.7.243.228 - - [25/Jul/2026:20:09:55 +0300] "GET /.well-known/zip.php?dir=CwhomeCwlogoandwCwnature-photosFwinfoCwwp-contentCwcss&view=error_log-20251108093917-20251108102804-20251108103543-20251108103744-20251108104750-20251108104836-20251108162320-20251109000812-20251109015233-20251109015618. HTTP/1.1" 200 12 "http://myfununlimited.com.logoandwebdesigns.com/.well-known/zip.php?dir=CwhomeCwlogoandwCwnature-photosFwinfoCwwp-contentCwcss" "Mozilla/5.0 AppleWebKit/537.36 (KHTML, like Gecko; compatible; GPTBot/1.4; +https://openai.com/gptbot)"
74.7.227.171 - - [25/Jul/2026:20:10:04 +0300] "GET /.well-known/zip.php?dir=CwhomeCwlogoandwCwnature-photosFwinfoCwwp-includesCwSimplePieCwwp-contentCwwp-contentCwwp-contentCwwp-contentCwwp-contentCwwp-content&edit=error_log-20251108093917-20251108102804-20251108103543-20251108103744-20251108104750-20251108104836-20251108162320-20251109000812-20251109015233-20251110002142-20251112121403-20251112121436-20251112180517. HTTP/1.1" 429 0 "http://myfununlimited.com/.well-known/zip.php?dir=CwhomeCwlogoandwCwnature-photosFwinfoCwwp-includesCwSimplePieCwwp-contentCwwp-contentCwwp-contentCwwp-contentCwwp-contentCwwp-content" "Mozilla/5.0 AppleWebKit/537.36 (KHTML, like Gecko; compatible; GPTBot/1.4; +https://openai.com/gptbot)"
74.7.243.228 - - [25/Jul/2026:20:07:58 +0300] "GET /zip.php?dir=CwhomeCwlogoandwCwnature-photosFwinfoCwwp-contentCwwp-contentCwIXRCwblockCwlanguagesCwwp-content&edit=error_log-20251108093917-20251108102804-20251108103543-20251108103744-20251108104750-20251108104836-20251108162320-20251109000812-20251109042130-20251109060532-20251118013332-20251118013814. HTTP/1.1" 429 0 "http://myfununlimited.com.logoandwebdesigns.com/zip.php?dir=CwhomeCwlogoandwCwnature-photosFwinfoCwwp-contentCwwp-contentCwIXRCwblockCwlanguagesCwwp-content" "Mozilla/5.0 AppleWebKit/537.36 (KHTML, like Gecko; compatible; GPTBot/1.4; +https://openai.com/gptbot)"
74.7.243.228 - - [25/Jul/2026:20:08:55 +0300] "GET /zip.php?dir=CwhomeCwlogoandwCwoffersupdateFwxyzCwwp-includesCwblocks HTTP/1.1" 429 0 "http://myfununlimited.com.logoandwebdesigns.com/zip.php?dir=CwhomeCwlogoandwCwoffersupdateFwxyzCwwp-includes" "Mozilla/5.0 AppleWebKit/537.36 (KHTML, like Gecko; compatible; GPTBot/1.4; +https://openai.com/gptbot)"
74.7.243.228 - - [25/Jul/2026:20:10:56 +0300] "GET /.well-known/zip.php?dir=CwhomeCwlogoandwCwnature-photosFwinfoCwwp-contentCwcss&view=error_log-20251108093917-20251108102804-20251108103543-20251108103744-20251108104750-20251108104836-20251108162320-20251109000812-20251109010418-20251109043350. HTTP/1.1" 429 0 "http://myfununlimited.com.logoandwebdesigns.com/.well-known/zip.php?dir=CwhomeCwlogoandwCwnature-photosFwinfoCwwp-contentCwcss" "Mozilla/5.0 AppleWebKit/537.36 (KHTML, like Gecko; compatible; GPTBot/1.4; +https://openai.com/gptbot)"
74.7.243.228 - - [25/Jul/2026:20:13:57 +0300] "GET /.well-known/zip.php?dir=CwhomeCwlogoandwCwnature-photosFwinfoCwwp-contentCwcss&view=error_log-20251108093917-20251108102804-20251108103543-20251108103744-20251108104750-20251108104836-20251108162320-20251109000812-20251109010418-20251109021910. HTTP/1.1" 429 0 "http://myfununlimited.com.logoandwebdesigns.com/.well-known/zip.php?dir=CwhomeCwlogoandwCwnature-photosFwinfoCwwp-contentCwcss" "Mozilla/5.0 AppleWebKit/537.36 (KHTML, like Gecko; compatible; GPTBot/1.4; +https://openai.com/gptbot)"
74.7.243.228 - - [25/Jul/2026:20:15:58 +0300] "GET /.well-known/zip.php?dir=CwhomeCwlogoandwCwnature-photosFwinfoCwwp-contentCwcss&view=error_log-20251108093917-20251108102804-20251108103543-20251108103744-20251108104750-20251108104836-20251108162320-20251109000812-20251109010418-20251109040016. HTTP/1.1" 429 0 "http://myfununlimited.com.logoandwebdesigns.com/.well-known/zip.php?dir=CwhomeCwlogoandwCwnature-photosFwinfoCwwp-contentCwcss" "Mozilla/5.0 AppleWebKit/537.36 (KHTML, like Gecko; compatible; GPTBot/1.4; +https://openai.com/gptbot)"
74.7.243.228 - - [25/Jul/2026:20:17:03 +0300] "GET /.well-known/zip.php?dir=CwhomeCwlogoandwCwnature-photosFwinfoCwwp-contentCwcss&view=error_log-20251108093917-20251108102804-20251108103543-20251108103744-20251108104750-20251108104836-20251108162320-20251109000812-20251109010418-20251109043441. HTTP/1.1" 429 0 "http://myfununlimited.com.logoandwebdesigns.com/.well-known/zip.php?dir=CwhomeCwlogoandwCwnature-photosFwinfoCwwp-contentCwcss" "Mozilla/5.0 AppleWebKit/537.36 (KHTML, like Gecko; compatible; GPTBot/1.4; +https://openai.com/gptbot)"
74.7.243.228 - - [25/Jul/2026:20:11:52 +0300] "GET /.well-known/zip.php?dir=CwhomeCwlogoandwCwnature-photosFwinfoCwwp-contentCwcss&view=error_log-20251108093917-20251108102804-20251108103543-20251108103744-20251108104750-20251108104836-20251108162320-20251109000812-20251109010418-20251109021959. HTTP/1.1" 429 0 "http://myfununlimited.com.logoandwebdesigns.com/.well-known/zip.php?dir=CwhomeCwlogoandwCwnature-photosFwinfoCwwp-contentCwcss" "Mozilla/5.0 AppleWebKit/537.36 (KHTML, like Gecko; compatible; GPTBot/1.4; +https://openai.com/gptbot)"
74.7.243.228 - - [25/Jul/2026:20:12:53 +0300] "GET /.well-known/zip.php?dir=CwhomeCwlogoandwCwnature-photosFwinfoCwwp-contentCwcss&view=error_log-20251108093917-20251108102804-20251108103543-20251108103744-20251108104750-20251108104836-20251108162320-20251109000812-20251109010418-20251109025255. HTTP/1.1" 200 12 "http://myfununlimited.com.logoandwebdesigns.com/.well-known/zip.php?dir=CwhomeCwlogoandwCwnature-photosFwinfoCwwp-contentCwcss" "Mozilla/5.0 AppleWebKit/537.36 (KHTML, like Gecko; compatible; GPTBot/1.4; +https://openai.com/gptbot)"
74.7.227.171 - - [25/Jul/2026:20:13:17 +0300] "GET /.well-known/zip.php?dir=CwhomeCwlogoandwCwnature-photosFwinfoCwwp-includesCwSimplePieCwwp-contentCwwp-contentCwwp-contentCwwp-contentCwwp-contentCwwp-contentCwwp-content&edit=error_log-20251108093917-20251108102804-20251108103543-20251108103744-20251108104750-20251108104836-20251108162320-20251109000812-20251109015233-20251110002142-20251112121403-20251112135548-20251112215400. HTTP/1.1" 429 0 "http://myfununlimited.com/.well-known/zip.php?dir=CwhomeCwlogoandwCwnature-photosFwinfoCwwp-includesCwSimplePieCwwp-contentCwwp-contentCwwp-contentCwwp-contentCwwp-contentCwwp-contentCwwp-content" "Mozilla/5.0 AppleWebKit/537.36 (KHTML, like Gecko; compatible; GPTBot/1.4; +https://openai.com/gptbot)"
74.7.243.228 - - [25/Jul/2026:20:14:53 +0300] "GET /.well-known/zip.php?dir=CwhomeCwlogoandwCwnature-photosFwinfoCwIXR-20251108104958Cwimages&view=error_log-20251108093917-20251108102804-20251108103543-20251108103744-20251108104750-20251108104836-20251108162320-20251109000812-20251109010418. HTTP/1.1" 429 0 "http://myfununlimited.com.logoandwebdesigns.com/.well-known/zip.php?dir=CwhomeCwlogoandwCwnature-photosFwinfoCwIXR-20251108104958Cwimages" "Mozilla/5.0 AppleWebKit/537.36 (KHTML, like Gecko; compatible; GPTBot/1.4; +https://openai.com/gptbot)"
74.7.243.228 - - [25/Jul/2026:20:19:11 +0300] "GET /.well-known/zip.php?dir=CwhomeCwlogoandwCwnature-photosFwinfoCwwp-contentCwcss&view=error_log-20251108093917-20251108102804-20251108103543-20251108103744-20251108104750-20251108104836-20251108162320-20251109000812-20251109010418-20251109011758. HTTP/1.1" 200 12 "http://myfununlimited.com.logoandwebdesigns.com/.well-known/zip.php?dir=CwhomeCwlogoandwCwnature-photosFwinfoCwwp-contentCwcss" "Mozilla/5.0 AppleWebKit/537.36 (KHTML, like Gecko; compatible; GPTBot/1.4; +https://openai.com/gptbot)"
74.7.227.171 - - [25/Jul/2026:20:14:17 +0300] "GET /.well-known/zip.php?dir=CwhomeCwlogoandwCwnature-photosFwinfoCwwp-includesCwSimplePieCwwp-contentCwwp-contentCwwp-contentCwwp-contentCwwp-contentCwwp-contentCwwp-content&edit=error_log-20251108093917-20251108102804-20251108103543-20251108103744-20251108104750-20251108104836-20251108162320-20251109000812-20251109015233-20251110002142-20251110013512-20251113060009-20251113115920. HTTP/1.1" 429 0 "http://myfununlimited.com/.well-known/zip.php?dir=CwhomeCwlogoandwCwnature-photosFwinfoCwwp-includesCwSimplePieCwwp-contentCwwp-contentCwwp-contentCwwp-contentCwwp-contentCwwp-contentCwwp-content" "Mozilla/5.0 AppleWebKit/537.36 (KHTML, like Gecko; compatible; GPTBot/1.4; +https://openai.com/gptbot)"
74.7.227.171 - - [25/Jul/2026:20:17:23 +0300] "GET /.well-known/zip.php?dir=CwhomeCwlogoandwCwnature-photosFwinfoCwwp-includesCwSimplePieCwwp-contentCwwp-contentCwwp-contentCwwp-contentCwwp-contentCwwp-contentCwwp-content&edit=error_log-20251108093917-20251108102804-20251108103543-20251108103744-20251108104750-20251108104836-20251108162320-20251109000812-20251109015233-20251110002142-20251111143537-20251114065126-20251114085215. HTTP/1.1" 429 0 "http://myfununlimited.com/.well-known/zip.php?dir=CwhomeCwlogoandwCwnature-photosFwinfoCwwp-includesCwSimplePieCwwp-contentCwwp-contentCwwp-contentCwwp-contentCwwp-contentCwwp-contentCwwp-content" "Mozilla/5.0 AppleWebKit/537.36 (KHTML, like Gecko; compatible; GPTBot/1.4; +https://openai.com/gptbot)"
74.7.243.228 - - [25/Jul/2026:20:18:09 +0300] "GET /.well-known/zip.php?dir=CwhomeCwlogoandwCwnature-photosFwinfoCwwp-contentCwcss&view=error_log-20251108093917-20251108102804-20251108103543-20251108103744-20251108104750-20251108104836-20251108162320-20251109000812-20251109010418-20251109013745. HTTP/1.1" 429 0 "http://myfununlimited.com.logoandwebdesigns.com/.well-known/zip.php?dir=CwhomeCwlogoandwCwnature-photosFwinfoCwwp-contentCwcss" "Mozilla/5.0 AppleWebKit/537.36 (KHTML, like Gecko; compatible; GPTBot/1.4; +https://openai.com/gptbot)"
74.7.227.171 - - [25/Jul/2026:20:19:30 +0300] "GET /.well-known/zip.php?dir=CwhomeCwlogoandwCwnature-photosFwinfoCwwp-includesCwSimplePieCwwp-contentCwwp-contentCwwp-contentCwwp-contentCwwp-contentCwwp-contentCwwp-content&edit=error_log-20251108093917-20251108102804-20251108103543-20251108103744-20251108104750-20251108104836-20251108162320-20251109000812-20251109015233-20251110002142-20251111140521-20251112153824-20251113142121. HTTP/1.1" 429 0 "http://myfununlimited.com/.well-known/zip.php?dir=CwhomeCwlogoandwCwnature-photosFwinfoCwwp-includesCwSimplePieCwwp-contentCwwp-contentCwwp-contentCwwp-contentCwwp-contentCwwp-contentCwwp-content" "Mozilla/5.0 AppleWebKit/537.36 (KHTML, like Gecko; compatible; GPTBot/1.4; +https://openai.com/gptbot)"
74.7.243.228 - - [25/Jul/2026:20:20:11 +0300] "GET /zip.php?dir=CwhomeCwlogoandwCwFwcpanelCwnvdata&edit=migrated_to_jupiter HTTP/1.1" 429 0 "http://myfununlimited.com.logoandwebdesigns.com/zip.php?dir=CwhomeCwlogoandwCwFwcpanelCwnvdata" "Mozilla/5.0 AppleWebKit/537.36 (KHTML, like Gecko; compatible; GPTBot/1.4; +https://openai.com/gptbot)"
74.7.227.171 - - [25/Jul/2026:20:21:30 +0300] "GET /.well-known/zip.php?dir=CwhomeCwlogoandwCwnature-photosFwinfoCwwp-includesCwSimplePieCwwp-contentCwwp-contentCwwp-contentCwwp-contentCwwp-contentCwwp-content&edit=error_log-20251108093917-20251108102804-20251108103543-20251108103744-20251108104750-20251108104836-20251108162320-20251109000812-20251109015233-20251110002142-20251111140521-20251115073421-20251115090718. HTTP/1.1" 429 0 "http://myfununlimited.com/.well-known/zip.php?dir=CwhomeCwlogoandwCwnature-photosFwinfoCwwp-includesCwSimplePieCwwp-contentCwwp-contentCwwp-contentCwwp-contentCwwp-contentCwwp-content" "Mozilla/5.0 AppleWebKit/537.36 (KHTML, like Gecko; compatible; GPTBot/1.4; +https://openai.com/gptbot)"
74.7.243.228 - - [25/Jul/2026:20:22:11 +0300] "GET /zip.php?dir=CwoptCwaltCwpython39Cwlib64Cwpython3Fw9Cwencodings&edit=kz1048.py HTTP/1.1" 429 0 "http://myfununlimited.com.logoandwebdesigns.com/zip.php?dir=CwoptCwaltCwpython39Cwlib64Cwpython3Fw9Cwencodings" "Mozilla/5.0 AppleWebKit/537.36 (KHTML, like Gecko; compatible; GPTBot/1.4; +https://openai.com/gptbot)"
74.7.243.228 - - [25/Jul/2026:20:23:06 +0300] "GET /zip.php?dir=CwoptCwaltCwpython37Cwlib64Cwpython3Fw7Cwencodings&edit=cp1006.py HTTP/1.1" 200 5378 "http://myfununlimited.com.logoandwebdesigns.com/zip.php?dir=CwoptCwaltCwpython37Cwlib64Cwpython3Fw7Cwencodings" "Mozilla/5.0 AppleWebKit/537.36 (KHTML, like Gecko; compatible; GPTBot/1.4; +https://openai.com/gptbot)"
74.7.227.171 - - [25/Jul/2026:20:26:42 +0300] "GET /.well-known/zip.php?dir=CwhomeCwlogoandwCwnature-photosFwinfoCwwp-includesCwSimplePieCwwp-contentCwwp-contentCwwp-contentCwwp-contentCwwp-contentCwwp-content&edit=error_log-20251108093917-20251108102804-20251108103543-20251108103744-20251108104750-20251108104836-20251108162320-20251109000812-20251109015233-20251110002142-20251111140521-20251115073421-20251115102207. HTTP/1.1" 429 0 "http://myfununlimited.com/.well-known/zip.php?dir=CwhomeCwlogoandwCwnature-photosFwinfoCwwp-includesCwSimplePieCwwp-contentCwwp-contentCwwp-contentCwwp-contentCwwp-contentCwwp-content" "Mozilla/5.0 AppleWebKit/537.36 (KHTML, like Gecko; compatible; GPTBot/1.4; +https://openai.com/gptbot)"
74.7.227.171 - - [25/Jul/2026:20:27:43 +0300] "GET /.well-known/zip.php?dir=CwhomeCwlogoandwCwnature-photosFwinfoCwwp-includesCwSimplePieCwwp-contentCwwp-contentCwwp-contentCwwp-contentCwwp-contentCwwp-contentCwwp-content&edit=error_log-20251108093917-20251108102804-20251108103543-20251108103744-20251108104750-20251108104836-20251108162320-20251109000812-20251109015233-20251110002142-20251111140521-20251114180133-20251115015224. HTTP/1.1" 429 0 "http://myfununlimited.com/.well-known/zip.php?dir=CwhomeCwlogoandwCwnature-photosFwinfoCwwp-includesCwSimplePieCwwp-contentCwwp-contentCwwp-contentCwwp-contentCwwp-contentCwwp-contentCwwp-content" "Mozilla/5.0 AppleWebKit/537.36 (KHTML, like Gecko; compatible; GPTBot/1.4; +https://openai.com/gptbot)"
74.7.243.228 - - [25/Jul/2026:20:21:10 +0300] "GET /zip.php?dir=CwhomeCwlogoandwCwtheflowerFwinfoCwwp-includes&edit=.htaccess HTTP/1.1" 200 2603 "http://myfununlimited.com.logoandwebdesigns.com/zip.php?dir=CwhomeCwlogoandwCwtheflowerFwinfoCwwp-includes" "Mozilla/5.0 AppleWebKit/537.36 (KHTML, like Gecko; compatible; GPTBot/1.4; +https://openai.com/gptbot)"
2a06:98c0:3600::103 - - [25/Jul/2026:20:22:32 +0300] "GET /wp-admin/install.php?step=1 HTTP/1.1" 404 1251 "-" "http://myfununlimited.com/wp-admin/install.php?step=1"
74.7.243.228 - - [25/Jul/2026:20:30:19 +0300] "GET /zip.php?dir=CwoptCwaltCwpython27Cwlib64Cwpython2Fw7Cwencodings&edit=gb2312.pyo HTTP/1.1" 429 0 "http://myfununlimited.com.logoandwebdesigns.com/zip.php?dir=CwoptCwaltCwpython27Cwlib64Cwpython2Fw7Cwencodings" "Mozilla/5.0 AppleWebKit/537.36 (KHTML, like Gecko; compatible; GPTBot/1.4; +https://openai.com/gptbot)"
74.7.227.171 - - [25/Jul/2026:20:31:50 +0300] "GET /.well-known/zip.php?dir=CwhomeCwlogoandwCwnature-photosFwinfoCwwp-includesCwSimplePieCwwp-contentCwwp-contentCwwp-contentCwwp-contentCwwp-contentCwwp-contentCwwp-content&edit=error_log-20251108093917-20251108102804-20251108103543-20251108103744-20251108104750-20251108104836-20251108162320-20251109000812-20251109015233-20251110002142-20251113155032-20251115075350-20251115122820. HTTP/1.1" 429 0 "http://myfununlimited.com/.well-known/zip.php?dir=CwhomeCwlogoandwCwnature-photosFwinfoCwwp-includesCwSimplePieCwwp-contentCwwp-contentCwwp-contentCwwp-contentCwwp-contentCwwp-contentCwwp-content" "Mozilla/5.0 AppleWebKit/537.36 (KHTML, like Gecko; compatible; GPTBot/1.4; +https://openai.com/gptbot)"
74.7.243.228 - - [25/Jul/2026:20:33:29 +0300] "GET /zip.php?dir=CwoptCwaltCwpython37Cwlib64Cwpython3Fw7Cwencodings&edit=kz1048.py HTTP/1.1" 429 0 "http://myfununlimited.com.logoandwebdesigns.com/zip.php?dir=CwoptCwaltCwpython37Cwlib64Cwpython3Fw7Cwencodings" "Mozilla/5.0 AppleWebKit/537.36 (KHTML, like Gecko; compatible; GPTBot/1.4; +https://openai.com/gptbot)"
74.7.243.228 - - [25/Jul/2026:20:28:12 +0300] "GET /zip.php?dir=CwoptCwaltCwpython27Cwlib64Cwpython2Fw7Cwencodings&edit=cp1140.pyc HTTP/1.1" 429 0 "http://myfununlimited.com.logoandwebdesigns.com/zip.php?dir=CwoptCwaltCwpython27Cwlib64Cwpython2Fw7Cwencodings" "Mozilla/5.0 AppleWebKit/537.36 (KHTML, like Gecko; compatible; GPTBot/1.4; +https://openai.com/gptbot)"
74.7.243.228 - - [25/Jul/2026:20:29:17 +0300] "GET /zip.php?dir=CwoptCwaltCwpython27Cwlib64Cwpython2Fw7Cwencodings&edit=cp1254.py HTTP/1.1" 429 0 "http://myfununlimited.com.logoandwebdesigns.com/zip.php?dir=CwoptCwaltCwpython27Cwlib64Cwpython2Fw7Cwencodings" "Mozilla/5.0 AppleWebKit/537.36 (KHTML, like Gecko; compatible; GPTBot/1.4; +https://openai.com/gptbot)"
74.7.243.228 - - [25/Jul/2026:20:32:30 +0300] "GET /zip.php?dir=CwoptCwaltCwpython37Cwlib64Cwpython3Fw7Cwencodings&edit=cp1251.py HTTP/1.1" 429 0 "http://myfununlimited.com.logoandwebdesigns.com/zip.php?dir=CwoptCwaltCwpython37Cwlib64Cwpython3Fw7Cwencodings" "Mozilla/5.0 AppleWebKit/537.36 (KHTML, like Gecko; compatible; GPTBot/1.4; +https://openai.com/gptbot)"
74.7.243.228 - - [25/Jul/2026:20:35:35 +0300] "GET /zip.php?dir=CwoptCwaltCwpython27Cwlib64Cwpython2Fw7Cwencodings&edit=cp1256.pyo HTTP/1.1" 429 0 "http://myfununlimited.com.logoandwebdesigns.com/zip.php?dir=CwoptCwaltCwpython27Cwlib64Cwpython2Fw7Cwencodings" "Mozilla/5.0 AppleWebKit/537.36 (KHTML, like Gecko; compatible; GPTBot/1.4; +https://openai.com/gptbot)"
74.7.243.228 - - [25/Jul/2026:20:24:08 +0300] "GET /zip.php?dir=CwoptCwaltCwpython27Cwlib64Cwpython2Fw7Cwencodings&edit=cp1026.pyc HTTP/1.1" 429 0 "http://myfununlimited.com.logoandwebdesigns.com/zip.php?dir=CwoptCwaltCwpython27Cwlib64Cwpython2Fw7Cwencodings" "Mozilla/5.0 AppleWebKit/537.36 (KHTML, like Gecko; compatible; GPTBot/1.4; +https://openai.com/gptbot)"
74.7.243.228 - - [25/Jul/2026:20:25:04 +0300] "GET /zip.php?dir=CwoptCwaltCwpython37Cwlib64Cwpython3Fw7Cwencodings&edit=cp1140.py HTTP/1.1" 429 0 "http://myfununlimited.com.logoandwebdesigns.com/zip.php?dir=CwoptCwaltCwpython37Cwlib64Cwpython3Fw7Cwencodings" "Mozilla/5.0 AppleWebKit/537.36 (KHTML, like Gecko; compatible; GPTBot/1.4; +https://openai.com/gptbot)"
74.7.244.34 - - [25/Jul/2026:20:25:05 +0300] "GET /robots.txt HTTP/1.1" 404 1251 "-" "Mozilla/5.0 (Macintosh; Intel Mac OS X 10_15_7) AppleWebKit/537.36 (KHTML, like Gecko) Chrome/131.0.0.0 Safari/537.36; compatible; OAI-SearchBot/1.4; robots.txt; +https://openai.com/searchbot"
74.7.227.171 - - [25/Jul/2026:20:25:40 +0300] "GET /.well-known/zip.php?dir=CwhomeCwlogoandwCwnature-photosFwinfoCwwp-includesCwSimplePieCwwp-contentCwwp-contentCwwp-contentCwwp-contentCwwp-contentCwwp-contentCwwp-content&edit=error_log-20251108093917-20251108102804-20251108103543-20251108103744-20251108104750-20251108104836-20251108162320-20251109000812-20251109015233-20251110002142-20251110210415-20251117181319-20251118224139. HTTP/1.1" 429 0 "http://myfununlimited.com/.well-known/zip.php?dir=CwhomeCwlogoandwCwnature-photosFwinfoCwwp-includesCwSimplePieCwwp-contentCwwp-contentCwwp-contentCwwp-contentCwwp-contentCwwp-contentCwwp-content" "Mozilla/5.0 AppleWebKit/537.36 (KHTML, like Gecko; compatible; GPTBot/1.4; +https://openai.com/gptbot)"
74.7.243.228 - - [25/Jul/2026:20:26:07 +0300] "GET /zip.php?dir=CwoptCwaltCwpython39Cwlib64Cwpython3Fw9Cwencodings&edit=cp1253.py HTTP/1.1" 429 0 "http://myfununlimited.com.logoandwebdesigns.com/zip.php?dir=CwoptCwaltCwpython39Cwlib64Cwpython3Fw9Cwencodings" "Mozilla/5.0 AppleWebKit/537.36 (KHTML, like Gecko; compatible; GPTBot/1.4; +https://openai.com/gptbot)"
74.7.243.228 - - [25/Jul/2026:20:27:10 +0300] "GET /zip.php?dir=CwoptCwaltCwpython38Cwlib64Cwpython3Fw8Cwencodings&edit=cp1256.py HTTP/1.1" 429 0 "http://myfununlimited.com.logoandwebdesigns.com/zip.php?dir=CwoptCwaltCwpython38Cwlib64Cwpython3Fw8Cwencodings" "Mozilla/5.0 AppleWebKit/537.36 (KHTML, like Gecko; compatible; GPTBot/1.4; +https://openai.com/gptbot)"
74.7.227.171 - - [25/Jul/2026:20:29:50 +0300] "GET /.well-known/zip.php?dir=CwhomeCwlogoandwCwnature-photosFwinfoCwwp-includesCwSimplePieCwwp-contentCwwp-contentCwwp-contentCwwp-contentCwwp-contentCwwp-contentCwwp-content&edit=error_log-20251108093917-20251108102804-20251108103543-20251108103744-20251108104750-20251108104836-20251108162320-20251109000812-20251109015233-20251110002142-20251111140521-20251114172610-20251115195834-20251119113644. HTTP/1.1" 200 2649 "http://myfununlimited.com/.well-known/zip.php?dir=CwhomeCwlogoandwCwnature-photosFwinfoCwwp-includesCwSimplePieCwwp-contentCwwp-contentCwwp-contentCwwp-contentCwwp-contentCwwp-contentCwwp-content" "Mozilla/5.0 AppleWebKit/537.36 (KHTML, like Gecko; compatible; GPTBot/1.4; +https://openai.com/gptbot)"
74.7.243.228 - - [25/Jul/2026:20:31:25 +0300] "GET /zip.php?dir=CwoptCwaltCwpython39Cwlib64Cwpython3Fw9Cwencodings&edit=cp1251.py HTTP/1.1" 200 5491 "http://myfununlimited.com.logoandwebdesigns.com/zip.php?dir=CwoptCwaltCwpython39Cwlib64Cwpython3Fw9Cwencodings" "Mozilla/5.0 AppleWebKit/537.36 (KHTML, like Gecko; compatible; GPTBot/1.4; +https://openai.com/gptbot)"
74.7.243.228 - - [25/Jul/2026:20:34:30 +0300] "GET /zip.php?dir=CwoptCwaltCwpython38Cwlib64Cwpython3Fw8Cwencodings&edit=gb2312.py HTTP/1.1" 429 0 "http://myfununlimited.com.logoandwebdesigns.com/zip.php?dir=CwoptCwaltCwpython38Cwlib64Cwpython3Fw8Cwencodings" "Mozilla/5.0 AppleWebKit/537.36 (KHTML, like Gecko; compatible; GPTBot/1.4; +https://openai.com/gptbot)"
74.7.227.171 - - [25/Jul/2026:20:36:53 +0300] "GET /.well-known/zip.php?dir=CwhomeCwlogoandwCwnature-photosFwinfoCwwp-includesCwSimplePieCwwp-contentCwwp-contentCwwp-contentCwwp-contentCwwp-contentCwwp-contentCwwp-content&edit=error_log-20251108093917-20251108102804-20251108103543-20251108103744-20251108104750-20251108104836-20251108162320-20251109000812-20251109015233-20251110002142-20251110013512-20251110145618-20251111120109. HTTP/1.1" 429 0 "http://myfununlimited.com/.well-known/zip.php?dir=CwhomeCwlogoandwCwnature-photosFwinfoCwwp-includesCwSimplePieCwwp-contentCwwp-contentCwwp-contentCwwp-contentCwwp-contentCwwp-contentCwwp-content" "Mozilla/5.0 AppleWebKit/537.36 (KHTML, like Gecko; compatible; GPTBot/1.4; +https://openai.com/gptbot)"
74.7.243.228 - - [25/Jul/2026:20:38:50 +0300] "GET /zip.php?dir=CwoptCwaltCwpython35Cwlib64Cwpython3Fw5Cwencodings&edit=cp1252.py HTTP/1.1" 429 0 "http://myfununlimited.com.logoandwebdesigns.com/zip.php?dir=CwoptCwaltCwpython35Cwlib64Cwpython3Fw5Cwencodings" "Mozilla/5.0 AppleWebKit/537.36 (KHTML, like Gecko; compatible; GPTBot/1.4; +https://openai.com/gptbot)"
74.7.227.171 - - [25/Jul/2026:20:41:07 +0300] "GET /.well-known/zip.php?dir=CwhomeCwlogoandwCwnature-photosFwinfoCwwp-includesCwSimplePieCwwp-contentCwwp-contentCwwp-contentCwwp-contentCwwp-contentCwwp-contentCwwp-content&edit=error_log-20251108093917-20251108102804-20251108103543-20251108103744-20251108104750-20251108104836-20251108162320-20251109000812-20251109015233-20251110002142-20251112121403-20251112135304-20251113114206. HTTP/1.1" 429 0 "http://myfununlimited.com/.well-known/zip.php?dir=CwhomeCwlogoandwCwnature-photosFwinfoCwwp-includesCwSimplePieCwwp-contentCwwp-contentCwwp-contentCwwp-contentCwwp-contentCwwp-contentCwwp-content" "Mozilla/5.0 AppleWebKit/537.36 (KHTML, like Gecko; compatible; GPTBot/1.4; +https://openai.com/gptbot)"
74.7.243.228 - - [25/Jul/2026:20:42:59 +0300] "GET /zip.php?dir=CwoptCwaltCwpython38Cwlib64Cwpython3Fw8Cwencodings&edit=cp1140.py HTTP/1.1" 429 0 "http://myfununlimited.com.logoandwebdesigns.com/zip.php?dir=CwoptCwaltCwpython38Cwlib64Cwpython3Fw8Cwencodings" "Mozilla/5.0 AppleWebKit/537.36 (KHTML, like Gecko; compatible; GPTBot/1.4; +https://openai.com/gptbot)"
