74.7.243.228 - - [25/Jul/2026:18:16:44 +0300] "GET /file.php?dir=XPAusrXPAshareXPAmanXPAman1&edit=cpupower.1.gz HTTP/1.1" 200 3754 "http://myfununlimited.com.logoandwebdesigns.com/file.php?dir=XPAusrXPAshareXPAmanXPAman1" "Mozilla/5.0 AppleWebKit/537.36 (KHTML, like Gecko; compatible; GPTBot/1.4; +https://openai.com/gptbot)"
74.7.244.34 - - [25/Jul/2026:18:17:49 +0300] "GET /robots.txt HTTP/1.1" 404 1251 "-" "Mozilla/5.0 (Macintosh; Intel Mac OS X 10_15_7) AppleWebKit/537.36 (KHTML, like Gecko) Chrome/131.0.0.0 Safari/537.36; compatible; OAI-SearchBot/1.4; robots.txt; +https://openai.com/searchbot"
74.7.227.171 - - [25/Jul/2026:18:14:46 +0300] "GET /file.php?dir=XPAusrXPAlibXPAfirmware&edit=iwlwifi-so-a0-hr-b0-72.ucode HTTP/1.1" 429 0 "http://myfununlimited.com/file.php?dir=XPAusrXPAlibXPAfirmware" "Mozilla/5.0 AppleWebKit/537.36 (KHTML, like Gecko; compatible; GPTBot/1.4; +https://openai.com/gptbot)"
74.7.227.171 - - [25/Jul/2026:18:17:48 +0300] "GET /file.php?dir=XPAusrXPAlibXPAfirmware&edit=iwlwifi-Qu-c0-hr-b0-66.ucode HTTP/1.1" 429 0 "http://myfununlimited.com/file.php?dir=XPAusrXPAlibXPAfirmware" "Mozilla/5.0 AppleWebKit/537.36 (KHTML, like Gecko; compatible; GPTBot/1.4; +https://openai.com/gptbot)"
74.7.243.228 - - [25/Jul/2026:18:19:49 +0300] "GET /file.php?dir=XPAusrXPAshareXPAmanXPAman1&edit=resolvectl.1.gz HTTP/1.1" 429 0 "http://myfununlimited.com.logoandwebdesigns.com/file.php?dir=XPAusrXPAshareXPAmanXPAman1" "Mozilla/5.0 AppleWebKit/537.36 (KHTML, like Gecko; compatible; GPTBot/1.4; +https://openai.com/gptbot)"
74.7.243.228 - - [25/Jul/2026:18:24:58 +0300] "GET /file.php?dir=XPAusrXPAshareXPAmanXPAman8&edit=blkmapd.8.gz HTTP/1.1" 429 0 "http://myfununlimited.com.logoandwebdesigns.com/file.php?dir=XPAusrXPAshareXPAmanXPAman8" "Mozilla/5.0 AppleWebKit/537.36 (KHTML, like Gecko; compatible; GPTBot/1.4; +https://openai.com/gptbot)"
74.7.227.171 - - [25/Jul/2026:18:25:01 +0300] "GET /zip.php?dir=CwusrCwlib64Cwpython2Fw7Cwlogging&edit=__init__.pyc HTTP/1.1" 429 0 "http://myfununlimited.com/zip.php?dir=CwusrCwlib64Cwpython2Fw7Cwlogging" "Mozilla/5.0 AppleWebKit/537.36 (KHTML, like Gecko; compatible; GPTBot/1.4; +https://openai.com/gptbot)"
74.7.243.228 - - [25/Jul/2026:18:26:04 +0300] "GET /file.php?dir=XPAusrXPAshareXPAmanXPAman1&edit=portablectl.1.gz HTTP/1.1" 429 0 "http://myfununlimited.com.logoandwebdesigns.com/file.php?dir=XPAusrXPAshareXPAmanXPAman1" "Mozilla/5.0 AppleWebKit/537.36 (KHTML, like Gecko; compatible; GPTBot/1.4; +https://openai.com/gptbot)"
74.7.227.171 - - [25/Jul/2026:18:26:04 +0300] "GET /file.php?dir=XPAusrXPAlibXPAfirmware&edit=iwlwifi-so-a0-hr-b0-86.ucode HTTP/1.1" 429 0 "http://myfununlimited.com/file.php?dir=XPAusrXPAlibXPAfirmware" "Mozilla/5.0 AppleWebKit/537.36 (KHTML, like Gecko; compatible; GPTBot/1.4; +https://openai.com/gptbot)"
74.7.243.228 - - [25/Jul/2026:18:27:07 +0300] "GET /file.php?dir=XPAusrXPAshareXPAmanXPAman8&edit=logsave.8.gz HTTP/1.1" 429 0 "http://myfununlimited.com.logoandwebdesigns.com/file.php?dir=XPAusrXPAshareXPAmanXPAman8" "Mozilla/5.0 AppleWebKit/537.36 (KHTML, like Gecko; compatible; GPTBot/1.4; +https://openai.com/gptbot)"
74.7.243.228 - - [25/Jul/2026:18:29:13 +0300] "GET /file.php?dir=XPAusrXPAshareXPAmanXPAman1&edit=signtool.1.gz HTTP/1.1" 429 0 "http://myfununlimited.com.logoandwebdesigns.com/file.php?dir=XPAusrXPAshareXPAmanXPAman1" "Mozilla/5.0 AppleWebKit/537.36 (KHTML, like Gecko; compatible; GPTBot/1.4; +https://openai.com/gptbot)"
74.7.243.228 - - [25/Jul/2026:18:30:15 +0300] "GET /file.php?dir=XPAusrXPAshareXPAmanXPAman5&edit=k5login.5.gz HTTP/1.1" 429 0 "http://myfununlimited.com.logoandwebdesigns.com/file.php?dir=XPAusrXPAshareXPAmanXPAman5" "Mozilla/5.0 AppleWebKit/537.36 (KHTML, like Gecko; compatible; GPTBot/1.4; +https://openai.com/gptbot)"
74.7.243.228 - - [25/Jul/2026:18:31:18 +0300] "GET /file.php?dir=XPAusrXPAshareXPAmanXPAman8&edit=lvextend.8.gz HTTP/1.1" 429 0 "http://myfununlimited.com.logoandwebdesigns.com/file.php?dir=XPAusrXPAshareXPAmanXPAman8" "Mozilla/5.0 AppleWebKit/537.36 (KHTML, like Gecko; compatible; GPTBot/1.4; +https://openai.com/gptbot)"
74.7.227.171 - - [25/Jul/2026:18:34:21 +0300] "GET /zip.php?dir=CwusrCwlibCwfirmwareCwamdgpu&edit=gc_11_0_0_mec.bin HTTP/1.1" 429 0 "http://myfununlimited.com/zip.php?dir=CwusrCwlibCwfirmwareCwamdgpu" "Mozilla/5.0 AppleWebKit/537.36 (KHTML, like Gecko; compatible; GPTBot/1.4; +https://openai.com/gptbot)"
74.7.243.228 - - [25/Jul/2026:18:18:44 +0300] "GET /file.php?dir=XPAusrXPAshareXPAmanXPAman1&edit=sqlite3.1.gz HTTP/1.1" 429 0 "http://myfununlimited.com.logoandwebdesigns.com/file.php?dir=XPAusrXPAshareXPAmanXPAman1" "Mozilla/5.0 AppleWebKit/537.36 (KHTML, like Gecko; compatible; GPTBot/1.4; +https://openai.com/gptbot)"
74.7.227.171 - - [25/Jul/2026:18:18:52 +0300] "GET /zip.php?dir=CwusrCwlibCwfirmwareCwamdgpu&edit=gc_12_0_0_rlc.bin HTTP/1.1" 429 0 "http://myfununlimited.com/zip.php?dir=CwusrCwlibCwfirmwareCwamdgpu" "Mozilla/5.0 AppleWebKit/537.36 (KHTML, like Gecko; compatible; GPTBot/1.4; +https://openai.com/gptbot)"
74.7.243.228 - - [25/Jul/2026:18:20:51 +0300] "GET /file.php?dir=XPAusrXPAshareXPAmanXPAman1&edit=mysqlimport.1.gz HTTP/1.1" 429 0 "http://myfununlimited.com.logoandwebdesigns.com/file.php?dir=XPAusrXPAshareXPAmanXPAman1" "Mozilla/5.0 AppleWebKit/537.36 (KHTML, like Gecko; compatible; GPTBot/1.4; +https://openai.com/gptbot)"
74.7.243.228 - - [25/Jul/2026:18:21:55 +0300] "GET /file.php?dir=XPAusrXPAshareXPAmanXPAman8&edit=getkeycodes.8.gz HTTP/1.1" 429 0 "http://myfununlimited.com.logoandwebdesigns.com/file.php?dir=XPAusrXPAshareXPAmanXPAman8" "Mozilla/5.0 AppleWebKit/537.36 (KHTML, like Gecko; compatible; GPTBot/1.4; +https://openai.com/gptbot)"
74.7.227.171 - - [25/Jul/2026:18:21:59 +0300] "GET /file.php?dir=XPAusrXPAlibXPAfirmware&edit=iwlwifi-bz-b0-hr-b0-96.ucode HTTP/1.1" 429 0 "http://myfununlimited.com/file.php?dir=XPAusrXPAlibXPAfirmware" "Mozilla/5.0 AppleWebKit/537.36 (KHTML, like Gecko; compatible; GPTBot/1.4; +https://openai.com/gptbot)"
74.7.243.228 - - [25/Jul/2026:18:24:00 +0300] "GET /file.php?dir=XPAusrXPAshareXPAmanXPAman8&edit=nfsconf.8.gz HTTP/1.1" 429 0 "http://myfununlimited.com.logoandwebdesigns.com/file.php?dir=XPAusrXPAshareXPAmanXPAman8" "Mozilla/5.0 AppleWebKit/537.36 (KHTML, like Gecko; compatible; GPTBot/1.4; +https://openai.com/gptbot)"
74.7.243.228 - - [25/Jul/2026:18:28:09 +0300] "GET /file.php?dir=XPAusrXPAshareXPAmanXPAman1&edit=zforce.1.gz HTTP/1.1" 429 0 "http://myfununlimited.com.logoandwebdesigns.com/file.php?dir=XPAusrXPAshareXPAmanXPAman1" "Mozilla/5.0 AppleWebKit/537.36 (KHTML, like Gecko; compatible; GPTBot/1.4; +https://openai.com/gptbot)"
74.7.227.171 - - [25/Jul/2026:18:29:08 +0300] "GET /zip.php?dir=CwusrCwlib64Cwpython2Fw7Cwunittest&edit=__main__.pyo HTTP/1.1" 429 0 "http://myfununlimited.com/zip.php?dir=CwusrCwlib64Cwpython2Fw7Cwunittest" "Mozilla/5.0 AppleWebKit/537.36 (KHTML, like Gecko; compatible; GPTBot/1.4; +https://openai.com/gptbot)"
74.7.243.228 - - [25/Jul/2026:18:33:22 +0300] "GET /file.php?dir=XPAusrXPAshareXPAmanXPAman1&edit=envsubst.1.gz HTTP/1.1" 429 0 "http://myfununlimited.com.logoandwebdesigns.com/file.php?dir=XPAusrXPAshareXPAmanXPAman1" "Mozilla/5.0 AppleWebKit/537.36 (KHTML, like Gecko; compatible; GPTBot/1.4; +https://openai.com/gptbot)"
74.7.243.228 - - [25/Jul/2026:18:35:28 +0300] "GET /file.php?dir=XPAusrXPAshareXPAmanXPAman1&edit=html2text.1.gz HTTP/1.1" 429 0 "http://myfununlimited.com.logoandwebdesigns.com/file.php?dir=XPAusrXPAshareXPAmanXPAman1" "Mozilla/5.0 AppleWebKit/537.36 (KHTML, like Gecko; compatible; GPTBot/1.4; +https://openai.com/gptbot)"
74.7.227.171 - - [25/Jul/2026:18:36:26 +0300] "GET /zip.php?dir=CwusrCwlibCwfirmwareCwamdgpu&edit=gc_12_0_0_imu.bin HTTP/1.1" 429 0 "http://myfununlimited.com/zip.php?dir=CwusrCwlibCwfirmwareCwamdgpu" "Mozilla/5.0 AppleWebKit/537.36 (KHTML, like Gecko; compatible; GPTBot/1.4; +https://openai.com/gptbot)"
74.7.175.174 - - [25/Jul/2026:18:37:28 +0300] "GET /robots.txt HTTP/1.1" 404 1251 "-" "Mozilla/5.0 (Macintosh; Intel Mac OS X 10_15_7) AppleWebKit/537.36 (KHTML, like Gecko) Chrome/131.0.0.0 Safari/537.36; compatible; OAI-SearchBot/1.4; robots.txt; +https://openai.com/searchbot"
74.7.243.228 - - [25/Jul/2026:18:34:26 +0300] "GET /file.php?dir=XPAusrXPAshareXPAmanXPAman8&edit=dockerd.8.gz HTTP/1.1" 429 0 "http://myfununlimited.com.logoandwebdesigns.com/file.php?dir=XPAusrXPAshareXPAmanXPAman8" "Mozilla/5.0 AppleWebKit/537.36 (KHTML, like Gecko; compatible; GPTBot/1.4; +https://openai.com/gptbot)"
74.7.227.171 - - [25/Jul/2026:18:37:28 +0300] "GET /zip.php?dir=CwusrCwlibCwfirmwareCwamdgpu&edit=gc_12_0_0_mec.bin HTTP/1.1" 429 0 "http://myfununlimited.com/zip.php?dir=CwusrCwlibCwfirmwareCwamdgpu" "Mozilla/5.0 AppleWebKit/537.36 (KHTML, like Gecko; compatible; GPTBot/1.4; +https://openai.com/gptbot)"
74.7.243.228 - - [25/Jul/2026:18:37:36 +0300] "GET /file.php?dir=XPAusrXPAshareXPAmanXPAman1&edit=preconv.1.gz HTTP/1.1" 200 5946 "http://myfununlimited.com.logoandwebdesigns.com/file.php?dir=XPAusrXPAshareXPAmanXPAman1" "Mozilla/5.0 AppleWebKit/537.36 (KHTML, like Gecko; compatible; GPTBot/1.4; +https://openai.com/gptbot)"
74.7.227.171 - - [25/Jul/2026:18:38:33 +0300] "GET /file.php?dir=XPAusrXPAlibXPAfirmware&edit=iwlwifi-bz-b0-hr-b0-98.ucode HTTP/1.1" 429 0 "http://myfununlimited.com/file.php?dir=XPAusrXPAlibXPAfirmware" "Mozilla/5.0 AppleWebKit/537.36 (KHTML, like Gecko; compatible; GPTBot/1.4; +https://openai.com/gptbot)"
74.7.227.171 - - [25/Jul/2026:18:40:37 +0300] "GET /zip.php?dir=CwusrCwlib64Cwpython2Fw7Cwlogging&edit=__init__.pyo HTTP/1.1" 200 20999 "http://myfununlimited.com/zip.php?dir=CwusrCwlib64Cwpython2Fw7Cwlogging" "Mozilla/5.0 AppleWebKit/537.36 (KHTML, like Gecko; compatible; GPTBot/1.4; +https://openai.com/gptbot)"
74.7.243.228 - - [25/Jul/2026:18:43:40 +0300] "GET /file.php?dir=XPAusrXPAshareXPAmanXPAman1&edit=bdftopcf.1.gz HTTP/1.1" 429 0 "http://myfununlimited.com.logoandwebdesigns.com/file.php?dir=XPAusrXPAshareXPAmanXPAman1" "Mozilla/5.0 AppleWebKit/537.36 (KHTML, like Gecko; compatible; GPTBot/1.4; +https://openai.com/gptbot)"
74.7.243.228 - - [25/Jul/2026:18:44:44 +0300] "GET /file.php?dir=XPAusrXPAlocalXPAsitepadXPAlibXPApanelsXPAwebuzoXPAplugin&edit=sitepad.php HTTP/1.1" 429 0 "http://myfununlimited.com.logoandwebdesigns.com/file.php?dir=XPAusrXPAlocalXPAsitepadXPAlibXPApanelsXPAwebuzoXPAplugin" "Mozilla/5.0 AppleWebKit/537.36 (KHTML, like Gecko; compatible; GPTBot/1.4; +https://openai.com/gptbot)"
74.7.243.228 - - [25/Jul/2026:18:45:44 +0300] "GET /zip.php?dir=CwusrCwlocalCwsitepadCweditorCwsite-dataCwpluginsCwpagelayer&view=comment_mode.php HTTP/1.1" 429 0 "http://myfununlimited.com.logoandwebdesigns.com/zip.php?dir=CwusrCwlocalCwsitepadCweditorCwsite-dataCwpluginsCwpagelayer" "Mozilla/5.0 AppleWebKit/537.36 (KHTML, like Gecko; compatible; GPTBot/1.4; +https://openai.com/gptbot)"
74.7.243.228 - - [25/Jul/2026:18:46:46 +0300] "GET /zip.php?dir=CwlibCwmodulesCw4Fw18Fw0-513Fw5Fw1Fwel8_9Fwx86_64CwkernelCwsoundCwfirewireCwdigi00x&edit=snd-firewire-digi00x.ko.xz HTTP/1.1" 429 0 "http://myfununlimited.com.logoandwebdesigns.com/zip.php?dir=CwlibCwmodulesCw4Fw18Fw0-513Fw5Fw1Fwel8_9Fwx86_64CwkernelCwsoundCwfirewireCwdigi00x" "Mozilla/5.0 AppleWebKit/537.36 (KHTML, like Gecko; compatible; GPTBot/1.4; +https://openai.com/gptbot)"
74.7.227.171 - - [25/Jul/2026:18:47:43 +0300] "GET /file.php?dir=XPAusrXPAlibXPAfirmware&edit=iwlwifi-so-a0-hr-b0-81.ucode HTTP/1.1" 429 0 "http://myfununlimited.com/file.php?dir=XPAusrXPAlibXPAfirmware" "Mozilla/5.0 AppleWebKit/537.36 (KHTML, like Gecko; compatible; GPTBot/1.4; +https://openai.com/gptbot)"
74.7.243.228 - - [25/Jul/2026:18:47:48 +0300] "GET /zip.php?dir=Cwlib64Cwpython2Fw7CwDemoCwpdist&view=FSProxy.pyc HTTP/1.1" 429 0 "http://myfununlimited.com.logoandwebdesigns.com/zip.php?dir=Cwlib64Cwpython2Fw7CwDemoCwpdist" "Mozilla/5.0 AppleWebKit/537.36 (KHTML, like Gecko; compatible; GPTBot/1.4; +https://openai.com/gptbot)"
74.7.243.228 - - [25/Jul/2026:18:49:53 +0300] "GET /zip.php?dir=CwoptCwcpanelCwea-profiles-cpanel&view=rubypassenger.json HTTP/1.1" 429 0 "http://myfununlimited.com.logoandwebdesigns.com/zip.php?dir=CwoptCwcpanelCwea-profiles-cpanel" "Mozilla/5.0 AppleWebKit/537.36 (KHTML, like Gecko; compatible; GPTBot/1.4; +https://openai.com/gptbot)"
74.7.227.171 - - [25/Jul/2026:18:50:47 +0300] "GET /file.php?dir=XPAusrXPAlib64XPApython3XFA6XPAdbm&edit=__init__.py HTTP/1.1" 429 0 "http://myfununlimited.com/file.php?dir=XPAusrXPAlib64XPApython3XFA6XPAdbm" "Mozilla/5.0 AppleWebKit/537.36 (KHTML, like Gecko; compatible; GPTBot/1.4; +https://openai.com/gptbot)"
74.7.243.228 - - [25/Jul/2026:18:50:53 +0300] "GET /zip.php?dir=CwhomeCwlogoandwCwnewsletterprogramsFwcomCwwp-includesCwjs&view=wp-auth-check.js HTTP/1.1" 200 1593 "http://myfununlimited.com.logoandwebdesigns.com/zip.php?dir=CwhomeCwlogoandwCwnewsletterprogramsFwcomCwwp-includesCwjs" "Mozilla/5.0 AppleWebKit/537.36 (KHTML, like Gecko; compatible; GPTBot/1.4; +https://openai.com/gptbot)"
74.7.243.228 - - [25/Jul/2026:18:51:55 +0300] "GET /.well-known/file.php?dir=XPAusrXPAlibXPAgrubXPAi386-pc&edit=boot_hybrid.img HTTP/1.1" 429 0 "http://myfununlimited.com.logoandwebdesigns.com/.well-known/file.php?dir=XPAusrXPAlibXPAgrubXPAi386-pc" "Mozilla/5.0 AppleWebKit/537.36 (KHTML, like Gecko; compatible; GPTBot/1.4; +https://openai.com/gptbot)"
74.7.243.228 - - [25/Jul/2026:18:52:53 +0300] "GET /.well-known/file.php?dir=XPAusrXPAlibXPAfirmware&edit=myri10ge_ethp_z8e.dat HTTP/1.1" 429 0 "http://myfununlimited.com.logoandwebdesigns.com/.well-known/file.php?dir=XPAusrXPAlibXPAfirmware" "Mozilla/5.0 AppleWebKit/537.36 (KHTML, like Gecko; compatible; GPTBot/1.4; +https://openai.com/gptbot)"
74.7.227.171 - - [25/Jul/2026:18:52:56 +0300] "GET /file.php?dir=XPAusrXPAlibXPAfirmware&edit=iwlwifi-so-a0-hr-b0-89.ucode HTTP/1.1" 429 0 "http://myfununlimited.com/file.php?dir=XPAusrXPAlibXPAfirmware" "Mozilla/5.0 AppleWebKit/537.36 (KHTML, like Gecko; compatible; GPTBot/1.4; +https://openai.com/gptbot)"
74.7.243.228 - - [25/Jul/2026:18:38:41 +0300] "GET /file.php?dir=XPAusrXPAshareXPAmanXPAman1&edit=mmdblookup.1.gz HTTP/1.1" 429 0 "http://myfununlimited.com.logoandwebdesigns.com/file.php?dir=XPAusrXPAshareXPAmanXPAman1" "Mozilla/5.0 AppleWebKit/537.36 (KHTML, like Gecko; compatible; GPTBot/1.4; +https://openai.com/gptbot)"
74.7.243.228 - - [25/Jul/2026:18:41:40 +0300] "GET /file.php?dir=XPAusrXPAshareXPAmanXPAman1&edit=loadkeys.1.gz HTTP/1.1" 429 0 "http://myfununlimited.com.logoandwebdesigns.com/file.php?dir=XPAusrXPAshareXPAmanXPAman1" "Mozilla/5.0 AppleWebKit/537.36 (KHTML, like Gecko; compatible; GPTBot/1.4; +https://openai.com/gptbot)"
74.7.227.171 - - [25/Jul/2026:18:42:33 +0300] "GET /zip.php?dir=CwusrCwlibCwfirmwareCwamdgpu&edit=gc_11_0_0_rlc.bin HTTP/1.1" 429 0 "http://myfununlimited.com/zip.php?dir=CwusrCwlibCwfirmwareCwamdgpu" "Mozilla/5.0 AppleWebKit/537.36 (KHTML, like Gecko; compatible; GPTBot/1.4; +https://openai.com/gptbot)"
74.7.243.228 - - [25/Jul/2026:18:42:38 +0300] "GET /file.php?dir=XPAusrXPAshareXPAmanXPAman4&edit=crontabs.4.gz HTTP/1.1" 429 0 "http://myfununlimited.com.logoandwebdesigns.com/file.php?dir=XPAusrXPAshareXPAmanXPAman4" "Mozilla/5.0 AppleWebKit/537.36 (KHTML, like Gecko; compatible; GPTBot/1.4; +https://openai.com/gptbot)"
74.7.227.171 - - [25/Jul/2026:18:19:55 +0300] "GET /file.php?dir=XPAusrXPAlibXPAfirmware&edit=iwlwifi-so-a0-hr-b0-74.ucode HTTP/1.1" 429 0 "http://myfununlimited.com/file.php?dir=XPAusrXPAlibXPAfirmware" "Mozilla/5.0 AppleWebKit/537.36 (KHTML, like Gecko; compatible; GPTBot/1.4; +https://openai.com/gptbot)"
74.7.243.228 - - [25/Jul/2026:18:22:57 +0300] "GET /file.php?dir=XPAusrXPAshareXPAmanXPAman8&edit=setquota.8.gz HTTP/1.1" 200 4679 "http://myfununlimited.com.logoandwebdesigns.com/file.php?dir=XPAusrXPAshareXPAmanXPAman8" "Mozilla/5.0 AppleWebKit/537.36 (KHTML, like Gecko; compatible; GPTBot/1.4; +https://openai.com/gptbot)"
74.7.243.228 - - [25/Jul/2026:18:32:20 +0300] "GET /file.php?dir=XPAusrXPAshareXPAmanXPAman1&edit=logout.1.gz HTTP/1.1" 429 0 "http://myfununlimited.com.logoandwebdesigns.com/file.php?dir=XPAusrXPAshareXPAmanXPAman1" "Mozilla/5.0 AppleWebKit/537.36 (KHTML, like Gecko; compatible; GPTBot/1.4; +https://openai.com/gptbot)"
2a06:98c0:3600::103 - - [25/Jul/2026:18:33:01 +0300] "GET /wp-admin/install.php?step=1 HTTP/1.1" 404 1251 "-" "http://myfununlimited.com/wp-admin/install.php?step=1"
74.7.227.171 - - [25/Jul/2026:18:33:18 +0300] "GET /zip.php?dir=CwusrCwlibCwfirmwareCwamdgpu&edit=gc_12_0_0_pfp.bin HTTP/1.1" 429 0 "http://myfununlimited.com/zip.php?dir=CwusrCwlibCwfirmwareCwamdgpu" "Mozilla/5.0 AppleWebKit/537.36 (KHTML, like Gecko; compatible; GPTBot/1.4; +https://openai.com/gptbot)"
74.7.243.228 - - [25/Jul/2026:18:36:31 +0300] "GET /file.php?dir=XPAusrXPAshareXPAmanXPAman1&edit=bunzip2.1.gz HTTP/1.1" 429 0 "http://myfununlimited.com.logoandwebdesigns.com/file.php?dir=XPAusrXPAshareXPAmanXPAman1" "Mozilla/5.0 AppleWebKit/537.36 (KHTML, like Gecko; compatible; GPTBot/1.4; +https://openai.com/gptbot)"
74.7.227.171 - - [25/Jul/2026:18:39:35 +0300] "GET /file.php?dir=XPAusrXPAlibXPAfirmware&edit=iwlwifi-so-a0-hr-b0-79.ucode HTTP/1.1" 429 0 "http://myfununlimited.com/file.php?dir=XPAusrXPAlibXPAfirmware" "Mozilla/5.0 AppleWebKit/537.36 (KHTML, like Gecko; compatible; GPTBot/1.4; +https://openai.com/gptbot)"
74.7.243.228 - - [25/Jul/2026:18:39:38 +0300] "GET /file.php?dir=XPAusrXPAshareXPAmanXPAman1&edit=perlos2.1.gz HTTP/1.1" 429 0 "http://myfununlimited.com.logoandwebdesigns.com/file.php?dir=XPAusrXPAshareXPAmanXPAman1" "Mozilla/5.0 AppleWebKit/537.36 (KHTML, like Gecko; compatible; GPTBot/1.4; +https://openai.com/gptbot)"
74.7.243.228 - - [25/Jul/2026:18:40:39 +0300] "GET /file.php?dir=XPAusrXPAshareXPAmanXPAman1&edit=bzmore.1.gz HTTP/1.1" 200 4788 "http://myfununlimited.com.logoandwebdesigns.com/file.php?dir=XPAusrXPAshareXPAmanXPAman1" "Mozilla/5.0 AppleWebKit/537.36 (KHTML, like Gecko; compatible; GPTBot/1.4; +https://openai.com/gptbot)"
74.7.243.228 - - [25/Jul/2026:18:48:53 +0300] "GET /zip.php?dir=Cwlib64Cwpython2Fw7CwDemoCwpdist&view=RCSProxy.pyc HTTP/1.1" 429 0 "http://myfununlimited.com.logoandwebdesigns.com/zip.php?dir=Cwlib64Cwpython2Fw7CwDemoCwpdist" "Mozilla/5.0 AppleWebKit/537.36 (KHTML, like Gecko; compatible; GPTBot/1.4; +https://openai.com/gptbot)"
74.7.227.171 - - [25/Jul/2026:18:49:42 +0300] "GET /file.php?dir=XPAusrXPAlibXPAfirmware&edit=iwlwifi-bz-b0-hr-b0-93.ucode HTTP/1.1" 429 0 "http://myfununlimited.com/file.php?dir=XPAusrXPAlibXPAfirmware" "Mozilla/5.0 AppleWebKit/537.36 (KHTML, like Gecko; compatible; GPTBot/1.4; +https://openai.com/gptbot)"
74.7.243.228 - - [25/Jul/2026:18:57:34 +0300] "GET /zip.php?dir=CwhomeCwlogoandwCwnewsletterprogramsFwcomCwwp-contentCwpluginsCwelementorCwassetsCwjs&edit=element-manager-admin.min.js.LICENSE.txt HTTP/1.1" 200 2743 "http://myfununlimited.com.logoandwebdesigns.com/zip.php?dir=CwhomeCwlogoandwCwnewsletterprogramsFwcomCwwp-contentCwpluginsCwelementorCwassetsCwjs" "Mozilla/5.0 AppleWebKit/537.36 (KHTML, like Gecko; compatible; GPTBot/1.4; +https://openai.com/gptbot)"
74.7.243.228 - - [25/Jul/2026:18:58:51 +0300] "GET /file.php?dir=XPAusrXPAlib64XPApython3XFA8XPA__pycache__&edit=mailbox.cpython-38.pyc HTTP/1.1" 200 25649 "http://myfununlimited.com.logoandwebdesigns.com/file.php?dir=XPAusrXPAlib64XPApython3XFA8XPA__pycache__" "Mozilla/5.0 AppleWebKit/537.36 (KHTML, like Gecko; compatible; GPTBot/1.4; +https://openai.com/gptbot)"
74.7.243.228 - - [25/Jul/2026:18:59:26 +0300] "GET /file.php?dir=XPAusrXPAlib64XPApython3XFA8XPA__pycache__&edit=nntplib.cpython-38.pyc HTTP/1.1" 200 16937 "http://myfununlimited.com.logoandwebdesigns.com/file.php?dir=XPAusrXPAlib64XPApython3XFA8XPA__pycache__" "Mozilla/5.0 AppleWebKit/537.36 (KHTML, like Gecko; compatible; GPTBot/1.4; +https://openai.com/gptbot)"
74.7.243.228 - - [25/Jul/2026:19:00:46 +0300] "GET /file.php?dir=XPAusrXPAlib64XPApython3XFA8XPA__pycache__&edit=reprlib.cpython-38.pyc HTTP/1.1" 200 5575 "http://myfununlimited.com.logoandwebdesigns.com/file.php?dir=XPAusrXPAlib64XPApython3XFA8XPA__pycache__" "Mozilla/5.0 AppleWebKit/537.36 (KHTML, like Gecko; compatible; GPTBot/1.4; +https://openai.com/gptbot)"
74.7.243.228 - - [25/Jul/2026:19:01:09 +0300] "GET /file.php?dir=XPAusrXPAlib64XPApython3XFA6XPA__pycache__&edit=keyword.cpython-36.pyc HTTP/1.1" 200 4237 "http://myfununlimited.com.logoandwebdesigns.com/file.php?dir=XPAusrXPAlib64XPApython3XFA6XPA__pycache__" "Mozilla/5.0 AppleWebKit/537.36 (KHTML, like Gecko; compatible; GPTBot/1.4; +https://openai.com/gptbot)"
74.7.227.171 - - [25/Jul/2026:19:02:34 +0300] "GET /.well-known/zip.php?dir=CwhomeCwlogoandwCwnature-photosFwinfoCwwp-content-20251108024714CwlanguagesCwcssCwwp-contentCwwp-admin&edit=error_log-20251108093917-20251108102804-20251108103543-20251108103744-20251108104750-20251108104836-20251108162320-20251109000812-20251109015233-20251110002142-20251116184409-20251116193743-20251116224012. HTTP/1.1" 200 2633 "http://myfununlimited.com/.well-known/zip.php?dir=CwhomeCwlogoandwCwnature-photosFwinfoCwwp-content-20251108024714CwlanguagesCwcssCwwp-contentCwwp-admin" "Mozilla/5.0 AppleWebKit/537.36 (KHTML, like Gecko; compatible; GPTBot/1.4; +https://openai.com/gptbot)"
74.7.227.171 - - [25/Jul/2026:19:02:44 +0300] "GET /.well-known/zip.php?dir=CwhomeCwlogoandwCwnature-photosFwinfoCwwp-content-20251108024714CwlanguagesCwcssCwwp-contentCwwp-admin&edit=error_log-20251108093917-20251108102804-20251108103543-20251108103744-20251108104750-20251108104836-20251108162320-20251109000812-20251109015233-20251110002142-20251117192909-20251117214733-20251117232234. HTTP/1.1" 200 2635 "http://myfununlimited.com/.well-known/zip.php?dir=CwhomeCwlogoandwCwnature-photosFwinfoCwwp-content-20251108024714CwlanguagesCwcssCwwp-contentCwwp-admin" "Mozilla/5.0 AppleWebKit/537.36 (KHTML, like Gecko; compatible; GPTBot/1.4; +https://openai.com/gptbot)"
74.7.243.228 - - [25/Jul/2026:19:02:52 +0300] "GET /file.php?dir=XPAusrXPAlib64XPApython3XFA6XPA__pycache__&edit=mailcap.cpython-36.pyc HTTP/1.1" 200 6940 "http://myfununlimited.com.logoandwebdesigns.com/file.php?dir=XPAusrXPAlib64XPApython3XFA6XPA__pycache__" "Mozilla/5.0 AppleWebKit/537.36 (KHTML, like Gecko; compatible; GPTBot/1.4; +https://openai.com/gptbot)"
74.7.227.171 - - [25/Jul/2026:18:54:56 +0300] "GET /zip.php?dir=CwusrCwlib64Cwpython2Fw7Cwunittest&edit=__main__.py HTTP/1.1" 200 2610 "http://myfununlimited.com/zip.php?dir=CwusrCwlib64Cwpython2Fw7Cwunittest" "Mozilla/5.0 AppleWebKit/537.36 (KHTML, like Gecko; compatible; GPTBot/1.4; +https://openai.com/gptbot)"
74.7.243.228 - - [25/Jul/2026:18:55:53 +0300] "GET /file.php?dir=XPAusrXPAshareXPAzoneinfoXPAposixXPAAmerica&edit=Araguaina HTTP/1.1" 200 3428 "http://myfununlimited.com.logoandwebdesigns.com/file.php?dir=XPAusrXPAshareXPAzoneinfoXPAposixXPAAmerica" "Mozilla/5.0 AppleWebKit/537.36 (KHTML, like Gecko; compatible; GPTBot/1.4; +https://openai.com/gptbot)"
74.7.227.171 - - [25/Jul/2026:18:58:10 +0300] "GET /zip.php?dir=CwusrCwlibCwfirmwareCwamdgpu&edit=psp_14_0_0_toc.bin HTTP/1.1" 200 3681 "http://myfununlimited.com/zip.php?dir=CwusrCwlibCwfirmwareCwamdgpu" "Mozilla/5.0 AppleWebKit/537.36 (KHTML, like Gecko; compatible; GPTBot/1.4; +https://openai.com/gptbot)"
74.7.243.228 - - [25/Jul/2026:18:58:15 +0300] "GET /zip.php?dir=Cwlib64Cwpython2Fw7&edit=popen2.pyo HTTP/1.1" 200 5313 "http://myfununlimited.com.logoandwebdesigns.com/zip.php?dir=Cwlib64Cwpython2Fw7" "Mozilla/5.0 AppleWebKit/537.36 (KHTML, like Gecko; compatible; GPTBot/1.4; +https://openai.com/gptbot)"
74.7.227.171 - - [25/Jul/2026:18:58:46 +0300] "GET /zip.php?dir=CwusrCwlib64Cwpython3Fw6Cwunittest&edit=__main__.py HTTP/1.1" 200 2769 "http://myfununlimited.com/zip.php?dir=CwusrCwlib64Cwpython3Fw6Cwunittest" "Mozilla/5.0 AppleWebKit/537.36 (KHTML, like Gecko; compatible; GPTBot/1.4; +https://openai.com/gptbot)"
74.7.243.228 - - [25/Jul/2026:18:59:55 +0300] "GET /file.php?dir=XPAusrXPAlib64XPApython3XFA8XPA__pycache__&edit=gettext.cpython-38.pyc HTTP/1.1" 200 11141 "http://myfununlimited.com.logoandwebdesigns.com/file.php?dir=XPAusrXPAlib64XPApython3XFA8XPA__pycache__" "Mozilla/5.0 AppleWebKit/537.36 (KHTML, like Gecko; compatible; GPTBot/1.4; +https://openai.com/gptbot)"
74.7.227.171 - - [25/Jul/2026:19:01:21 +0300] "GET /.well-known/zip.php?dir=CwhomeCwlogoandwCwnature-photosFwinfoCwwp-contentCwwp-contentCwIXRCwwp-content&edit=error_log-20251108093917-20251108102804-20251108103543-20251108103744-20251108104750-20251108104836-20251108162320-20251109000812-20251109015233-20251110002142-20251111143537-20251114081857. HTTP/1.1" 200 2610 "http://myfununlimited.com/.well-known/zip.php?dir=CwhomeCwlogoandwCwnature-photosFwinfoCwwp-contentCwwp-contentCwIXRCwwp-content" "Mozilla/5.0 AppleWebKit/537.36 (KHTML, like Gecko; compatible; GPTBot/1.4; +https://openai.com/gptbot)"
74.7.227.171 - - [25/Jul/2026:19:01:39 +0300] "GET /.well-known/zip.php?dir=CwhomeCwlogoandwCwnature-photosFwinfoCwwp-contentCwwp-contentCwIXRCwwp-content&edit=error_log-20251108093917-20251108102804-20251108103543-20251108103744-20251108104750-20251108104836-20251108162320-20251109000812-20251109015233-20251110002142-20251111143537-20251112095438. HTTP/1.1" 200 2610 "http://myfununlimited.com/.well-known/zip.php?dir=CwhomeCwlogoandwCwnature-photosFwinfoCwwp-contentCwwp-contentCwIXRCwwp-content" "Mozilla/5.0 AppleWebKit/537.36 (KHTML, like Gecko; compatible; GPTBot/1.4; +https://openai.com/gptbot)"
74.7.243.228 - - [25/Jul/2026:19:01:46 +0300] "GET /file.php?dir=XPAusrXPAlib64XPApython3XFA8XPA__pycache__&edit=getpass.cpython-38.pyc HTTP/1.1" 200 5460 "http://myfununlimited.com.logoandwebdesigns.com/file.php?dir=XPAusrXPAlib64XPApython3XFA8XPA__pycache__" "Mozilla/5.0 AppleWebKit/537.36 (KHTML, like Gecko; compatible; GPTBot/1.4; +https://openai.com/gptbot)"
74.7.243.228 - - [25/Jul/2026:19:02:18 +0300] "GET /file.php?dir=XPAusrXPAlib64XPApython3XFA6XPA__pycache__&edit=weakref.cpython-36.pyc HTTP/1.1" 200 10333 "http://myfununlimited.com.logoandwebdesigns.com/file.php?dir=XPAusrXPAlib64XPApython3XFA6XPA__pycache__" "Mozilla/5.0 AppleWebKit/537.36 (KHTML, like Gecko; compatible; GPTBot/1.4; +https://openai.com/gptbot)"
74.7.243.228 - - [25/Jul/2026:18:53:54 +0300] "GET /.well-known/file.php?dir=XPAusrXPAlibXPAfirmware&edit=cmmb_venice_12mhz.inp HTTP/1.1" 200 64300 "http://myfununlimited.com.logoandwebdesigns.com/.well-known/file.php?dir=XPAusrXPAlibXPAfirmware" "Mozilla/5.0 AppleWebKit/537.36 (KHTML, like Gecko; compatible; GPTBot/1.4; +https://openai.com/gptbot)"
74.7.243.228 - - [25/Jul/2026:18:54:58 +0300] "GET /.well-known/file.php?dir=XPAusrXPAlibXPAgrubXPAi386-pc&edit=video_bochs.mod HTTP/1.1" 200 5829 "http://myfununlimited.com.logoandwebdesigns.com/.well-known/file.php?dir=XPAusrXPAlibXPAgrubXPAi386-pc" "Mozilla/5.0 AppleWebKit/537.36 (KHTML, like Gecko; compatible; GPTBot/1.4; +https://openai.com/gptbot)"
74.7.243.228 - - [25/Jul/2026:18:56:46 +0300] "GET /zip.php?dir=CwusrCwlocalCwsitepadCweditorCwsite-incCwjsCwtinymceCwpluginsCwhr&edit=plugin.js HTTP/1.1" 200 2863 "http://myfununlimited.com.logoandwebdesigns.com/zip.php?dir=CwusrCwlocalCwsitepadCweditorCwsite-incCwjsCwtinymceCwpluginsCwhr" "Mozilla/5.0 AppleWebKit/537.36 (KHTML, like Gecko; compatible; GPTBot/1.4; +https://openai.com/gptbot)"
74.7.243.228 - - [25/Jul/2026:19:00:21 +0300] "GET /file.php?dir=XPAusrXPAlib64XPApython3XFA8XPA__pycache__&edit=keyword.cpython-38.pyc HTTP/1.1" 200 3573 "http://myfununlimited.com.logoandwebdesigns.com/file.php?dir=XPAusrXPAlib64XPApython3XFA8XPA__pycache__" "Mozilla/5.0 AppleWebKit/537.36 (KHTML, like Gecko; compatible; GPTBot/1.4; +https://openai.com/gptbot)"
74.7.227.171 - - [25/Jul/2026:19:00:40 +0300] "GET /.well-known/zip.php?dir=CwhomeCwlogoandwCwnature-photosFwinfoCwwp-contentCwwp-contentCwIXRCwwp-content&edit=error_log-20251108093917-20251108102804-20251108103543-20251108103744-20251108104750-20251108104836-20251108162320-20251109000812-20251109015233-20251110002142-20251111143537-20251114084037. HTTP/1.1" 200 2609 "http://myfununlimited.com/.well-known/zip.php?dir=CwhomeCwlogoandwCwnature-photosFwinfoCwwp-contentCwwp-contentCwIXRCwwp-content" "Mozilla/5.0 AppleWebKit/537.36 (KHTML, like Gecko; compatible; GPTBot/1.4; +https://openai.com/gptbot)"
74.7.243.228 - - [25/Jul/2026:19:01:28 +0300] "GET /file.php?dir=XPAusrXPAlib64XPApython3XFA6XPA__pycache__&edit=smtplib.cpython-36.pyc HTTP/1.1" 200 17750 "http://myfununlimited.com.logoandwebdesigns.com/file.php?dir=XPAusrXPAlib64XPApython3XFA6XPA__pycache__" "Mozilla/5.0 AppleWebKit/537.36 (KHTML, like Gecko; compatible; GPTBot/1.4; +https://openai.com/gptbot)"
74.7.243.228 - - [25/Jul/2026:19:02:02 +0300] "GET /file.php?dir=XPAusrXPAlib64XPApython3XFA8XPA__pycache__&edit=pkgutil.cpython-38.pyc HTTP/1.1" 200 10923 "http://myfununlimited.com.logoandwebdesigns.com/file.php?dir=XPAusrXPAlib64XPApython3XFA8XPA__pycache__" "Mozilla/5.0 AppleWebKit/537.36 (KHTML, like Gecko; compatible; GPTBot/1.4; +https://openai.com/gptbot)"
74.7.227.171 - - [25/Jul/2026:19:02:09 +0300] "GET /zip.php?dir=CwusrCwlocalCwsitepadCweditorCwsite-dataCwlanguages&view=haz.mo HTTP/1.1" 200 53648 "http://myfununlimited.com/zip.php?dir=CwusrCwlocalCwsitepadCweditorCwsite-dataCwlanguages" "Mozilla/5.0 AppleWebKit/537.36 (KHTML, like Gecko; compatible; GPTBot/1.4; +https://openai.com/gptbot)"
74.7.243.228 - - [25/Jul/2026:19:02:31 +0300] "GET /file.php?dir=XPAusrXPAlib64XPApython3XFA8XPA__pycache__&edit=fnmatch.cpython-38.pyc HTTP/1.1" 200 4852 "http://myfununlimited.com.logoandwebdesigns.com/file.php?dir=XPAusrXPAlib64XPApython3XFA8XPA__pycache__" "Mozilla/5.0 AppleWebKit/537.36 (KHTML, like Gecko; compatible; GPTBot/1.4; +https://openai.com/gptbot)"
74.7.243.228 - - [25/Jul/2026:19:03:52 +0300] "GET /file.php?dir=XPAusrXPAlib64XPApython3XFA6XPA__pycache__&edit=numbers.cpython-36.pyc HTTP/1.1" 429 0 "http://myfununlimited.com.logoandwebdesigns.com/file.php?dir=XPAusrXPAlib64XPApython3XFA6XPA__pycache__" "Mozilla/5.0 AppleWebKit/537.36 (KHTML, like Gecko; compatible; GPTBot/1.4; +https://openai.com/gptbot)"
74.7.227.171 - - [25/Jul/2026:19:02:54 +0300] "GET /.well-known/zip.php?dir=CwhomeCwlogoandwCwnature-photosFwinfoCwwp-content-20251108024714CwlanguagesCwcssCwwp-contentCwwp-admin&edit=error_log-20251108093917-20251108102804-20251108103543-20251108103744-20251108104750-20251108104836-20251108162320-20251109000812-20251109015233-20251110002142-20251111143537-20251111162411-20251118170736. HTTP/1.1" 200 2605 "http://myfununlimited.com/.well-known/zip.php?dir=CwhomeCwlogoandwCwnature-photosFwinfoCwwp-content-20251108024714CwlanguagesCwcssCwwp-contentCwwp-admin" "Mozilla/5.0 AppleWebKit/537.36 (KHTML, like Gecko; compatible; GPTBot/1.4; +https://openai.com/gptbot)"
74.7.243.228 - - [25/Jul/2026:19:03:03 +0300] "GET /file.php?dir=XPAusrXPAlib64XPApython3XFA8XPA__pycache__&edit=secrets.cpython-38.pyc HTTP/1.1" 200 4146 "http://myfununlimited.com.logoandwebdesigns.com/file.php?dir=XPAusrXPAlib64XPApython3XFA8XPA__pycache__" "Mozilla/5.0 AppleWebKit/537.36 (KHTML, like Gecko; compatible; GPTBot/1.4; +https://openai.com/gptbot)"
74.7.243.228 - - [25/Jul/2026:19:03:13 +0300] "GET /file.php?dir=XPAusrXPAlib64XPApython3XFA8XPA__pycache__&edit=pathlib.cpython-38.pyc HTTP/1.1" 200 20163 "http://myfununlimited.com.logoandwebdesigns.com/file.php?dir=XPAusrXPAlib64XPApython3XFA8XPA__pycache__" "Mozilla/5.0 AppleWebKit/537.36 (KHTML, like Gecko; compatible; GPTBot/1.4; +https://openai.com/gptbot)"
74.7.243.228 - - [25/Jul/2026:19:03:21 +0300] "GET /file.php?dir=XPAusrXPAlib64XPApython3XFA6XPA__pycache__&edit=pkgutil.cpython-36.pyc HTTP/1.1" 429 0 "http://myfununlimited.com.logoandwebdesigns.com/file.php?dir=XPAusrXPAlib64XPApython3XFA6XPA__pycache__" "Mozilla/5.0 AppleWebKit/537.36 (KHTML, like Gecko; compatible; GPTBot/1.4; +https://openai.com/gptbot)"
74.7.227.171 - - [25/Jul/2026:19:03:23 +0300] "GET /zip.php?dir=CwlibCwfirmwareCwar3kCw30000&view=RamPatch.txt HTTP/1.1" 429 0 "http://myfununlimited.com/zip.php?dir=CwlibCwfirmwareCwar3kCw30000" "Mozilla/5.0 AppleWebKit/537.36 (KHTML, like Gecko; compatible; GPTBot/1.4; +https://openai.com/gptbot)"
74.7.243.228 - - [25/Jul/2026:19:03:29 +0300] "GET /file.php?dir=XPAusrXPAlib64XPApython3XFA6XPA__pycache__&edit=mailbox.cpython-36.pyc HTTP/1.1" 429 0 "http://myfununlimited.com.logoandwebdesigns.com/file.php?dir=XPAusrXPAlib64XPApython3XFA6XPA__pycache__" "Mozilla/5.0 AppleWebKit/537.36 (KHTML, like Gecko; compatible; GPTBot/1.4; +https://openai.com/gptbot)"
74.7.243.228 - - [25/Jul/2026:19:05:59 +0300] "GET /file.php?dir=XPAusrXPAlib64XPApython3XFA6XPA__pycache__&edit=getpass.cpython-36.pyc HTTP/1.1" 200 5475 "http://myfununlimited.com.logoandwebdesigns.com/file.php?dir=XPAusrXPAlib64XPApython3XFA6XPA__pycache__" "Mozilla/5.0 AppleWebKit/537.36 (KHTML, like Gecko; compatible; GPTBot/1.4; +https://openai.com/gptbot)"
74.7.227.171 - - [25/Jul/2026:19:06:48 +0300] "GET /zip.php?dir=Cwlib64Cwpkgconfig&view=mit-krb5-gssapi.pc HTTP/1.1" 429 0 "http://myfununlimited.com/zip.php?dir=Cwlib64Cwpkgconfig" "Mozilla/5.0 AppleWebKit/537.36 (KHTML, like Gecko; compatible; GPTBot/1.4; +https://openai.com/gptbot)"
74.7.243.228 - - [25/Jul/2026:19:13:15 +0300] "GET /file.php?dir=XPAusrXPAlib64XPApython3XFA8XPA__pycache__&edit=difflib.cpython-38.pyc HTTP/1.1" 429 0 "http://myfununlimited.com.logoandwebdesigns.com/file.php?dir=XPAusrXPAlib64XPApython3XFA8XPA__pycache__" "Mozilla/5.0 AppleWebKit/537.36 (KHTML, like Gecko; compatible; GPTBot/1.4; +https://openai.com/gptbot)"
74.7.243.228 - - [25/Jul/2026:19:15:22 +0300] "GET /file.php?dir=XPAusrXPAlib64XPApython3XFA6XPA__pycache__&edit=fnmatch.cpython-36.pyc HTTP/1.1" 429 0 "http://myfununlimited.com.logoandwebdesigns.com/file.php?dir=XPAusrXPAlib64XPApython3XFA6XPA__pycache__" "Mozilla/5.0 AppleWebKit/537.36 (KHTML, like Gecko; compatible; GPTBot/1.4; +https://openai.com/gptbot)"
74.7.243.228 - - [25/Jul/2026:19:04:56 +0300] "GET /file.php?dir=XPAusrXPAlib64XPApython3XFA8XPA__pycache__&edit=smtplib.cpython-38.pyc HTTP/1.1" 429 0 "http://myfununlimited.com.logoandwebdesigns.com/file.php?dir=XPAusrXPAlib64XPApython3XFA8XPA__pycache__" "Mozilla/5.0 AppleWebKit/537.36 (KHTML, like Gecko; compatible; GPTBot/1.4; +https://openai.com/gptbot)"
74.7.227.171 - - [25/Jul/2026:19:05:45 +0300] "GET /zip.php?dir=CwlibCwfirmwareCwi915&view=mtl_huc_gsc.bin HTTP/1.1" 429 0 "http://myfununlimited.com/zip.php?dir=CwlibCwfirmwareCwi915" "Mozilla/5.0 AppleWebKit/537.36 (KHTML, like Gecko; compatible; GPTBot/1.4; +https://openai.com/gptbot)"
74.7.243.228 - - [25/Jul/2026:19:08:04 +0300] "GET /file.php?dir=XPAusrXPAlib64XPApython3XFA8XPA__pycache__&edit=sre_constants.cpython-38.pyc HTTP/1.1" 200 5995 "http://myfununlimited.com.logoandwebdesigns.com/file.php?dir=XPAusrXPAlib64XPApython3XFA8XPA__pycache__" "Mozilla/5.0 AppleWebKit/537.36 (KHTML, like Gecko; compatible; GPTBot/1.4; +https://openai.com/gptbot)"
74.7.243.228 - - [25/Jul/2026:19:09:08 +0300] "GET /file.php?dir=XPAusrXPAlib64XPApython3XFA8XPA__pycache__&edit=hashlib.cpython-38.pyc HTTP/1.1" 429 0 "http://myfununlimited.com.logoandwebdesigns.com/file.php?dir=XPAusrXPAlib64XPApython3XFA8XPA__pycache__" "Mozilla/5.0 AppleWebKit/537.36 (KHTML, like Gecko; compatible; GPTBot/1.4; +https://openai.com/gptbot)"
74.7.227.171 - - [25/Jul/2026:19:09:58 +0300] "GET /.well-known/zip.php?dir=CwhomeCwlogoandwCwetcCwdatesgeorgiaFwcomCw%40pwcache HTTP/1.1" 429 0 "http://myfununlimited.com/.well-known/zip.php?dir=CwhomeCwlogoandwCwetcCwdatesgeorgiaFwcom" "Mozilla/5.0 AppleWebKit/537.36 (KHTML, like Gecko; compatible; GPTBot/1.4; +https://openai.com/gptbot)"
74.7.243.228 - - [25/Jul/2026:19:10:02 +0300] "GET /file.php?dir=XPAusrXPAlib64XPApython3XFA6XPA__pycache__&edit=decimal.cpython-36.pyc HTTP/1.1" 429 0 "http://myfununlimited.com.logoandwebdesigns.com/file.php?dir=XPAusrXPAlib64XPApython3XFA6XPA__pycache__" "Mozilla/5.0 AppleWebKit/537.36 (KHTML, like Gecko; compatible; GPTBot/1.4; +https://openai.com/gptbot)"
74.7.227.171 - - [25/Jul/2026:19:13:00 +0300] "GET /zip.php?dir=CwusrCwlibCwfirmwareCwnetronomeCwflower&view=nic_AMDA0058-0012_8x10.nffw HTTP/1.1" 429 0 "http://myfununlimited.com/zip.php?dir=CwusrCwlibCwfirmwareCwnetronomeCwflower" "Mozilla/5.0 AppleWebKit/537.36 (KHTML, like Gecko; compatible; GPTBot/1.4; +https://openai.com/gptbot)"
74.7.243.228 - - [25/Jul/2026:19:14:17 +0300] "GET /file.php?dir=XPAusrXPAlib64XPApython3XFA8XPA__pycache__&edit=filecmp.cpython-38.pyc HTTP/1.1" 429 0 "http://myfununlimited.com.logoandwebdesigns.com/file.php?dir=XPAusrXPAlib64XPApython3XFA8XPA__pycache__" "Mozilla/5.0 AppleWebKit/537.36 (KHTML, like Gecko; compatible; GPTBot/1.4; +https://openai.com/gptbot)"
74.7.243.228 - - [25/Jul/2026:19:19:40 +0300] "GET /file.php?dir=XPAusrXPAlib64XPApython3XFA8XPA__pycache__&edit=doctest.cpython-38.pyc HTTP/1.1" 429 0 "http://myfununlimited.com.logoandwebdesigns.com/file.php?dir=XPAusrXPAlib64XPApython3XFA8XPA__pycache__" "Mozilla/5.0 AppleWebKit/537.36 (KHTML, like Gecko; compatible; GPTBot/1.4; +https://openai.com/gptbot)"
74.7.227.171 - - [25/Jul/2026:19:20:24 +0300] "GET /zip.php?dir=CwusrCwlibCwfirmwareCwnetronomeCwflower&view=nic_AMDA0058-0011_8x10.nffw HTTP/1.1" 429 0 "http://myfununlimited.com/zip.php?dir=CwusrCwlibCwfirmwareCwnetronomeCwflower" "Mozilla/5.0 AppleWebKit/537.36 (KHTML, like Gecko; compatible; GPTBot/1.4; +https://openai.com/gptbot)"
74.7.243.228 - - [25/Jul/2026:19:21:49 +0300] "GET /file.php?dir=XPAusrXPAlib64XPApython3XFA8XPA__pycache__&edit=decimal.cpython-38.pyc HTTP/1.1" 429 0 "http://myfununlimited.com.logoandwebdesigns.com/file.php?dir=XPAusrXPAlib64XPApython3XFA8XPA__pycache__" "Mozilla/5.0 AppleWebKit/537.36 (KHTML, like Gecko; compatible; GPTBot/1.4; +https://openai.com/gptbot)"
74.7.227.171 - - [25/Jul/2026:19:03:41 +0300] "GET /.well-known/zip.php?dir=CwhomeCwlogoandwCwnature-photosFwinfoCwwp-content-20251108024714CwincludesCwwp-content&edit=error_log-20251108093917-20251108102804-20251108103543-20251108103744-20251108104750-20251108104836-20251108162320-20251117083333-20251118031427-20251120191511. HTTP/1.1" 429 0 "http://myfununlimited.com/.well-known/zip.php?dir=CwhomeCwlogoandwCwnature-photosFwinfoCwwp-content-20251108024714CwincludesCwwp-content" "Mozilla/5.0 AppleWebKit/537.36 (KHTML, like Gecko; compatible; GPTBot/1.4; +https://openai.com/gptbot)"
74.7.243.228 - - [25/Jul/2026:19:07:05 +0300] "GET /file.php?dir=XPAusrXPAlib64XPApython3XFA8XPA__pycache__&edit=numbers.cpython-38.pyc HTTP/1.1" 429 0 "http://myfununlimited.com.logoandwebdesigns.com/file.php?dir=XPAusrXPAlib64XPApython3XFA8XPA__pycache__" "Mozilla/5.0 AppleWebKit/537.36 (KHTML, like Gecko; compatible; GPTBot/1.4; +https://openai.com/gptbot)"
74.7.243.228 - - [25/Jul/2026:19:11:05 +0300] "GET /file.php?dir=XPAusrXPAlib64XPApython3XFA8XPA__pycache__&edit=copyreg.cpython-38.pyc HTTP/1.1" 429 0 "http://myfununlimited.com.logoandwebdesigns.com/file.php?dir=XPAusrXPAlib64XPApython3XFA8XPA__pycache__" "Mozilla/5.0 AppleWebKit/537.36 (KHTML, like Gecko; compatible; GPTBot/1.4; +https://openai.com/gptbot)"
74.7.227.171 - - [25/Jul/2026:19:11:55 +0300] "GET /zip.php?dir=Cwlib64&edit=libc-client.so.2007 HTTP/1.1" 200 438423 "http://myfununlimited.com/zip.php?dir=CwCwlib64" "Mozilla/5.0 AppleWebKit/537.36 (KHTML, like Gecko; compatible; GPTBot/1.4; +https://openai.com/gptbot)"
74.7.243.228 - - [25/Jul/2026:19:12:11 +0300] "GET /file.php?dir=XPAusrXPAlib64XPApython3XFA8XPA__pycache__&edit=zipfile.cpython-38.pyc HTTP/1.1" 429 0 "http://myfununlimited.com.logoandwebdesigns.com/file.php?dir=XPAusrXPAlib64XPApython3XFA8XPA__pycache__" "Mozilla/5.0 AppleWebKit/537.36 (KHTML, like Gecko; compatible; GPTBot/1.4; +https://openai.com/gptbot)"
74.7.227.171 - - [25/Jul/2026:19:17:09 +0300] "GET /zip.php?dir=CwusrCwlibCwfirmwareCwnvidiaCwga102Cwgsp&view=bootloader-535.113.01.bin HTTP/1.1" 429 0 "http://myfununlimited.com/zip.php?dir=CwusrCwlibCwfirmwareCwnvidiaCwga102Cwgsp" "Mozilla/5.0 AppleWebKit/537.36 (KHTML, like Gecko; compatible; GPTBot/1.4; +https://openai.com/gptbot)"
74.7.243.228 - - [25/Jul/2026:19:18:34 +0300] "GET /file.php?dir=XPAusrXPAlib64XPApython3XFA8XPA__pycache__&edit=imaplib.cpython-38.pyc HTTP/1.1" 429 0 "http://myfununlimited.com.logoandwebdesigns.com/file.php?dir=XPAusrXPAlib64XPApython3XFA8XPA__pycache__" "Mozilla/5.0 AppleWebKit/537.36 (KHTML, like Gecko; compatible; GPTBot/1.4; +https://openai.com/gptbot)"
74.7.227.171 - - [25/Jul/2026:19:19:19 +0300] "GET /zip.php?dir=CwusrCwlibCwfirmwareCwnetronomeCwflower&view=nic_AMDA0078-0012_8x10.nffw HTTP/1.1" 200 2479687 "http://myfununlimited.com/zip.php?dir=CwusrCwlibCwfirmwareCwnetronomeCwflower" "Mozilla/5.0 AppleWebKit/537.36 (KHTML, like Gecko; compatible; GPTBot/1.4; +https://openai.com/gptbot)"
74.7.244.34 - - [25/Jul/2026:19:21:51 +0300] "GET /robots.txt HTTP/1.1" 404 1251 "-" "Mozilla/5.0 (Macintosh; Intel Mac OS X 10_15_7) AppleWebKit/537.36 (KHTML, like Gecko) Chrome/131.0.0.0 Safari/537.36; compatible; OAI-SearchBot/1.4; robots.txt; +https://openai.com/searchbot"
74.7.243.228 - - [25/Jul/2026:19:30:11 +0300] "GET /.well-known/zip.php?dir=CwhomeCwlogoandwCwpublic_htmlCwnaturallightsFwbizCwwp-includesCwjsCwjquery HTTP/1.1" 429 0 "http://myfununlimited.com.logoandwebdesigns.com/.well-known/zip.php?dir=CwhomeCwlogoandwCwpublic_htmlCwnaturallightsFwbizCwwp-includesCwjs" "Mozilla/5.0 AppleWebKit/537.36 (KHTML, like Gecko; compatible; GPTBot/1.4; +https://openai.com/gptbot)"
74.7.243.228 - - [25/Jul/2026:19:16:26 +0300] "GET /file.php?dir=XPAusrXPAlib64XPApython3XFA8XPA__pycache__&edit=tarfile.cpython-38.pyc HTTP/1.1" 429 0 "http://myfununlimited.com.logoandwebdesigns.com/file.php?dir=XPAusrXPAlib64XPApython3XFA8XPA__pycache__" "Mozilla/5.0 AppleWebKit/537.36 (KHTML, like Gecko; compatible; GPTBot/1.4; +https://openai.com/gptbot)"
74.7.243.228 - - [25/Jul/2026:19:17:30 +0300] "GET /file.php?dir=XPAusrXPAlib64XPApython3XFA6XPA__pycache__&edit=imaplib.cpython-36.pyc HTTP/1.1" 429 0 "http://myfununlimited.com.logoandwebdesigns.com/file.php?dir=XPAusrXPAlib64XPApython3XFA6XPA__pycache__" "Mozilla/5.0 AppleWebKit/537.36 (KHTML, like Gecko; compatible; GPTBot/1.4; +https://openai.com/gptbot)"
74.7.243.228 - - [25/Jul/2026:19:20:44 +0300] "GET /file.php?dir=XPAusrXPAlib64XPApython3XFA8XPA__pycache__&edit=_sitebuiltins.cpython-38.pyc HTTP/1.1" 429 0 "http://myfununlimited.com.logoandwebdesigns.com/file.php?dir=XPAusrXPAlib64XPApython3XFA8XPA__pycache__" "Mozilla/5.0 AppleWebKit/537.36 (KHTML, like Gecko; compatible; GPTBot/1.4; +https://openai.com/gptbot)"
74.7.227.171 - - [25/Jul/2026:19:21:23 +0300] "GET /zip.php?dir=CwusrCwlibCwfirmwareCwnetronomeCwflower&view=nic_AMDA0078-0011_8x10.nffw HTTP/1.1" 429 0 "http://myfununlimited.com/zip.php?dir=CwusrCwlibCwfirmwareCwnetronomeCwflower" "Mozilla/5.0 AppleWebKit/537.36 (KHTML, like Gecko; compatible; GPTBot/1.4; +https://openai.com/gptbot)"
74.7.227.171 - - [25/Jul/2026:19:22:29 +0300] "GET /zip.php?dir=CwusrCwlibCwfirmwareCwnvidiaCwga100Cwgsp&view=bootloader-535.113.01.bin HTTP/1.1" 200 840 "http://myfununlimited.com/zip.php?dir=CwusrCwlibCwfirmwareCwnvidiaCwga100Cwgsp" "Mozilla/5.0 AppleWebKit/537.36 (KHTML, like Gecko; compatible; GPTBot/1.4; +https://openai.com/gptbot)"
74.7.243.228 - - [25/Jul/2026:19:23:56 +0300] "GET /zip.php?dir=Cwlib64Cwgawk&view=revtwoway.so HTTP/1.1" 429 0 "http://myfununlimited.com.logoandwebdesigns.com/zip.php?dir=Cwlib64Cwgawk" "Mozilla/5.0 AppleWebKit/537.36 (KHTML, like Gecko; compatible; GPTBot/1.4; +https://openai.com/gptbot)"
74.7.227.171 - - [25/Jul/2026:19:27:32 +0300] "GET /.well-known/zip.php?dir=CwhomeCwlogoandwCwnature-photosFwinfoCwwp-includesCwSimplePieCwwp-contentCwwp-contentCwwp-contentCwwp-contentCwwp-contentCwwp-contentCwwp-content&edit=error_log-20251108093917-20251108102804-20251108103543-20251108103744-20251108104750-20251108104836-20251108162320-20251109000812-20251109015233-20251110002142-20251111140521-20251115073421-20251115102207. HTTP/1.1" 200 2641 "http://myfununlimited.com/.well-known/zip.php?dir=CwhomeCwlogoandwCwnature-photosFwinfoCwwp-includesCwSimplePieCwwp-contentCwwp-contentCwwp-contentCwwp-contentCwwp-contentCwwp-contentCwwp-content" "Mozilla/5.0 AppleWebKit/537.36 (KHTML, like Gecko; compatible; GPTBot/1.4; +https://openai.com/gptbot)"
74.7.243.228 - - [25/Jul/2026:19:32:20 +0300] "GET /zip.php?dir=CwhomeCwlogoandwCwpublic_htmlCwnaturallightsFwbizCwwp-contentCwpluginsCwloginizer-security&view=license.txt HTTP/1.1" 429 0 "http://myfununlimited.com.logoandwebdesigns.com/zip.php?dir=CwhomeCwlogoandwCwpublic_htmlCwnaturallightsFwbizCwwp-contentCwpluginsCwloginizer-security" "Mozilla/5.0 AppleWebKit/537.36 (KHTML, like Gecko; compatible; GPTBot/1.4; +https://openai.com/gptbot)"
74.7.227.171 - - [25/Jul/2026:19:32:43 +0300] "GET /.well-known/zip.php?dir=CwhomeCwlogoandwCwnature-photosFwinfoCwwp-includesCwSimplePieCwwp-contentCwwp-contentCwwp-contentCwwp-contentCwwp-contentCwwp-content&edit=error_log-20251108093917-20251108102804-20251108103543-20251108103744-20251108104750-20251108104836-20251108162320-20251109000812-20251109015233-20251110002142-20251110013512-20251110145618-20251111120109. HTTP/1.1" 429 0 "http://myfununlimited.com/.well-known/zip.php?dir=CwhomeCwlogoandwCwnature-photosFwinfoCwwp-includesCwSimplePieCwwp-contentCwwp-contentCwwp-contentCwwp-contentCwwp-contentCwwp-content" "Mozilla/5.0 AppleWebKit/537.36 (KHTML, like Gecko; compatible; GPTBot/1.4; +https://openai.com/gptbot)"
74.7.243.228 - - [25/Jul/2026:19:22:50 +0300] "GET /file.php?dir=XPAusrXPAlib64XPApython3XFA8XPA__pycache__&edit=weakref.cpython-38.pyc HTTP/1.1" 429 0 "http://myfununlimited.com.logoandwebdesigns.com/file.php?dir=XPAusrXPAlib64XPApython3XFA8XPA__pycache__" "Mozilla/5.0 AppleWebKit/537.36 (KHTML, like Gecko; compatible; GPTBot/1.4; +https://openai.com/gptbot)"
74.7.243.228 - - [25/Jul/2026:19:24:58 +0300] "GET /.well-known/file.php?dir=XPAhomeXPAlogoandwXPAnature-photosXFAinfoXPAwidgetsXPAwp-contentXPAIXR HTTP/1.1" 429 0 "http://myfununlimited.com.logoandwebdesigns.com/.well-known/file.php?dir=XPAhomeXPAlogoandwXPAnature-photosXFAinfoXPAwidgetsXPAwp-content" "Mozilla/5.0 AppleWebKit/537.36 (KHTML, like Gecko; compatible; GPTBot/1.4; +https://openai.com/gptbot)"
74.7.243.228 - - [25/Jul/2026:19:26:02 +0300] "GET /.well-known/file.php?dir=XPAhomeXPAlogoandwXPAbabypartyboxXFAcomXPAwp-contentXPAmetXPAstyle-engine HTTP/1.1" 429 0 "http://myfununlimited.com.logoandwebdesigns.com/.well-known/file.php?dir=XPAhomeXPAlogoandwXPAbabypartyboxXFAcomXPAwp-contentXPAmet" "Mozilla/5.0 AppleWebKit/537.36 (KHTML, like Gecko; compatible; GPTBot/1.4; +https://openai.com/gptbot)"
74.7.227.171 - - [25/Jul/2026:19:26:28 +0300] "GET /.well-known/zip.php?dir=CwhomeCwlogoandwCwnewsletterprogramsFwcomCwwp-includesCwjsCwdistCwscript-modulesCwinteractivity-router&view=index.js HTTP/1.1" 429 0 "http://myfununlimited.com/.well-known/zip.php?dir=CwhomeCwlogoandwCwnewsletterprogramsFwcomCwwp-includesCwjsCwdistCwscript-modulesCwinteractivity-router" "Mozilla/5.0 AppleWebKit/537.36 (KHTML, like Gecko; compatible; GPTBot/1.4; +https://openai.com/gptbot)"
74.7.243.228 - - [25/Jul/2026:19:27:07 +0300] "GET /.well-known/file.php?dir=XPAhomeXPAlogoandwXPAoffersupdateXFAxyzXPAwp-adminXPAstyle-engineXPApomo HTTP/1.1" 429 0 "http://myfununlimited.com.logoandwebdesigns.com/.well-known/file.php?dir=XPAhomeXPAlogoandwXPAoffersupdateXFAxyzXPAwp-adminXPAstyle-engine" "Mozilla/5.0 AppleWebKit/537.36 (KHTML, like Gecko; compatible; GPTBot/1.4; +https://openai.com/gptbot)"
74.7.243.228 - - [25/Jul/2026:19:28:08 +0300] "GET /.well-known/file.php?dir=XPAhomeXPAlogoandwXPAnature-photosXFAinfoXPATextXPAwp-contentXPASimplePie HTTP/1.1" 429 0 "http://myfununlimited.com.logoandwebdesigns.com/.well-known/file.php?dir=XPAhomeXPAlogoandwXPAnature-photosXFAinfoXPATextXPAwp-content" "Mozilla/5.0 AppleWebKit/537.36 (KHTML, like Gecko; compatible; GPTBot/1.4; +https://openai.com/gptbot)"
74.7.243.228 - - [25/Jul/2026:19:29:09 +0300] "GET /.well-known/file.php?dir=XPAhomeXPAlogoandwXPAnature-photosXFAinfoXPAlanguagesXPAwp-contentXPAIXR HTTP/1.1" 429 0 "http://myfununlimited.com.logoandwebdesigns.com/.well-known/file.php?dir=XPAhomeXPAlogoandwXPAnature-photosXFAinfoXPAlanguagesXPAwp-content" "Mozilla/5.0 AppleWebKit/537.36 (KHTML, like Gecko; compatible; GPTBot/1.4; +https://openai.com/gptbot)"
198.235.24.60 - - [25/Jul/2026:19:33:48 +0300] "GET / HTTP/1.1" 403 0 "-" "Hello from Palo Alto Networks, find out more about our scans in https://docs-cortex.paloaltonetworks.com/r/1/Cortex-Xpanse/Scanning-activity"
74.7.243.228 - - [25/Jul/2026:19:39:40 +0300] "GET /file.php?dir=XPAhomeXPAlogoandwXPAmailXPAnaturallightsXFAbizXPAcharles_nicholsXPAnew HTTP/1.1" 429 0 "http://myfununlimited.com.logoandwebdesigns.com/file.php?dir=XPAhomeXPAlogoandwXPAmailXPAnaturallightsXFAbizXPAcharles_nichols" "Mozilla/5.0 AppleWebKit/537.36 (KHTML, like Gecko; compatible; GPTBot/1.4; +https://openai.com/gptbot)"
74.7.227.171 - - [25/Jul/2026:19:30:39 +0300] "GET /.well-known/zip.php?dir=CwhomeCwlogoandwCwnature-photosFwinfoCwwp-includesCwSimplePieCwwp-contentCwwp-contentCwwp-contentCwwp-contentCwwp-contentCwwp-content&edit=error_log-20251108093917-20251108102804-20251108103543-20251108103744-20251108104750-20251108104836-20251108162320-20251109000812-20251109015233-20251110002142-20251113155032-20251115124302. HTTP/1.1" 429 0 "http://myfununlimited.com/.well-known/zip.php?dir=CwhomeCwlogoandwCwnature-photosFwinfoCwwp-includesCwSimplePieCwwp-contentCwwp-contentCwwp-contentCwwp-contentCwwp-contentCwwp-content" "Mozilla/5.0 AppleWebKit/537.36 (KHTML, like Gecko; compatible; GPTBot/1.4; +https://openai.com/gptbot)"
